[INFO] fetching crate misskey 0.3.0-rc.1...
[INFO] testing misskey-0.3.0-rc.1 against 1.69.0 for beta-1.70-1
[INFO] extracting crate misskey 0.3.0-rc.1 into /workspace/builds/worker-4-tc1/source
[INFO] validating manifest of crates.io crate misskey 0.3.0-rc.1 on toolchain 1.69.0
[INFO] running `Command { std: CARGO_HOME="/workspace/cargo-home" RUSTUP_HOME="/workspace/rustup-home" "/workspace/cargo-home/bin/cargo" "+1.69.0" "metadata" "--manifest-path" "Cargo.toml" "--no-deps", kill_on_drop: false }`
[INFO] started tweaking crates.io crate misskey 0.3.0-rc.1
[INFO] finished tweaking crates.io crate misskey 0.3.0-rc.1
[INFO] tweaked toml for crates.io crate misskey 0.3.0-rc.1 written to /workspace/builds/worker-4-tc1/source/Cargo.toml
[INFO] running `Command { std: CARGO_HOME="/workspace/cargo-home" RUSTUP_HOME="/workspace/rustup-home" __CARGO_TEST_CHANNEL_OVERRIDE_DO_NOT_USE_THIS="nightly" "/workspace/cargo-home/bin/cargo" "+1.69.0" "generate-lockfile" "--manifest-path" "Cargo.toml" "-Zno-index-update", kill_on_drop: false }`
[INFO] running `Command { std: CARGO_HOME="/workspace/cargo-home" RUSTUP_HOME="/workspace/rustup-home" "/workspace/cargo-home/bin/cargo" "+1.69.0" "fetch" "--manifest-path" "Cargo.toml", kill_on_drop: false }`
[INFO] [stderr]  Downloading crates ...
[INFO] [stderr]   Downloaded input_buffer v0.4.0
[INFO] [stderr]   Downloaded rand_core v0.2.2
[INFO] [stderr]   Downloaded tungstenite v0.13.0
[INFO] [stderr]   Downloaded common-multipart-rfc7578 v0.6.0
[INFO] [stderr]   Downloaded ulid v0.5.0
[INFO] [stderr]   Downloaded async-tungstenite v0.13.1
[INFO] [stderr]   Downloaded async-tls v0.11.0
[INFO] [stderr]   Downloaded strum_macros v0.12.0
[INFO] [stderr]   Downloaded misskey-core v0.3.0-rc.1
[INFO] [stderr]   Downloaded misskey-util v0.2.0-rc.1
[INFO] [stderr]   Downloaded misskey-http v0.3.0-rc.1
[INFO] [stderr]   Downloaded misskey-api v0.3.0-rc.1
[INFO] [stderr]   Downloaded typed-builder v0.6.0
[INFO] [stderr]   Downloaded misskey-websocket v0.3.0-rc.1
[INFO] running `Command { std: "docker" "create" "-v" "/var/lib/crater-agent-workspace/builds/worker-4-tc1/target:/opt/rustwide/target:rw,Z" "-v" "/var/lib/crater-agent-workspace/builds/worker-4-tc1/source:/opt/rustwide/workdir:ro,Z" "-v" "/var/lib/crater-agent-workspace/cargo-home:/opt/rustwide/cargo-home:ro,Z" "-v" "/var/lib/crater-agent-workspace/rustup-home:/opt/rustwide/rustup-home:ro,Z" "-e" "SOURCE_DIR=/opt/rustwide/workdir" "-e" "CARGO_TARGET_DIR=/opt/rustwide/target" "-e" "CARGO_HOME=/opt/rustwide/cargo-home" "-e" "RUSTUP_HOME=/opt/rustwide/rustup-home" "-w" "/opt/rustwide/workdir" "-m" "1610612736" "--user" "0:0" "--network" "none" "ghcr.io/rust-lang/crates-build-env/linux@sha256:5ff2268d62e97bff2cde7d5815dd6ed5b47097566f13b8d0ca110b04b60e07ed" "/opt/rustwide/cargo-home/bin/cargo" "+1.69.0" "metadata" "--no-deps" "--format-version=1", kill_on_drop: false }`
[INFO] [stdout] 8a94ee5e3eced6b7e53f727156e199e26dc992899d8e3a57720635f7bcde4f60
[INFO] running `Command { std: "docker" "start" "-a" "8a94ee5e3eced6b7e53f727156e199e26dc992899d8e3a57720635f7bcde4f60", kill_on_drop: false }`
[INFO] running `Command { std: "docker" "inspect" "8a94ee5e3eced6b7e53f727156e199e26dc992899d8e3a57720635f7bcde4f60", kill_on_drop: false }`
[INFO] running `Command { std: "docker" "rm" "-f" "8a94ee5e3eced6b7e53f727156e199e26dc992899d8e3a57720635f7bcde4f60", kill_on_drop: false }`
[INFO] [stdout] 8a94ee5e3eced6b7e53f727156e199e26dc992899d8e3a57720635f7bcde4f60
[INFO] running `Command { std: "docker" "create" "-v" "/var/lib/crater-agent-workspace/builds/worker-4-tc1/target:/opt/rustwide/target:rw,Z" "-v" "/var/lib/crater-agent-workspace/builds/worker-4-tc1/source:/opt/rustwide/workdir:ro,Z" "-v" "/var/lib/crater-agent-workspace/cargo-home:/opt/rustwide/cargo-home:ro,Z" "-v" "/var/lib/crater-agent-workspace/rustup-home:/opt/rustwide/rustup-home:ro,Z" "-e" "SOURCE_DIR=/opt/rustwide/workdir" "-e" "CARGO_TARGET_DIR=/opt/rustwide/target" "-e" "CARGO_INCREMENTAL=0" "-e" "RUST_BACKTRACE=full" "-e" "RUSTFLAGS=--cap-lints=warn" "-e" "RUSTDOCFLAGS=--cap-lints=warn" "-e" "CARGO_HOME=/opt/rustwide/cargo-home" "-e" "RUSTUP_HOME=/opt/rustwide/rustup-home" "-w" "/opt/rustwide/workdir" "-m" "1610612736" "--user" "0:0" "--network" "none" "ghcr.io/rust-lang/crates-build-env/linux@sha256:5ff2268d62e97bff2cde7d5815dd6ed5b47097566f13b8d0ca110b04b60e07ed" "/opt/rustwide/cargo-home/bin/cargo" "+1.69.0" "build" "--frozen" "--message-format=json", kill_on_drop: false }`
[INFO] [stdout] c56dfe33c327a763ad49a3a77ae1dc09bdb5e754943f06974a962273a361e0ba
[INFO] running `Command { std: "docker" "start" "-a" "c56dfe33c327a763ad49a3a77ae1dc09bdb5e754943f06974a962273a361e0ba", kill_on_drop: false }`
[INFO] [stderr]    Compiling proc-macro2 v1.0.56
[INFO] [stderr]    Compiling unicode-ident v1.0.8
[INFO] [stderr]    Compiling quote v1.0.26
[INFO] [stderr]    Compiling libc v0.2.142
[INFO] [stderr]    Compiling cc v1.0.79
[INFO] [stderr]    Compiling version_check v0.9.4
[INFO] [stderr]    Compiling serde_derive v1.0.160
[INFO] [stderr]    Compiling serde v1.0.160
[INFO] [stderr]    Compiling pkg-config v0.3.26
[INFO] [stderr]    Compiling futures-io v0.3.28
[INFO] [stderr]    Compiling slab v0.4.8
[INFO] [stderr]    Compiling itoa v1.0.6
[INFO] [stderr]    Compiling syn v1.0.109
[INFO] [stderr]    Compiling tinyvec_macros v0.1.1
[INFO] [stderr]    Compiling futures-task v0.3.28
[INFO] [stderr]    Compiling tinyvec v1.6.0
[INFO] [stderr]    Compiling ppv-lite86 v0.2.17
[INFO] [stderr]    Compiling futures-channel v0.3.28
[INFO] [stderr]    Compiling untrusted v0.7.1
[INFO] [stderr]    Compiling getrandom v0.2.9
[INFO] [stderr]    Compiling thiserror v1.0.40
[INFO] [stderr]    Compiling event-listener v2.5.3
[INFO] [stderr]    Compiling syn v2.0.15
[INFO] [stderr]    Compiling ring v0.16.20
[INFO] [stderr]    Compiling rand_core v0.6.4
[INFO] [stderr]    Compiling openssl-sys v0.9.87
[INFO] [stderr]    Compiling libz-sys v1.1.9
[INFO] [stderr]    Compiling libnghttp2-sys v0.1.7+1.45.0
[INFO] [stderr]    Compiling unicode-normalization v0.1.22
[INFO] [stderr]    Compiling rand_chacha v0.3.1
[INFO] [stderr]    Compiling percent-encoding v2.2.0
[INFO] [stderr]    Compiling futures-util v0.3.28
[INFO] [stderr]    Compiling unicode-bidi v0.3.13
[INFO] [stderr]    Compiling spin v0.5.2
[INFO] [stderr]    Compiling typenum v1.16.0
[INFO] [stderr]    Compiling form_urlencoded v1.1.0
[INFO] [stderr]    Compiling rand v0.8.5
[INFO] [stderr]    Compiling idna v0.3.0
[INFO] [stderr]    Compiling unicase v2.6.0
[INFO] [stderr]    Compiling generic-array v0.14.7
[INFO] [stderr]    Compiling num-traits v0.2.15
[INFO] [stderr]    Compiling pin-utils v0.1.0
[INFO] [stderr]    Compiling mime v0.3.17
[INFO] [stderr]    Compiling curl-sys v0.4.61+curl-8.0.1
[INFO] [stderr]    Compiling socket2 v0.4.9
[INFO] [stderr]    Compiling num-integer v0.1.45
[INFO] [stderr]    Compiling fnv v1.0.7
[INFO] [stderr]    Compiling proc-macro2 v0.4.30
[INFO] [stderr]    Compiling crossbeam-utils v0.8.15
[INFO] [stderr]    Compiling serde_json v1.0.96
[INFO] [stderr]    Compiling http v0.2.9
[INFO] [stderr]    Compiling ryu v1.0.13
[INFO] [stderr]    Compiling webpki v0.21.4
[INFO] [stderr]    Compiling mime_guess v2.0.4
[INFO] [stderr]    Compiling sct v0.6.1
[INFO] [stderr]    Compiling time v0.1.45
[INFO] [stderr]    Compiling tokio v1.28.0
[INFO] [stderr]    Compiling syn v0.15.44
[INFO] [stderr]    Compiling iana-time-zone v0.1.56
[INFO] [stderr]    Compiling httparse v1.8.0
[INFO] [stderr]    Compiling base64 v0.13.1
[INFO] [stderr]    Compiling quote v0.6.13
[INFO] [stderr]    Compiling concurrent-queue v2.2.0
[INFO] [stderr]    Compiling rustls v0.19.1
[INFO] [stderr]    Compiling block-buffer v0.9.0
[INFO] [stderr]    Compiling digest v0.9.0
[INFO] [stderr]    Compiling mio v0.8.6
[INFO] [stderr]    Compiling polling v2.8.0
[INFO] [stderr]    Compiling cpufeatures v0.2.7
[INFO] [stderr]    Compiling rand_core v0.4.2
[INFO] [stderr]    Compiling thiserror-impl v1.0.40
[INFO] [stderr]    Compiling futures-macro v0.3.28
[INFO] [stderr]    Compiling tokio-macros v2.1.0
[INFO] [stderr]    Compiling pin-project-internal v1.0.12
[INFO] [stderr]    Compiling tracing-attributes v0.1.24
[INFO] [stderr]    Compiling curl v0.4.44
[INFO] [stderr]    Compiling opaque-debug v0.3.0
[INFO] [stderr]    Compiling unicode-segmentation v1.10.1
[INFO] [stderr]    Compiling rustversion v1.0.12
[INFO] [stderr]    Compiling pin-project v1.0.12
[INFO] [stderr]    Compiling heck v0.3.3
[INFO] [stderr]    Compiling sha-1 v0.9.8
[INFO] [stderr]    Compiling rand_core v0.3.1
[INFO] [stderr]    Compiling async-channel v1.8.0
[INFO] [stderr]    Compiling tracing v0.1.37
[INFO] [stderr]    Compiling webpki-roots v0.21.1
[INFO] [stderr]    Compiling input_buffer v0.4.0
[INFO] [stderr]    Compiling paste v1.0.12
[INFO] [stderr]    Compiling isahc v1.7.2
[INFO] [stderr]    Compiling waker-fn v1.1.0
[INFO] [stderr]    Compiling openssl-probe v0.1.5
[INFO] [stderr]    Compiling fastrand v1.9.0
[INFO] [stderr]    Compiling byteorder v1.4.3
[INFO] [stderr]    Compiling parking v2.1.0
[INFO] [stderr]    Compiling futures-executor v0.3.28
[INFO] [stderr]    Compiling semver-parser v0.7.0
[INFO] [stderr]    Compiling utf-8 v0.7.6
[INFO] [stderr]    Compiling futures v0.3.28
[INFO] [stderr]    Compiling semver v0.9.0
[INFO] [stderr]    Compiling futures-lite v1.13.0
[INFO] [stderr]    Compiling tokio-rustls v0.22.0
[INFO] [stderr]    Compiling tracing-futures v0.2.5
[INFO] [stderr]    Compiling sluice v0.5.5
[INFO] [stderr]    Compiling rand_core v0.2.2
[INFO] [stderr]    Compiling typed-builder v0.6.0
[INFO] [stderr]    Compiling simple-mutex v1.1.5
[INFO] [stderr]    Compiling async-mutex v1.4.0
[INFO] [stderr]    Compiling encoding_rs v0.8.32
[INFO] [stderr]    Compiling castaway v0.1.2
[INFO] [stderr]    Compiling async-rwlock v1.3.0
[INFO] [stderr]    Compiling async-dup v1.2.2
[INFO] [stderr]    Compiling strum_macros v0.12.0
[INFO] [stderr]    Compiling rustc_version v0.2.3
[INFO] [stderr]    Compiling common-multipart-rfc7578 v0.6.0
[INFO] [stderr]    Compiling derivative v2.2.0
[INFO] [stderr]    Compiling futures-timer v3.0.2
[INFO] [stderr]    Compiling url v2.3.1
[INFO] [stderr]    Compiling chrono v0.4.24
[INFO] [stderr]    Compiling uuid v0.8.2
[INFO] [stderr]    Compiling tungstenite v0.13.0
[INFO] [stderr]    Compiling misskey-core v0.3.0-rc.1
[INFO] [stderr]    Compiling async-tungstenite v0.13.1
[INFO] [stderr]    Compiling ulid v0.5.0
[INFO] [stderr]    Compiling misskey-api v0.3.0-rc.1
[INFO] [stderr]    Compiling misskey-websocket v0.3.0-rc.1
[INFO] [stderr]    Compiling misskey-http v0.3.0-rc.1
[INFO] [stderr]    Compiling misskey-util v0.2.0-rc.1
[INFO] [stderr]    Compiling misskey v0.3.0-rc.1 (/opt/rustwide/workdir)
[INFO] [stderr]     Finished dev [unoptimized + debuginfo] target(s) in 28.24s
[INFO] running `Command { std: "docker" "inspect" "c56dfe33c327a763ad49a3a77ae1dc09bdb5e754943f06974a962273a361e0ba", kill_on_drop: false }`
[INFO] running `Command { std: "docker" "rm" "-f" "c56dfe33c327a763ad49a3a77ae1dc09bdb5e754943f06974a962273a361e0ba", kill_on_drop: false }`
[INFO] [stdout] c56dfe33c327a763ad49a3a77ae1dc09bdb5e754943f06974a962273a361e0ba
[INFO] running `Command { std: "docker" "create" "-v" "/var/lib/crater-agent-workspace/builds/worker-4-tc1/target:/opt/rustwide/target:rw,Z" "-v" "/var/lib/crater-agent-workspace/builds/worker-4-tc1/source:/opt/rustwide/workdir:ro,Z" "-v" "/var/lib/crater-agent-workspace/cargo-home:/opt/rustwide/cargo-home:ro,Z" "-v" "/var/lib/crater-agent-workspace/rustup-home:/opt/rustwide/rustup-home:ro,Z" "-e" "SOURCE_DIR=/opt/rustwide/workdir" "-e" "CARGO_TARGET_DIR=/opt/rustwide/target" "-e" "CARGO_INCREMENTAL=0" "-e" "RUST_BACKTRACE=full" "-e" "RUSTFLAGS=--cap-lints=warn" "-e" "RUSTDOCFLAGS=--cap-lints=warn" "-e" "CARGO_HOME=/opt/rustwide/cargo-home" "-e" "RUSTUP_HOME=/opt/rustwide/rustup-home" "-w" "/opt/rustwide/workdir" "-m" "1610612736" "--user" "0:0" "--network" "none" "ghcr.io/rust-lang/crates-build-env/linux@sha256:5ff2268d62e97bff2cde7d5815dd6ed5b47097566f13b8d0ca110b04b60e07ed" "/opt/rustwide/cargo-home/bin/cargo" "+1.69.0" "test" "--frozen" "--no-run" "--message-format=json", kill_on_drop: false }`
[INFO] [stdout] fe1514056400286a989dbd8d02884e645259fd8516d6563df26558e95ad99b53
[INFO] running `Command { std: "docker" "start" "-a" "fe1514056400286a989dbd8d02884e645259fd8516d6563df26558e95ad99b53", kill_on_drop: false }`
[INFO] [stderr]    Compiling anyhow v1.0.71
[INFO] [stderr]    Compiling misskey v0.3.0-rc.1 (/opt/rustwide/workdir)
[INFO] [stderr]     Finished test [unoptimized + debuginfo] target(s) in 0.99s
[INFO] running `Command { std: "docker" "inspect" "fe1514056400286a989dbd8d02884e645259fd8516d6563df26558e95ad99b53", kill_on_drop: false }`
[INFO] running `Command { std: "docker" "rm" "-f" "fe1514056400286a989dbd8d02884e645259fd8516d6563df26558e95ad99b53", kill_on_drop: false }`
[INFO] [stdout] fe1514056400286a989dbd8d02884e645259fd8516d6563df26558e95ad99b53
[INFO] running `Command { std: "docker" "create" "-v" "/var/lib/crater-agent-workspace/builds/worker-4-tc1/target:/opt/rustwide/target:rw,Z" "-v" "/var/lib/crater-agent-workspace/builds/worker-4-tc1/source:/opt/rustwide/workdir:ro,Z" "-v" "/var/lib/crater-agent-workspace/cargo-home:/opt/rustwide/cargo-home:ro,Z" "-v" "/var/lib/crater-agent-workspace/rustup-home:/opt/rustwide/rustup-home:ro,Z" "-e" "SOURCE_DIR=/opt/rustwide/workdir" "-e" "CARGO_TARGET_DIR=/opt/rustwide/target" "-e" "CARGO_INCREMENTAL=0" "-e" "RUST_BACKTRACE=full" "-e" "RUSTFLAGS=--cap-lints=warn" "-e" "RUSTDOCFLAGS=--cap-lints=warn" "-e" "CARGO_HOME=/opt/rustwide/cargo-home" "-e" "RUSTUP_HOME=/opt/rustwide/rustup-home" "-w" "/opt/rustwide/workdir" "-m" "1610612736" "--user" "0:0" "--network" "none" "ghcr.io/rust-lang/crates-build-env/linux@sha256:5ff2268d62e97bff2cde7d5815dd6ed5b47097566f13b8d0ca110b04b60e07ed" "/opt/rustwide/cargo-home/bin/cargo" "+1.69.0" "test" "--frozen", kill_on_drop: false }`
[INFO] [stdout] f4be3ca098c70819fab7e965f4f82d3a64be65806abb379cb3b4348a4172fc6f
[INFO] running `Command { std: "docker" "start" "-a" "f4be3ca098c70819fab7e965f4f82d3a64be65806abb379cb3b4348a4172fc6f", kill_on_drop: false }`
[INFO] [stderr]     Finished test [unoptimized + debuginfo] target(s) in 0.10s
[INFO] [stderr]      Running unittests src/lib.rs (/opt/rustwide/target/debug/deps/misskey-70d4d8e063fb19c0)
[INFO] [stdout] 
[INFO] [stdout] running 0 tests
[INFO] [stdout] 
[INFO] [stdout] test result: ok. 0 passed; 0 failed; 0 ignored; 0 measured; 0 filtered out; finished in 0.00s
[INFO] [stdout] 
[INFO] [stderr]    Doc-tests misskey
[INFO] [stdout] 
[INFO] [stdout] running 8 tests
[INFO] [stdout] test src/lib.rs - endpoint (line 185) - compile ... FAILED
[INFO] [stdout] test src/lib.rs - streaming (line 214) - compile ... FAILED
[INFO] [stdout] test src/lib.rs - streaming (line 239) - compile ... FAILED
[INFO] [stdout] test src/lib.rs - (line 18) - compile ... FAILED
[INFO] [stdout] test src/lib.rs - endpoint (line 157) - compile ... FAILED
[INFO] [stdout] test src/lib.rs - (line 35) - compile ... FAILED
[INFO] [stdout] test src/lib.rs - streaming (line 278) - compile ... FAILED
[INFO] [stdout] test src/lib.rs - prelude (line 353) ... ok
[INFO] [stdout] 
[INFO] [stdout] failures:
[INFO] [stdout] 
[INFO] [stdout] ---- src/lib.rs - endpoint (line 185) stdout ----
[INFO] [stdout] error: The default runtime flavor is `multi_thread`, but the `rt-multi-thread` feature is disabled.
[INFO] [stdout]  --> src/lib.rs:187:1
[INFO] [stdout]   |
[INFO] [stdout] 4 | #[tokio::main]
[INFO] [stdout]   | ^^^^^^^^^^^^^^
[INFO] [stdout]   |
[INFO] [stdout]   = note: this error originates in the attribute macro `tokio::main` (in Nightly builds, run with -Z macro-backtrace for more info)
[INFO] [stdout] 
[INFO] [stdout] error: aborting due to previous error
[INFO] [stdout] 
[INFO] [stdout] Couldn't compile the test.
[INFO] [stdout] ---- src/lib.rs - streaming (line 214) stdout ----
[INFO] [stdout] error: The default runtime flavor is `multi_thread`, but the `rt-multi-thread` feature is disabled.
[INFO] [stdout]  --> src/lib.rs:218:1
[INFO] [stdout]   |
[INFO] [stdout] 6 | #[tokio::main]
[INFO] [stdout]   | ^^^^^^^^^^^^^^
[INFO] [stdout]   |
[INFO] [stdout]   = note: this error originates in the attribute macro `tokio::main` (in Nightly builds, run with -Z macro-backtrace for more info)
[INFO] [stdout] 
[INFO] [stdout] error: aborting due to previous error
[INFO] [stdout] 
[INFO] [stdout] Couldn't compile the test.
[INFO] [stdout] ---- src/lib.rs - streaming (line 239) stdout ----
[INFO] [stdout] error: The default runtime flavor is `multi_thread`, but the `rt-multi-thread` feature is disabled.
[INFO] [stdout]  --> src/lib.rs:244:1
[INFO] [stdout]   |
[INFO] [stdout] 7 | #[tokio::main]
[INFO] [stdout]   | ^^^^^^^^^^^^^^
[INFO] [stdout]   |
[INFO] [stdout]   = note: this error originates in the attribute macro `tokio::main` (in Nightly builds, run with -Z macro-backtrace for more info)
[INFO] [stdout] 
[INFO] [stdout] error: aborting due to previous error
[INFO] [stdout] 
[INFO] [stdout] Couldn't compile the test.
[INFO] [stdout] ---- src/lib.rs - (line 18) stdout ----
[INFO] [stdout] error: The default runtime flavor is `multi_thread`, but the `rt-multi-thread` feature is disabled.
[INFO] [stdout]  --> src/lib.rs:22:1
[INFO] [stdout]   |
[INFO] [stdout] 6 | #[tokio::main]
[INFO] [stdout]   | ^^^^^^^^^^^^^^
[INFO] [stdout]   |
[INFO] [stdout]   = note: this error originates in the attribute macro `tokio::main` (in Nightly builds, run with -Z macro-backtrace for more info)
[INFO] [stdout] 
[INFO] [stdout] error: aborting due to previous error
[INFO] [stdout] 
[INFO] [stdout] Couldn't compile the test.
[INFO] [stdout] ---- src/lib.rs - endpoint (line 157) stdout ----
[INFO] [stdout] error: The default runtime flavor is `multi_thread`, but the `rt-multi-thread` feature is disabled.
[INFO] [stdout]  --> src/lib.rs:159:1
[INFO] [stdout]   |
[INFO] [stdout] 4 | #[tokio::main]
[INFO] [stdout]   | ^^^^^^^^^^^^^^
[INFO] [stdout]   |
[INFO] [stdout]   = note: this error originates in the attribute macro `tokio::main` (in Nightly builds, run with -Z macro-backtrace for more info)
[INFO] [stdout] 
[INFO] [stdout] error: aborting due to previous error
[INFO] [stdout] 
[INFO] [stdout] Couldn't compile the test.
[INFO] [stdout] ---- src/lib.rs - (line 35) stdout ----
[INFO] [stdout] error: The default runtime flavor is `multi_thread`, but the `rt-multi-thread` feature is disabled.
[INFO] [stdout]  --> src/lib.rs:41:1
[INFO] [stdout]   |
[INFO] [stdout] 8 | #[tokio::main]
[INFO] [stdout]   | ^^^^^^^^^^^^^^
[INFO] [stdout]   |
[INFO] [stdout]   = note: this error originates in the attribute macro `tokio::main` (in Nightly builds, run with -Z macro-backtrace for more info)
[INFO] [stdout] 
[INFO] [stdout] error: aborting due to previous error
[INFO] [stdout] 
[INFO] [stdout] Couldn't compile the test.
[INFO] [stdout] ---- src/lib.rs - streaming (line 278) stdout ----
[INFO] [stdout] error: The default runtime flavor is `multi_thread`, but the `rt-multi-thread` feature is disabled.
[INFO] [stdout]  --> src/lib.rs:282:1
[INFO] [stdout]   |
[INFO] [stdout] 6 | #[tokio::main]
[INFO] [stdout]   | ^^^^^^^^^^^^^^
[INFO] [stdout]   |
[INFO] [stdout]   = note: this error originates in the attribute macro `tokio::main` (in Nightly builds, run with -Z macro-backtrace for more info)
[INFO] [stdout] 
[INFO] [stdout] error[E0432]: unresolved import `misskey::streaming::emoji`
[INFO] [stdout]  --> src/lib.rs:280:25
[INFO] [stdout]   |
[INFO] [stdout] 4 | use misskey::streaming::emoji::EmojiAddedEvent;
[INFO] [stdout]   |                         ^^^^^ could not find `emoji` in `streaming`
[INFO] [stdout] 
[INFO] [stdout] error: aborting due to 2 previous errors
[INFO] [stdout] 
[INFO] [stdout] For more information about this error, try `rustc --explain E0432`.
[INFO] [stdout] Couldn't compile the test.
[INFO] [stdout] 
[INFO] [stdout] failures:
[INFO] [stdout]     src/lib.rs - (line 18)
[INFO] [stdout]     src/lib.rs - (line 35)
[INFO] [stdout]     src/lib.rs - endpoint (line 157)
[INFO] [stdout]     src/lib.rs - endpoint (line 185)
[INFO] [stdout]     src/lib.rs - streaming (line 214)
[INFO] [stdout]     src/lib.rs - streaming (line 239)
[INFO] [stdout]     src/lib.rs - streaming (line 278)
[INFO] [stdout] 
[INFO] [stdout] test result: FAILED. 1 passed; 7 failed; 0 ignored; 0 measured; 0 filtered out; finished in 0.30s
[INFO] [stdout] 
[INFO] [stderr] error: doctest failed, to rerun pass `--doc`
[INFO] running `Command { std: "docker" "inspect" "f4be3ca098c70819fab7e965f4f82d3a64be65806abb379cb3b4348a4172fc6f", kill_on_drop: false }`
[INFO] running `Command { std: "docker" "rm" "-f" "f4be3ca098c70819fab7e965f4f82d3a64be65806abb379cb3b4348a4172fc6f", kill_on_drop: false }`
[INFO] [stdout] f4be3ca098c70819fab7e965f4f82d3a64be65806abb379cb3b4348a4172fc6f
