[INFO] fetching crate miraland-sdk 1.14.17-rc2...
[INFO] testing miraland-sdk-1.14.17-rc2 against 1.69.0 for beta-1.70-1
[INFO] extracting crate miraland-sdk 1.14.17-rc2 into /workspace/builds/worker-5-tc1/source
[INFO] validating manifest of crates.io crate miraland-sdk 1.14.17-rc2 on toolchain 1.69.0
[INFO] running `Command { std: CARGO_HOME="/workspace/cargo-home" RUSTUP_HOME="/workspace/rustup-home" "/workspace/cargo-home/bin/cargo" "+1.69.0" "metadata" "--manifest-path" "Cargo.toml" "--no-deps", kill_on_drop: false }`
[INFO] started tweaking crates.io crate miraland-sdk 1.14.17-rc2
[INFO] finished tweaking crates.io crate miraland-sdk 1.14.17-rc2
[INFO] tweaked toml for crates.io crate miraland-sdk 1.14.17-rc2 written to /workspace/builds/worker-5-tc1/source/Cargo.toml
[INFO] running `Command { std: CARGO_HOME="/workspace/cargo-home" RUSTUP_HOME="/workspace/rustup-home" __CARGO_TEST_CHANNEL_OVERRIDE_DO_NOT_USE_THIS="nightly" "/workspace/cargo-home/bin/cargo" "+1.69.0" "generate-lockfile" "--manifest-path" "Cargo.toml" "-Zno-index-update", kill_on_drop: false }`
[INFO] running `Command { std: CARGO_HOME="/workspace/cargo-home" RUSTUP_HOME="/workspace/rustup-home" "/workspace/cargo-home/bin/cargo" "+1.69.0" "fetch" "--manifest-path" "Cargo.toml", kill_on_drop: false }`
[INFO] running `Command { std: "docker" "create" "-v" "/var/lib/crater-agent-workspace/builds/worker-5-tc1/target:/opt/rustwide/target:rw,Z" "-v" "/var/lib/crater-agent-workspace/builds/worker-5-tc1/source:/opt/rustwide/workdir:ro,Z" "-v" "/var/lib/crater-agent-workspace/cargo-home:/opt/rustwide/cargo-home:ro,Z" "-v" "/var/lib/crater-agent-workspace/rustup-home:/opt/rustwide/rustup-home:ro,Z" "-e" "SOURCE_DIR=/opt/rustwide/workdir" "-e" "CARGO_TARGET_DIR=/opt/rustwide/target" "-e" "CARGO_HOME=/opt/rustwide/cargo-home" "-e" "RUSTUP_HOME=/opt/rustwide/rustup-home" "-w" "/opt/rustwide/workdir" "-m" "1610612736" "--user" "0:0" "--network" "none" "ghcr.io/rust-lang/crates-build-env/linux@sha256:5ff2268d62e97bff2cde7d5815dd6ed5b47097566f13b8d0ca110b04b60e07ed" "/opt/rustwide/cargo-home/bin/cargo" "+1.69.0" "metadata" "--no-deps" "--format-version=1", kill_on_drop: false }`
[INFO] [stdout] 27bbb80ee724b35554a78892bffba38631535c4ba475b1f579b18029c66e9729
[INFO] running `Command { std: "docker" "start" "-a" "27bbb80ee724b35554a78892bffba38631535c4ba475b1f579b18029c66e9729", kill_on_drop: false }`
[INFO] running `Command { std: "docker" "inspect" "27bbb80ee724b35554a78892bffba38631535c4ba475b1f579b18029c66e9729", kill_on_drop: false }`
[INFO] running `Command { std: "docker" "rm" "-f" "27bbb80ee724b35554a78892bffba38631535c4ba475b1f579b18029c66e9729", kill_on_drop: false }`
[INFO] [stdout] 27bbb80ee724b35554a78892bffba38631535c4ba475b1f579b18029c66e9729
[INFO] running `Command { std: "docker" "create" "-v" "/var/lib/crater-agent-workspace/builds/worker-5-tc1/target:/opt/rustwide/target:rw,Z" "-v" "/var/lib/crater-agent-workspace/builds/worker-5-tc1/source:/opt/rustwide/workdir:ro,Z" "-v" "/var/lib/crater-agent-workspace/cargo-home:/opt/rustwide/cargo-home:ro,Z" "-v" "/var/lib/crater-agent-workspace/rustup-home:/opt/rustwide/rustup-home:ro,Z" "-e" "SOURCE_DIR=/opt/rustwide/workdir" "-e" "CARGO_TARGET_DIR=/opt/rustwide/target" "-e" "CARGO_INCREMENTAL=0" "-e" "RUST_BACKTRACE=full" "-e" "RUSTFLAGS=--cap-lints=warn" "-e" "RUSTDOCFLAGS=--cap-lints=warn" "-e" "CARGO_HOME=/opt/rustwide/cargo-home" "-e" "RUSTUP_HOME=/opt/rustwide/rustup-home" "-w" "/opt/rustwide/workdir" "-m" "1610612736" "--user" "0:0" "--network" "none" "ghcr.io/rust-lang/crates-build-env/linux@sha256:5ff2268d62e97bff2cde7d5815dd6ed5b47097566f13b8d0ca110b04b60e07ed" "/opt/rustwide/cargo-home/bin/cargo" "+1.69.0" "build" "--frozen" "--message-format=json", kill_on_drop: false }`
[INFO] [stdout] 5f0e374f92ee5334303b46e0b578c6759ab93379aec3bcff564d4d551a904718
[INFO] running `Command { std: "docker" "start" "-a" "5f0e374f92ee5334303b46e0b578c6759ab93379aec3bcff564d4d551a904718", kill_on_drop: false }`
[INFO] [stderr]    Compiling serde v1.0.160
[INFO] [stderr]    Compiling generic-array v0.14.7
[INFO] [stderr]    Compiling subtle v2.4.1
[INFO] [stderr]    Compiling syn v1.0.109
[INFO] [stderr]    Compiling syn v2.0.15
[INFO] [stderr]    Compiling semver v1.0.17
[INFO] [stderr]    Compiling getrandom v0.1.16
[INFO] [stderr]    Compiling libc v0.2.142
[INFO] [stderr]    Compiling crossbeam-utils v0.8.15
[INFO] [stderr]    Compiling rustc_version v0.4.0
[INFO] [stderr]    Compiling crunchy v0.2.2
[INFO] [stderr]    Compiling getrandom v0.2.9
[INFO] [stderr]    Compiling memoffset v0.8.0
[INFO] [stderr]    Compiling rand_core v0.5.1
[INFO] [stderr]    Compiling crossbeam-epoch v0.9.14
[INFO] [stderr]    Compiling block-padding v0.2.1
[INFO] [stderr]    Compiling digest v0.9.0
[INFO] [stderr]    Compiling wasm-bindgen-shared v0.2.84
[INFO] [stderr]    Compiling jobserver v0.1.26
[INFO] [stderr]    Compiling libsecp256k1-core v0.2.2
[INFO] [stderr]    Compiling log v0.4.17
[INFO] [stderr]    Compiling rand_chacha v0.2.2
[INFO] [stderr]    Compiling cc v1.0.79
[INFO] [stderr]    Compiling opaque-debug v0.3.0
[INFO] [stderr]    Compiling rayon-core v1.11.0
[INFO] [stderr]    Compiling ahash v0.7.6
[INFO] [stderr]    Compiling crossbeam-deque v0.8.3
[INFO] [stderr]    Compiling rand v0.7.3
[INFO] [stderr]    Compiling crossbeam-channel v0.5.8
[INFO] [stderr]    Compiling num_cpus v1.15.0
[INFO] [stderr]    Compiling byteorder v1.4.3
[INFO] [stderr]    Compiling feature-probe v0.1.1
[INFO] [stderr]    Compiling bumpalo v3.12.1
[INFO] [stderr]    Compiling bv v0.11.1
[INFO] [stderr]    Compiling libsecp256k1-gen-ecmult v0.2.1
[INFO] [stderr]    Compiling libsecp256k1-gen-genmult v0.2.1
[INFO] [stderr]    Compiling miraland-frozen-abi-macro v1.14.17-rc2
[INFO] [stderr]    Compiling rand_core v0.6.4
[INFO] [stderr]    Compiling bitmaps v2.1.0
[INFO] [stderr]    Compiling im v15.1.0
[INFO] [stderr]    Compiling blake3 v1.3.3
[INFO] [stderr]    Compiling arrayref v0.3.7
[INFO] [stderr]    Compiling rayon v1.7.0
[INFO] [stderr]    Compiling rand_xoshiro v0.6.0
[INFO] [stderr]    Compiling libsecp256k1 v0.6.0
[INFO] [stderr]    Compiling sized-chunks v0.6.5
[INFO] [stderr]    Compiling miraland-frozen-abi v1.14.17-rc2
[INFO] [stderr]    Compiling memoffset v0.6.5
[INFO] [stderr]    Compiling constant_time_eq v0.2.5
[INFO] [stderr]    Compiling wasm-bindgen v0.2.84
[INFO] [stderr]    Compiling bs58 v0.4.0
[INFO] [stderr]    Compiling regex-syntax v0.7.1
[INFO] [stderr]    Compiling arrayvec v0.7.2
[INFO] [stderr]    Compiling signature v1.6.4
[INFO] [stderr]    Compiling ed25519 v1.5.3
[INFO] [stderr]    Compiling toml v0.5.11
[INFO] [stderr]    Compiling serde_derive v1.0.160
[INFO] [stderr]    Compiling zeroize_derive v1.4.2
[INFO] [stderr]    Compiling thiserror-impl v1.0.40
[INFO] [stderr]    Compiling wasm-bindgen-backend v0.2.84
[INFO] [stderr]    Compiling zeroize v1.3.0
[INFO] [stderr]    Compiling proc-macro-crate v0.1.5
[INFO] [stderr]    Compiling borsh-derive-internal v0.9.3
[INFO] [stderr]    Compiling borsh-schema-derive-internal v0.9.3
[INFO] [stderr]    Compiling regex v1.8.1
[INFO] [stderr]    Compiling bytemuck_derive v1.4.1
[INFO] [stderr]    Compiling thiserror v1.0.40
[INFO] [stderr]    Compiling wasm-bindgen-macro-support v0.2.84
[INFO] [stderr]    Compiling miraland-program v1.14.17-rc2
[INFO] [stderr]    Compiling hashbrown v0.11.2
[INFO] [stderr]    Compiling hashbrown v0.12.3
[INFO] [stderr]    Compiling atty v0.2.14
[INFO] [stderr]    Compiling memmap2 v0.5.10
[INFO] [stderr]    Compiling rustc-hash v1.1.0
[INFO] [stderr]    Compiling base64 v0.12.3
[INFO] [stderr]    Compiling keccak v0.1.3
[INFO] [stderr]    Compiling wasm-bindgen-macro v0.2.84
[INFO] [stderr]    Compiling borsh-derive v0.9.3
[INFO] [stderr]    Compiling num-derive v0.3.3
[INFO] [stderr]    Compiling miraland-sdk-macro v1.14.17-rc2
[INFO] [stderr]    Compiling env_logger v0.9.3
[INFO] [stderr]    Compiling bytemuck v1.13.1
[INFO] [stderr]    Compiling num-integer v0.1.45
[INFO] [stderr]    Compiling borsh v0.9.3
[INFO] [stderr]    Compiling miraland-sdk v1.14.17-rc2 (/opt/rustwide/workdir)
[INFO] [stderr]    Compiling base64 v0.13.1
[INFO] [stderr]    Compiling derivation-path v0.2.0
[INFO] [stderr]    Compiling qstring v0.7.2
[INFO] [stderr]    Compiling uriparse v0.6.4
[INFO] [stderr]    Compiling chrono v0.4.24
[INFO] [stderr]    Compiling miraland-logger v1.14.17-rc2
[INFO] [stderr]    Compiling assert_matches v1.5.0
[INFO] [stderr]    Compiling serde_json v1.0.96
[INFO] [stderr]    Compiling serde_bytes v0.11.9
[INFO] [stderr]    Compiling bincode v1.3.3
[INFO] [stderr]    Compiling crypto-common v0.1.6
[INFO] [stderr]    Compiling block-buffer v0.10.4
[INFO] [stderr]    Compiling block-buffer v0.9.0
[INFO] [stderr]    Compiling crypto-mac v0.8.0
[INFO] [stderr]    Compiling digest v0.10.6
[INFO] [stderr]    Compiling sha2 v0.9.9
[INFO] [stderr]    Compiling hmac v0.8.1
[INFO] [stderr]    Compiling curve25519-dalek v3.2.1
[INFO] [stderr]    Compiling pbkdf2 v0.4.0
[INFO] [stderr]    Compiling hmac-drbg v0.3.0
[INFO] [stderr]    Compiling sha2 v0.10.6
[INFO] [stderr]    Compiling hmac v0.12.1
[INFO] [stderr]    Compiling tiny-bip39 v0.8.2
[INFO] [stderr]    Compiling sha3 v0.10.7
[INFO] [stderr]    Compiling pbkdf2 v0.11.0
[INFO] [stderr]    Compiling ed25519-dalek v1.0.1
[INFO] [stderr]    Compiling ed25519-dalek-bip32 v0.2.0
[INFO] [stderr]     Finished dev [unoptimized + debuginfo] target(s) in 1m 33s
[INFO] running `Command { std: "docker" "inspect" "5f0e374f92ee5334303b46e0b578c6759ab93379aec3bcff564d4d551a904718", kill_on_drop: false }`
[INFO] running `Command { std: "docker" "rm" "-f" "5f0e374f92ee5334303b46e0b578c6759ab93379aec3bcff564d4d551a904718", kill_on_drop: false }`
[INFO] [stdout] 5f0e374f92ee5334303b46e0b578c6759ab93379aec3bcff564d4d551a904718
[INFO] running `Command { std: "docker" "create" "-v" "/var/lib/crater-agent-workspace/builds/worker-5-tc1/target:/opt/rustwide/target:rw,Z" "-v" "/var/lib/crater-agent-workspace/builds/worker-5-tc1/source:/opt/rustwide/workdir:ro,Z" "-v" "/var/lib/crater-agent-workspace/cargo-home:/opt/rustwide/cargo-home:ro,Z" "-v" "/var/lib/crater-agent-workspace/rustup-home:/opt/rustwide/rustup-home:ro,Z" "-e" "SOURCE_DIR=/opt/rustwide/workdir" "-e" "CARGO_TARGET_DIR=/opt/rustwide/target" "-e" "CARGO_INCREMENTAL=0" "-e" "RUST_BACKTRACE=full" "-e" "RUSTFLAGS=--cap-lints=warn" "-e" "RUSTDOCFLAGS=--cap-lints=warn" "-e" "CARGO_HOME=/opt/rustwide/cargo-home" "-e" "RUSTUP_HOME=/opt/rustwide/rustup-home" "-w" "/opt/rustwide/workdir" "-m" "1610612736" "--user" "0:0" "--network" "none" "ghcr.io/rust-lang/crates-build-env/linux@sha256:5ff2268d62e97bff2cde7d5815dd6ed5b47097566f13b8d0ca110b04b60e07ed" "/opt/rustwide/cargo-home/bin/cargo" "+1.69.0" "test" "--frozen" "--no-run" "--message-format=json", kill_on_drop: false }`
[INFO] [stdout] 03bf239782472646973680d3f0fd2ea8dd2ca29474bc3c7c3b1dedc2b5476fec
[INFO] running `Command { std: "docker" "start" "-a" "03bf239782472646973680d3f0fd2ea8dd2ca29474bc3c7c3b1dedc2b5476fec", kill_on_drop: false }`
[INFO] [stderr]     Blocking waiting for file lock on package cache
[INFO] [stderr]    Compiling static_assertions v1.1.0
[INFO] [stderr]    Compiling miraland-sdk v1.14.17-rc2 (/opt/rustwide/workdir)
[INFO] [stderr]     Finished test [unoptimized + debuginfo] target(s) in 8.72s
[INFO] running `Command { std: "docker" "inspect" "03bf239782472646973680d3f0fd2ea8dd2ca29474bc3c7c3b1dedc2b5476fec", kill_on_drop: false }`
[INFO] running `Command { std: "docker" "rm" "-f" "03bf239782472646973680d3f0fd2ea8dd2ca29474bc3c7c3b1dedc2b5476fec", kill_on_drop: false }`
[INFO] [stdout] 03bf239782472646973680d3f0fd2ea8dd2ca29474bc3c7c3b1dedc2b5476fec
[INFO] running `Command { std: "docker" "create" "-v" "/var/lib/crater-agent-workspace/builds/worker-5-tc1/target:/opt/rustwide/target:rw,Z" "-v" "/var/lib/crater-agent-workspace/builds/worker-5-tc1/source:/opt/rustwide/workdir:ro,Z" "-v" "/var/lib/crater-agent-workspace/cargo-home:/opt/rustwide/cargo-home:ro,Z" "-v" "/var/lib/crater-agent-workspace/rustup-home:/opt/rustwide/rustup-home:ro,Z" "-e" "SOURCE_DIR=/opt/rustwide/workdir" "-e" "CARGO_TARGET_DIR=/opt/rustwide/target" "-e" "CARGO_INCREMENTAL=0" "-e" "RUST_BACKTRACE=full" "-e" "RUSTFLAGS=--cap-lints=warn" "-e" "RUSTDOCFLAGS=--cap-lints=warn" "-e" "CARGO_HOME=/opt/rustwide/cargo-home" "-e" "RUSTUP_HOME=/opt/rustwide/rustup-home" "-w" "/opt/rustwide/workdir" "-m" "1610612736" "--user" "0:0" "--network" "none" "ghcr.io/rust-lang/crates-build-env/linux@sha256:5ff2268d62e97bff2cde7d5815dd6ed5b47097566f13b8d0ca110b04b60e07ed" "/opt/rustwide/cargo-home/bin/cargo" "+1.69.0" "test" "--frozen", kill_on_drop: false }`
[INFO] [stdout] a973e347340f4cf3c169782a76921515595ea2a3c56d349dd5bb73056b82e9f8
[INFO] running `Command { std: "docker" "start" "-a" "a973e347340f4cf3c169782a76921515595ea2a3c56d349dd5bb73056b82e9f8", kill_on_drop: false }`
[INFO] [stderr]     Finished test [unoptimized + debuginfo] target(s) in 0.15s
[INFO] [stderr]      Running unittests src/lib.rs (/opt/rustwide/target/debug/deps/solana_sdk-6b291a78e89044ca)
[INFO] [stdout] 
[INFO] [stdout] running 236 tests
[INFO] [stdout] test account::tests::test_account_data_copy_as_slice ... ok
[INFO] [stdout] test account::tests::test_account_add_sub_lamports ... ok
[INFO] [stdout] test account::tests::test_account_saturating_sub_lamports ... ok
[INFO] [stdout] test account::tests::test_account_saturating_add_lamports ... ok
[INFO] [stdout] test account::tests::test_account_set_data_from_slice ... ok
[INFO] [stdout] test account::tests::test_account_data_set_data ... ok
[INFO] [stdout] test account::tests::test_account_shared_data_all_fields ... ok
[INFO] [stdout] test account::tests::test_account_shared_data ... ok
[INFO] [stdout] test account::tests::test_account_checked_sub_lamports_underflow2 - should panic ... ok
[INFO] [stdout] test account::tests::test_account_checked_add_lamports_overflow2 - should panic ... ok
[INFO] [stdout] test account::tests::test_account_checked_add_lamports_overflow - should panic ... ok
[INFO] [stdout] test account::tests::test_account_checked_sub_lamports_underflow - should panic ... ok
[INFO] [stdout] test account::tests::test_account_deserialize - should panic ... ok
[INFO] [stdout] test account::tests::test_account_shared_data_deserialize - should panic ... ok
[INFO] [stdout] test account::tests::test_account_shared_data_serialize - should panic ... ok
[INFO] [stdout] test account::tests::test_account_serialize - should panic ... ok
[INFO] [stdout] test account_utils::tests::test_account_state ... ok
[INFO] [stdout] test derivation_path::tests::test_from_absolute_path_str ... ok
[INFO] [stdout] test derivation_path::tests::test_from_uri_full_path ... ok
[INFO] [stdout] test derivation_path::tests::test_get_query ... ok
[INFO] [stdout] test account::tests::test_to_account_shared_data ... ok
[INFO] [stdout] test deserialize_utils::tests::test_default_on_eof ... ok
[INFO] [stdout] test derivation_path::tests::test_derivation_path_debug ... ok
[INFO] [stdout] test compute_budget::test_id ... ok
[INFO] [stdout] test derivation_path::tests::test_from_key_str ... ok
[INFO] [stdout] test derivation_path::tests::test_from_uri ... ok
[INFO] [stdout] test ed25519_instruction::test::test_ed25519 ... ok
[INFO] [stdout] test ed25519_instruction::test::test_signature_offset ... ok
[INFO] [stdout] test ed25519_instruction::test::test_pubkey_offset ... ok
[INFO] [stdout] test feature::test::feature_deserialize_none ... ok
[INFO] [stdout] test feature_set::add_get_minimum_delegation_instruction_to_stake_program::test_id ... ok
[INFO] [stdout] test feature_set::add_get_processed_sibling_instruction_syscall::test_id ... ok
[INFO] [stdout] test feature_set::add_set_compute_unit_price_ix::test_id ... ok
[INFO] [stdout] test feature_set::add_shred_type_to_shred_seed::test_id ... ok
[INFO] [stdout] test feature_set::allow_votes_to_directly_update_vote_state::test_id ... ok
[INFO] [stdout] test feature_set::cap_accounts_data_len::test_id ... ok
[INFO] [stdout] test ed25519_instruction::test::test_invalid_offsets ... ok
[INFO] [stdout] test feature_set::add_compute_budget_program::test_id ... ok
[INFO] [stdout] test deserialize_utils::tests::test_default_on_eof_additional_untagged_fields - should panic ... ok
[INFO] [stdout] test feature_set::cap_accounts_data_size_per_block::test_id ... ok
[INFO] [stdout] test feature_set::blake3_syscall_enabled::test_id ... ok
[INFO] [stdout] test ed25519_instruction::test::test_message_data_offsets ... ok
[INFO] [stdout] test feature_set::bank_tranaction_count_fix::test_id ... ok
[INFO] [stdout] test feature_set::check_physical_overlapping::test_id ... ok
[INFO] [stdout] test feature_set::cap_bpf_program_instruction_accounts::test_id ... ok
[INFO] [stdout] test feature_set::check_slice_translation_size::test_id ... ok
[INFO] [stdout] test feature_set::check_syscall_outputs_do_not_overlap::test_id ... ok
[INFO] [stdout] test feature_set::concurrent_replay_of_forks::test_id ... ok
[INFO] [stdout] test feature_set::commission_updates_only_allowed_in_first_half_of_epoch::test_id ... ok
[INFO] [stdout] test feature_set::curve25519_syscall_enabled::test_id ... ok
[INFO] [stdout] test feature_set::check_init_vote_data::test_id ... ok
[INFO] [stdout] test feature_set::credits_auto_rewind::test_id ... ok
[INFO] [stdout] test feature_set::dedupe_config_program_signers::test_id ... ok
[INFO] [stdout] test feature_set::demote_program_write_locks::test_id ... ok
[INFO] [stdout] test feature_set::disable_bpf_deprecated_load_instructions::test_id ... ok
[INFO] [stdout] test feature_set::disable_bpf_unresolved_symbols_at_runtime::test_id ... ok
[INFO] [stdout] test feature_set::disable_deploy_of_alloc_free_syscall::test_id ... ok
[INFO] [stdout] test feature_set::disable_deprecated_loader::test_id ... ok
[INFO] [stdout] test feature_set::disable_fee_calculator::test_id ... ok
[INFO] [stdout] test feature_set::disable_fees_sysvar::test_id ... ok
[INFO] [stdout] test feature_set::disable_rehash_for_rent_epoch::test_id ... ok
[INFO] [stdout] test feature_set::disable_turbine_fanout_experiments::test_id ... ok
[INFO] [stdout] test feature_set::do_support_realloc::test_id ... ok
[INFO] [stdout] test feature_set::drop_merkle_shreds::test_id ... ok
[INFO] [stdout] test feature_set::drop_redundant_turbine_path::test_id ... ok
[INFO] [stdout] test feature_set::ed25519_program_enabled::test_id ... ok
[INFO] [stdout] test feature_set::enable_bpf_loader_extend_program_ix::test_id ... ok
[INFO] [stdout] test feature_set::enable_durable_nonce::test_id ... ok
[INFO] [stdout] test feature_set::enable_early_verification_of_account_modifications::test_id ... ok
[INFO] [stdout] test feature_set::enable_request_heap_frame_ix::test_id ... ok
[INFO] [stdout] test feature_set::enable_turbine_fanout_experiments::test_id ... ok
[INFO] [stdout] test feature_set::error_on_syscall_bpf_function_hash_collisions::test_id ... ok
[INFO] [stdout] test feature_set::evict_invalid_stakes_cache_entries::test_id ... ok
[INFO] [stdout] test feature_set::executables_incur_cpi_data_cost::test_id ... ok
[INFO] [stdout] test feature_set::filter_stake_delegation_accounts::test_id ... ok
[INFO] [stdout] test feature_set::filter_votes_outside_slot_hashes::test_id ... ok
[INFO] [stdout] test feature_set::full_inflation::devnet_and_testnet::test_id ... ok
[INFO] [stdout] test feature_set::default_units_per_instruction::test_id ... ok
[INFO] [stdout] test feature_set::deprecate_rewards_sysvar::test_id ... ok
[INFO] [stdout] test feature_set::fix_recent_blockhashes::test_id ... ok
[INFO] [stdout] test feature_set::incremental_snapshot_only_incremental_hash_calculation::test_id ... ok
[INFO] [stdout] test feature_set::full_inflation::mainnet::certusone::enable::test_id ... ok
[INFO] [stdout] test feature_set::full_inflation::mainnet::certusone::vote::test_id ... ok
[INFO] [stdout] test feature_set::fixed_memcpy_nonoverlapping_check::test_id ... ok
[INFO] [stdout] test feature_set::keep_merkle_shreds::test_id ... ok
[INFO] [stdout] test feature_set::leave_nonce_on_success::test_id ... ok
[INFO] [stdout] test feature_set::instructions_sysvar_owned_by_sysvar::test_id ... ok
[INFO] [stdout] test feature_set::libsecp256k1_fail_on_bad_count::test_id ... ok
[INFO] [stdout] test feature_set::libsecp256k1_0_5_upgrade_enabled::test_id ... ok
[INFO] [stdout] test feature_set::limit_secp256k1_recovery_id::test_id ... ok
[INFO] [stdout] test feature_set::loosen_cpi_size_restriction::test_id ... ok
[INFO] [stdout] test feature_set::libsecp256k1_fail_on_bad_count2::test_id ... ok
[INFO] [stdout] test feature_set::max_tx_account_locks::test_id ... ok
[INFO] [stdout] test feature_set::move_serialized_len_ptr_in_cpi::test_id ... ok
[INFO] [stdout] test feature_set::merge_nonce_error_into_system_error::test_id ... ok
[INFO] [stdout] test feature_set::no_overflow_rent_distribution::test_id ... ok
[INFO] [stdout] test feature_set::nonce_must_be_writable::test_id ... ok
[INFO] [stdout] test feature_set::on_load_preserve_rent_epoch_for_rent_exempt_accounts::test_id ... ok
[INFO] [stdout] test feature_set::pico_inflation::test_id ... ok
[INFO] [stdout] test feature_set::nonce_must_be_advanceable::test_id ... ok
[INFO] [stdout] test feature_set::compact_vote_state_updates::test_id ... ok
[INFO] [stdout] test feature_set::nonce_must_be_authorized::test_id ... ok
[INFO] [stdout] test feature_set::preserve_rent_epoch_for_rent_exempt_accounts::test_id ... ok
[INFO] [stdout] test feature_set::prevent_calling_precompiles_as_programs::test_id ... ok
[INFO] [stdout] test feature_set::prevent_crediting_accounts_that_end_rent_paying::test_id ... ok
[INFO] [stdout] test feature_set::include_account_index_in_rent_error::test_id ... ok
[INFO] [stdout] test feature_set::optimize_epoch_boundary_updates::test_id ... ok
[INFO] [stdout] test feature_set::increase_tx_account_lock_limit::test_id ... ok
[INFO] [stdout] test feature_set::record_instruction_in_transaction_context_push::test_id ... ok
[INFO] [stdout] test feature_set::reject_callx_r10::test_id ... ok
[INFO] [stdout] test feature_set::reject_empty_instruction_without_program::test_id ... ok
[INFO] [stdout] test feature_set::remove_native_loader::test_id ... ok
[INFO] [stdout] test feature_set::requestable_heap_size::test_id ... ok
[INFO] [stdout] test feature_set::require_rent_exempt_accounts::test_id ... ok
[INFO] [stdout] test feature_set::reject_non_rent_exempt_vote_withdraws::test_id ... ok
[INFO] [stdout] test feature_set::rent_for_sysvars::test_id ... ok
[INFO] [stdout] test feature_set::reject_vote_account_close_unless_zero_credit_epoch::test_id ... ok
[INFO] [stdout] test feature_set::require_custodian_for_locked_stake_authorize::test_id ... ok
[INFO] [stdout] test feature_set::reduce_required_deploy_balance::test_id ... ok
[INFO] [stdout] test feature_set::quick_bail_on_panic::test_id ... ok
[INFO] [stdout] test feature_set::require_static_program_ids_in_transaction::test_id ... ok
[INFO] [stdout] test feature_set::return_data_syscall_enabled::test_id ... ok
[INFO] [stdout] test feature_set::return_none_for_zero_lamport_accounts::test_id ... ok
[INFO] [stdout] test feature_set::secp256k1_recover_syscall_enabled::test_id ... ok
[INFO] [stdout] test feature_set::solarti_token_v2_multisig_fix::test_id ... ok
[INFO] [stdout] test feature_set::send_to_tpu_vote_port::test_id ... ok
[INFO] [stdout] test feature_set::sol_log_data_syscall_enabled::test_id ... ok
[INFO] [stdout] test feature_set::separate_nonce_from_blockhash::test_id ... ok
[INFO] [stdout] test feature_set::solarti_token_v2_set_authority_fix::test_id ... ok
[INFO] [stdout] test feature_set::solarti_token_v3_3_0_release::test_id ... ok
[INFO] [stdout] test feature_set::solarti_token_v3_4_0::test_id ... ok
[INFO] [stdout] test feature_set::stake_allow_zero_undelegated_amount::test_id ... ok
[INFO] [stdout] test feature_set::stake_minimum_delegation_for_rewards::test_id ... ok
[INFO] [stdout] test feature_set::stake_program_advance_activating_credits_observed::test_id ... ok
[INFO] [stdout] test feature_set::stake_raise_minimum_delegation_to_1_sol::test_id ... ok
[INFO] [stdout] test feature_set::stake_redelegate_instruction::test_id ... ok
[INFO] [stdout] test feature_set::stake_split_uses_rent_sysvar::test_id ... ok
[INFO] [stdout] test feature_set::stakes_remove_delegation_if_inactive::test_id ... ok
[INFO] [stdout] test feature_set::stake_deactivate_delinquent_instruction::test_id ... ok
[INFO] [stdout] test feature_set::solarti_associated_token_account_v1_0_4::test_id ... ok
[INFO] [stdout] test feature_set::secp256k1_program_enabled::test_id ... ok
[INFO] [stdout] test feature_set::solarti_token_v2_self_transfer_fix::test_id ... ok
[INFO] [stdout] test feature_set::stake_merge_with_unmatched_credits_observed::test_id ... ok
[INFO] [stdout] test feature_set::syscall_saturated_math::test_id ... ok
[INFO] [stdout] test feature_set::solarti_associated_token_account_v1_1_0::test_id ... ok
[INFO] [stdout] test feature_set::tx_wide_compute_cap::test_id ... ok
[INFO] [stdout] test feature_set::update_rewards_from_cached_accounts::test_id ... ok
[INFO] [stdout] test feature_set::system_transfer_zero_check::test_id ... ok
[INFO] [stdout] test feature_set::use_default_units_in_fee_calculation::test_id ... ok
[INFO] [stdout] test feature_set::versioned_tx_message_enabled::test_id ... ok
[INFO] [stdout] test feature_set::verify_tx_signatures_len::test_id ... ok
[INFO] [stdout] test feature_set::vote_state_update_root_fix::test_id ... ok
[INFO] [stdout] test feature_set::vote_withdraw_authority_may_change_authorized_voter::test_id ... ok
[INFO] [stdout] test feature_set::warp_timestamp_again::test_id ... ok
[INFO] [stdout] test feature_set::warp_timestamp_with_a_vengeance::test_id ... ok
[INFO] [stdout] test feature_set::test::test_feature_set_activate_deactivate ... ok
[INFO] [stdout] test feature_set::zk_token_sdk_enabled::test_id ... ok
[INFO] [stdout] test feature_set::update_syscall_base_costs::test_id ... ok
[INFO] [stdout] test feature_set::vote_authorize_with_seed::test_id ... ok
[INFO] [stdout] test feature_set::vote_stake_checked_instructions::test_id ... ok
[INFO] [stdout] test feature_set::test::test_full_inflation_features_enabled ... ok
[INFO] [stdout] test feature_set::vote_state_update_credit_per_dequeue::test_id ... ok
[INFO] [stdout] test hard_forks::tests::iter_is_sorted ... ok
[INFO] [stdout] test native_loader::test_id ... ok
[INFO] [stdout] test hard_forks::tests::multiple_hard_forks_since_parent ... ok
[INFO] [stdout] test nonce_account::tests::test_verify_nonce_account ... ok
[INFO] [stdout] test genesis_config::tests::test_genesis_config ... FAILED
[INFO] [stdout] test nonce_account::tests::test_verify_bad_account_owner_fails ... ok
[INFO] [stdout] test pubkey::tests::test_read_write_pubkey ... FAILED
[INFO] [stdout] test program_utils::tests::test_limited_deserialize ... ok
[INFO] [stdout] test inflation::tests::test_inflation_fixed ... ok
[INFO] [stdout] test packet::tests::test_deserialize_slice ... ok
[INFO] [stdout] test feature_set::test::test_full_inflation_features_enabled_devnet_and_testnet ... ok
[INFO] [stdout] test secp256k1_instruction::test::test_count_is_zero_but_sig_data_exists ... ok
[INFO] [stdout] test secp256k1_instruction::test::test_eth_offset ... ok
[INFO] [stdout] test recent_blockhashes_account::tests::test_create_account_full ... ok
[INFO] [stdout] test recent_blockhashes_account::tests::test_create_account_truncate ... ok
[INFO] [stdout] test inflation::tests::test_inflation_basic ... ok
[INFO] [stdout] test recent_blockhashes_account::tests::test_create_account_unsorted ... ok
[INFO] [stdout] test secp256k1_instruction::test::test_signature_offset ... ok
[INFO] [stdout] test recent_blockhashes_account::tests::test_create_account_empty ... ok
[INFO] [stdout] test signature::tests::test_off_curve_pubkey_verify_fails ... ok
[INFO] [stdout] test signer::keypair::tests::test_keypair ... ok
[INFO] [stdout] test secp256k1_instruction::test::test_message_data_offsets ... ok
[INFO] [stdout] test signer::keypair::tests::test_keypair_from_seed ... ok
[INFO] [stdout] test signature::tests::test_signature_fromstr ... ok
[INFO] [stdout] test secp256k1_instruction::test::test_invalid_offsets ... ok
[INFO] [stdout] test shred_version::tests::test_compute_shred_version ... ok
[INFO] [stdout] test signer::signers::tests::test_dyn_keypairs_by_ref_compile ... ok
[INFO] [stdout] test signer::keypair::tests::test_write_keypair_file_truncate ... FAILED
[INFO] [stdout] test signer::keypair::tests::test_write_keypair_file_overwrite_ok ... FAILED
[INFO] [stdout] test signer::tests::test_unique_signers ... ok
[INFO] [stdout] test signer::presigner::tests::test_presigner ... ok
[INFO] [stdout] test signer::signers::tests::test_dyn_keypairs_compile ... ok
[INFO] [stdout] test tests::test_saturating_add_assign ... ok
[INFO] [stdout] test timing::test::test_years_as_slots ... ok
[INFO] [stdout] test timing::test::test_slot_duration_from_slots_per_year ... ok
[INFO] [stdout] test secp256k1_instruction::test::test_malleability ... ok
[INFO] [stdout] test signer::keypair::tests::test_write_keypair_file ... FAILED
[INFO] [stdout] test transaction::tests::get_nonce_pub_from_ix_bad_acc_idx_fail ... ok
[INFO] [stdout] test secp256k1_instruction::test::test_secp256k1 ... ok
[INFO] [stdout] test timing::test::test_interval_update ... ok
[INFO] [stdout] test transaction::tests::get_nonce_pub_from_ix_no_accounts_fail ... ok
[INFO] [stdout] test transaction::tests::test_refs_invalid_program_id ... ok
[INFO] [stdout] test transaction::tests::test_partial_sign_mismatched_key - should panic ... ok
[INFO] [stdout] test transaction::tests::test_sanitize_txs ... ok
[INFO] [stdout] test transaction::tests::test_sdk_serialize ... ok
[INFO] [stdout] test transaction::tests::test_transaction_instruction_with_duplicate_keys ... ok
[INFO] [stdout] test transaction::tests::test_transaction_correct_key ... ok
[INFO] [stdout] test transaction::tests::test_transaction_missing_keypair - should panic ... ok
[INFO] [stdout] test transaction::tests::get_nonce_pub_from_ix_ok ... ok
[INFO] [stdout] test transaction::tests::test_transaction_minimum_serialized_size ... ok
[INFO] [stdout] test transaction::tests::test_refs ... ok
[INFO] [stdout] test transaction::tests::test_transaction_missing_key - should panic ... ok
[INFO] [stdout] test transaction::tests::test_partial_sign ... ok
[INFO] [stdout] test transaction::tests::test_refs_invalid_account ... ok
[INFO] [stdout] test transaction::tests::test_transaction_serialize ... ok
[INFO] [stdout] test transaction::tests::tx_keypair_pubkey_mismatch ... ok
[INFO] [stdout] test transaction::tests::test_transaction_wrong_key - should panic ... ok
[INFO] [stdout] test transaction::tests::tx_uses_nonce_bad_prog_id_idx_fail ... ok
[INFO] [stdout] test transaction::tests::tx_uses_nonce_empty_ix_fail ... ok
[INFO] [stdout] test transaction::tests::tx_uses_nonce_first_prog_id_not_nonce_fail ... ok
[INFO] [stdout] test transaction::tests::tx_uses_nonce_ok ... ok
[INFO] [stdout] test transaction::tests::tx_uses_ro_nonce_account ... ok
[INFO] [stdout] test transaction::versioned::sanitized::tests::test_try_new ... ok
[INFO] [stdout] test transaction::tests::tx_uses_nonce_wrong_first_nonce_ix_fail ... ok
[INFO] [stdout] test transaction::versioned::tests::tx_uses_nonce_empty_ix_fail ... ok
[INFO] [stdout] test transaction::versioned::tests::tx_uses_nonce_bad_prog_id_idx_fail ... ok
[INFO] [stdout] test transaction::versioned::tests::tx_uses_nonce_first_prog_id_not_nonce_fail ... ok
[INFO] [stdout] test transaction::versioned::tests::tx_uses_nonce_wrong_first_nonce_ix_fail ... ok
[INFO] [stdout] test transaction::versioned::tests::tx_uses_ro_nonce_account ... ok
[INFO] [stdout] test transaction::versioned::tests::tx_uses_nonce_ok ... ok
[INFO] [stdout] test transaction::tests::test_try_sign_dyn_keypairs ... ok
[INFO] [stdout] test transaction::versioned::sanitized::tests::test_try_new_with_invalid_signatures ... ok
[INFO] [stdout] test transaction::versioned::tests::test_try_new ... ok
[INFO] [stdout] test signer::keypair::tests::test_keypair_from_seed_phrase_and_passphrase ... ok
[INFO] [stdout] 
[INFO] [stdout] failures:
[INFO] [stdout] 
[INFO] [stdout] ---- genesis_config::tests::test_genesis_config stdout ----
[INFO] [stdout] thread 'genesis_config::tests::test_genesis_config' panicked at 'write: Os { code: 30, kind: ReadOnlyFilesystem, message: "Read-only file system" }', src/genesis_config.rs:346:28
[INFO] [stdout] stack backtrace:
[INFO] [stdout]    0:     0x5587248c074a - std::backtrace_rs::backtrace::libunwind::trace::ha9053a9a07ca49cb
[INFO] [stdout]                                at /rustc/84c898d65adf2f39a5a98507f1fe0ce10a2b8dbc/library/std/src/../../backtrace/src/backtrace/libunwind.rs:93:5
[INFO] [stdout]    1:     0x5587248c074a - std::backtrace_rs::backtrace::trace_unsynchronized::h9c2852a457ad564e
[INFO] [stdout]                                at /rustc/84c898d65adf2f39a5a98507f1fe0ce10a2b8dbc/library/std/src/../../backtrace/src/backtrace/mod.rs:66:5
[INFO] [stdout]    2:     0x5587248c074a - std::sys_common::backtrace::_print_fmt::h457936fbfaa0070f
[INFO] [stdout]                                at /rustc/84c898d65adf2f39a5a98507f1fe0ce10a2b8dbc/library/std/src/sys_common/backtrace.rs:65:5
[INFO] [stdout]    3:     0x5587248c074a - <std::sys_common::backtrace::_print::DisplayBacktrace as core::fmt::Display>::fmt::h5779d7bf7f70cb0c
[INFO] [stdout]                                at /rustc/84c898d65adf2f39a5a98507f1fe0ce10a2b8dbc/library/std/src/sys_common/backtrace.rs:44:22
[INFO] [stdout]    4:     0x5587248e5eae - core::fmt::write::h5a4baaff1bcd3eb5
[INFO] [stdout]                                at /rustc/84c898d65adf2f39a5a98507f1fe0ce10a2b8dbc/library/core/src/fmt/mod.rs:1232:17
[INFO] [stdout]    5:     0x5587248bd9c5 - std::io::Write::write_fmt::h478f79c628ef31d1
[INFO] [stdout]                                at /rustc/84c898d65adf2f39a5a98507f1fe0ce10a2b8dbc/library/std/src/io/mod.rs:1684:15
[INFO] [stdout]    6:     0x5587248c0515 - std::sys_common::backtrace::_print::h5fcdc36060f177e8
[INFO] [stdout]                                at /rustc/84c898d65adf2f39a5a98507f1fe0ce10a2b8dbc/library/std/src/sys_common/backtrace.rs:47:5
[INFO] [stdout]    7:     0x5587248c0515 - std::sys_common::backtrace::print::h54ca9458b876c8bf
[INFO] [stdout]                                at /rustc/84c898d65adf2f39a5a98507f1fe0ce10a2b8dbc/library/std/src/sys_common/backtrace.rs:34:9
[INFO] [stdout]    8:     0x5587248c22df - std::panicking::default_hook::{{closure}}::hbe471161c7664ed6
[INFO] [stdout]                                at /rustc/84c898d65adf2f39a5a98507f1fe0ce10a2b8dbc/library/std/src/panicking.rs:271:22
[INFO] [stdout]    9:     0x5587248c1f9f - std::panicking::default_hook::ha3500da57aa4ac4f
[INFO] [stdout]                                at /rustc/84c898d65adf2f39a5a98507f1fe0ce10a2b8dbc/library/std/src/panicking.rs:287:9
[INFO] [stdout]   10:     0x5587246f3c07 - <alloc::boxed::Box<F,A> as core::ops::function::Fn<Args>>::call::hdf1b89dd137ece34
[INFO] [stdout]                                at /rustc/84c898d65adf2f39a5a98507f1fe0ce10a2b8dbc/library/alloc/src/boxed.rs:2001:9
[INFO] [stdout]   11:     0x5587246f3c07 - test::test_main::{{closure}}::h9081a79f20e75698
[INFO] [stdout]                                at /rustc/84c898d65adf2f39a5a98507f1fe0ce10a2b8dbc/library/test/src/lib.rs:135:21
[INFO] [stdout]   12:     0x5587248c2a0d - <alloc::boxed::Box<F,A> as core::ops::function::Fn<Args>>::call::h6507bddc3eebb4a5
[INFO] [stdout]                                at /rustc/84c898d65adf2f39a5a98507f1fe0ce10a2b8dbc/library/alloc/src/boxed.rs:2001:9
[INFO] [stdout]   13:     0x5587248c2a0d - std::panicking::rust_panic_with_hook::h50c09d000dc561d2
[INFO] [stdout]                                at /rustc/84c898d65adf2f39a5a98507f1fe0ce10a2b8dbc/library/std/src/panicking.rs:696:13
[INFO] [stdout]   14:     0x5587248c2789 - std::panicking::begin_panic_handler::{{closure}}::h9e2b2176e00e0d9c
[INFO] [stdout]                                at /rustc/84c898d65adf2f39a5a98507f1fe0ce10a2b8dbc/library/std/src/panicking.rs:583:13
[INFO] [stdout]   15:     0x5587248c0bb6 - std::sys_common::backtrace::__rust_end_short_backtrace::h5739b8e512c09d02
[INFO] [stdout]                                at /rustc/84c898d65adf2f39a5a98507f1fe0ce10a2b8dbc/library/std/src/sys_common/backtrace.rs:150:18
[INFO] [stdout]   16:     0x5587248c2492 - rust_begin_unwind
[INFO] [stdout]                                at /rustc/84c898d65adf2f39a5a98507f1fe0ce10a2b8dbc/library/std/src/panicking.rs:579:5
[INFO] [stdout]   17:     0x5587243bc473 - core::panicking::panic_fmt::hf33a1475b4dc5c3e
[INFO] [stdout]                                at /rustc/84c898d65adf2f39a5a98507f1fe0ce10a2b8dbc/library/core/src/panicking.rs:64:14
[INFO] [stdout]   18:     0x5587243bc923 - core::result::unwrap_failed::hdff5465d74574b44
[INFO] [stdout]                                at /rustc/84c898d65adf2f39a5a98507f1fe0ce10a2b8dbc/library/core/src/result.rs:1750:5
[INFO] [stdout]   19:     0x5587244079bf - core::result::Result<T,E>::expect::h9061ecdebf56fa6c
[INFO] [stdout]                                at /rustc/84c898d65adf2f39a5a98507f1fe0ce10a2b8dbc/library/core/src/result.rs:1047:23
[INFO] [stdout]   20:     0x558724402bb1 - solana_sdk::genesis_config::tests::test_genesis_config::h247a108f87c1fa8c
[INFO] [stdout]                                at /opt/rustwide/workdir/src/genesis_config.rs:346:9
[INFO] [stdout]   21:     0x558724402807 - solana_sdk::genesis_config::tests::test_genesis_config::{{closure}}::h08df5db4b5187676
[INFO] [stdout]                                at /opt/rustwide/workdir/src/genesis_config.rs:325:30
[INFO] [stdout]   22:     0x558724413975 - core::ops::function::FnOnce::call_once::h5b46a79349e4c4c0
[INFO] [stdout]                                at /rustc/84c898d65adf2f39a5a98507f1fe0ce10a2b8dbc/library/core/src/ops/function.rs:250:5
[INFO] [stdout]   23:     0x5587246f8fef - core::ops::function::FnOnce::call_once::h7d969581be7d0075
[INFO] [stdout]                                at /rustc/84c898d65adf2f39a5a98507f1fe0ce10a2b8dbc/library/core/src/ops/function.rs:250:5
[INFO] [stdout]   24:     0x5587246f8fef - test::__rust_begin_short_backtrace::hca25a52684e56655
[INFO] [stdout]                                at /rustc/84c898d65adf2f39a5a98507f1fe0ce10a2b8dbc/library/test/src/lib.rs:656:18
[INFO] [stdout]   25:     0x5587246ca60c - test::run_test::{{closure}}::ha8ac744c4af1a4bb
[INFO] [stdout]                                at /rustc/84c898d65adf2f39a5a98507f1fe0ce10a2b8dbc/library/test/src/lib.rs:647:30
[INFO] [stdout]   26:     0x5587246ca60c - core::ops::function::FnOnce::call_once{{vtable.shim}}::h7b411a9ed45bdecf
[INFO] [stdout]                                at /rustc/84c898d65adf2f39a5a98507f1fe0ce10a2b8dbc/library/core/src/ops/function.rs:250:5
[INFO] [stdout]   27:     0x5587246f7fb6 - <alloc::boxed::Box<F,A> as core::ops::function::FnOnce<Args>>::call_once::hd05328869a8ed200
[INFO] [stdout]                                at /rustc/84c898d65adf2f39a5a98507f1fe0ce10a2b8dbc/library/alloc/src/boxed.rs:1987:9
[INFO] [stdout]   28:     0x5587246f7fb6 - <core::panic::unwind_safe::AssertUnwindSafe<F> as core::ops::function::FnOnce<()>>::call_once::h0c601ce20bd5b2be
[INFO] [stdout]                                at /rustc/84c898d65adf2f39a5a98507f1fe0ce10a2b8dbc/library/core/src/panic/unwind_safe.rs:271:9
[INFO] [stdout]   29:     0x5587246f7fb6 - std::panicking::try::do_call::ha4be5c164fe30854
[INFO] [stdout]                                at /rustc/84c898d65adf2f39a5a98507f1fe0ce10a2b8dbc/library/std/src/panicking.rs:487:40
[INFO] [stdout]   30:     0x5587246f7fb6 - std::panicking::try::h604546f3609af05f
[INFO] [stdout]                                at /rustc/84c898d65adf2f39a5a98507f1fe0ce10a2b8dbc/library/std/src/panicking.rs:451:19
[INFO] [stdout]   31:     0x5587246f7fb6 - std::panic::catch_unwind::h5bfa8afe44c9c2f9
[INFO] [stdout]                                at /rustc/84c898d65adf2f39a5a98507f1fe0ce10a2b8dbc/library/std/src/panic.rs:140:14
[INFO] [stdout]   32:     0x5587246f7fb6 - test::run_test_in_process::hd50dee55dd63e6aa
[INFO] [stdout]                                at /rustc/84c898d65adf2f39a5a98507f1fe0ce10a2b8dbc/library/test/src/lib.rs:679:27
[INFO] [stdout]   33:     0x5587246f7fb6 - test::run_test::run_test_inner::{{closure}}::h4aa0f433aa85cea8
[INFO] [stdout]                                at /rustc/84c898d65adf2f39a5a98507f1fe0ce10a2b8dbc/library/test/src/lib.rs:573:39
[INFO] [stdout]   34:     0x5587246c4c81 - test::run_test::run_test_inner::{{closure}}::had56431adf24b4d6
[INFO] [stdout]                                at /rustc/84c898d65adf2f39a5a98507f1fe0ce10a2b8dbc/library/test/src/lib.rs:600:37
[INFO] [stdout]   35:     0x5587246c4c81 - std::sys_common::backtrace::__rust_begin_short_backtrace::ha8d9890e0c73bf13
[INFO] [stdout]                                at /rustc/84c898d65adf2f39a5a98507f1fe0ce10a2b8dbc/library/std/src/sys_common/backtrace.rs:134:18
[INFO] [stdout]   36:     0x5587246ca69b - std::thread::Builder::spawn_unchecked_::{{closure}}::{{closure}}::h251832bcb4a95327
[INFO] [stdout]                                at /rustc/84c898d65adf2f39a5a98507f1fe0ce10a2b8dbc/library/std/src/thread/mod.rs:560:17
[INFO] [stdout]   37:     0x5587246ca69b - <core::panic::unwind_safe::AssertUnwindSafe<F> as core::ops::function::FnOnce<()>>::call_once::h8fdff598fa414831
[INFO] [stdout]                                at /rustc/84c898d65adf2f39a5a98507f1fe0ce10a2b8dbc/library/core/src/panic/unwind_safe.rs:271:9
[INFO] [stdout]   38:     0x5587246ca69b - std::panicking::try::do_call::h455dd2f7764a950f
[INFO] [stdout]                                at /rustc/84c898d65adf2f39a5a98507f1fe0ce10a2b8dbc/library/std/src/panicking.rs:487:40
[INFO] [stdout]   39:     0x5587246ca69b - std::panicking::try::had6f23b7b73ae72a
[INFO] [stdout]                                at /rustc/84c898d65adf2f39a5a98507f1fe0ce10a2b8dbc/library/std/src/panicking.rs:451:19
[INFO] [stdout]   40:     0x5587246ca69b - std::panic::catch_unwind::ha6a5ca3915b4dad0
[INFO] [stdout]                                at /rustc/84c898d65adf2f39a5a98507f1fe0ce10a2b8dbc/library/std/src/panic.rs:140:14
[INFO] [stdout]   41:     0x5587246ca69b - std::thread::Builder::spawn_unchecked_::{{closure}}::h883b72ef75da6231
[INFO] [stdout]                                at /rustc/84c898d65adf2f39a5a98507f1fe0ce10a2b8dbc/library/std/src/thread/mod.rs:559:30
[INFO] [stdout]   42:     0x5587246ca69b - core::ops::function::FnOnce::call_once{{vtable.shim}}::hb7dff73dc8bd2ccb
[INFO] [stdout]                                at /rustc/84c898d65adf2f39a5a98507f1fe0ce10a2b8dbc/library/core/src/ops/function.rs:250:5
[INFO] [stdout]   43:     0x5587248c7673 - <alloc::boxed::Box<F,A> as core::ops::function::FnOnce<Args>>::call_once::h39990b24eedef2ab
[INFO] [stdout]                                at /rustc/84c898d65adf2f39a5a98507f1fe0ce10a2b8dbc/library/alloc/src/boxed.rs:1987:9
[INFO] [stdout]   44:     0x5587248c7673 - <alloc::boxed::Box<F,A> as core::ops::function::FnOnce<Args>>::call_once::h01a027258444143b
[INFO] [stdout]                                at /rustc/84c898d65adf2f39a5a98507f1fe0ce10a2b8dbc/library/alloc/src/boxed.rs:1987:9
[INFO] [stdout]   45:     0x5587248c7673 - std::sys::unix::thread::Thread::new::thread_start::ha4f1cdd9c25884ba
[INFO] [stdout]                                at /rustc/84c898d65adf2f39a5a98507f1fe0ce10a2b8dbc/library/std/src/sys/unix/thread.rs:108:17
[INFO] [stdout]   46:     0x7fe611535b43 - <unknown>
[INFO] [stdout]   47:     0x7fe6115c6bb4 - __clone
[INFO] [stdout]   48:                0x0 - <unknown>
[INFO] [stdout] 
[INFO] [stdout] ---- pubkey::tests::test_read_write_pubkey stdout ----
[INFO] [stdout] Error: Os { code: 30, kind: ReadOnlyFilesystem, message: "Read-only file system" }
[INFO] [stdout] 
[INFO] [stdout] ---- signer::keypair::tests::test_write_keypair_file_truncate stdout ----
[INFO] [stdout] thread 'signer::keypair::tests::test_write_keypair_file_truncate' panicked at 'called `Result::unwrap()` on an `Err` value: Os { code: 30, kind: ReadOnlyFilesystem, message: "Read-only file system" }', src/signer/keypair.rs:283:55
[INFO] [stdout] stack backtrace:
[INFO] [stdout]    0:     0x5587248c074a - std::backtrace_rs::backtrace::libunwind::trace::ha9053a9a07ca49cb
[INFO] [stdout]                                at /rustc/84c898d65adf2f39a5a98507f1fe0ce10a2b8dbc/library/std/src/../../backtrace/src/backtrace/libunwind.rs:93:5
[INFO] [stdout]    1:     0x5587248c074a - std::backtrace_rs::backtrace::trace_unsynchronized::h9c2852a457ad564e
[INFO] [stdout]                                at /rustc/84c898d65adf2f39a5a98507f1fe0ce10a2b8dbc/library/std/src/../../backtrace/src/backtrace/mod.rs:66:5
[INFO] [stdout]    2:     0x5587248c074a - std::sys_common::backtrace::_print_fmt::h457936fbfaa0070f
[INFO] [stdout]                                at /rustc/84c898d65adf2f39a5a98507f1fe0ce10a2b8dbc/library/std/src/sys_common/backtrace.rs:65:5
[INFO] [stdout]    3:     0x5587248c074a - <std::sys_common::backtrace::_print::DisplayBacktrace as core::fmt::Display>::fmt::h5779d7bf7f70cb0c
[INFO] [stdout]                                at /rustc/84c898d65adf2f39a5a98507f1fe0ce10a2b8dbc/library/std/src/sys_common/backtrace.rs:44:22
[INFO] [stdout]    4:     0x5587248e5eae - core::fmt::write::h5a4baaff1bcd3eb5
[INFO] [stdout]                                at /rustc/84c898d65adf2f39a5a98507f1fe0ce10a2b8dbc/library/core/src/fmt/mod.rs:1232:17
[INFO] [stdout]    5:     0x5587248bd9c5 - std::io::Write::write_fmt::h478f79c628ef31d1
[INFO] [stdout]                                at /rustc/84c898d65adf2f39a5a98507f1fe0ce10a2b8dbc/library/std/src/io/mod.rs:1684:15
[INFO] [stdout]    6:     0x5587248c0515 - std::sys_common::backtrace::_print::h5fcdc36060f177e8
[INFO] [stdout]                                at /rustc/84c898d65adf2f39a5a98507f1fe0ce10a2b8dbc/library/std/src/sys_common/backtrace.rs:47:5
[INFO] [stdout]    7:     0x5587248c0515 - std::sys_common::backtrace::print::h54ca9458b876c8bf
[INFO] [stdout]                                at /rustc/84c898d65adf2f39a5a98507f1fe0ce10a2b8dbc/library/std/src/sys_common/backtrace.rs:34:9
[INFO] [stdout]    8:     0x5587248c22df - std::panicking::default_hook::{{closure}}::hbe471161c7664ed6
[INFO] [stdout]                                at /rustc/84c898d65adf2f39a5a98507f1fe0ce10a2b8dbc/library/std/src/panicking.rs:271:22
[INFO] [stdout]    9:     0x5587248c1f9f - std::panicking::default_hook::ha3500da57aa4ac4f
[INFO] [stdout]                                at /rustc/84c898d65adf2f39a5a98507f1fe0ce10a2b8dbc/library/std/src/panicking.rs:287:9
[INFO] [stdout]   10:     0x5587246f3c07 - <alloc::boxed::Box<F,A> as core::ops::function::Fn<Args>>::call::hdf1b89dd137ece34
[INFO] [stdout]                                at /rustc/84c898d65adf2f39a5a98507f1fe0ce10a2b8dbc/library/alloc/src/boxed.rs:2001:9
[INFO] [stdout]   11:     0x5587246f3c07 - test::test_main::{{closure}}::h9081a79f20e75698
[INFO] [stdout]                                at /rustc/84c898d65adf2f39a5a98507f1fe0ce10a2b8dbc/library/test/src/lib.rs:135:21
[INFO] [stdout]   12:     0x5587248c2a0d - <alloc::boxed::Box<F,A> as core::ops::function::Fn<Args>>::call::h6507bddc3eebb4a5
[INFO] [stdout]                                at /rustc/84c898d65adf2f39a5a98507f1fe0ce10a2b8dbc/library/alloc/src/boxed.rs:2001:9
[INFO] [stdout]   13:     0x5587248c2a0d - std::panicking::rust_panic_with_hook::h50c09d000dc561d2
[INFO] [stdout]                                at /rustc/84c898d65adf2f39a5a98507f1fe0ce10a2b8dbc/library/std/src/panicking.rs:696:13
[INFO] [stdout]   14:     0x5587248c2789 - std::panicking::begin_panic_handler::{{closure}}::h9e2b2176e00e0d9c
[INFO] [stdout]                                at /rustc/84c898d65adf2f39a5a98507f1fe0ce10a2b8dbc/library/std/src/panicking.rs:583:13
[INFO] [stdout]   15:     0x5587248c0bb6 - std::sys_common::backtrace::__rust_end_short_backtrace::h5739b8e512c09d02
[INFO] [stdout]                                at /rustc/84c898d65adf2f39a5a98507f1fe0ce10a2b8dbc/library/std/src/sys_common/backtrace.rs:150:18
[INFO] [stdout]   16:     0x5587248c2492 - rust_begin_unwind
[INFO] [stdout]                                at /rustc/84c898d65adf2f39a5a98507f1fe0ce10a2b8dbc/library/std/src/panicking.rs:579:5
[INFO] [stdout]   17:     0x5587243bc473 - core::panicking::panic_fmt::hf33a1475b4dc5c3e
[INFO] [stdout]                                at /rustc/84c898d65adf2f39a5a98507f1fe0ce10a2b8dbc/library/core/src/panicking.rs:64:14
[INFO] [stdout]   18:     0x5587243bc923 - core::result::unwrap_failed::hdff5465d74574b44
[INFO] [stdout]                                at /rustc/84c898d65adf2f39a5a98507f1fe0ce10a2b8dbc/library/core/src/result.rs:1750:5
[INFO] [stdout]   19:     0x558724409856 - core::result::Result<T,E>::unwrap::hfbd6ccda22fde8d4
[INFO] [stdout]                                at /rustc/84c898d65adf2f39a5a98507f1fe0ce10a2b8dbc/library/core/src/result.rs:1090:23
[INFO] [stdout]   20:     0x5587244bc6b0 - solana_sdk::signer::keypair::tests::test_write_keypair_file_truncate::h9b60f6349bd8ec47
[INFO] [stdout]                                at /opt/rustwide/workdir/src/signer/keypair.rs:283:9
[INFO] [stdout]   21:     0x5587244bc5f7 - solana_sdk::signer::keypair::tests::test_write_keypair_file_truncate::{{closure}}::h0b61262a092a03a1
[INFO] [stdout]                                at /opt/rustwide/workdir/src/signer/keypair.rs:280:43
[INFO] [stdout]   22:     0x55872441a465 - core::ops::function::FnOnce::call_once::heb5b91726d26b372
[INFO] [stdout]                                at /rustc/84c898d65adf2f39a5a98507f1fe0ce10a2b8dbc/library/core/src/ops/function.rs:250:5
[INFO] [stdout]   23:     0x5587246f8fef - core::ops::function::FnOnce::call_once::h7d969581be7d0075
[INFO] [stdout]                                at /rustc/84c898d65adf2f39a5a98507f1fe0ce10a2b8dbc/library/core/src/ops/function.rs:250:5
[INFO] [stdout]   24:     0x5587246f8fef - test::__rust_begin_short_backtrace::hca25a52684e56655
[INFO] [stdout]                                at /rustc/84c898d65adf2f39a5a98507f1fe0ce10a2b8dbc/library/test/src/lib.rs:656:18
[INFO] [stdout]   25:     0x5587246ca60c - test::run_test::{{closure}}::ha8ac744c4af1a4bb
[INFO] [stdout]                                at /rustc/84c898d65adf2f39a5a98507f1fe0ce10a2b8dbc/library/test/src/lib.rs:647:30
[INFO] [stdout]   26:     0x5587246ca60c - core::ops::function::FnOnce::call_once{{vtable.shim}}::h7b411a9ed45bdecf
[INFO] [stdout]                                at /rustc/84c898d65adf2f39a5a98507f1fe0ce10a2b8dbc/library/core/src/ops/function.rs:250:5
[INFO] [stdout]   27:     0x5587246f7fb6 - <alloc::boxed::Box<F,A> as core::ops::function::FnOnce<Args>>::call_once::hd05328869a8ed200
[INFO] [stdout]                                at /rustc/84c898d65adf2f39a5a98507f1fe0ce10a2b8dbc/library/alloc/src/boxed.rs:1987:9
[INFO] [stdout]   28:     0x5587246f7fb6 - <core::panic::unwind_safe::AssertUnwindSafe<F> as core::ops::function::FnOnce<()>>::call_once::h0c601ce20bd5b2be
[INFO] [stdout]                                at /rustc/84c898d65adf2f39a5a98507f1fe0ce10a2b8dbc/library/core/src/panic/unwind_safe.rs:271:9
[INFO] [stdout]   29:     0x5587246f7fb6 - std::panicking::try::do_call::ha4be5c164fe30854
[INFO] [stdout]                                at /rustc/84c898d65adf2f39a5a98507f1fe0ce10a2b8dbc/library/std/src/panicking.rs:487:40
[INFO] [stdout]   30:     0x5587246f7fb6 - std::panicking::try::h604546f3609af05f
[INFO] [stdout]                                at /rustc/84c898d65adf2f39a5a98507f1fe0ce10a2b8dbc/library/std/src/panicking.rs:451:19
[INFO] [stdout]   31:     0x5587246f7fb6 - std::panic::catch_unwind::h5bfa8afe44c9c2f9
[INFO] [stdout]                                at /rustc/84c898d65adf2f39a5a98507f1fe0ce10a2b8dbc/library/std/src/panic.rs:140:14
[INFO] [stdout]   32:     0x5587246f7fb6 - test::run_test_in_process::hd50dee55dd63e6aa
[INFO] [stdout]                                at /rustc/84c898d65adf2f39a5a98507f1fe0ce10a2b8dbc/library/test/src/lib.rs:679:27
[INFO] [stdout]   33:     0x5587246f7fb6 - test::run_test::run_test_inner::{{closure}}::h4aa0f433aa85cea8
[INFO] [stdout]                                at /rustc/84c898d65adf2f39a5a98507f1fe0ce10a2b8dbc/library/test/src/lib.rs:573:39
[INFO] [stdout]   34:     0x5587246c4c81 - test::run_test::run_test_inner::{{closure}}::had56431adf24b4d6
[INFO] [stdout]                                at /rustc/84c898d65adf2f39a5a98507f1fe0ce10a2b8dbc/library/test/src/lib.rs:600:37
[INFO] [stdout]   35:     0x5587246c4c81 - std::sys_common::backtrace::__rust_begin_short_backtrace::ha8d9890e0c73bf13
[INFO] [stdout]                                at /rustc/84c898d65adf2f39a5a98507f1fe0ce10a2b8dbc/library/std/src/sys_common/backtrace.rs:134:18
[INFO] [stdout]   36:     0x5587246ca69b - std::thread::Builder::spawn_unchecked_::{{closure}}::{{closure}}::h251832bcb4a95327
[INFO] [stdout]                                at /rustc/84c898d65adf2f39a5a98507f1fe0ce10a2b8dbc/library/std/src/thread/mod.rs:560:17
[INFO] [stdout]   37:     0x5587246ca69b - <core::panic::unwind_safe::AssertUnwindSafe<F> as core::ops::function::FnOnce<()>>::call_once::h8fdff598fa414831
[INFO] [stdout]                                at /rustc/84c898d65adf2f39a5a98507f1fe0ce10a2b8dbc/library/core/src/panic/unwind_safe.rs:271:9
[INFO] [stdout]   38:     0x5587246ca69b - std::panicking::try::do_call::h455dd2f7764a950f
[INFO] [stdout]                                at /rustc/84c898d65adf2f39a5a98507f1fe0ce10a2b8dbc/library/std/src/panicking.rs:487:40
[INFO] [stdout]   39:     0x5587246ca69b - std::panicking::try::had6f23b7b73ae72a
[INFO] [stdout]                                at /rustc/84c898d65adf2f39a5a98507f1fe0ce10a2b8dbc/library/std/src/panicking.rs:451:19
[INFO] [stdout]   40:     0x5587246ca69b - std::panic::catch_unwind::ha6a5ca3915b4dad0
[INFO] [stdout]                                at /rustc/84c898d65adf2f39a5a98507f1fe0ce10a2b8dbc/library/std/src/panic.rs:140:14
[INFO] [stdout]   41:     0x5587246ca69b - std::thread::Builder::spawn_unchecked_::{{closure}}::h883b72ef75da6231
[INFO] [stdout]                                at /rustc/84c898d65adf2f39a5a98507f1fe0ce10a2b8dbc/library/std/src/thread/mod.rs:559:30
[INFO] [stdout]   42:     0x5587246ca69b - core::ops::function::FnOnce::call_once{{vtable.shim}}::hb7dff73dc8bd2ccb
[INFO] [stdout]                                at /rustc/84c898d65adf2f39a5a98507f1fe0ce10a2b8dbc/library/core/src/ops/function.rs:250:5
[INFO] [stdout]   43:     0x5587248c7673 - <alloc::boxed::Box<F,A> as core::ops::function::FnOnce<Args>>::call_once::h39990b24eedef2ab
[INFO] [stdout]                                at /rustc/84c898d65adf2f39a5a98507f1fe0ce10a2b8dbc/library/alloc/src/boxed.rs:1987:9
[INFO] [stdout]   44:     0x5587248c7673 - <alloc::boxed::Box<F,A> as core::ops::function::FnOnce<Args>>::call_once::h01a027258444143b
[INFO] [stdout]                                at /rustc/84c898d65adf2f39a5a98507f1fe0ce10a2b8dbc/library/alloc/src/boxed.rs:1987:9
[INFO] [stdout]   45:     0x5587248c7673 - std::sys::unix::thread::Thread::new::thread_start::ha4f1cdd9c25884ba
[INFO] [stdout]                                at /rustc/84c898d65adf2f39a5a98507f1fe0ce10a2b8dbc/library/std/src/sys/unix/thread.rs:108:17
[INFO] [stdout]   46:     0x7fe611535b43 - <unknown>
[INFO] [stdout]   47:     0x7fe6115c6bb4 - __clone
[INFO] [stdout]   48:                0x0 - <unknown>
[INFO] [stdout] 
[INFO] [stdout] ---- signer::keypair::tests::test_write_keypair_file_overwrite_ok stdout ----
[INFO] [stdout] thread 'signer::keypair::tests::test_write_keypair_file_overwrite_ok' panicked at 'called `Result::unwrap()` on an `Err` value: Os { code: 30, kind: ReadOnlyFilesystem, message: "Read-only file system" }', src/signer/keypair.rs:275:55
[INFO] [stdout] stack backtrace:
[INFO] [stdout]    0:     0x5587248c074a - std::backtrace_rs::backtrace::libunwind::trace::ha9053a9a07ca49cb
[INFO] [stdout]                                at /rustc/84c898d65adf2f39a5a98507f1fe0ce10a2b8dbc/library/std/src/../../backtrace/src/backtrace/libunwind.rs:93:5
[INFO] [stdout]    1:     0x5587248c074a - std::backtrace_rs::backtrace::trace_unsynchronized::h9c2852a457ad564e
[INFO] [stdout]                                at /rustc/84c898d65adf2f39a5a98507f1fe0ce10a2b8dbc/library/std/src/../../backtrace/src/backtrace/mod.rs:66:5
[INFO] [stdout]    2:     0x5587248c074a - std::sys_common::backtrace::_print_fmt::h457936fbfaa0070f
[INFO] [stdout]                                at /rustc/84c898d65adf2f39a5a98507f1fe0ce10a2b8dbc/library/std/src/sys_common/backtrace.rs:65:5
[INFO] [stdout]    3:     0x5587248c074a - <std::sys_common::backtrace::_print::DisplayBacktrace as core::fmt::Display>::fmt::h5779d7bf7f70cb0c
[INFO] [stdout]                                at /rustc/84c898d65adf2f39a5a98507f1fe0ce10a2b8dbc/library/std/src/sys_common/backtrace.rs:44:22
[INFO] [stdout]    4:     0x5587248e5eae - core::fmt::write::h5a4baaff1bcd3eb5
[INFO] [stdout]                                at /rustc/84c898d65adf2f39a5a98507f1fe0ce10a2b8dbc/library/core/src/fmt/mod.rs:1232:17
[INFO] [stdout]    5:     0x5587248bd9c5 - std::io::Write::write_fmt::h478f79c628ef31d1
[INFO] [stdout]                                at /rustc/84c898d65adf2f39a5a98507f1fe0ce10a2b8dbc/library/std/src/io/mod.rs:1684:15
[INFO] [stdout]    6:     0x5587248c0515 - std::sys_common::backtrace::_print::h5fcdc36060f177e8
[INFO] [stdout]                                at /rustc/84c898d65adf2f39a5a98507f1fe0ce10a2b8dbc/library/std/src/sys_common/backtrace.rs:47:5
[INFO] [stdout]    7:     0x5587248c0515 - std::sys_common::backtrace::print::h54ca9458b876c8bf
[INFO] [stdout]                                at /rustc/84c898d65adf2f39a5a98507f1fe0ce10a2b8dbc/library/std/src/sys_common/backtrace.rs:34:9
[INFO] [stdout]    8:     0x5587248c22df - std::panicking::default_hook::{{closure}}::hbe471161c7664ed6
[INFO] [stdout]                                at /rustc/84c898d65adf2f39a5a98507f1fe0ce10a2b8dbc/library/std/src/panicking.rs:271:22
[INFO] [stdout]    9:     0x5587248c1f9f - std::panicking::default_hook::ha3500da57aa4ac4f
[INFO] [stdout]                                at /rustc/84c898d65adf2f39a5a98507f1fe0ce10a2b8dbc/library/std/src/panicking.rs:287:9
[INFO] [stdout]   10:     0x5587246f3c07 - <alloc::boxed::Box<F,A> as core::ops::function::Fn<Args>>::call::hdf1b89dd137ece34
[INFO] [stdout]                                at /rustc/84c898d65adf2f39a5a98507f1fe0ce10a2b8dbc/library/alloc/src/boxed.rs:2001:9
[INFO] [stdout]   11:     0x5587246f3c07 - test::test_main::{{closure}}::h9081a79f20e75698
[INFO] [stdout]                                at /rustc/84c898d65adf2f39a5a98507f1fe0ce10a2b8dbc/library/test/src/lib.rs:135:21
[INFO] [stdout]   12:     0x5587248c2a0d - <alloc::boxed::Box<F,A> as core::ops::function::Fn<Args>>::call::h6507bddc3eebb4a5
[INFO] [stdout]                                at /rustc/84c898d65adf2f39a5a98507f1fe0ce10a2b8dbc/library/alloc/src/boxed.rs:2001:9
[INFO] [stdout]   13:     0x5587248c2a0d - std::panicking::rust_panic_with_hook::h50c09d000dc561d2
[INFO] [stdout]                                at /rustc/84c898d65adf2f39a5a98507f1fe0ce10a2b8dbc/library/std/src/panicking.rs:696:13
[INFO] [stdout]   14:     0x5587248c2789 - std::panicking::begin_panic_handler::{{closure}}::h9e2b2176e00e0d9c
[INFO] [stdout]                                at /rustc/84c898d65adf2f39a5a98507f1fe0ce10a2b8dbc/library/std/src/panicking.rs:583:13
[INFO] [stdout]   15:     0x5587248c0bb6 - std::sys_common::backtrace::__rust_end_short_backtrace::h5739b8e512c09d02
[INFO] [stdout]                                at /rustc/84c898d65adf2f39a5a98507f1fe0ce10a2b8dbc/library/std/src/sys_common/backtrace.rs:150:18
[INFO] [stdout]   16:     0x5587248c2492 - rust_begin_unwind
[INFO] [stdout]                                at /rustc/84c898d65adf2f39a5a98507f1fe0ce10a2b8dbc/library/std/src/panicking.rs:579:5
[INFO] [stdout]   17:     0x5587243bc473 - core::panicking::panic_fmt::hf33a1475b4dc5c3e
[INFO] [stdout]                                at /rustc/84c898d65adf2f39a5a98507f1fe0ce10a2b8dbc/library/core/src/panicking.rs:64:14
[INFO] [stdout]   18:     0x5587243bc923 - core::result::unwrap_failed::hdff5465d74574b44
[INFO] [stdout]                                at /rustc/84c898d65adf2f39a5a98507f1fe0ce10a2b8dbc/library/core/src/result.rs:1750:5
[INFO] [stdout]   19:     0x558724409856 - core::result::Result<T,E>::unwrap::hfbd6ccda22fde8d4
[INFO] [stdout]                                at /rustc/84c898d65adf2f39a5a98507f1fe0ce10a2b8dbc/library/core/src/result.rs:1090:23
[INFO] [stdout]   20:     0x5587244bc4fa - solana_sdk::signer::keypair::tests::test_write_keypair_file_overwrite_ok::h5f6d33cb375d89a8
[INFO] [stdout]                                at /opt/rustwide/workdir/src/signer/keypair.rs:275:9
[INFO] [stdout]   21:     0x5587244bc447 - solana_sdk::signer::keypair::tests::test_write_keypair_file_overwrite_ok::{{closure}}::h9d4055b692b4f58c
[INFO] [stdout]                                at /opt/rustwide/workdir/src/signer/keypair.rs:272:47
[INFO] [stdout]   22:     0x5587244194e5 - core::ops::function::FnOnce::call_once::hb459b3db751d0ec8
[INFO] [stdout]                                at /rustc/84c898d65adf2f39a5a98507f1fe0ce10a2b8dbc/library/core/src/ops/function.rs:250:5
[INFO] [stdout]   23:     0x5587246f8fef - core::ops::function::FnOnce::call_once::h7d969581be7d0075
[INFO] [stdout]                                at /rustc/84c898d65adf2f39a5a98507f1fe0ce10a2b8dbc/library/core/src/ops/function.rs:250:5
[INFO] [stdout]   24:     0x5587246f8fef - test::__rust_begin_short_backtrace::hca25a52684e56655
[INFO] [stdout]                                at /rustc/84c898d65adf2f39a5a98507f1fe0ce10a2b8dbc/library/test/src/lib.rs:656:18
[INFO] [stdout]   25:     0x5587246ca60c - test::run_test::{{closure}}::ha8ac744c4af1a4bb
[INFO] [stdout]                                at /rustc/84c898d65adf2f39a5a98507f1fe0ce10a2b8dbc/library/test/src/lib.rs:647:30
[INFO] [stdout]   26:     0x5587246ca60c - core::ops::function::FnOnce::call_once{{vtable.shim}}::h7b411a9ed45bdecf
[INFO] [stdout]                                at /rustc/84c898d65adf2f39a5a98507f1fe0ce10a2b8dbc/library/core/src/ops/function.rs:250:5
[INFO] [stdout]   27:     0x5587246f7fb6 - <alloc::boxed::Box<F,A> as core::ops::function::FnOnce<Args>>::call_once::hd05328869a8ed200
[INFO] [stdout]                                at /rustc/84c898d65adf2f39a5a98507f1fe0ce10a2b8dbc/library/alloc/src/boxed.rs:1987:9
[INFO] [stdout]   28:     0x5587246f7fb6 - <core::panic::unwind_safe::AssertUnwindSafe<F> as core::ops::function::FnOnce<()>>::call_once::h0c601ce20bd5b2be
[INFO] [stdout]                                at /rustc/84c898d65adf2f39a5a98507f1fe0ce10a2b8dbc/library/core/src/panic/unwind_safe.rs:271:9
[INFO] [stdout]   29:     0x5587246f7fb6 - std::panicking::try::do_call::ha4be5c164fe30854
[INFO] [stdout]                                at /rustc/84c898d65adf2f39a5a98507f1fe0ce10a2b8dbc/library/std/src/panicking.rs:487:40
[INFO] [stdout]   30:     0x5587246f7fb6 - std::panicking::try::h604546f3609af05f
[INFO] [stdout]                                at /rustc/84c898d65adf2f39a5a98507f1fe0ce10a2b8dbc/library/std/src/panicking.rs:451:19
[INFO] [stdout]   31:     0x5587246f7fb6 - std::panic::catch_unwind::h5bfa8afe44c9c2f9
[INFO] [stdout]                                at /rustc/84c898d65adf2f39a5a98507f1fe0ce10a2b8dbc/library/std/src/panic.rs:140:14
[INFO] [stdout]   32:     0x5587246f7fb6 - test::run_test_in_process::hd50dee55dd63e6aa
[INFO] [stdout]                                at /rustc/84c898d65adf2f39a5a98507f1fe0ce10a2b8dbc/library/test/src/lib.rs:679:27
[INFO] [stdout]   33:     0x5587246f7fb6 - test::run_test::run_test_inner::{{closure}}::h4aa0f433aa85cea8
[INFO] [stdout]                                at /rustc/84c898d65adf2f39a5a98507f1fe0ce10a2b8dbc/library/test/src/lib.rs:573:39
[INFO] [stdout]   34:     0x5587246c4c81 - test::run_test::run_test_inner::{{closure}}::had56431adf24b4d6
[INFO] [stdout]                                at /rustc/84c898d65adf2f39a5a98507f1fe0ce10a2b8dbc/library/test/src/lib.rs:600:37
[INFO] [stdout]   35:     0x5587246c4c81 - std::sys_common::backtrace::__rust_begin_short_backtrace::ha8d9890e0c73bf13
[INFO] [stdout]                                at /rustc/84c898d65adf2f39a5a98507f1fe0ce10a2b8dbc/library/std/src/sys_common/backtrace.rs:134:18
[INFO] [stdout]   36:     0x5587246ca69b - std::thread::Builder::spawn_unchecked_::{{closure}}::{{closure}}::h251832bcb4a95327
[INFO] [stdout]                                at /rustc/84c898d65adf2f39a5a98507f1fe0ce10a2b8dbc/library/std/src/thread/mod.rs:560:17
[INFO] [stdout]   37:     0x5587246ca69b - <core::panic::unwind_safe::AssertUnwindSafe<F> as core::ops::function::FnOnce<()>>::call_once::h8fdff598fa414831
[INFO] [stdout]                                at /rustc/84c898d65adf2f39a5a98507f1fe0ce10a2b8dbc/library/core/src/panic/unwind_safe.rs:271:9
[INFO] [stdout]   38:     0x5587246ca69b - std::panicking::try::do_call::h455dd2f7764a950f
[INFO] [stdout]                                at /rustc/84c898d65adf2f39a5a98507f1fe0ce10a2b8dbc/library/std/src/panicking.rs:487:40
[INFO] [stdout]   39:     0x5587246ca69b - std::panicking::try::had6f23b7b73ae72a
[INFO] [stdout]                                at /rustc/84c898d65adf2f39a5a98507f1fe0ce10a2b8dbc/library/std/src/panicking.rs:451:19
[INFO] [stdout]   40:     0x5587246ca69b - std::panic::catch_unwind::ha6a5ca3915b4dad0
[INFO] [stdout]                                at /rustc/84c898d65adf2f39a5a98507f1fe0ce10a2b8dbc/library/std/src/panic.rs:140:14
[INFO] [stdout]   41:     0x5587246ca69b - std::thread::Builder::spawn_unchecked_::{{closure}}::h883b72ef75da6231
[INFO] [stdout]                                at /rustc/84c898d65adf2f39a5a98507f1fe0ce10a2b8dbc/library/std/src/thread/mod.rs:559:30
[INFO] [stdout]   42:     0x5587246ca69b - core::ops::function::FnOnce::call_once{{vtable.shim}}::hb7dff73dc8bd2ccb
[INFO] [stdout]                                at /rustc/84c898d65adf2f39a5a98507f1fe0ce10a2b8dbc/library/core/src/ops/function.rs:250:5
[INFO] [stdout]   43:     0x5587248c7673 - <alloc::boxed::Box<F,A> as core::ops::function::FnOnce<Args>>::call_once::h39990b24eedef2ab
[INFO] [stdout]                                at /rustc/84c898d65adf2f39a5a98507f1fe0ce10a2b8dbc/library/alloc/src/boxed.rs:1987:9
[INFO] [stdout]   44:     0x5587248c7673 - <alloc::boxed::Box<F,A> as core::ops::function::FnOnce<Args>>::call_once::h01a027258444143b
[INFO] [stdout]                                at /rustc/84c898d65adf2f39a5a98507f1fe0ce10a2b8dbc/library/alloc/src/boxed.rs:1987:9
[INFO] [stdout]   45:     0x5587248c7673 - std::sys::unix::thread::Thread::new::thread_start::ha4f1cdd9c25884ba
[INFO] [stdout]                                at /rustc/84c898d65adf2f39a5a98507f1fe0ce10a2b8dbc/library/std/src/sys/unix/thread.rs:108:17
[INFO] [stdout]   46:     0x7fe611535b43 - <unknown>
[INFO] [stdout]   47:     0x7fe6115c6bb4 - __clone
[INFO] [stdout]   48:                0x0 - <unknown>
[INFO] [stdout] 
[INFO] [stdout] ---- signer::keypair::tests::test_write_keypair_file stdout ----
[INFO] [stdout] thread 'signer::keypair::tests::test_write_keypair_file' panicked at 'called `Result::unwrap()` on an `Err` value: Os { code: 30, kind: ReadOnlyFilesystem, message: "Read-only file system" }', src/signer/keypair.rs:240:80
[INFO] [stdout] stack backtrace:
[INFO] [stdout]    0:     0x5587248c074a - std::backtrace_rs::backtrace::libunwind::trace::ha9053a9a07ca49cb
[INFO] [stdout]                                at /rustc/84c898d65adf2f39a5a98507f1fe0ce10a2b8dbc/library/std/src/../../backtrace/src/backtrace/libunwind.rs:93:5
[INFO] [stdout]    1:     0x5587248c074a - std::backtrace_rs::backtrace::trace_unsynchronized::h9c2852a457ad564e
[INFO] [stdout]                                at /rustc/84c898d65adf2f39a5a98507f1fe0ce10a2b8dbc/library/std/src/../../backtrace/src/backtrace/mod.rs:66:5
[INFO] [stdout]    2:     0x5587248c074a - std::sys_common::backtrace::_print_fmt::h457936fbfaa0070f
[INFO] [stdout]                                at /rustc/84c898d65adf2f39a5a98507f1fe0ce10a2b8dbc/library/std/src/sys_common/backtrace.rs:65:5
[INFO] [stdout]    3:     0x5587248c074a - <std::sys_common::backtrace::_print::DisplayBacktrace as core::fmt::Display>::fmt::h5779d7bf7f70cb0c
[INFO] [stdout]                                at /rustc/84c898d65adf2f39a5a98507f1fe0ce10a2b8dbc/library/std/src/sys_common/backtrace.rs:44:22
[INFO] [stdout]    4:     0x5587248e5eae - core::fmt::write::h5a4baaff1bcd3eb5
[INFO] [stdout]                                at /rustc/84c898d65adf2f39a5a98507f1fe0ce10a2b8dbc/library/core/src/fmt/mod.rs:1232:17
[INFO] [stdout]    5:     0x5587248bd9c5 - std::io::Write::write_fmt::h478f79c628ef31d1
[INFO] [stdout]                                at /rustc/84c898d65adf2f39a5a98507f1fe0ce10a2b8dbc/library/std/src/io/mod.rs:1684:15
[INFO] [stdout]    6:     0x5587248c0515 - std::sys_common::backtrace::_print::h5fcdc36060f177e8
[INFO] [stdout]                                at /rustc/84c898d65adf2f39a5a98507f1fe0ce10a2b8dbc/library/std/src/sys_common/backtrace.rs:47:5
[INFO] [stdout]    7:     0x5587248c0515 - std::sys_common::backtrace::print::h54ca9458b876c8bf
[INFO] [stdout]                                at /rustc/84c898d65adf2f39a5a98507f1fe0ce10a2b8dbc/library/std/src/sys_common/backtrace.rs:34:9
[INFO] [stdout]    8:     0x5587248c22df - std::panicking::default_hook::{{closure}}::hbe471161c7664ed6
[INFO] [stdout]                                at /rustc/84c898d65adf2f39a5a98507f1fe0ce10a2b8dbc/library/std/src/panicking.rs:271:22
[INFO] [stdout]    9:     0x5587248c1f9f - std::panicking::default_hook::ha3500da57aa4ac4f
[INFO] [stdout]                                at /rustc/84c898d65adf2f39a5a98507f1fe0ce10a2b8dbc/library/std/src/panicking.rs:287:9
[INFO] [stdout]   10:     0x5587246f3c07 - <alloc::boxed::Box<F,A> as core::ops::function::Fn<Args>>::call::hdf1b89dd137ece34
[INFO] [stdout]                                at /rustc/84c898d65adf2f39a5a98507f1fe0ce10a2b8dbc/library/alloc/src/boxed.rs:2001:9
[INFO] [stdout]   11:     0x5587246f3c07 - test::test_main::{{closure}}::h9081a79f20e75698
[INFO] [stdout]                                at /rustc/84c898d65adf2f39a5a98507f1fe0ce10a2b8dbc/library/test/src/lib.rs:135:21
[INFO] [stdout]   12:     0x5587248c2a0d - <alloc::boxed::Box<F,A> as core::ops::function::Fn<Args>>::call::h6507bddc3eebb4a5
[INFO] [stdout]                                at /rustc/84c898d65adf2f39a5a98507f1fe0ce10a2b8dbc/library/alloc/src/boxed.rs:2001:9
[INFO] [stdout]   13:     0x5587248c2a0d - std::panicking::rust_panic_with_hook::h50c09d000dc561d2
[INFO] [stdout]                                at /rustc/84c898d65adf2f39a5a98507f1fe0ce10a2b8dbc/library/std/src/panicking.rs:696:13
[INFO] [stdout]   14:     0x5587248c2789 - std::panicking::begin_panic_handler::{{closure}}::h9e2b2176e00e0d9c
[INFO] [stdout]                                at /rustc/84c898d65adf2f39a5a98507f1fe0ce10a2b8dbc/library/std/src/panicking.rs:583:13
[INFO] [stdout]   15:     0x5587248c0bb6 - std::sys_common::backtrace::__rust_end_short_backtrace::h5739b8e512c09d02
[INFO] [stdout]                                at /rustc/84c898d65adf2f39a5a98507f1fe0ce10a2b8dbc/library/std/src/sys_common/backtrace.rs:150:18
[INFO] [stdout]   16:     0x5587248c2492 - rust_begin_unwind
[INFO] [stdout]                                at /rustc/84c898d65adf2f39a5a98507f1fe0ce10a2b8dbc/library/std/src/panicking.rs:579:5
[INFO] [stdout]   17:     0x5587243bc473 - core::panicking::panic_fmt::hf33a1475b4dc5c3e
[INFO] [stdout]                                at /rustc/84c898d65adf2f39a5a98507f1fe0ce10a2b8dbc/library/core/src/panicking.rs:64:14
[INFO] [stdout]   18:     0x5587243bc923 - core::result::unwrap_failed::hdff5465d74574b44
[INFO] [stdout]                                at /rustc/84c898d65adf2f39a5a98507f1fe0ce10a2b8dbc/library/core/src/result.rs:1750:5
[INFO] [stdout]   19:     0x558724409856 - core::result::Result<T,E>::unwrap::hfbd6ccda22fde8d4
[INFO] [stdout]                                at /rustc/84c898d65adf2f39a5a98507f1fe0ce10a2b8dbc/library/core/src/result.rs:1090:23
[INFO] [stdout]   20:     0x5587244bbd9b - solana_sdk::signer::keypair::tests::test_write_keypair_file::hab71cf8ee96291b5
[INFO] [stdout]                                at /opt/rustwide/workdir/src/signer/keypair.rs:240:34
[INFO] [stdout]   21:     0x5587244bbcc7 - solana_sdk::signer::keypair::tests::test_write_keypair_file::{{closure}}::h6ffd49bf62051ba4
[INFO] [stdout]                                at /opt/rustwide/workdir/src/signer/keypair.rs:238:34
[INFO] [stdout]   22:     0x558724413185 - core::ops::function::FnOnce::call_once::h3a643a5cbc1def65
[INFO] [stdout]                                at /rustc/84c898d65adf2f39a5a98507f1fe0ce10a2b8dbc/library/core/src/ops/function.rs:250:5
[INFO] [stdout]   23:     0x5587246f8fef - core::ops::function::FnOnce::call_once::h7d969581be7d0075
[INFO] [stdout]                                at /rustc/84c898d65adf2f39a5a98507f1fe0ce10a2b8dbc/library/core/src/ops/function.rs:250:5
[INFO] [stdout]   24:     0x5587246f8fef - test::__rust_begin_short_backtrace::hca25a52684e56655
[INFO] [stdout]                                at /rustc/84c898d65adf2f39a5a98507f1fe0ce10a2b8dbc/library/test/src/lib.rs:656:18
[INFO] [stdout]   25:     0x5587246ca60c - test::run_test::{{closure}}::ha8ac744c4af1a4bb
[INFO] [stdout]                                at /rustc/84c898d65adf2f39a5a98507f1fe0ce10a2b8dbc/library/test/src/lib.rs:647:30
[INFO] [stdout]   26:     0x5587246ca60c - core::ops::function::FnOnce::call_once{{vtable.shim}}::h7b411a9ed45bdecf
[INFO] [stdout]                                at /rustc/84c898d65adf2f39a5a98507f1fe0ce10a2b8dbc/library/core/src/ops/function.rs:250:5
[INFO] [stdout]   27:     0x5587246f7fb6 - <alloc::boxed::Box<F,A> as core::ops::function::FnOnce<Args>>::call_once::hd05328869a8ed200
[INFO] [stdout]                                at /rustc/84c898d65adf2f39a5a98507f1fe0ce10a2b8dbc/library/alloc/src/boxed.rs:1987:9
[INFO] [stdout]   28:     0x5587246f7fb6 - <core::panic::unwind_safe::AssertUnwindSafe<F> as core::ops::function::FnOnce<()>>::call_once::h0c601ce20bd5b2be
[INFO] [stdout]                                at /rustc/84c898d65adf2f39a5a98507f1fe0ce10a2b8dbc/library/core/src/panic/unwind_safe.rs:271:9
[INFO] [stdout]   29:     0x5587246f7fb6 - std::panicking::try::do_call::ha4be5c164fe30854
[INFO] [stdout]                                at /rustc/84c898d65adf2f39a5a98507f1fe0ce10a2b8dbc/library/std/src/panicking.rs:487:40
[INFO] [stdout]   30:     0x5587246f7fb6 - std::panicking::try::h604546f3609af05f
[INFO] [stdout]                                at /rustc/84c898d65adf2f39a5a98507f1fe0ce10a2b8dbc/library/std/src/panicking.rs:451:19
[INFO] [stdout]   31:     0x5587246f7fb6 - std::panic::catch_unwind::h5bfa8afe44c9c2f9
[INFO] [stdout]                                at /rustc/84c898d65adf2f39a5a98507f1fe0ce10a2b8dbc/library/std/src/panic.rs:140:14
[INFO] [stdout]   32:     0x5587246f7fb6 - test::run_test_in_process::hd50dee55dd63e6aa
[INFO] [stdout]                                at /rustc/84c898d65adf2f39a5a98507f1fe0ce10a2b8dbc/library/test/src/lib.rs:679:27
[INFO] [stdout]   33:     0x5587246f7fb6 - test::run_test::run_test_inner::{{closure}}::h4aa0f433aa85cea8
[INFO] [stdout]                                at /rustc/84c898d65adf2f39a5a98507f1fe0ce10a2b8dbc/library/test/src/lib.rs:573:39
[INFO] [stdout]   34:     0x5587246c4c81 - test::run_test::run_test_inner::{{closure}}::had56431adf24b4d6
[INFO] [stdout]                                at /rustc/84c898d65adf2f39a5a98507f1fe0ce10a2b8dbc/library/test/src/lib.rs:600:37
[INFO] [stdout]   35:     0x5587246c4c81 - std::sys_common::backtrace::__rust_begin_short_backtrace::ha8d9890e0c73bf13
[INFO] [stdout]                                at /rustc/84c898d65adf2f39a5a98507f1fe0ce10a2b8dbc/library/std/src/sys_common/backtrace.rs:134:18
[INFO] [stdout]   36:     0x5587246ca69b - std::thread::Builder::spawn_unchecked_::{{closure}}::{{closure}}::h251832bcb4a95327
[INFO] [stdout]                                at /rustc/84c898d65adf2f39a5a98507f1fe0ce10a2b8dbc/library/std/src/thread/mod.rs:560:17
[INFO] [stdout]   37:     0x5587246ca69b - <core::panic::unwind_safe::AssertUnwindSafe<F> as core::ops::function::FnOnce<()>>::call_once::h8fdff598fa414831
[INFO] [stdout]                                at /rustc/84c898d65adf2f39a5a98507f1fe0ce10a2b8dbc/library/core/src/panic/unwind_safe.rs:271:9
[INFO] [stdout]   38:     0x5587246ca69b - std::panicking::try::do_call::h455dd2f7764a950f
[INFO] [stdout]                                at /rustc/84c898d65adf2f39a5a98507f1fe0ce10a2b8dbc/library/std/src/panicking.rs:487:40
[INFO] [stdout]   39:     0x5587246ca69b - std::panicking::try::had6f23b7b73ae72a
[INFO] [stdout]                                at /rustc/84c898d65adf2f39a5a98507f1fe0ce10a2b8dbc/library/std/src/panicking.rs:451:19
[INFO] [stdout]   40:     0x5587246ca69b - std::panic::catch_unwind::ha6a5ca3915b4dad0
[INFO] [stdout]                                at /rustc/84c898d65adf2f39a5a98507f1fe0ce10a2b8dbc/library/std/src/panic.rs:140:14
[INFO] [stdout]   41:     0x5587246ca69b - std::thread::Builder::spawn_unchecked_::{{closure}}::h883b72ef75da6231
[INFO] [stdout]                                at /rustc/84c898d65adf2f39a5a98507f1fe0ce10a2b8dbc/library/std/src/thread/mod.rs:559:30
[INFO] [stdout]   42:     0x5587246ca69b - core::ops::function::FnOnce::call_once{{vtable.shim}}::hb7dff73dc8bd2ccb
[INFO] [stdout]                                at /rustc/84c898d65adf2f39a5a98507f1fe0ce10a2b8dbc/library/core/src/ops/function.rs:250:5
[INFO] [stdout]   43:     0x5587248c7673 - <alloc::boxed::Box<F,A> as core::ops::function::FnOnce<Args>>::call_once::h39990b24eedef2ab
[INFO] [stdout]                                at /rustc/84c898d65adf2f39a5a98507f1fe0ce10a2b8dbc/library/alloc/src/boxed.rs:1987:9
[INFO] [stdout]   44:     0x5587248c7673 - <alloc::boxed::Box<F,A> as core::ops::function::FnOnce<Args>>::call_once::h01a027258444143b
[INFO] [stdout]                                at /rustc/84c898d65adf2f39a5a98507f1fe0ce10a2b8dbc/library/alloc/src/boxed.rs:1987:9
[INFO] [stdout]   45:     0x5587248c7673 - std::sys::unix::thread::Thread::new::thread_start::ha4f1cdd9c25884ba
[INFO] [stdout]                                at /rustc/84c898d65adf2f39a5a98507f1fe0ce10a2b8dbc/library/std/src/sys/unix/thread.rs:108:17
[INFO] [stdout]   46:     0x7fe611535b43 - <unknown>
[INFO] [stdout]   47:     0x7fe6115c6bb4 - __clone
[INFO] [stdout]   48:                0x0 - <unknown>
[INFO] [stdout] 
[INFO] [stdout] 
[INFO] [stdout] failures:
[INFO] [stdout]     genesis_config::tests::test_genesis_config
[INFO] [stdout]     pubkey::tests::test_read_write_pubkey
[INFO] [stdout]     signer::keypair::tests::test_write_keypair_file
[INFO] [stdout]     signer::keypair::tests::test_write_keypair_file_overwrite_ok
[INFO] [stdout]     signer::keypair::tests::test_write_keypair_file_truncate
[INFO] [stdout] 
[INFO] [stdout] test result: FAILED. 231 passed; 5 failed; 0 ignored; 0 measured; 0 filtered out; finished in 0.45s
[INFO] [stdout] 
[INFO] [stderr] error: test failed, to rerun pass `--lib`
[INFO] running `Command { std: "docker" "inspect" "a973e347340f4cf3c169782a76921515595ea2a3c56d349dd5bb73056b82e9f8", kill_on_drop: false }`
[INFO] running `Command { std: "docker" "rm" "-f" "a973e347340f4cf3c169782a76921515595ea2a3c56d349dd5bb73056b82e9f8", kill_on_drop: false }`
[INFO] [stdout] a973e347340f4cf3c169782a76921515595ea2a3c56d349dd5bb73056b82e9f8
