[INFO] fetching crate mipidsi 0.6.0...
[INFO] testing mipidsi-0.6.0 against 1.69.0 for beta-1.70-1
[INFO] extracting crate mipidsi 0.6.0 into /workspace/builds/worker-5-tc1/source
[INFO] validating manifest of crates.io crate mipidsi 0.6.0 on toolchain 1.69.0
[INFO] running `Command { std: CARGO_HOME="/workspace/cargo-home" RUSTUP_HOME="/workspace/rustup-home" "/workspace/cargo-home/bin/cargo" "+1.69.0" "metadata" "--manifest-path" "Cargo.toml" "--no-deps", kill_on_drop: false }`
[INFO] started tweaking crates.io crate mipidsi 0.6.0
[INFO] finished tweaking crates.io crate mipidsi 0.6.0
[INFO] tweaked toml for crates.io crate mipidsi 0.6.0 written to /workspace/builds/worker-5-tc1/source/Cargo.toml
[INFO] running `Command { std: CARGO_HOME="/workspace/cargo-home" RUSTUP_HOME="/workspace/rustup-home" __CARGO_TEST_CHANNEL_OVERRIDE_DO_NOT_USE_THIS="nightly" "/workspace/cargo-home/bin/cargo" "+1.69.0" "generate-lockfile" "--manifest-path" "Cargo.toml" "-Zno-index-update", kill_on_drop: false }`
[INFO] running `Command { std: CARGO_HOME="/workspace/cargo-home" RUSTUP_HOME="/workspace/rustup-home" "/workspace/cargo-home/bin/cargo" "+1.69.0" "fetch" "--manifest-path" "Cargo.toml", kill_on_drop: false }`
[INFO] [stderr]  Downloading crates ...
[INFO] [stderr]   Downloaded display-interface v0.4.1
[INFO] [stderr]   Downloaded embedded-graphics-core v0.3.3
[INFO] running `Command { std: "docker" "create" "-v" "/var/lib/crater-agent-workspace/builds/worker-5-tc1/target:/opt/rustwide/target:rw,Z" "-v" "/var/lib/crater-agent-workspace/builds/worker-5-tc1/source:/opt/rustwide/workdir:ro,Z" "-v" "/var/lib/crater-agent-workspace/cargo-home:/opt/rustwide/cargo-home:ro,Z" "-v" "/var/lib/crater-agent-workspace/rustup-home:/opt/rustwide/rustup-home:ro,Z" "-e" "SOURCE_DIR=/opt/rustwide/workdir" "-e" "CARGO_TARGET_DIR=/opt/rustwide/target" "-e" "CARGO_HOME=/opt/rustwide/cargo-home" "-e" "RUSTUP_HOME=/opt/rustwide/rustup-home" "-w" "/opt/rustwide/workdir" "-m" "1610612736" "--user" "0:0" "--network" "none" "ghcr.io/rust-lang/crates-build-env/linux@sha256:5ff2268d62e97bff2cde7d5815dd6ed5b47097566f13b8d0ca110b04b60e07ed" "/opt/rustwide/cargo-home/bin/cargo" "+1.69.0" "metadata" "--no-deps" "--format-version=1", kill_on_drop: false }`
[INFO] [stdout] db83def8f5a294a4a8f0dccf2ab158ff1baa2bcaecaa9f6326d100d60a87f4d0
[INFO] running `Command { std: "docker" "start" "-a" "db83def8f5a294a4a8f0dccf2ab158ff1baa2bcaecaa9f6326d100d60a87f4d0", kill_on_drop: false }`
[INFO] running `Command { std: "docker" "inspect" "db83def8f5a294a4a8f0dccf2ab158ff1baa2bcaecaa9f6326d100d60a87f4d0", kill_on_drop: false }`
[INFO] running `Command { std: "docker" "rm" "-f" "db83def8f5a294a4a8f0dccf2ab158ff1baa2bcaecaa9f6326d100d60a87f4d0", kill_on_drop: false }`
[INFO] [stdout] db83def8f5a294a4a8f0dccf2ab158ff1baa2bcaecaa9f6326d100d60a87f4d0
[INFO] running `Command { std: "docker" "create" "-v" "/var/lib/crater-agent-workspace/builds/worker-5-tc1/target:/opt/rustwide/target:rw,Z" "-v" "/var/lib/crater-agent-workspace/builds/worker-5-tc1/source:/opt/rustwide/workdir:ro,Z" "-v" "/var/lib/crater-agent-workspace/cargo-home:/opt/rustwide/cargo-home:ro,Z" "-v" "/var/lib/crater-agent-workspace/rustup-home:/opt/rustwide/rustup-home:ro,Z" "-e" "SOURCE_DIR=/opt/rustwide/workdir" "-e" "CARGO_TARGET_DIR=/opt/rustwide/target" "-e" "CARGO_INCREMENTAL=0" "-e" "RUST_BACKTRACE=full" "-e" "RUSTFLAGS=--cap-lints=warn" "-e" "RUSTDOCFLAGS=--cap-lints=warn" "-e" "CARGO_HOME=/opt/rustwide/cargo-home" "-e" "RUSTUP_HOME=/opt/rustwide/rustup-home" "-w" "/opt/rustwide/workdir" "-m" "1610612736" "--user" "0:0" "--network" "none" "ghcr.io/rust-lang/crates-build-env/linux@sha256:5ff2268d62e97bff2cde7d5815dd6ed5b47097566f13b8d0ca110b04b60e07ed" "/opt/rustwide/cargo-home/bin/cargo" "+1.69.0" "build" "--frozen" "--message-format=json", kill_on_drop: false }`
[INFO] [stdout] 89b11a75f6d5b9cec2ad1bca83c14cabb0139e9ea88ae5c1f5847e7b07cccb1b
[INFO] running `Command { std: "docker" "start" "-a" "89b11a75f6d5b9cec2ad1bca83c14cabb0139e9ea88ae5c1f5847e7b07cccb1b", kill_on_drop: false }`
[INFO] [stderr]    Compiling semver v1.0.17
[INFO] [stderr]    Compiling az v1.2.1
[INFO] [stderr]    Compiling byteorder v1.4.3
[INFO] [stderr]    Compiling nb v1.1.0
[INFO] [stderr]    Compiling stable_deref_trait v1.2.0
[INFO] [stderr]    Compiling void v1.0.2
[INFO] [stderr]    Compiling display-interface v0.4.1
[INFO] [stderr]    Compiling nb v0.1.3
[INFO] [stderr]    Compiling hash32 v0.2.1
[INFO] [stderr]    Compiling embedded-hal v0.2.7
[INFO] [stderr]    Compiling rustc_version v0.4.0
[INFO] [stderr]    Compiling heapless v0.7.16
[INFO] [stderr]    Compiling embedded-graphics-core v0.3.3
[INFO] [stderr]    Compiling mipidsi v0.6.0 (/opt/rustwide/workdir)
[INFO] [stderr]     Finished dev [unoptimized + debuginfo] target(s) in 3.44s
[INFO] running `Command { std: "docker" "inspect" "89b11a75f6d5b9cec2ad1bca83c14cabb0139e9ea88ae5c1f5847e7b07cccb1b", kill_on_drop: false }`
[INFO] running `Command { std: "docker" "rm" "-f" "89b11a75f6d5b9cec2ad1bca83c14cabb0139e9ea88ae5c1f5847e7b07cccb1b", kill_on_drop: false }`
[INFO] [stdout] 89b11a75f6d5b9cec2ad1bca83c14cabb0139e9ea88ae5c1f5847e7b07cccb1b
[INFO] running `Command { std: "docker" "create" "-v" "/var/lib/crater-agent-workspace/builds/worker-5-tc1/target:/opt/rustwide/target:rw,Z" "-v" "/var/lib/crater-agent-workspace/builds/worker-5-tc1/source:/opt/rustwide/workdir:ro,Z" "-v" "/var/lib/crater-agent-workspace/cargo-home:/opt/rustwide/cargo-home:ro,Z" "-v" "/var/lib/crater-agent-workspace/rustup-home:/opt/rustwide/rustup-home:ro,Z" "-e" "SOURCE_DIR=/opt/rustwide/workdir" "-e" "CARGO_TARGET_DIR=/opt/rustwide/target" "-e" "CARGO_INCREMENTAL=0" "-e" "RUST_BACKTRACE=full" "-e" "RUSTFLAGS=--cap-lints=warn" "-e" "RUSTDOCFLAGS=--cap-lints=warn" "-e" "CARGO_HOME=/opt/rustwide/cargo-home" "-e" "RUSTUP_HOME=/opt/rustwide/rustup-home" "-w" "/opt/rustwide/workdir" "-m" "1610612736" "--user" "0:0" "--network" "none" "ghcr.io/rust-lang/crates-build-env/linux@sha256:5ff2268d62e97bff2cde7d5815dd6ed5b47097566f13b8d0ca110b04b60e07ed" "/opt/rustwide/cargo-home/bin/cargo" "+1.69.0" "test" "--frozen" "--no-run" "--message-format=json", kill_on_drop: false }`
[INFO] [stdout] 0ef8e3e4ec059cfb25101b09e6537c2890f5b5037b07cfaaf37947d6c342bb33
[INFO] running `Command { std: "docker" "start" "-a" "0ef8e3e4ec059cfb25101b09e6537c2890f5b5037b07cfaaf37947d6c342bb33", kill_on_drop: false }`
[INFO] [stderr]     Blocking waiting for file lock on package cache
[INFO] [stderr]    Compiling mipidsi v0.6.0 (/opt/rustwide/workdir)
[INFO] [stderr]     Finished test [unoptimized + debuginfo] target(s) in 0.68s
[INFO] running `Command { std: "docker" "inspect" "0ef8e3e4ec059cfb25101b09e6537c2890f5b5037b07cfaaf37947d6c342bb33", kill_on_drop: false }`
[INFO] running `Command { std: "docker" "rm" "-f" "0ef8e3e4ec059cfb25101b09e6537c2890f5b5037b07cfaaf37947d6c342bb33", kill_on_drop: false }`
[INFO] [stdout] 0ef8e3e4ec059cfb25101b09e6537c2890f5b5037b07cfaaf37947d6c342bb33
[INFO] running `Command { std: "docker" "create" "-v" "/var/lib/crater-agent-workspace/builds/worker-5-tc1/target:/opt/rustwide/target:rw,Z" "-v" "/var/lib/crater-agent-workspace/builds/worker-5-tc1/source:/opt/rustwide/workdir:ro,Z" "-v" "/var/lib/crater-agent-workspace/cargo-home:/opt/rustwide/cargo-home:ro,Z" "-v" "/var/lib/crater-agent-workspace/rustup-home:/opt/rustwide/rustup-home:ro,Z" "-e" "SOURCE_DIR=/opt/rustwide/workdir" "-e" "CARGO_TARGET_DIR=/opt/rustwide/target" "-e" "CARGO_INCREMENTAL=0" "-e" "RUST_BACKTRACE=full" "-e" "RUSTFLAGS=--cap-lints=warn" "-e" "RUSTDOCFLAGS=--cap-lints=warn" "-e" "CARGO_HOME=/opt/rustwide/cargo-home" "-e" "RUSTUP_HOME=/opt/rustwide/rustup-home" "-w" "/opt/rustwide/workdir" "-m" "1610612736" "--user" "0:0" "--network" "none" "ghcr.io/rust-lang/crates-build-env/linux@sha256:5ff2268d62e97bff2cde7d5815dd6ed5b47097566f13b8d0ca110b04b60e07ed" "/opt/rustwide/cargo-home/bin/cargo" "+1.69.0" "test" "--frozen", kill_on_drop: false }`
[INFO] [stdout] a0f72d964b763ace838e5d1876e083ad0b6d46996246089cd02bfe635a396ecf
[INFO] running `Command { std: "docker" "start" "-a" "a0f72d964b763ace838e5d1876e083ad0b6d46996246089cd02bfe635a396ecf", kill_on_drop: false }`
[INFO] [stderr]     Finished test [unoptimized + debuginfo] target(s) in 0.01s
[INFO] [stderr]      Running unittests src/lib.rs (/opt/rustwide/target/debug/deps/mipidsi-5bd1106936149e17)
[INFO] [stdout] 
[INFO] [stderr]    Doc-tests mipidsi
[INFO] [stdout] running 0 tests
[INFO] [stdout] 
[INFO] [stdout] test result: ok. 0 passed; 0 failed; 0 ignored; 0 measured; 0 filtered out; finished in 0.00s
[INFO] [stdout] 
[INFO] [stdout] 
[INFO] [stdout] running 1 test
[INFO] [stderr] error: doctest failed, to rerun pass `--doc`
[INFO] [stdout] test src/lib.rs - (line 20) ... FAILED
[INFO] [stdout] 
[INFO] [stdout] failures:
[INFO] [stdout] 
[INFO] [stdout] ---- src/lib.rs - (line 20) stdout ----
[INFO] [stdout] error[E0433]: failed to resolve: use of undeclared type `Rgb666`
[INFO] [stdout]  --> src/lib.rs:27:15
[INFO] [stdout]   |
[INFO] [stdout] 9 | display.clear(Rgb666::BLACK)?;
[INFO] [stdout]   |               ^^^^^^ use of undeclared type `Rgb666`
[INFO] [stdout] 
[INFO] [stdout] error[E0425]: cannot find value `spi` in this scope
[INFO] [stdout]  --> src/lib.rs:22:32
[INFO] [stdout]   |
[INFO] [stdout] 4 | let di = SPIInterfaceNoCS::new(spi, dc);
[INFO] [stdout]   |                                ^^^ not found in this scope
[INFO] [stdout] 
[INFO] [stdout] error[E0425]: cannot find value `dc` in this scope
[INFO] [stdout]  --> src/lib.rs:22:37
[INFO] [stdout]   |
[INFO] [stdout] 4 | let di = SPIInterfaceNoCS::new(spi, dc);
[INFO] [stdout]   |                                     ^^ not found in this scope
[INFO] [stdout] 
[INFO] [stdout] error[E0433]: failed to resolve: use of undeclared type `Builder`
[INFO] [stdout]  --> src/lib.rs:24:19
[INFO] [stdout]   |
[INFO] [stdout] 6 | let mut display = Builder::ili9486(di)
[INFO] [stdout]   |                   ^^^^^^^ use of undeclared type `Builder`
[INFO] [stdout]   |
[INFO] [stdout] help: consider importing one of these items
[INFO] [stdout]   |
[INFO] [stdout] 3 | use mipidsi::Builder;
[INFO] [stdout]   |
[INFO] [stdout] 3 | use std::thread::Builder;
[INFO] [stdout]   |
[INFO] [stdout] 
[INFO] [stdout] error[E0425]: cannot find value `delay` in this scope
[INFO] [stdout]  --> src/lib.rs:25:16
[INFO] [stdout]   |
[INFO] [stdout] 7 |     .init(&mut delay, Some(rst));
[INFO] [stdout]   |                ^^^^^ not found in this scope
[INFO] [stdout] 
[INFO] [stdout] error[E0425]: cannot find value `rst` in this scope
[INFO] [stdout]  --> src/lib.rs:25:28
[INFO] [stdout]   |
[INFO] [stdout] 7 |     .init(&mut delay, Some(rst));
[INFO] [stdout]   |                            ^^^ not found in this scope
[INFO] [stdout] 
[INFO] [stdout] error[E0433]: failed to resolve: use of undeclared type `SPIInterfaceNoCS`
[INFO] [stdout]  --> src/lib.rs:22:10
[INFO] [stdout]   |
[INFO] [stdout] 4 | let di = SPIInterfaceNoCS::new(spi, dc);
[INFO] [stdout]   |          ^^^^^^^^^^^^^^^^ use of undeclared type `SPIInterfaceNoCS`
[INFO] [stdout] 
[INFO] [stdout] error: aborting due to 7 previous errors
[INFO] [stdout] 
[INFO] [stdout] Some errors have detailed explanations: E0425, E0433.
[INFO] [stdout] For more information about an error, try `rustc --explain E0425`.
[INFO] [stdout] Couldn't compile the test.
[INFO] [stdout] 
[INFO] [stdout] failures:
[INFO] [stdout]     src/lib.rs - (line 20)
[INFO] [stdout] 
[INFO] [stdout] test result: FAILED. 0 passed; 1 failed; 0 ignored; 0 measured; 0 filtered out; finished in 0.05s
[INFO] [stdout] 
[INFO] running `Command { std: "docker" "inspect" "a0f72d964b763ace838e5d1876e083ad0b6d46996246089cd02bfe635a396ecf", kill_on_drop: false }`
[INFO] running `Command { std: "docker" "rm" "-f" "a0f72d964b763ace838e5d1876e083ad0b6d46996246089cd02bfe635a396ecf", kill_on_drop: false }`
[INFO] [stdout] a0f72d964b763ace838e5d1876e083ad0b6d46996246089cd02bfe635a396ecf
