[INFO] fetching crate mini-io-queue 0.2.0...
[INFO] testing mini-io-queue-0.2.0 against 1.69.0 for beta-1.70-1
[INFO] extracting crate mini-io-queue 0.2.0 into /workspace/builds/worker-2-tc1/source
[INFO] validating manifest of crates.io crate mini-io-queue 0.2.0 on toolchain 1.69.0
[INFO] running `Command { std: CARGO_HOME="/workspace/cargo-home" RUSTUP_HOME="/workspace/rustup-home" "/workspace/cargo-home/bin/cargo" "+1.69.0" "metadata" "--manifest-path" "Cargo.toml" "--no-deps", kill_on_drop: false }`
[INFO] started tweaking crates.io crate mini-io-queue 0.2.0
[INFO] finished tweaking crates.io crate mini-io-queue 0.2.0
[INFO] tweaked toml for crates.io crate mini-io-queue 0.2.0 written to /workspace/builds/worker-2-tc1/source/Cargo.toml
[INFO] running `Command { std: CARGO_HOME="/workspace/cargo-home" RUSTUP_HOME="/workspace/rustup-home" __CARGO_TEST_CHANNEL_OVERRIDE_DO_NOT_USE_THIS="nightly" "/workspace/cargo-home/bin/cargo" "+1.69.0" "generate-lockfile" "--manifest-path" "Cargo.toml" "-Zno-index-update", kill_on_drop: false }`
[INFO] running `Command { std: CARGO_HOME="/workspace/cargo-home" RUSTUP_HOME="/workspace/rustup-home" "/workspace/cargo-home/bin/cargo" "+1.69.0" "fetch" "--manifest-path" "Cargo.toml", kill_on_drop: false }`
[INFO] running `Command { std: "docker" "create" "-v" "/var/lib/crater-agent-workspace/builds/worker-2-tc1/target:/opt/rustwide/target:rw,Z" "-v" "/var/lib/crater-agent-workspace/builds/worker-2-tc1/source:/opt/rustwide/workdir:ro,Z" "-v" "/var/lib/crater-agent-workspace/cargo-home:/opt/rustwide/cargo-home:ro,Z" "-v" "/var/lib/crater-agent-workspace/rustup-home:/opt/rustwide/rustup-home:ro,Z" "-e" "SOURCE_DIR=/opt/rustwide/workdir" "-e" "CARGO_TARGET_DIR=/opt/rustwide/target" "-e" "CARGO_HOME=/opt/rustwide/cargo-home" "-e" "RUSTUP_HOME=/opt/rustwide/rustup-home" "-w" "/opt/rustwide/workdir" "-m" "1610612736" "--user" "0:0" "--network" "none" "ghcr.io/rust-lang/crates-build-env/linux@sha256:5ff2268d62e97bff2cde7d5815dd6ed5b47097566f13b8d0ca110b04b60e07ed" "/opt/rustwide/cargo-home/bin/cargo" "+1.69.0" "metadata" "--no-deps" "--format-version=1", kill_on_drop: false }`
[INFO] [stdout] cbff6d3e5876b4f0abbf62fe35208f20c086c1a5f484d6de05651a82d7fa7183
[INFO] running `Command { std: "docker" "start" "-a" "cbff6d3e5876b4f0abbf62fe35208f20c086c1a5f484d6de05651a82d7fa7183", kill_on_drop: false }`
[INFO] running `Command { std: "docker" "inspect" "cbff6d3e5876b4f0abbf62fe35208f20c086c1a5f484d6de05651a82d7fa7183", kill_on_drop: false }`
[INFO] running `Command { std: "docker" "rm" "-f" "cbff6d3e5876b4f0abbf62fe35208f20c086c1a5f484d6de05651a82d7fa7183", kill_on_drop: false }`
[INFO] [stdout] cbff6d3e5876b4f0abbf62fe35208f20c086c1a5f484d6de05651a82d7fa7183
[INFO] running `Command { std: "docker" "create" "-v" "/var/lib/crater-agent-workspace/builds/worker-2-tc1/target:/opt/rustwide/target:rw,Z" "-v" "/var/lib/crater-agent-workspace/builds/worker-2-tc1/source:/opt/rustwide/workdir:ro,Z" "-v" "/var/lib/crater-agent-workspace/cargo-home:/opt/rustwide/cargo-home:ro,Z" "-v" "/var/lib/crater-agent-workspace/rustup-home:/opt/rustwide/rustup-home:ro,Z" "-e" "SOURCE_DIR=/opt/rustwide/workdir" "-e" "CARGO_TARGET_DIR=/opt/rustwide/target" "-e" "CARGO_INCREMENTAL=0" "-e" "RUST_BACKTRACE=full" "-e" "RUSTFLAGS=--cap-lints=warn" "-e" "RUSTDOCFLAGS=--cap-lints=warn" "-e" "CARGO_HOME=/opt/rustwide/cargo-home" "-e" "RUSTUP_HOME=/opt/rustwide/rustup-home" "-w" "/opt/rustwide/workdir" "-m" "1610612736" "--user" "0:0" "--network" "none" "ghcr.io/rust-lang/crates-build-env/linux@sha256:5ff2268d62e97bff2cde7d5815dd6ed5b47097566f13b8d0ca110b04b60e07ed" "/opt/rustwide/cargo-home/bin/cargo" "+1.69.0" "build" "--frozen" "--message-format=json", kill_on_drop: false }`
[INFO] [stdout] cce0a1febf3ce9d52ddd9e67271d95ab17d54b4b8a377091ac7f1713053d4841
[INFO] running `Command { std: "docker" "start" "-a" "cce0a1febf3ce9d52ddd9e67271d95ab17d54b4b8a377091ac7f1713053d4841", kill_on_drop: false }`
[INFO] [stderr]    Compiling futures-core v0.3.28
[INFO] [stderr]    Compiling futures-channel v0.3.28
[INFO] [stderr]    Compiling futures-util v0.3.28
[INFO] [stderr]    Compiling futures-sink v0.3.28
[INFO] [stderr]    Compiling futures v0.3.28
[INFO] [stderr]    Compiling mini-io-queue v0.2.0 (/opt/rustwide/workdir)
[INFO] [stderr]     Finished dev [unoptimized + debuginfo] target(s) in 3.33s
[INFO] running `Command { std: "docker" "inspect" "cce0a1febf3ce9d52ddd9e67271d95ab17d54b4b8a377091ac7f1713053d4841", kill_on_drop: false }`
[INFO] running `Command { std: "docker" "rm" "-f" "cce0a1febf3ce9d52ddd9e67271d95ab17d54b4b8a377091ac7f1713053d4841", kill_on_drop: false }`
[INFO] [stdout] cce0a1febf3ce9d52ddd9e67271d95ab17d54b4b8a377091ac7f1713053d4841
[INFO] running `Command { std: "docker" "create" "-v" "/var/lib/crater-agent-workspace/builds/worker-2-tc1/target:/opt/rustwide/target:rw,Z" "-v" "/var/lib/crater-agent-workspace/builds/worker-2-tc1/source:/opt/rustwide/workdir:ro,Z" "-v" "/var/lib/crater-agent-workspace/cargo-home:/opt/rustwide/cargo-home:ro,Z" "-v" "/var/lib/crater-agent-workspace/rustup-home:/opt/rustwide/rustup-home:ro,Z" "-e" "SOURCE_DIR=/opt/rustwide/workdir" "-e" "CARGO_TARGET_DIR=/opt/rustwide/target" "-e" "CARGO_INCREMENTAL=0" "-e" "RUST_BACKTRACE=full" "-e" "RUSTFLAGS=--cap-lints=warn" "-e" "RUSTDOCFLAGS=--cap-lints=warn" "-e" "CARGO_HOME=/opt/rustwide/cargo-home" "-e" "RUSTUP_HOME=/opt/rustwide/rustup-home" "-w" "/opt/rustwide/workdir" "-m" "1610612736" "--user" "0:0" "--network" "none" "ghcr.io/rust-lang/crates-build-env/linux@sha256:5ff2268d62e97bff2cde7d5815dd6ed5b47097566f13b8d0ca110b04b60e07ed" "/opt/rustwide/cargo-home/bin/cargo" "+1.69.0" "test" "--frozen" "--no-run" "--message-format=json", kill_on_drop: false }`
[INFO] [stdout] 829e360344a2940362c37731fe5f5f113fbd728c153f9fb3c4a27ce9bfb6bbde
[INFO] running `Command { std: "docker" "start" "-a" "829e360344a2940362c37731fe5f5f113fbd728c153f9fb3c4a27ce9bfb6bbde", kill_on_drop: false }`
[INFO] [stderr]    Compiling syn v2.0.15
[INFO] [stderr]    Compiling futures-macro v0.3.28
[INFO] [stderr]    Compiling futures-util v0.3.28
[INFO] [stderr]    Compiling futures-executor v0.3.28
[INFO] [stderr]    Compiling futures v0.3.28
[INFO] [stderr]    Compiling mini-io-queue v0.2.0 (/opt/rustwide/workdir)
[INFO] [stderr]     Finished test [unoptimized + debuginfo] target(s) in 6.96s
[INFO] running `Command { std: "docker" "inspect" "829e360344a2940362c37731fe5f5f113fbd728c153f9fb3c4a27ce9bfb6bbde", kill_on_drop: false }`
[INFO] running `Command { std: "docker" "rm" "-f" "829e360344a2940362c37731fe5f5f113fbd728c153f9fb3c4a27ce9bfb6bbde", kill_on_drop: false }`
[INFO] [stdout] 829e360344a2940362c37731fe5f5f113fbd728c153f9fb3c4a27ce9bfb6bbde
[INFO] running `Command { std: "docker" "create" "-v" "/var/lib/crater-agent-workspace/builds/worker-2-tc1/target:/opt/rustwide/target:rw,Z" "-v" "/var/lib/crater-agent-workspace/builds/worker-2-tc1/source:/opt/rustwide/workdir:ro,Z" "-v" "/var/lib/crater-agent-workspace/cargo-home:/opt/rustwide/cargo-home:ro,Z" "-v" "/var/lib/crater-agent-workspace/rustup-home:/opt/rustwide/rustup-home:ro,Z" "-e" "SOURCE_DIR=/opt/rustwide/workdir" "-e" "CARGO_TARGET_DIR=/opt/rustwide/target" "-e" "CARGO_INCREMENTAL=0" "-e" "RUST_BACKTRACE=full" "-e" "RUSTFLAGS=--cap-lints=warn" "-e" "RUSTDOCFLAGS=--cap-lints=warn" "-e" "CARGO_HOME=/opt/rustwide/cargo-home" "-e" "RUSTUP_HOME=/opt/rustwide/rustup-home" "-w" "/opt/rustwide/workdir" "-m" "1610612736" "--user" "0:0" "--network" "none" "ghcr.io/rust-lang/crates-build-env/linux@sha256:5ff2268d62e97bff2cde7d5815dd6ed5b47097566f13b8d0ca110b04b60e07ed" "/opt/rustwide/cargo-home/bin/cargo" "+1.69.0" "test" "--frozen", kill_on_drop: false }`
[INFO] [stdout] fde9890e20319d40cbfeab5e83b31e71de38f4e71d3da5108f45b49dd960964c
[INFO] running `Command { std: "docker" "start" "-a" "fde9890e20319d40cbfeab5e83b31e71de38f4e71d3da5108f45b49dd960964c", kill_on_drop: false }`
[INFO] [stderr]     Finished test [unoptimized + debuginfo] target(s) in 0.01s
[INFO] [stderr]      Running unittests src/lib.rs (/opt/rustwide/target/debug/deps/mini_io_queue-80cd4e01574c6f9d)
[INFO] [stdout] 
[INFO] [stdout] running 13 tests
[INFO] [stdout] test region::tests::region_clone_to_slice ... ok
[INFO] [stdout] test region::tests::region_contiguous ... ok
[INFO] [stdout] test region::tests::region_copy_to_slice ... ok
[INFO] [stdout] test region::tests::region_default_is_empty ... ok
[INFO] [stdout] test region::tests::region_index ... ok
[INFO] [stdout] test region::tests::region_is_empty ... ok
[INFO] [stdout] test region::tests::region_iter ... ok
[INFO] [stdout] test region::tests::region_len ... ok
[INFO] [stdout] test region::tests::region_mut_as_ref ... ok
[INFO] [stdout] test region::tests::region_mut_clone_from_slice ... ok
[INFO] [stdout] test region::tests::region_mut_copy_from_slice ... ok
[INFO] [stdout] test region::tests::region_mut_index ... ok
[INFO] [stdout] test region::tests::region_slice ... ok
[INFO] [stdout] 
[INFO] [stdout] test result: ok. 13 passed; 0 failed; 0 ignored; 0 measured; 0 filtered out; finished in 0.00s
[INFO] [stdout] 
[INFO] [stderr]    Doc-tests mini-io-queue
[INFO] [stdout] 
[INFO] [stdout] running 14 tests
[INFO] [stdout] test src/storage/mod.rs - storage (line 34) ... FAILED
[INFO] [stdout] test src/lib.rs - (line 40) ... FAILED
[INFO] [stdout] test src/ring.rs - ring::Ring::display (line 52) ... ok
[INFO] [stdout] test src/storage/heap_buffer.rs - storage::heap_buffer::HeapBuffer (line 15) ... ok
[INFO] [stdout] test src/blocking.rs - blocking::heap_constructors::queue (line 145) ... ok
[INFO] [stdout] test src/blocking.rs - blocking::queue_from (line 61) ... ok
[INFO] [stdout] test src/nonblocking.rs - nonblocking::queue_from (line 71) ... ok
[INFO] [stdout] test src/nonblocking.rs - nonblocking::queue_from_parts (line 100) ... ok
[INFO] [stdout] test src/blocking.rs - blocking::queue_from_parts (line 90) ... ok
[INFO] [stdout] test src/nonblocking.rs - nonblocking::heap_constructors::queue (line 148) ... ok
[INFO] [stdout] test src/storage/mod.rs - storage (line 24) ... ok
[INFO] [stdout] test src/lib.rs - (line 66) ... ok
[INFO] [stdout] test src/nonblocking.rs - nonblocking (line 14) ... ok
[INFO] [stdout] test src/blocking.rs - blocking (line 17) ... ok
[INFO] [stdout] 
[INFO] [stdout] failures:
[INFO] [stdout] 
[INFO] [stdout] ---- src/storage/mod.rs - storage (line 34) stdout ----
[INFO] [stdout] error[E0432]: unresolved import `mini_io_queue::storage::StackBuffer`
[INFO] [stdout]  --> src/storage/mod.rs:36:5
[INFO] [stdout]   |
[INFO] [stdout] 5 | use mini_io_queue::storage::StackBuffer;
[INFO] [stdout]   |     ^^^^^^^^^^^^^^^^^^^^^^^^^^^^^^^^^^^ no `StackBuffer` in `storage`
[INFO] [stdout] 
[INFO] [stdout] error: aborting due to previous error
[INFO] [stdout] 
[INFO] [stdout] For more information about this error, try `rustc --explain E0432`.
[INFO] [stdout] Couldn't compile the test.
[INFO] [stdout] ---- src/lib.rs - (line 40) stdout ----
[INFO] [stdout] error[E0432]: unresolved import `mini_io_queue::asyncio`
[INFO] [stdout]  --> src/lib.rs:43:20
[INFO] [stdout]   |
[INFO] [stdout] 6 | use mini_io_queue::asyncio::queue;
[INFO] [stdout]   |                    ^^^^^^^ could not find `asyncio` in `mini_io_queue`
[INFO] [stdout] 
[INFO] [stdout] error: aborting due to previous error
[INFO] [stdout] 
[INFO] [stdout] For more information about this error, try `rustc --explain E0432`.
[INFO] [stdout] Couldn't compile the test.
[INFO] [stdout] 
[INFO] [stdout] failures:
[INFO] [stdout]     src/lib.rs - (line 40)
[INFO] [stdout]     src/storage/mod.rs - storage (line 34)
[INFO] [stdout] 
[INFO] [stdout] test result: FAILED. 12 passed; 2 failed; 0 ignored; 0 measured; 0 filtered out; finished in 0.41s
[INFO] [stdout] 
[INFO] [stderr] error: doctest failed, to rerun pass `--doc`
[INFO] running `Command { std: "docker" "inspect" "fde9890e20319d40cbfeab5e83b31e71de38f4e71d3da5108f45b49dd960964c", kill_on_drop: false }`
[INFO] running `Command { std: "docker" "rm" "-f" "fde9890e20319d40cbfeab5e83b31e71de38f4e71d3da5108f45b49dd960964c", kill_on_drop: false }`
[INFO] [stdout] fde9890e20319d40cbfeab5e83b31e71de38f4e71d3da5108f45b49dd960964c
