[INFO] fetching crate microfft 0.5.0...
[INFO] testing microfft-0.5.0 against 1.69.0 for beta-1.70-1
[INFO] extracting crate microfft 0.5.0 into /workspace/builds/worker-3-tc1/source
[INFO] validating manifest of crates.io crate microfft 0.5.0 on toolchain 1.69.0
[INFO] running `Command { std: CARGO_HOME="/workspace/cargo-home" RUSTUP_HOME="/workspace/rustup-home" "/workspace/cargo-home/bin/cargo" "+1.69.0" "metadata" "--manifest-path" "Cargo.toml" "--no-deps", kill_on_drop: false }`
[INFO] started tweaking crates.io crate microfft 0.5.0
[INFO] finished tweaking crates.io crate microfft 0.5.0
[INFO] tweaked toml for crates.io crate microfft 0.5.0 written to /workspace/builds/worker-3-tc1/source/Cargo.toml
[INFO] running `Command { std: CARGO_HOME="/workspace/cargo-home" RUSTUP_HOME="/workspace/rustup-home" __CARGO_TEST_CHANNEL_OVERRIDE_DO_NOT_USE_THIS="nightly" "/workspace/cargo-home/bin/cargo" "+1.69.0" "generate-lockfile" "--manifest-path" "Cargo.toml" "-Zno-index-update", kill_on_drop: false }`
[INFO] running `Command { std: CARGO_HOME="/workspace/cargo-home" RUSTUP_HOME="/workspace/rustup-home" "/workspace/cargo-home/bin/cargo" "+1.69.0" "fetch" "--manifest-path" "Cargo.toml", kill_on_drop: false }`
[INFO] [stderr]  Downloading crates ...
[INFO] [stderr]   Downloaded transpose v0.2.2
[INFO] [stderr]   Downloaded primal-check v0.3.3
[INFO] [stderr]   Downloaded rustfft v6.1.0
[INFO] running `Command { std: "docker" "create" "-v" "/var/lib/crater-agent-workspace/builds/worker-3-tc1/target:/opt/rustwide/target:rw,Z" "-v" "/var/lib/crater-agent-workspace/builds/worker-3-tc1/source:/opt/rustwide/workdir:ro,Z" "-v" "/var/lib/crater-agent-workspace/cargo-home:/opt/rustwide/cargo-home:ro,Z" "-v" "/var/lib/crater-agent-workspace/rustup-home:/opt/rustwide/rustup-home:ro,Z" "-e" "SOURCE_DIR=/opt/rustwide/workdir" "-e" "CARGO_TARGET_DIR=/opt/rustwide/target" "-e" "CARGO_HOME=/opt/rustwide/cargo-home" "-e" "RUSTUP_HOME=/opt/rustwide/rustup-home" "-w" "/opt/rustwide/workdir" "-m" "1610612736" "--user" "0:0" "--network" "none" "ghcr.io/rust-lang/crates-build-env/linux@sha256:5ff2268d62e97bff2cde7d5815dd6ed5b47097566f13b8d0ca110b04b60e07ed" "/opt/rustwide/cargo-home/bin/cargo" "+1.69.0" "metadata" "--no-deps" "--format-version=1", kill_on_drop: false }`
[INFO] [stdout] ea3253adda63e19a65487ad16b9a74729f5a28ddfb9b8eaae7a00591c0c7b7ac
[INFO] running `Command { std: "docker" "start" "-a" "ea3253adda63e19a65487ad16b9a74729f5a28ddfb9b8eaae7a00591c0c7b7ac", kill_on_drop: false }`
[INFO] running `Command { std: "docker" "inspect" "ea3253adda63e19a65487ad16b9a74729f5a28ddfb9b8eaae7a00591c0c7b7ac", kill_on_drop: false }`
[INFO] running `Command { std: "docker" "rm" "-f" "ea3253adda63e19a65487ad16b9a74729f5a28ddfb9b8eaae7a00591c0c7b7ac", kill_on_drop: false }`
[INFO] [stdout] ea3253adda63e19a65487ad16b9a74729f5a28ddfb9b8eaae7a00591c0c7b7ac
[INFO] running `Command { std: "docker" "create" "-v" "/var/lib/crater-agent-workspace/builds/worker-3-tc1/target:/opt/rustwide/target:rw,Z" "-v" "/var/lib/crater-agent-workspace/builds/worker-3-tc1/source:/opt/rustwide/workdir:ro,Z" "-v" "/var/lib/crater-agent-workspace/cargo-home:/opt/rustwide/cargo-home:ro,Z" "-v" "/var/lib/crater-agent-workspace/rustup-home:/opt/rustwide/rustup-home:ro,Z" "-e" "SOURCE_DIR=/opt/rustwide/workdir" "-e" "CARGO_TARGET_DIR=/opt/rustwide/target" "-e" "CARGO_INCREMENTAL=0" "-e" "RUST_BACKTRACE=full" "-e" "RUSTFLAGS=--cap-lints=warn" "-e" "RUSTDOCFLAGS=--cap-lints=warn" "-e" "CARGO_HOME=/opt/rustwide/cargo-home" "-e" "RUSTUP_HOME=/opt/rustwide/rustup-home" "-w" "/opt/rustwide/workdir" "-m" "1610612736" "--user" "0:0" "--network" "none" "ghcr.io/rust-lang/crates-build-env/linux@sha256:5ff2268d62e97bff2cde7d5815dd6ed5b47097566f13b8d0ca110b04b60e07ed" "/opt/rustwide/cargo-home/bin/cargo" "+1.69.0" "build" "--frozen" "--message-format=json", kill_on_drop: false }`
[INFO] [stdout] 93f08d18af553a33ca93127042db7b448e1ab70db91ad490d0fd420fac5bff49
[INFO] running `Command { std: "docker" "start" "-a" "93f08d18af553a33ca93127042db7b448e1ab70db91ad490d0fd420fac5bff49", kill_on_drop: false }`
[INFO] [stderr]    Compiling num-traits v0.2.15
[INFO] [stderr]    Compiling static_assertions v1.1.0
[INFO] [stderr]    Compiling num-complex v0.4.3
[INFO] [stderr]    Compiling microfft v0.5.0 (/opt/rustwide/workdir)
[INFO] [stderr]     Finished dev [unoptimized + debuginfo] target(s) in 2.25s
[INFO] running `Command { std: "docker" "inspect" "93f08d18af553a33ca93127042db7b448e1ab70db91ad490d0fd420fac5bff49", kill_on_drop: false }`
[INFO] running `Command { std: "docker" "rm" "-f" "93f08d18af553a33ca93127042db7b448e1ab70db91ad490d0fd420fac5bff49", kill_on_drop: false }`
[INFO] [stdout] 93f08d18af553a33ca93127042db7b448e1ab70db91ad490d0fd420fac5bff49
[INFO] running `Command { std: "docker" "create" "-v" "/var/lib/crater-agent-workspace/builds/worker-3-tc1/target:/opt/rustwide/target:rw,Z" "-v" "/var/lib/crater-agent-workspace/builds/worker-3-tc1/source:/opt/rustwide/workdir:ro,Z" "-v" "/var/lib/crater-agent-workspace/cargo-home:/opt/rustwide/cargo-home:ro,Z" "-v" "/var/lib/crater-agent-workspace/rustup-home:/opt/rustwide/rustup-home:ro,Z" "-e" "SOURCE_DIR=/opt/rustwide/workdir" "-e" "CARGO_TARGET_DIR=/opt/rustwide/target" "-e" "CARGO_INCREMENTAL=0" "-e" "RUST_BACKTRACE=full" "-e" "RUSTFLAGS=--cap-lints=warn" "-e" "RUSTDOCFLAGS=--cap-lints=warn" "-e" "CARGO_HOME=/opt/rustwide/cargo-home" "-e" "RUSTUP_HOME=/opt/rustwide/rustup-home" "-w" "/opt/rustwide/workdir" "-m" "1610612736" "--user" "0:0" "--network" "none" "ghcr.io/rust-lang/crates-build-env/linux@sha256:5ff2268d62e97bff2cde7d5815dd6ed5b47097566f13b8d0ca110b04b60e07ed" "/opt/rustwide/cargo-home/bin/cargo" "+1.69.0" "test" "--frozen" "--no-run" "--message-format=json", kill_on_drop: false }`
[INFO] [stdout] 0a3b4cf059732a6de608cae1865785f9ac0e072a3619088048285e7bd0b68b1e
[INFO] running `Command { std: "docker" "start" "-a" "0a3b4cf059732a6de608cae1865785f9ac0e072a3619088048285e7bd0b68b1e", kill_on_drop: false }`
[INFO] [stderr]    Compiling num-traits v0.2.15
[INFO] [stderr]    Compiling num-integer v0.1.45
[INFO] [stderr]    Compiling strength_reduce v0.2.4
[INFO] [stderr]    Compiling rustfft v6.1.0
[INFO] [stderr]    Compiling num-complex v0.4.3
[INFO] [stderr]    Compiling transpose v0.2.2
[INFO] [stderr]    Compiling primal-check v0.3.3
[INFO] [stderr]    Compiling microfft v0.5.0 (/opt/rustwide/workdir)
[INFO] [stdout] error[E0425]: cannot find function `cfft_8192` in module `microfft::complex`
[INFO] [stdout]    --> tests/transform.rs:70:5
[INFO] [stdout]     |
[INFO] [stdout] 70  |     cfft_8192: 8192,
[INFO] [stdout]     |     ^^^^^^^^^ help: a function with a similar name exists: `cfft_512`
[INFO] [stdout]     |
[INFO] [stdout]    ::: /opt/rustwide/workdir/src/complex.rs:161:1
[INFO] [stdout]     |
[INFO] [stdout] 161 | pub fn cfft_512(input: &mut [Complex32; 512]) -> &mut [Complex32; 512] {
[INFO] [stdout]     | ---------------------------------------------------------------------- similarly named function `cfft_512` defined here
[INFO] [stdout] 
[INFO] [stdout] 
[INFO] [stdout] error[E0425]: cannot find function `cfft_16384` in module `microfft::complex`
[INFO] [stdout]    --> tests/transform.rs:71:5
[INFO] [stdout]     |
[INFO] [stdout] 71  |       cfft_16384: 16384,
[INFO] [stdout]     |       ^^^^^^^^^^ help: a unit struct with a similar name exists: `CFftN16384`
[INFO] [stdout]     |
[INFO] [stdout]    ::: /opt/rustwide/workdir/src/cfft.rs:156:1
[INFO] [stdout]     |
[INFO] [stdout] 156 | / cfft_impls! {
[INFO] [stdout] 157 | |      2 => (4, CFftN4, CFftN2),
[INFO] [stdout] 158 | |      3 => (8, CFftN8, CFftN4),
[INFO] [stdout] 159 | |      4 => (16, CFftN16, CFftN8),
[INFO] [stdout] ...   |
[INFO] [stdout] 169 | |     14 => (16384, CFftN16384, CFftN8192),
[INFO] [stdout] 170 | | }
[INFO] [stdout]     | |_- similarly named unit struct `CFftN16384` defined here
[INFO] [stdout] 
[INFO] [stdout] 
[INFO] [stdout] error[E0425]: cannot find function `cfft_8192` in module `microfft::complex`
[INFO] [stdout]    --> tests/transform.rs:111:23
[INFO] [stdout]     |
[INFO] [stdout] 111 |     rfft_8192: (8192, cfft_8192),
[INFO] [stdout]     |                       ^^^^^^^^^
[INFO] [stdout]     |
[INFO] [stdout]    ::: /opt/rustwide/workdir/src/complex.rs:161:1
[INFO] [stdout]     |
[INFO] [stdout] 161 | pub fn cfft_512(input: &mut [Complex32; 512]) -> &mut [Complex32; 512] {
[INFO] [stdout]     | ---------------------------------------------------------------------- similarly named function `cfft_512` defined here
[INFO] [stdout]     |
[INFO] [stdout] help: a function with a similar name exists
[INFO] [stdout]     |
[INFO] [stdout] 111 |     rfft_8192: (8192, cfft_512),
[INFO] [stdout]     |                       ~~~~~~~~
[INFO] [stdout] help: consider importing this function
[INFO] [stdout]     |
[INFO] [stdout] 1   | use crate::cfft_8192;
[INFO] [stdout]     |
[INFO] [stdout] 
[INFO] [stdout] 
[INFO] [stdout] error[E0425]: cannot find function `cfft_16384` in module `microfft::complex`
[INFO] [stdout]    --> tests/transform.rs:112:25
[INFO] [stdout]     |
[INFO] [stdout] 112 |       rfft_16384: (16384, cfft_16384),
[INFO] [stdout]     |                           ^^^^^^^^^^
[INFO] [stdout]     |
[INFO] [stdout]    ::: /opt/rustwide/workdir/src/cfft.rs:156:1
[INFO] [stdout]     |
[INFO] [stdout] 156 | / cfft_impls! {
[INFO] [stdout] 157 | |      2 => (4, CFftN4, CFftN2),
[INFO] [stdout] 158 | |      3 => (8, CFftN8, CFftN4),
[INFO] [stdout] 159 | |      4 => (16, CFftN16, CFftN8),
[INFO] [stdout] ...   |
[INFO] [stdout] 169 | |     14 => (16384, CFftN16384, CFftN8192),
[INFO] [stdout] 170 | | }
[INFO] [stdout]     | |_- similarly named unit struct `CFftN16384` defined here
[INFO] [stdout]     |
[INFO] [stdout] help: a unit struct with a similar name exists
[INFO] [stdout]     |
[INFO] [stdout] 112 |     rfft_16384: (16384, CFftN16384),
[INFO] [stdout]     |                         ~~~~~~~~~~
[INFO] [stdout] help: consider importing this function
[INFO] [stdout]     |
[INFO] [stdout] 1   | use crate::cfft_16384;
[INFO] [stdout]     |
[INFO] [stdout] 
[INFO] [stdout] 
[INFO] [stdout] error[E0425]: cannot find function `rfft_16384` in module `microfft::real`
[INFO] [stdout]    --> tests/transform.rs:112:5
[INFO] [stdout]     |
[INFO] [stdout] 112 |       rfft_16384: (16384, cfft_16384),
[INFO] [stdout]     |       ^^^^^^^^^^
[INFO] [stdout]     |
[INFO] [stdout]    ::: /opt/rustwide/workdir/src/rfft.rs:101:1
[INFO] [stdout]     |
[INFO] [stdout] 101 | / rfft_impls! {
[INFO] [stdout] 102 | |     (RFftN4, CFftN2),
[INFO] [stdout] 103 | |     (RFftN8, CFftN4),
[INFO] [stdout] 104 | |     (RFftN16, CFftN8),
[INFO] [stdout] ...   |
[INFO] [stdout] 114 | |     (RFftN16384, CFftN8192),
[INFO] [stdout] 115 | | }
[INFO] [stdout]     | |_- similarly named unit struct `RFftN16384` defined here
[INFO] [stdout]     |
[INFO] [stdout] help: a unit struct with a similar name exists
[INFO] [stdout]     |
[INFO] [stdout] 112 |     RFftN16384: (16384, cfft_16384),
[INFO] [stdout]     |     ~~~~~~~~~~
[INFO] [stdout] help: consider importing this function
[INFO] [stdout]     |
[INFO] [stdout] 1   | use crate::rfft_16384;
[INFO] [stdout]     |
[INFO] [stdout] 
[INFO] [stdout] 
[INFO] [stderr] error: could not compile `microfft` due to 6 previous errors
[INFO] [stdout] error: aborting due to 5 previous errors
[INFO] [stdout] 
[INFO] [stdout] 
[INFO] [stderr] warning: build failed, waiting for other jobs to finish...
[INFO] [stdout] For more information about this error, try `rustc --explain E0425`.
[INFO] [stdout] 
[INFO] running `Command { std: "docker" "inspect" "0a3b4cf059732a6de608cae1865785f9ac0e072a3619088048285e7bd0b68b1e", kill_on_drop: false }`
[INFO] running `Command { std: "docker" "rm" "-f" "0a3b4cf059732a6de608cae1865785f9ac0e072a3619088048285e7bd0b68b1e", kill_on_drop: false }`
[INFO] [stdout] 0a3b4cf059732a6de608cae1865785f9ac0e072a3619088048285e7bd0b68b1e
