[INFO] fetching crate mfxstm32l152 0.0.1...
[INFO] testing mfxstm32l152-0.0.1 against 1.69.0 for beta-1.70-1
[INFO] extracting crate mfxstm32l152 0.0.1 into /workspace/builds/worker-7-tc1/source
[INFO] validating manifest of crates.io crate mfxstm32l152 0.0.1 on toolchain 1.69.0
[INFO] running `Command { std: CARGO_HOME="/workspace/cargo-home" RUSTUP_HOME="/workspace/rustup-home" "/workspace/cargo-home/bin/cargo" "+1.69.0" "metadata" "--manifest-path" "Cargo.toml" "--no-deps", kill_on_drop: false }`
[INFO] started tweaking crates.io crate mfxstm32l152 0.0.1
[INFO] finished tweaking crates.io crate mfxstm32l152 0.0.1
[INFO] tweaked toml for crates.io crate mfxstm32l152 0.0.1 written to /workspace/builds/worker-7-tc1/source/Cargo.toml
[INFO] running `Command { std: CARGO_HOME="/workspace/cargo-home" RUSTUP_HOME="/workspace/rustup-home" __CARGO_TEST_CHANNEL_OVERRIDE_DO_NOT_USE_THIS="nightly" "/workspace/cargo-home/bin/cargo" "+1.69.0" "generate-lockfile" "--manifest-path" "Cargo.toml" "-Zno-index-update", kill_on_drop: false }`
[INFO] running `Command { std: CARGO_HOME="/workspace/cargo-home" RUSTUP_HOME="/workspace/rustup-home" "/workspace/cargo-home/bin/cargo" "+1.69.0" "fetch" "--manifest-path" "Cargo.toml", kill_on_drop: false }`
[INFO] [stderr]  Downloading crates ...
[INFO] [stderr]   Downloaded i2c-hal-tools v0.0.2
[INFO] running `Command { std: "docker" "create" "-v" "/var/lib/crater-agent-workspace/builds/worker-7-tc1/target:/opt/rustwide/target:rw,Z" "-v" "/var/lib/crater-agent-workspace/builds/worker-7-tc1/source:/opt/rustwide/workdir:ro,Z" "-v" "/var/lib/crater-agent-workspace/cargo-home:/opt/rustwide/cargo-home:ro,Z" "-v" "/var/lib/crater-agent-workspace/rustup-home:/opt/rustwide/rustup-home:ro,Z" "-e" "SOURCE_DIR=/opt/rustwide/workdir" "-e" "CARGO_TARGET_DIR=/opt/rustwide/target" "-e" "CARGO_HOME=/opt/rustwide/cargo-home" "-e" "RUSTUP_HOME=/opt/rustwide/rustup-home" "-w" "/opt/rustwide/workdir" "-m" "1610612736" "--user" "0:0" "--network" "none" "ghcr.io/rust-lang/crates-build-env/linux@sha256:5ff2268d62e97bff2cde7d5815dd6ed5b47097566f13b8d0ca110b04b60e07ed" "/opt/rustwide/cargo-home/bin/cargo" "+1.69.0" "metadata" "--no-deps" "--format-version=1", kill_on_drop: false }`
[INFO] [stdout] 2efcc2d6af793624ac4354851ccf3d9bca98630213644c8b218c6c9f801cdd5e
[INFO] running `Command { std: "docker" "start" "-a" "2efcc2d6af793624ac4354851ccf3d9bca98630213644c8b218c6c9f801cdd5e", kill_on_drop: false }`
[INFO] running `Command { std: "docker" "inspect" "2efcc2d6af793624ac4354851ccf3d9bca98630213644c8b218c6c9f801cdd5e", kill_on_drop: false }`
[INFO] running `Command { std: "docker" "rm" "-f" "2efcc2d6af793624ac4354851ccf3d9bca98630213644c8b218c6c9f801cdd5e", kill_on_drop: false }`
[INFO] [stdout] 2efcc2d6af793624ac4354851ccf3d9bca98630213644c8b218c6c9f801cdd5e
[INFO] running `Command { std: "docker" "create" "-v" "/var/lib/crater-agent-workspace/builds/worker-7-tc1/target:/opt/rustwide/target:rw,Z" "-v" "/var/lib/crater-agent-workspace/builds/worker-7-tc1/source:/opt/rustwide/workdir:ro,Z" "-v" "/var/lib/crater-agent-workspace/cargo-home:/opt/rustwide/cargo-home:ro,Z" "-v" "/var/lib/crater-agent-workspace/rustup-home:/opt/rustwide/rustup-home:ro,Z" "-e" "SOURCE_DIR=/opt/rustwide/workdir" "-e" "CARGO_TARGET_DIR=/opt/rustwide/target" "-e" "CARGO_INCREMENTAL=0" "-e" "RUST_BACKTRACE=full" "-e" "RUSTFLAGS=--cap-lints=warn" "-e" "RUSTDOCFLAGS=--cap-lints=warn" "-e" "CARGO_HOME=/opt/rustwide/cargo-home" "-e" "RUSTUP_HOME=/opt/rustwide/rustup-home" "-w" "/opt/rustwide/workdir" "-m" "1610612736" "--user" "0:0" "--network" "none" "ghcr.io/rust-lang/crates-build-env/linux@sha256:5ff2268d62e97bff2cde7d5815dd6ed5b47097566f13b8d0ca110b04b60e07ed" "/opt/rustwide/cargo-home/bin/cargo" "+1.69.0" "build" "--frozen" "--message-format=json", kill_on_drop: false }`
[INFO] [stdout] 76845c3aaf03a9897b13a242826f3adce4d3f6ef223275042d99b385855f41ca
[INFO] running `Command { std: "docker" "start" "-a" "76845c3aaf03a9897b13a242826f3adce4d3f6ef223275042d99b385855f41ca", kill_on_drop: false }`
[INFO] [stderr]    Compiling semver v1.0.17
[INFO] [stderr]    Compiling nb v1.1.0
[INFO] [stderr]    Compiling void v1.0.2
[INFO] [stderr]    Compiling nb v0.1.3
[INFO] [stderr]    Compiling embedded-hal v0.2.7
[INFO] [stderr]    Compiling rustc_version v0.4.0
[INFO] [stderr]    Compiling cast v0.2.7
[INFO] [stderr]    Compiling i2c-hal-tools v0.0.2
[INFO] [stderr]    Compiling mfxstm32l152 v0.0.1 (/opt/rustwide/workdir)
[INFO] [stdout] warning: use of deprecated trait `hal::digital::OutputPin`: Deprecated because the methods cannot return errors. Users should use the traits in digital::v2.
[INFO] [stdout]   --> src/lib.rs:12:19
[INFO] [stdout]    |
[INFO] [stdout] 12 | use hal::digital::OutputPin;
[INFO] [stdout]    |                   ^^^^^^^^^
[INFO] [stdout]    |
[INFO] [stdout]    = note: `#[warn(deprecated)]` on by default
[INFO] [stdout] 
[INFO] [stdout] 
[INFO] [stdout] warning: use of deprecated trait `hal::digital::OutputPin`: Deprecated because the methods cannot return errors. Users should use the traits in digital::v2.
[INFO] [stdout]    --> src/lib.rs:163:11
[INFO] [stdout]     |
[INFO] [stdout] 163 |     GPIO: OutputPin,
[INFO] [stdout]     |           ^^^^^^^^^
[INFO] [stdout] 
[INFO] [stdout] 
[INFO] [stdout] warning: use of deprecated method `hal::digital::OutputPin::set_high`: Deprecated because the methods cannot return errors. Users should use the traits in digital::v2.
[INFO] [stdout]    --> src/lib.rs:178:20
[INFO] [stdout]     |
[INFO] [stdout] 178 |         self.wakup.set_high();
[INFO] [stdout]     |                    ^^^^^^^^
[INFO] [stdout] 
[INFO] [stdout] 
[INFO] [stdout] warning: use of deprecated method `hal::digital::OutputPin::set_low`: Deprecated because the methods cannot return errors. Users should use the traits in digital::v2.
[INFO] [stdout]    --> src/lib.rs:180:20
[INFO] [stdout]     |
[INFO] [stdout] 180 |         self.wakup.set_low();
[INFO] [stdout]     |                    ^^^^^^^
[INFO] [stdout] 
[INFO] [stdout] 
[INFO] [stdout] warning: 4 warnings emitted
[INFO] [stdout] 
[INFO] [stdout] 
[INFO] [stderr]     Finished dev [unoptimized + debuginfo] target(s) in 2.74s
[INFO] running `Command { std: "docker" "inspect" "76845c3aaf03a9897b13a242826f3adce4d3f6ef223275042d99b385855f41ca", kill_on_drop: false }`
[INFO] running `Command { std: "docker" "rm" "-f" "76845c3aaf03a9897b13a242826f3adce4d3f6ef223275042d99b385855f41ca", kill_on_drop: false }`
[INFO] [stdout] 76845c3aaf03a9897b13a242826f3adce4d3f6ef223275042d99b385855f41ca
[INFO] running `Command { std: "docker" "create" "-v" "/var/lib/crater-agent-workspace/builds/worker-7-tc1/target:/opt/rustwide/target:rw,Z" "-v" "/var/lib/crater-agent-workspace/builds/worker-7-tc1/source:/opt/rustwide/workdir:ro,Z" "-v" "/var/lib/crater-agent-workspace/cargo-home:/opt/rustwide/cargo-home:ro,Z" "-v" "/var/lib/crater-agent-workspace/rustup-home:/opt/rustwide/rustup-home:ro,Z" "-e" "SOURCE_DIR=/opt/rustwide/workdir" "-e" "CARGO_TARGET_DIR=/opt/rustwide/target" "-e" "CARGO_INCREMENTAL=0" "-e" "RUST_BACKTRACE=full" "-e" "RUSTFLAGS=--cap-lints=warn" "-e" "RUSTDOCFLAGS=--cap-lints=warn" "-e" "CARGO_HOME=/opt/rustwide/cargo-home" "-e" "RUSTUP_HOME=/opt/rustwide/rustup-home" "-w" "/opt/rustwide/workdir" "-m" "1610612736" "--user" "0:0" "--network" "none" "ghcr.io/rust-lang/crates-build-env/linux@sha256:5ff2268d62e97bff2cde7d5815dd6ed5b47097566f13b8d0ca110b04b60e07ed" "/opt/rustwide/cargo-home/bin/cargo" "+1.69.0" "test" "--frozen" "--no-run" "--message-format=json", kill_on_drop: false }`
[INFO] [stdout] e1bf01a77fb272dd77f93e12846146e3fd6aa1b55e24872e694e342c14b83c93
[INFO] running `Command { std: "docker" "start" "-a" "e1bf01a77fb272dd77f93e12846146e3fd6aa1b55e24872e694e342c14b83c93", kill_on_drop: false }`
[INFO] [stderr]    Compiling mfxstm32l152 v0.0.1 (/opt/rustwide/workdir)
[INFO] [stdout] warning: use of deprecated trait `hal::digital::OutputPin`: Deprecated because the methods cannot return errors. Users should use the traits in digital::v2.
[INFO] [stdout]   --> src/lib.rs:12:19
[INFO] [stdout]    |
[INFO] [stdout] 12 | use hal::digital::OutputPin;
[INFO] [stdout]    |                   ^^^^^^^^^
[INFO] [stdout]    |
[INFO] [stdout]    = note: `#[warn(deprecated)]` on by default
[INFO] [stdout] 
[INFO] [stdout] 
[INFO] [stdout] warning: use of deprecated trait `hal::digital::OutputPin`: Deprecated because the methods cannot return errors. Users should use the traits in digital::v2.
[INFO] [stdout]    --> src/lib.rs:163:11
[INFO] [stdout]     |
[INFO] [stdout] 163 |     GPIO: OutputPin,
[INFO] [stdout]     |           ^^^^^^^^^
[INFO] [stdout] 
[INFO] [stdout] 
[INFO] [stdout] warning: use of deprecated method `hal::digital::OutputPin::set_high`: Deprecated because the methods cannot return errors. Users should use the traits in digital::v2.
[INFO] [stdout]    --> src/lib.rs:178:20
[INFO] [stdout]     |
[INFO] [stdout] 178 |         self.wakup.set_high();
[INFO] [stdout]     |                    ^^^^^^^^
[INFO] [stdout] 
[INFO] [stdout] 
[INFO] [stdout] warning: use of deprecated method `hal::digital::OutputPin::set_low`: Deprecated because the methods cannot return errors. Users should use the traits in digital::v2.
[INFO] [stdout]    --> src/lib.rs:180:20
[INFO] [stdout]     |
[INFO] [stdout] 180 |         self.wakup.set_low();
[INFO] [stdout]     |                    ^^^^^^^
[INFO] [stdout] 
[INFO] [stdout] 
[INFO] [stdout] warning: 4 warnings emitted
[INFO] [stdout] 
[INFO] [stdout] 
[INFO] [stdout] error[E0463]: can't find crate for `cortex_m`
[INFO] [stdout]  --> examples/idd.rs:8:1
[INFO] [stdout]   |
[INFO] [stdout] 8 | extern crate cortex_m;
[INFO] [stdout]   | ^^^^^^^^^^^^^^^^^^^^^^ can't find crate
[INFO] [stdout] 
[INFO] [stdout] 
[INFO] [stdout] error[E0463]: can't find crate for `cortex_m_rt`
[INFO] [stdout]   --> examples/idd.rs:10:1
[INFO] [stdout]    |
[INFO] [stdout] 10 | extern crate cortex_m_rt as rt;
[INFO] [stdout]    | ^^^^^^^^^^^^^^^^^^^^^^^^^^^^^^^ can't find crate
[INFO] [stdout] 
[INFO] [stdout] 
[INFO] [stdout] error[E0463]: can't find crate for `panic_semihosting`
[INFO] [stdout]   --> examples/idd.rs:13:1
[INFO] [stdout]    |
[INFO] [stdout] 13 | extern crate panic_semihosting;
[INFO] [stdout]    | ^^^^^^^^^^^^^^^^^^^^^^^^^^^^^^^ can't find crate
[INFO] [stdout] 
[INFO] [stdout] 
[INFO] [stdout] error[E0463]: can't find crate for `stm32l4xx_hal`
[INFO] [stdout]   --> examples/idd.rs:15:1
[INFO] [stdout]    |
[INFO] [stdout] 15 | extern crate stm32l4xx_hal as hal;
[INFO] [stdout]    | ^^^^^^^^^^^^^^^^^^^^^^^^^^^^^^^^^^ can't find crate
[INFO] [stdout] 
[INFO] [stdout] 
[INFO] [stdout] error: cannot find attribute `exception` in this scope
[INFO] [stdout]    --> examples/idd.rs:194:3
[INFO] [stdout]     |
[INFO] [stdout] 194 | #[exception]
[INFO] [stdout]     |   ^^^^^^^^^
[INFO] [stdout] 
[INFO] [stdout] 
[INFO] [stdout] warning: use of deprecated trait `hal::digital::OutputPin`: Deprecated because the methods cannot return errors. Users should use the traits in digital::v2.
[INFO] [stdout]   --> src/lib.rs:12:19
[INFO] [stdout]    |
[INFO] [stdout] 12 | use hal::digital::OutputPin;
[INFO] [stdout]    |                   ^^^^^^^^^
[INFO] [stdout]    |
[INFO] [stdout]    = note: `#[warn(deprecated)]` on by default
[INFO] [stdout] 
[INFO] [stdout] 
[INFO] [stdout] warning: use of deprecated trait `hal::digital::OutputPin`: Deprecated because the methods cannot return errors. Users should use the traits in digital::v2.
[INFO] [stdout]    --> src/lib.rs:163:11
[INFO] [stdout]     |
[INFO] [stdout] 163 |     GPIO: OutputPin,
[INFO] [stdout]     |           ^^^^^^^^^
[INFO] [stdout] 
[INFO] [stdout] 
[INFO] [stdout] error: cannot find attribute `entry` in this scope
[INFO] [stdout]   --> examples/idd.rs:69:3
[INFO] [stdout]    |
[INFO] [stdout] 69 | #[entry]
[INFO] [stdout]    |   ^^^^^
[INFO] [stdout] 
[INFO] [stdout] 
[INFO] [stdout] error: `#[panic_handler]` function required, but not found
[INFO] [stdout] 
[INFO] [stdout] 
[INFO] [stdout] error: language item required, but not found: `eh_personality`
[INFO] [stdout]   |
[INFO] [stdout]   = note: this can occur when a binary crate with `#![no_std]` is compiled for a target where `eh_personality` is defined in the standard library
[INFO] [stdout]   = help: you may be able to compile for a target that doesn't need `eh_personality`, specify a target with `--target` or in `.cargo/config`
[INFO] [stdout] 
[INFO] [stdout] 
[INFO] [stdout] error: aborting due to 8 previous errors
[INFO] [stdout] 
[INFO] [stdout] 
[INFO] [stdout] For more information about this error, try `rustc --explain E0463`.
[INFO] [stdout] 
[INFO] [stderr] error: could not compile `mfxstm32l152` due to 9 previous errors
[INFO] [stderr] warning: build failed, waiting for other jobs to finish...
[INFO] [stdout] warning: use of deprecated method `hal::digital::OutputPin::set_high`: Deprecated because the methods cannot return errors. Users should use the traits in digital::v2.
[INFO] [stdout]    --> src/lib.rs:178:20
[INFO] [stdout]     |
[INFO] [stdout] 178 |         self.wakup.set_high();
[INFO] [stdout]     |                    ^^^^^^^^
[INFO] [stdout] 
[INFO] [stdout] 
[INFO] [stdout] warning: use of deprecated method `hal::digital::OutputPin::set_low`: Deprecated because the methods cannot return errors. Users should use the traits in digital::v2.
[INFO] [stdout]    --> src/lib.rs:180:20
[INFO] [stdout]     |
[INFO] [stdout] 180 |         self.wakup.set_low();
[INFO] [stdout]     |                    ^^^^^^^
[INFO] [stdout] 
[INFO] [stdout] 
[INFO] [stdout] warning: 4 warnings emitted
[INFO] [stdout] 
[INFO] [stdout] 
[INFO] running `Command { std: "docker" "inspect" "e1bf01a77fb272dd77f93e12846146e3fd6aa1b55e24872e694e342c14b83c93", kill_on_drop: false }`
[INFO] running `Command { std: "docker" "rm" "-f" "e1bf01a77fb272dd77f93e12846146e3fd6aa1b55e24872e694e342c14b83c93", kill_on_drop: false }`
[INFO] [stdout] e1bf01a77fb272dd77f93e12846146e3fd6aa1b55e24872e694e342c14b83c93
