[INFO] fetching crate mermaid-markdown-api 0.2.0...
[INFO] testing mermaid-markdown-api-0.2.0 against 1.69.0 for beta-1.70-1
[INFO] extracting crate mermaid-markdown-api 0.2.0 into /workspace/builds/worker-3-tc1/source
[INFO] validating manifest of crates.io crate mermaid-markdown-api 0.2.0 on toolchain 1.69.0
[INFO] running `Command { std: CARGO_HOME="/workspace/cargo-home" RUSTUP_HOME="/workspace/rustup-home" "/workspace/cargo-home/bin/cargo" "+1.69.0" "metadata" "--manifest-path" "Cargo.toml" "--no-deps", kill_on_drop: false }`
[INFO] started tweaking crates.io crate mermaid-markdown-api 0.2.0
[INFO] finished tweaking crates.io crate mermaid-markdown-api 0.2.0
[INFO] tweaked toml for crates.io crate mermaid-markdown-api 0.2.0 written to /workspace/builds/worker-3-tc1/source/Cargo.toml
[INFO] running `Command { std: CARGO_HOME="/workspace/cargo-home" RUSTUP_HOME="/workspace/rustup-home" __CARGO_TEST_CHANNEL_OVERRIDE_DO_NOT_USE_THIS="nightly" "/workspace/cargo-home/bin/cargo" "+1.69.0" "generate-lockfile" "--manifest-path" "Cargo.toml" "-Zno-index-update", kill_on_drop: false }`
[INFO] running `Command { std: CARGO_HOME="/workspace/cargo-home" RUSTUP_HOME="/workspace/rustup-home" "/workspace/cargo-home/bin/cargo" "+1.69.0" "fetch" "--manifest-path" "Cargo.toml", kill_on_drop: false }`
[INFO] [stderr]  Downloading crates ...
[INFO] [stderr]   Downloaded scanner-syn v0.2.0
[INFO] running `Command { std: "docker" "create" "-v" "/var/lib/crater-agent-workspace/builds/worker-3-tc1/target:/opt/rustwide/target:rw,Z" "-v" "/var/lib/crater-agent-workspace/builds/worker-3-tc1/source:/opt/rustwide/workdir:ro,Z" "-v" "/var/lib/crater-agent-workspace/cargo-home:/opt/rustwide/cargo-home:ro,Z" "-v" "/var/lib/crater-agent-workspace/rustup-home:/opt/rustwide/rustup-home:ro,Z" "-e" "SOURCE_DIR=/opt/rustwide/workdir" "-e" "CARGO_TARGET_DIR=/opt/rustwide/target" "-e" "CARGO_HOME=/opt/rustwide/cargo-home" "-e" "RUSTUP_HOME=/opt/rustwide/rustup-home" "-w" "/opt/rustwide/workdir" "-m" "1610612736" "--user" "0:0" "--network" "none" "ghcr.io/rust-lang/crates-build-env/linux@sha256:97d61d7686bf65f8ecb15491ab51835e82dc9176a96a831f143a431b191fc501" "/opt/rustwide/cargo-home/bin/cargo" "+1.69.0" "metadata" "--no-deps" "--format-version=1", kill_on_drop: false }`
[INFO] [stdout] 746db57cb358a984f1e1169e2d7062a2af2a77fc77180e05fff8d6d5c5a86424
[INFO] running `Command { std: "docker" "start" "-a" "746db57cb358a984f1e1169e2d7062a2af2a77fc77180e05fff8d6d5c5a86424", kill_on_drop: false }`
[INFO] running `Command { std: "docker" "inspect" "746db57cb358a984f1e1169e2d7062a2af2a77fc77180e05fff8d6d5c5a86424", kill_on_drop: false }`
[INFO] running `Command { std: "docker" "rm" "-f" "746db57cb358a984f1e1169e2d7062a2af2a77fc77180e05fff8d6d5c5a86424", kill_on_drop: false }`
[INFO] [stdout] 746db57cb358a984f1e1169e2d7062a2af2a77fc77180e05fff8d6d5c5a86424
[INFO] running `Command { std: "docker" "create" "-v" "/var/lib/crater-agent-workspace/builds/worker-3-tc1/target:/opt/rustwide/target:rw,Z" "-v" "/var/lib/crater-agent-workspace/builds/worker-3-tc1/source:/opt/rustwide/workdir:ro,Z" "-v" "/var/lib/crater-agent-workspace/cargo-home:/opt/rustwide/cargo-home:ro,Z" "-v" "/var/lib/crater-agent-workspace/rustup-home:/opt/rustwide/rustup-home:ro,Z" "-e" "SOURCE_DIR=/opt/rustwide/workdir" "-e" "CARGO_TARGET_DIR=/opt/rustwide/target" "-e" "CARGO_INCREMENTAL=0" "-e" "RUST_BACKTRACE=full" "-e" "RUSTFLAGS=--cap-lints=warn" "-e" "RUSTDOCFLAGS=--cap-lints=warn" "-e" "CARGO_HOME=/opt/rustwide/cargo-home" "-e" "RUSTUP_HOME=/opt/rustwide/rustup-home" "-w" "/opt/rustwide/workdir" "-m" "1610612736" "--user" "0:0" "--network" "none" "ghcr.io/rust-lang/crates-build-env/linux@sha256:97d61d7686bf65f8ecb15491ab51835e82dc9176a96a831f143a431b191fc501" "/opt/rustwide/cargo-home/bin/cargo" "+1.69.0" "build" "--frozen" "--message-format=json", kill_on_drop: false }`
[INFO] [stdout] 2c1bd16f12e2cdd9c85edf5d078da4fcbac610a4d49c54f8b775008e472a61b5
[INFO] running `Command { std: "docker" "start" "-a" "2c1bd16f12e2cdd9c85edf5d078da4fcbac610a4d49c54f8b775008e472a61b5", kill_on_drop: false }`
[INFO] [stderr]    Compiling syn v1.0.109
[INFO] [stderr]    Compiling rustversion v1.0.12
[INFO] [stderr]    Compiling heck v0.4.1
[INFO] [stderr]    Compiling Inflector v0.11.4
[INFO] [stderr]    Compiling strum v0.24.1
[INFO] [stderr]    Compiling walkdir v2.3.3
[INFO] [stderr]    Compiling enum-as-inner v0.4.0
[INFO] [stderr]    Compiling strum_macros v0.24.3
[INFO] [stderr]    Compiling scanner-syn v0.2.0
[INFO] [stderr]    Compiling mermaid-markdown-api v0.2.0 (/opt/rustwide/workdir)
[INFO] [stdout] warning: unused import: `self`
[INFO] [stdout]  --> src/scanner_pipeline.rs:4:22
[INFO] [stdout]   |
[INFO] [stdout] 4 |         connection::{self, Connection, ConnectionType},
[INFO] [stdout]   |                      ^^^^
[INFO] [stdout]   |
[INFO] [stdout]   = note: `#[warn(unused_imports)]` on by default
[INFO] [stdout] 
[INFO] [stdout] 
[INFO] [stdout] warning: unused imports: `ContractDescriptor`, `DefaultContractDescriptor`
[INFO] [stdout]   --> src/scanner_pipeline.rs:10:5
[INFO] [stdout]    |
[INFO] [stdout] 10 |     ContractDescriptor, ContractInfo, DefaultContractDescriptor, FunctionInfo,
[INFO] [stdout]    |     ^^^^^^^^^^^^^^^^^^                ^^^^^^^^^^^^^^^^^^^^^^^^^
[INFO] [stdout] 
[INFO] [stdout] 
[INFO] [stdout] warning: 2 warnings emitted
[INFO] [stdout] 
[INFO] [stdout] 
[INFO] [stderr]     Finished dev [unoptimized + debuginfo] target(s) in 5.56s
[INFO] running `Command { std: "docker" "inspect" "2c1bd16f12e2cdd9c85edf5d078da4fcbac610a4d49c54f8b775008e472a61b5", kill_on_drop: false }`
[INFO] running `Command { std: "docker" "rm" "-f" "2c1bd16f12e2cdd9c85edf5d078da4fcbac610a4d49c54f8b775008e472a61b5", kill_on_drop: false }`
[INFO] [stdout] 2c1bd16f12e2cdd9c85edf5d078da4fcbac610a4d49c54f8b775008e472a61b5
[INFO] running `Command { std: "docker" "create" "-v" "/var/lib/crater-agent-workspace/builds/worker-3-tc1/target:/opt/rustwide/target:rw,Z" "-v" "/var/lib/crater-agent-workspace/builds/worker-3-tc1/source:/opt/rustwide/workdir:ro,Z" "-v" "/var/lib/crater-agent-workspace/cargo-home:/opt/rustwide/cargo-home:ro,Z" "-v" "/var/lib/crater-agent-workspace/rustup-home:/opt/rustwide/rustup-home:ro,Z" "-e" "SOURCE_DIR=/opt/rustwide/workdir" "-e" "CARGO_TARGET_DIR=/opt/rustwide/target" "-e" "CARGO_INCREMENTAL=0" "-e" "RUST_BACKTRACE=full" "-e" "RUSTFLAGS=--cap-lints=warn" "-e" "RUSTDOCFLAGS=--cap-lints=warn" "-e" "CARGO_HOME=/opt/rustwide/cargo-home" "-e" "RUSTUP_HOME=/opt/rustwide/rustup-home" "-w" "/opt/rustwide/workdir" "-m" "1610612736" "--user" "0:0" "--network" "none" "ghcr.io/rust-lang/crates-build-env/linux@sha256:97d61d7686bf65f8ecb15491ab51835e82dc9176a96a831f143a431b191fc501" "/opt/rustwide/cargo-home/bin/cargo" "+1.69.0" "test" "--frozen" "--no-run" "--message-format=json", kill_on_drop: false }`
[INFO] [stdout] 6f80a2c631e10dafb1d749d808a28e54f7b42f5d460180685d14ecb782a9bc7a
[INFO] running `Command { std: "docker" "start" "-a" "6f80a2c631e10dafb1d749d808a28e54f7b42f5d460180685d14ecb782a9bc7a", kill_on_drop: false }`
[INFO] [stderr]    Compiling mermaid-markdown-api v0.2.0 (/opt/rustwide/workdir)
[INFO] [stdout] warning: unused import: `self`
[INFO] [stdout]  --> src/scanner_pipeline.rs:4:22
[INFO] [stdout]   |
[INFO] [stdout] 4 |         connection::{self, Connection, ConnectionType},
[INFO] [stdout]   |                      ^^^^
[INFO] [stdout]   |
[INFO] [stdout]   = note: `#[warn(unused_imports)]` on by default
[INFO] [stdout] 
[INFO] [stdout] 
[INFO] [stdout] warning: unused imports: `ContractDescriptor`, `DefaultContractDescriptor`
[INFO] [stdout]   --> src/scanner_pipeline.rs:10:5
[INFO] [stdout]    |
[INFO] [stdout] 10 |     ContractDescriptor, ContractInfo, DefaultContractDescriptor, FunctionInfo,
[INFO] [stdout]    |     ^^^^^^^^^^^^^^^^^^                ^^^^^^^^^^^^^^^^^^^^^^^^^
[INFO] [stdout] 
[INFO] [stdout] 
[INFO] [stdout] warning: 2 warnings emitted
[INFO] [stdout] 
[INFO] [stdout] 
[INFO] [stdout] warning: unused import: `self`
[INFO] [stdout]  --> src/scanner_pipeline.rs:4:22
[INFO] [stdout]   |
[INFO] [stdout] 4 |         connection::{self, Connection, ConnectionType},
[INFO] [stdout]   |                      ^^^^
[INFO] [stdout]   |
[INFO] [stdout]   = note: `#[warn(unused_imports)]` on by default
[INFO] [stdout] 
[INFO] [stdout] 
[INFO] [stdout] warning: unused imports: `ContractDescriptor`, `DefaultContractDescriptor`
[INFO] [stdout]   --> src/scanner_pipeline.rs:10:5
[INFO] [stdout]    |
[INFO] [stdout] 10 |     ContractDescriptor, ContractInfo, DefaultContractDescriptor, FunctionInfo,
[INFO] [stdout]    |     ^^^^^^^^^^^^^^^^^^                ^^^^^^^^^^^^^^^^^^^^^^^^^
[INFO] [stdout] 
[INFO] [stdout] 
[INFO] [stdout] warning: 2 warnings emitted
[INFO] [stdout] 
[INFO] [stdout] 
[INFO] [stderr]     Finished test [unoptimized + debuginfo] target(s) in 0.69s
[INFO] running `Command { std: "docker" "inspect" "6f80a2c631e10dafb1d749d808a28e54f7b42f5d460180685d14ecb782a9bc7a", kill_on_drop: false }`
[INFO] running `Command { std: "docker" "rm" "-f" "6f80a2c631e10dafb1d749d808a28e54f7b42f5d460180685d14ecb782a9bc7a", kill_on_drop: false }`
[INFO] [stdout] 6f80a2c631e10dafb1d749d808a28e54f7b42f5d460180685d14ecb782a9bc7a
[INFO] running `Command { std: "docker" "create" "-v" "/var/lib/crater-agent-workspace/builds/worker-3-tc1/target:/opt/rustwide/target:rw,Z" "-v" "/var/lib/crater-agent-workspace/builds/worker-3-tc1/source:/opt/rustwide/workdir:ro,Z" "-v" "/var/lib/crater-agent-workspace/cargo-home:/opt/rustwide/cargo-home:ro,Z" "-v" "/var/lib/crater-agent-workspace/rustup-home:/opt/rustwide/rustup-home:ro,Z" "-e" "SOURCE_DIR=/opt/rustwide/workdir" "-e" "CARGO_TARGET_DIR=/opt/rustwide/target" "-e" "CARGO_INCREMENTAL=0" "-e" "RUST_BACKTRACE=full" "-e" "RUSTFLAGS=--cap-lints=warn" "-e" "RUSTDOCFLAGS=--cap-lints=warn" "-e" "CARGO_HOME=/opt/rustwide/cargo-home" "-e" "RUSTUP_HOME=/opt/rustwide/rustup-home" "-w" "/opt/rustwide/workdir" "-m" "1610612736" "--user" "0:0" "--network" "none" "ghcr.io/rust-lang/crates-build-env/linux@sha256:97d61d7686bf65f8ecb15491ab51835e82dc9176a96a831f143a431b191fc501" "/opt/rustwide/cargo-home/bin/cargo" "+1.69.0" "test" "--frozen", kill_on_drop: false }`
[INFO] [stdout] bd0d37c198799249dadd59579e0ac67aa0692aecd04f72285c88532362b804bb
[INFO] running `Command { std: "docker" "start" "-a" "bd0d37c198799249dadd59579e0ac67aa0692aecd04f72285c88532362b804bb", kill_on_drop: false }`
[INFO] [stderr] warning: unused import: `self`
[INFO] [stderr]  --> src/scanner_pipeline.rs:4:22
[INFO] [stderr]   |
[INFO] [stderr] 4 |         connection::{self, Connection, ConnectionType},
[INFO] [stderr]   |                      ^^^^
[INFO] [stderr]   |
[INFO] [stderr]   = note: `#[warn(unused_imports)]` on by default
[INFO] [stderr] 
[INFO] [stderr] warning: unused imports: `ContractDescriptor`, `DefaultContractDescriptor`
[INFO] [stderr]   --> src/scanner_pipeline.rs:10:5
[INFO] [stderr]    |
[INFO] [stderr] 10 |     ContractDescriptor, ContractInfo, DefaultContractDescriptor, FunctionInfo,
[INFO] [stderr]    |     ^^^^^^^^^^^^^^^^^^                ^^^^^^^^^^^^^^^^^^^^^^^^^
[INFO] [stderr] 
[INFO] [stderr] warning: `mermaid-markdown-api` (lib) generated 2 warnings (run `cargo fix --lib -p mermaid-markdown-api` to apply 2 suggestions)
[INFO] [stderr] warning: `mermaid-markdown-api` (lib test) generated 2 warnings (2 duplicates)
[INFO] [stderr]     Finished test [unoptimized + debuginfo] target(s) in 0.01s
[INFO] [stderr]      Running unittests src/lib.rs (/opt/rustwide/target/debug/deps/mermaid_markdown_api-445e7b42a8a87a7e)
[INFO] [stdout] 
[INFO] [stdout] running 16 tests
[INFO] [stdout] test syntax::flow_chart::tests::it_adds_a_dashed_line_with_bidirectional_o_arrow ... ok
[INFO] [stdout] test syntax::flow_chart::tests::it_adds_a_dashed_line_with_bidirectional_x_arrow ... ok
[INFO] [stdout] test syntax::flow_chart::tests::it_adds_a_dashed_line_with_bidirectional_arrow ... ok
[INFO] [stdout] test syntax::flow_chart::tests::it_adds_a_dashed_line_with_left_arrow ... ok
[INFO] [stdout] test syntax::flow_chart::tests::it_adds_a_dashed_line_with_bidirectional_x_arrow_and_extra_length ... ok
[INFO] [stdout] test syntax::flow_chart::tests::it_adds_a_dashed_line_with_left_o_arrow ... ok
[INFO] [stdout] test syntax::flow_chart::tests::it_adds_a_dashed_line_with_left_x_arrow ... ok
[INFO] [stdout] test syntax::flow_chart::tests::it_adds_a_dashed_line_with_no_arrow ... ok
[INFO] [stdout] test syntax::flow_chart::tests::it_adds_a_dashed_line_with_right_arrow ... ok
[INFO] [stdout] test syntax::flow_chart::tests::it_adds_a_dashed_line_with_right_o_arrow ... ok
[INFO] [stdout] test syntax::flow_chart::tests::it_adds_a_dashed_line_with_right_x_arrow ... ok
[INFO] [stdout] test syntax::flow_chart::tests::it_creates_a_circle ... ok
[INFO] [stdout] test syntax::flow_chart::tests::it_creates_a_flag ... ok
[INFO] [stdout] test syntax::flow_chart::tests::it_creates_a_hexagon ... ok
[INFO] [stdout] test syntax::flow_chart::tests::it_creates_a_rectangle ... ok
[INFO] [stdout] test md_api::tests::it_works ... FAILED
[INFO] [stdout] 
[INFO] [stdout] failures:
[INFO] [stdout] 
[INFO] [stdout] ---- md_api::tests::it_works stdout ----
[INFO] [stdout] thread 'md_api::tests::it_works' panicked at 'assertion failed: `(left == right)`
[INFO] [stdout]   left: `"flowchart TD\n\tfunction_a{{function_a}}:::Public-Mutation -..- function_a_event>function_a_event]:::Public-Event\n\tfunction_a{{function_a}}:::Public-Mutation --> function_b_private{{function_b_private}}:::Private-Mutation\n\t"`,
[INFO] [stdout]  right: `"flowchart TD\n\tfunction_a{{function_a}}:::Public --> function_a_event>function_a_event]:::Public\n\tfunction_a{{function_a}}:::Public --> function_b_private{{function_b_private}}:::Private"`', src/md_api.rs:70:9
[INFO] [stdout] stack backtrace:
[INFO] [stdout]    0:     0x55e32488e35a - std::backtrace_rs::backtrace::libunwind::trace::ha9053a9a07ca49cb
[INFO] [stdout]                                at /rustc/84c898d65adf2f39a5a98507f1fe0ce10a2b8dbc/library/std/src/../../backtrace/src/backtrace/libunwind.rs:93:5
[INFO] [stdout]    1:     0x55e32488e35a - std::backtrace_rs::backtrace::trace_unsynchronized::h9c2852a457ad564e
[INFO] [stdout]                                at /rustc/84c898d65adf2f39a5a98507f1fe0ce10a2b8dbc/library/std/src/../../backtrace/src/backtrace/mod.rs:66:5
[INFO] [stdout]    2:     0x55e32488e35a - std::sys_common::backtrace::_print_fmt::h457936fbfaa0070f
[INFO] [stdout]                                at /rustc/84c898d65adf2f39a5a98507f1fe0ce10a2b8dbc/library/std/src/sys_common/backtrace.rs:65:5
[INFO] [stdout]    3:     0x55e32488e35a - <std::sys_common::backtrace::_print::DisplayBacktrace as core::fmt::Display>::fmt::h5779d7bf7f70cb0c
[INFO] [stdout]                                at /rustc/84c898d65adf2f39a5a98507f1fe0ce10a2b8dbc/library/std/src/sys_common/backtrace.rs:44:22
[INFO] [stdout]    4:     0x55e3248b19ee - core::fmt::write::h5a4baaff1bcd3eb5
[INFO] [stdout]                                at /rustc/84c898d65adf2f39a5a98507f1fe0ce10a2b8dbc/library/core/src/fmt/mod.rs:1232:17
[INFO] [stdout]    5:     0x55e32488b7d5 - std::io::Write::write_fmt::h478f79c628ef31d1
[INFO] [stdout]                                at /rustc/84c898d65adf2f39a5a98507f1fe0ce10a2b8dbc/library/std/src/io/mod.rs:1684:15
[INFO] [stdout]    6:     0x55e32488e125 - std::sys_common::backtrace::_print::h5fcdc36060f177e8
[INFO] [stdout]                                at /rustc/84c898d65adf2f39a5a98507f1fe0ce10a2b8dbc/library/std/src/sys_common/backtrace.rs:47:5
[INFO] [stdout]    7:     0x55e32488e125 - std::sys_common::backtrace::print::h54ca9458b876c8bf
[INFO] [stdout]                                at /rustc/84c898d65adf2f39a5a98507f1fe0ce10a2b8dbc/library/std/src/sys_common/backtrace.rs:34:9
[INFO] [stdout]    8:     0x55e32488feef - std::panicking::default_hook::{{closure}}::hbe471161c7664ed6
[INFO] [stdout]                                at /rustc/84c898d65adf2f39a5a98507f1fe0ce10a2b8dbc/library/std/src/panicking.rs:271:22
[INFO] [stdout]    9:     0x55e32488fbaf - std::panicking::default_hook::ha3500da57aa4ac4f
[INFO] [stdout]                                at /rustc/84c898d65adf2f39a5a98507f1fe0ce10a2b8dbc/library/std/src/panicking.rs:287:9
[INFO] [stdout]   10:     0x55e32485e347 - <alloc::boxed::Box<F,A> as core::ops::function::Fn<Args>>::call::hdf1b89dd137ece34
[INFO] [stdout]                                at /rustc/84c898d65adf2f39a5a98507f1fe0ce10a2b8dbc/library/alloc/src/boxed.rs:2001:9
[INFO] [stdout]   11:     0x55e32485e347 - test::test_main::{{closure}}::h9081a79f20e75698
[INFO] [stdout]                                at /rustc/84c898d65adf2f39a5a98507f1fe0ce10a2b8dbc/library/test/src/lib.rs:135:21
[INFO] [stdout]   12:     0x55e32489061d - <alloc::boxed::Box<F,A> as core::ops::function::Fn<Args>>::call::h6507bddc3eebb4a5
[INFO] [stdout]                                at /rustc/84c898d65adf2f39a5a98507f1fe0ce10a2b8dbc/library/alloc/src/boxed.rs:2001:9
[INFO] [stdout]   13:     0x55e32489061d - std::panicking::rust_panic_with_hook::h50c09d000dc561d2
[INFO] [stdout]                                at /rustc/84c898d65adf2f39a5a98507f1fe0ce10a2b8dbc/library/std/src/panicking.rs:696:13
[INFO] [stdout]   14:     0x55e324890399 - std::panicking::begin_panic_handler::{{closure}}::h9e2b2176e00e0d9c
[INFO] [stdout]                                at /rustc/84c898d65adf2f39a5a98507f1fe0ce10a2b8dbc/library/std/src/panicking.rs:583:13
[INFO] [stdout]   15:     0x55e32488e7c6 - std::sys_common::backtrace::__rust_end_short_backtrace::h5739b8e512c09d02
[INFO] [stdout]                                at /rustc/84c898d65adf2f39a5a98507f1fe0ce10a2b8dbc/library/std/src/sys_common/backtrace.rs:150:18
[INFO] [stdout]   16:     0x55e3248900a2 - rust_begin_unwind
[INFO] [stdout]                                at /rustc/84c898d65adf2f39a5a98507f1fe0ce10a2b8dbc/library/std/src/panicking.rs:579:5
[INFO] [stdout]   17:     0x55e324824b83 - core::panicking::panic_fmt::hf33a1475b4dc5c3e
[INFO] [stdout]                                at /rustc/84c898d65adf2f39a5a98507f1fe0ce10a2b8dbc/library/core/src/panicking.rs:64:14
[INFO] [stdout]   18:     0x55e324824e5f - core::panicking::assert_failed_inner::haf9816227b20b6f2
[INFO] [stdout]   19:     0x55e32482979e - core::panicking::assert_failed::hca9bdb308352a6df
[INFO] [stdout]                                at /rustc/84c898d65adf2f39a5a98507f1fe0ce10a2b8dbc/library/core/src/panicking.rs:211:5
[INFO] [stdout]   20:     0x55e324829d7b - mermaid_markdown_api::md_api::tests::it_works::h1295bc601533452b
[INFO] [stdout]                                at /opt/rustwide/workdir/src/md_api.rs:70:9
[INFO] [stdout]   21:     0x55e3248298d7 - mermaid_markdown_api::md_api::tests::it_works::{{closure}}::hb60c5187f1856f44
[INFO] [stdout]                                at /opt/rustwide/workdir/src/md_api.rs:35:19
[INFO] [stdout]   22:     0x55e324829e15 - core::ops::function::FnOnce::call_once::h09c8f147455e466a
[INFO] [stdout]                                at /rustc/84c898d65adf2f39a5a98507f1fe0ce10a2b8dbc/library/core/src/ops/function.rs:250:5
[INFO] [stdout]   23:     0x55e32486372f - core::ops::function::FnOnce::call_once::h7d969581be7d0075
[INFO] [stdout]                                at /rustc/84c898d65adf2f39a5a98507f1fe0ce10a2b8dbc/library/core/src/ops/function.rs:250:5
[INFO] [stdout]   24:     0x55e32486372f - test::__rust_begin_short_backtrace::hca25a52684e56655
[INFO] [stdout]                                at /rustc/84c898d65adf2f39a5a98507f1fe0ce10a2b8dbc/library/test/src/lib.rs:656:18
[INFO] [stdout]   25:     0x55e324834d4c - test::run_test::{{closure}}::ha8ac744c4af1a4bb
[INFO] [stdout]                                at /rustc/84c898d65adf2f39a5a98507f1fe0ce10a2b8dbc/library/test/src/lib.rs:647:30
[INFO] [stdout]   26:     0x55e324834d4c - core::ops::function::FnOnce::call_once{{vtable.shim}}::h7b411a9ed45bdecf
[INFO] [stdout]                                at /rustc/84c898d65adf2f39a5a98507f1fe0ce10a2b8dbc/library/core/src/ops/function.rs:250:5
[INFO] [stdout]   27:     0x55e3248626f6 - <alloc::boxed::Box<F,A> as core::ops::function::FnOnce<Args>>::call_once::hd05328869a8ed200
[INFO] [stdout]                                at /rustc/84c898d65adf2f39a5a98507f1fe0ce10a2b8dbc/library/alloc/src/boxed.rs:1987:9
[INFO] [stdout]   28:     0x55e3248626f6 - <core::panic::unwind_safe::AssertUnwindSafe<F> as core::ops::function::FnOnce<()>>::call_once::h0c601ce20bd5b2be
[INFO] [stdout]                                at /rustc/84c898d65adf2f39a5a98507f1fe0ce10a2b8dbc/library/core/src/panic/unwind_safe.rs:271:9
[INFO] [stdout]   29:     0x55e3248626f6 - std::panicking::try::do_call::ha4be5c164fe30854
[INFO] [stdout]                                at /rustc/84c898d65adf2f39a5a98507f1fe0ce10a2b8dbc/library/std/src/panicking.rs:487:40
[INFO] [stdout]   30:     0x55e3248626f6 - std::panicking::try::h604546f3609af05f
[INFO] [stdout]                                at /rustc/84c898d65adf2f39a5a98507f1fe0ce10a2b8dbc/library/std/src/panicking.rs:451:19
[INFO] [stdout]   31:     0x55e3248626f6 - std::panic::catch_unwind::h5bfa8afe44c9c2f9
[INFO] [stdout]                                at /rustc/84c898d65adf2f39a5a98507f1fe0ce10a2b8dbc/library/std/src/panic.rs:140:14
[INFO] [stdout]   32:     0x55e3248626f6 - test::run_test_in_process::hd50dee55dd63e6aa
[INFO] [stdout]                                at /rustc/84c898d65adf2f39a5a98507f1fe0ce10a2b8dbc/library/test/src/lib.rs:679:27
[INFO] [stdout]   33:     0x55e3248626f6 - test::run_test::run_test_inner::{{closure}}::h4aa0f433aa85cea8
[INFO] [stdout]                                at /rustc/84c898d65adf2f39a5a98507f1fe0ce10a2b8dbc/library/test/src/lib.rs:573:39
[INFO] [stdout]   34:     0x55e32482f3c1 - test::run_test::run_test_inner::{{closure}}::had56431adf24b4d6
[INFO] [stdout]                                at /rustc/84c898d65adf2f39a5a98507f1fe0ce10a2b8dbc/library/test/src/lib.rs:600:37
[INFO] [stdout]   35:     0x55e32482f3c1 - std::sys_common::backtrace::__rust_begin_short_backtrace::ha8d9890e0c73bf13
[INFO] [stdout]                                at /rustc/84c898d65adf2f39a5a98507f1fe0ce10a2b8dbc/library/std/src/sys_common/backtrace.rs:134:18
[INFO] [stdout]   36:     0x55e324834ddb - std::thread::Builder::spawn_unchecked_::{{closure}}::{{closure}}::h251832bcb4a95327
[INFO] [stdout]                                at /rustc/84c898d65adf2f39a5a98507f1fe0ce10a2b8dbc/library/std/src/thread/mod.rs:560:17
[INFO] [stdout]   37:     0x55e324834ddb - <core::panic::unwind_safe::AssertUnwindSafe<F> as core::ops::function::FnOnce<()>>::call_once::h8fdff598fa414831
[INFO] [stdout]                                at /rustc/84c898d65adf2f39a5a98507f1fe0ce10a2b8dbc/library/core/src/panic/unwind_safe.rs:271:9
[INFO] [stdout]   38:     0x55e324834ddb - std::panicking::try::do_call::h455dd2f7764a950f
[INFO] [stdout]                                at /rustc/84c898d65adf2f39a5a98507f1fe0ce10a2b8dbc/library/std/src/panicking.rs:487:40
[INFO] [stdout]   39:     0x55e324834ddb - std::panicking::try::had6f23b7b73ae72a
[INFO] [stdout]                                at /rustc/84c898d65adf2f39a5a98507f1fe0ce10a2b8dbc/library/std/src/panicking.rs:451:19
[INFO] [stdout]   40:     0x55e324834ddb - std::panic::catch_unwind::ha6a5ca3915b4dad0
[INFO] [stdout]                                at /rustc/84c898d65adf2f39a5a98507f1fe0ce10a2b8dbc/library/std/src/panic.rs:140:14
[INFO] [stdout]   41:     0x55e324834ddb - std::thread::Builder::spawn_unchecked_::{{closure}}::h883b72ef75da6231
[INFO] [stdout]                                at /rustc/84c898d65adf2f39a5a98507f1fe0ce10a2b8dbc/library/std/src/thread/mod.rs:559:30
[INFO] [stdout]   42:     0x55e324834ddb - core::ops::function::FnOnce::call_once{{vtable.shim}}::hb7dff73dc8bd2ccb
[INFO] [stdout]                                at /rustc/84c898d65adf2f39a5a98507f1fe0ce10a2b8dbc/library/core/src/ops/function.rs:250:5
[INFO] [stdout]   43:     0x55e324894983 - <alloc::boxed::Box<F,A> as core::ops::function::FnOnce<Args>>::call_once::h39990b24eedef2ab
[INFO] [stdout]                                at /rustc/84c898d65adf2f39a5a98507f1fe0ce10a2b8dbc/library/alloc/src/boxed.rs:1987:9
[INFO] [stdout]   44:     0x55e324894983 - <alloc::boxed::Box<F,A> as core::ops::function::FnOnce<Args>>::call_once::h01a027258444143b
[INFO] [stdout]                                at /rustc/84c898d65adf2f39a5a98507f1fe0ce10a2b8dbc/library/alloc/src/boxed.rs:1987:9
[INFO] [stdout]   45:     0x55e324894983 - std::sys::unix::thread::Thread::new::thread_start::ha4f1cdd9c25884ba
[INFO] [stdout]                                at /rustc/84c898d65adf2f39a5a98507f1fe0ce10a2b8dbc/library/std/src/sys/unix/thread.rs:108:17
[INFO] [stdout]   46:     0x7fb952172b43 - <unknown>
[INFO] [stdout]   47:     0x7fb952203bb4 - __clone
[INFO] [stdout]   48:                0x0 - <unknown>
[INFO] [stdout] 
[INFO] [stdout] 
[INFO] [stdout] failures:
[INFO] [stdout]     md_api::tests::it_works
[INFO] [stdout] 
[INFO] [stdout] test result: FAILED. 15 passed; 1 failed; 0 ignored; 0 measured; 0 filtered out; finished in 0.01s
[INFO] [stdout] 
[INFO] [stderr] error: test failed, to rerun pass `--lib`
[INFO] running `Command { std: "docker" "inspect" "bd0d37c198799249dadd59579e0ac67aa0692aecd04f72285c88532362b804bb", kill_on_drop: false }`
[INFO] running `Command { std: "docker" "rm" "-f" "bd0d37c198799249dadd59579e0ac67aa0692aecd04f72285c88532362b804bb", kill_on_drop: false }`
[INFO] [stdout] bd0d37c198799249dadd59579e0ac67aa0692aecd04f72285c88532362b804bb
