[INFO] fetching crate merfolk_middleware_authentication 0.1.0...
[INFO] testing merfolk_middleware_authentication-0.1.0 against 1.69.0 for beta-1.70-1
[INFO] extracting crate merfolk_middleware_authentication 0.1.0 into /workspace/builds/worker-4-tc1/source
[INFO] validating manifest of crates.io crate merfolk_middleware_authentication 0.1.0 on toolchain 1.69.0
[INFO] running `Command { std: CARGO_HOME="/workspace/cargo-home" RUSTUP_HOME="/workspace/rustup-home" "/workspace/cargo-home/bin/cargo" "+1.69.0" "metadata" "--manifest-path" "Cargo.toml" "--no-deps", kill_on_drop: false }`
[INFO] started tweaking crates.io crate merfolk_middleware_authentication 0.1.0
[INFO] removed 0 missing tests
[INFO] finished tweaking crates.io crate merfolk_middleware_authentication 0.1.0
[INFO] tweaked toml for crates.io crate merfolk_middleware_authentication 0.1.0 written to /workspace/builds/worker-4-tc1/source/Cargo.toml
[INFO] running `Command { std: CARGO_HOME="/workspace/cargo-home" RUSTUP_HOME="/workspace/rustup-home" __CARGO_TEST_CHANNEL_OVERRIDE_DO_NOT_USE_THIS="nightly" "/workspace/cargo-home/bin/cargo" "+1.69.0" "generate-lockfile" "--manifest-path" "Cargo.toml" "-Zno-index-update", kill_on_drop: false }`
[INFO] running `Command { std: CARGO_HOME="/workspace/cargo-home" RUSTUP_HOME="/workspace/rustup-home" "/workspace/cargo-home/bin/cargo" "+1.69.0" "fetch" "--manifest-path" "Cargo.toml", kill_on_drop: false }`
[INFO] [stderr]  Downloading crates ...
[INFO] [stderr]   Downloaded wildmatch v1.1.0
[INFO] [stderr]   Downloaded spin v0.7.1
[INFO] [stderr]   Downloaded merfolk v0.1.4
[INFO] running `Command { std: "docker" "create" "-v" "/var/lib/crater-agent-workspace/builds/worker-4-tc1/target:/opt/rustwide/target:rw,Z" "-v" "/var/lib/crater-agent-workspace/builds/worker-4-tc1/source:/opt/rustwide/workdir:ro,Z" "-v" "/var/lib/crater-agent-workspace/cargo-home:/opt/rustwide/cargo-home:ro,Z" "-v" "/var/lib/crater-agent-workspace/rustup-home:/opt/rustwide/rustup-home:ro,Z" "-e" "SOURCE_DIR=/opt/rustwide/workdir" "-e" "CARGO_TARGET_DIR=/opt/rustwide/target" "-e" "CARGO_HOME=/opt/rustwide/cargo-home" "-e" "RUSTUP_HOME=/opt/rustwide/rustup-home" "-w" "/opt/rustwide/workdir" "-m" "1610612736" "--user" "0:0" "--network" "none" "ghcr.io/rust-lang/crates-build-env/linux@sha256:97d61d7686bf65f8ecb15491ab51835e82dc9176a96a831f143a431b191fc501" "/opt/rustwide/cargo-home/bin/cargo" "+1.69.0" "metadata" "--no-deps" "--format-version=1", kill_on_drop: false }`
[INFO] [stdout] 695228b7b411c5abc5b6f3b2253877c19b2edc91184c05acd89cee1a1a50f13d
[INFO] running `Command { std: "docker" "start" "-a" "695228b7b411c5abc5b6f3b2253877c19b2edc91184c05acd89cee1a1a50f13d", kill_on_drop: false }`
[INFO] running `Command { std: "docker" "inspect" "695228b7b411c5abc5b6f3b2253877c19b2edc91184c05acd89cee1a1a50f13d", kill_on_drop: false }`
[INFO] running `Command { std: "docker" "rm" "-f" "695228b7b411c5abc5b6f3b2253877c19b2edc91184c05acd89cee1a1a50f13d", kill_on_drop: false }`
[INFO] [stdout] 695228b7b411c5abc5b6f3b2253877c19b2edc91184c05acd89cee1a1a50f13d
[INFO] running `Command { std: "docker" "create" "-v" "/var/lib/crater-agent-workspace/builds/worker-4-tc1/target:/opt/rustwide/target:rw,Z" "-v" "/var/lib/crater-agent-workspace/builds/worker-4-tc1/source:/opt/rustwide/workdir:ro,Z" "-v" "/var/lib/crater-agent-workspace/cargo-home:/opt/rustwide/cargo-home:ro,Z" "-v" "/var/lib/crater-agent-workspace/rustup-home:/opt/rustwide/rustup-home:ro,Z" "-e" "SOURCE_DIR=/opt/rustwide/workdir" "-e" "CARGO_TARGET_DIR=/opt/rustwide/target" "-e" "CARGO_INCREMENTAL=0" "-e" "RUST_BACKTRACE=full" "-e" "RUSTFLAGS=--cap-lints=warn" "-e" "RUSTDOCFLAGS=--cap-lints=warn" "-e" "CARGO_HOME=/opt/rustwide/cargo-home" "-e" "RUSTUP_HOME=/opt/rustwide/rustup-home" "-w" "/opt/rustwide/workdir" "-m" "1610612736" "--user" "0:0" "--network" "none" "ghcr.io/rust-lang/crates-build-env/linux@sha256:97d61d7686bf65f8ecb15491ab51835e82dc9176a96a831f143a431b191fc501" "/opt/rustwide/cargo-home/bin/cargo" "+1.69.0" "build" "--frozen" "--message-format=json", kill_on_drop: false }`
[INFO] [stdout] 3ec1c9e3645a936c4dc7cfd9862c2afdca2bc3e734515380649078e231b90cb7
[INFO] running `Command { std: "docker" "start" "-a" "3ec1c9e3645a936c4dc7cfd9862c2afdca2bc3e734515380649078e231b90cb7", kill_on_drop: false }`
[INFO] [stderr]    Compiling proc-macro2 v1.0.56
[INFO] [stderr]    Compiling unicode-ident v1.0.8
[INFO] [stderr]    Compiling quote v1.0.26
[INFO] [stderr]    Compiling syn v1.0.109
[INFO] [stderr]    Compiling strsim v0.10.0
[INFO] [stderr]    Compiling fnv v1.0.7
[INFO] [stderr]    Compiling ident_case v1.0.1
[INFO] [stderr]    Compiling serde_derive v1.0.160
[INFO] [stderr]    Compiling anyhow v1.0.71
[INFO] [stderr]    Compiling log v0.4.17
[INFO] [stderr]    Compiling serde v1.0.160
[INFO] [stderr]    Compiling thiserror v1.0.40
[INFO] [stderr]    Compiling cfg-if v1.0.0
[INFO] [stderr]    Compiling spin v0.7.1
[INFO] [stderr]    Compiling wildmatch v1.1.0
[INFO] [stderr]    Compiling syn v2.0.15
[INFO] [stderr]    Compiling thiserror-impl v1.0.40
[INFO] [stderr]    Compiling darling_core v0.12.4
[INFO] [stderr]    Compiling darling_macro v0.12.4
[INFO] [stderr]    Compiling darling v0.12.4
[INFO] [stderr]    Compiling derive_builder_core v0.10.2
[INFO] [stderr]    Compiling derive_builder_macro v0.10.2
[INFO] [stderr]    Compiling derive_builder v0.10.2
[INFO] [stderr]    Compiling merfolk v0.1.4
[INFO] [stderr]    Compiling merfolk_middleware_authentication v0.1.0 (/opt/rustwide/workdir)
[INFO] [stderr]     Finished dev [unoptimized + debuginfo] target(s) in 12.33s
[INFO] running `Command { std: "docker" "inspect" "3ec1c9e3645a936c4dc7cfd9862c2afdca2bc3e734515380649078e231b90cb7", kill_on_drop: false }`
[INFO] running `Command { std: "docker" "rm" "-f" "3ec1c9e3645a936c4dc7cfd9862c2afdca2bc3e734515380649078e231b90cb7", kill_on_drop: false }`
[INFO] [stdout] 3ec1c9e3645a936c4dc7cfd9862c2afdca2bc3e734515380649078e231b90cb7
[INFO] running `Command { std: "docker" "create" "-v" "/var/lib/crater-agent-workspace/builds/worker-4-tc1/target:/opt/rustwide/target:rw,Z" "-v" "/var/lib/crater-agent-workspace/builds/worker-4-tc1/source:/opt/rustwide/workdir:ro,Z" "-v" "/var/lib/crater-agent-workspace/cargo-home:/opt/rustwide/cargo-home:ro,Z" "-v" "/var/lib/crater-agent-workspace/rustup-home:/opt/rustwide/rustup-home:ro,Z" "-e" "SOURCE_DIR=/opt/rustwide/workdir" "-e" "CARGO_TARGET_DIR=/opt/rustwide/target" "-e" "CARGO_INCREMENTAL=0" "-e" "RUST_BACKTRACE=full" "-e" "RUSTFLAGS=--cap-lints=warn" "-e" "RUSTDOCFLAGS=--cap-lints=warn" "-e" "CARGO_HOME=/opt/rustwide/cargo-home" "-e" "RUSTUP_HOME=/opt/rustwide/rustup-home" "-w" "/opt/rustwide/workdir" "-m" "1610612736" "--user" "0:0" "--network" "none" "ghcr.io/rust-lang/crates-build-env/linux@sha256:97d61d7686bf65f8ecb15491ab51835e82dc9176a96a831f143a431b191fc501" "/opt/rustwide/cargo-home/bin/cargo" "+1.69.0" "test" "--frozen" "--no-run" "--message-format=json", kill_on_drop: false }`
[INFO] [stdout] 043cc08699a05eed45c219c5ee2ae5b354286a4be53ae6249404a1e3f7260c25
[INFO] running `Command { std: "docker" "start" "-a" "043cc08699a05eed45c219c5ee2ae5b354286a4be53ae6249404a1e3f7260c25", kill_on_drop: false }`
[INFO] [stderr]    Compiling libc v0.2.142
[INFO] [stderr]    Compiling autocfg v1.1.0
[INFO] [stderr]    Compiling ppv-lite86 v0.2.17
[INFO] [stderr]    Compiling pin-project-lite v0.2.9
[INFO] [stderr]    Compiling tokio v1.28.0
[INFO] [stderr]    Compiling getrandom v0.2.9
[INFO] [stderr]    Compiling rand_core v0.6.4
[INFO] [stderr]    Compiling rand_chacha v0.3.1
[INFO] [stderr]    Compiling rand v0.8.5
[INFO] [stderr]    Compiling merfolk_middleware_authentication v0.1.0 (/opt/rustwide/workdir)
[INFO] [stdout] error[E0432]: unresolved imports `tokio::sync::mpsc`, `tokio::sync::mpsc`
[INFO] [stdout]   --> test/tests.rs:12:5
[INFO] [stdout]    |
[INFO] [stdout] 12 |     mpsc,
[INFO] [stdout]    |     ^^^^ no `mpsc` in `sync`
[INFO] [stdout] 13 |     mpsc::{Receiver, Sender},
[INFO] [stdout]    |     ^^^^ could not find `mpsc` in `sync`
[INFO] [stdout]    |
[INFO] [stdout]    = help: consider importing one of these items instead:
[INFO] [stdout]            derive_builder::export::core::sync::mpsc
[INFO] [stdout]            std::sync::mpsc
[INFO] [stdout] 
[INFO] [stdout] 
[INFO] [stdout] error[E0432]: unresolved imports `tokio::sync::mpsc`, `tokio::sync::mpsc`
[INFO] [stdout]   --> test/tests.rs:59:5
[INFO] [stdout]    |
[INFO] [stdout] 59 |     mpsc,
[INFO] [stdout]    |     ^^^^ no `mpsc` in `sync`
[INFO] [stdout] 60 |     mpsc::{Receiver, Sender},
[INFO] [stdout]    |     ^^^^ could not find `mpsc` in `sync`
[INFO] [stdout]    |
[INFO] [stdout]    = help: consider importing one of these items instead:
[INFO] [stdout]            derive_builder::export::core::sync::mpsc
[INFO] [stdout]            std::sync::mpsc
[INFO] [stdout] 
[INFO] [stdout] 
[INFO] [stdout] error[E0433]: failed to resolve: use of undeclared crate or module `merfolk_frontend_register`
[INFO] [stdout]   --> test/tests.rs:16:25
[INFO] [stdout]    |
[INFO] [stdout] 16 |   let register_caller = merfolk_frontend_register::Register::builder().build().unwrap();
[INFO] [stdout]    |                         ^^^^^^^^^^^^^^^^^^^^^^^^^ use of undeclared crate or module `merfolk_frontend_register`
[INFO] [stdout]    |
[INFO] [stdout] help: there is an enum variant `crate::Error::Register` and 1 other; try using the variant's enum
[INFO] [stdout]    |
[INFO] [stdout] 16 |   let register_caller = crate::Error().build().unwrap();
[INFO] [stdout]    |                         ~~~~~~~~~~~~
[INFO] [stdout] 16 |   let register_caller = merfolk::Error().build().unwrap();
[INFO] [stdout]    |                         ~~~~~~~~~~~~~~
[INFO] [stdout] 
[INFO] [stdout] 
[INFO] [stdout] error[E0433]: failed to resolve: use of undeclared crate or module `merfolk_frontend_register`
[INFO] [stdout]   --> test/tests.rs:17:27
[INFO] [stdout]    |
[INFO] [stdout] 17 |   let register_receiver = merfolk_frontend_register::Register::builder().build().unwrap();
[INFO] [stdout]    |                           ^^^^^^^^^^^^^^^^^^^^^^^^^ use of undeclared crate or module `merfolk_frontend_register`
[INFO] [stdout]    |
[INFO] [stdout] help: there is an enum variant `crate::Error::Register` and 1 other; try using the variant's enum
[INFO] [stdout]    |
[INFO] [stdout] 17 |   let register_receiver = crate::Error().build().unwrap();
[INFO] [stdout]    |                           ~~~~~~~~~~~~
[INFO] [stdout] 17 |   let register_receiver = merfolk::Error().build().unwrap();
[INFO] [stdout]    |                           ~~~~~~~~~~~~~~
[INFO] [stdout] 
[INFO] [stdout] 
[INFO] [stdout] error[E0433]: failed to resolve: use of undeclared crate or module `merfolk_backend_in_process`
[INFO] [stdout]   --> test/tests.rs:21:27
[INFO] [stdout]    |
[INFO] [stdout] 21 |   let (to, from): (Sender<merfolk_backend_in_process::InProcessChannel>, Receiver<merfolk_backend_in_process::InProcessChannel>) = mpsc::...
[INFO] [stdout]    |                           ^^^^^^^^^^^^^^^^^^^^^^^^^^ use of undeclared crate or module `merfolk_backend_in_process`
[INFO] [stdout] 
[INFO] [stdout] 
[INFO] [stdout] error[E0433]: failed to resolve: use of undeclared crate or module `merfolk_backend_in_process`
[INFO] [stdout]   --> test/tests.rs:21:83
[INFO] [stdout]    |
[INFO] [stdout] 21 | ...essChannel>, Receiver<merfolk_backend_in_process::InProcessChannel>) = mpsc::channel(1);
[INFO] [stdout]    |                          ^^^^^^^^^^^^^^^^^^^^^^^^^^ use of undeclared crate or module `merfolk_backend_in_process`
[INFO] [stdout] 
[INFO] [stdout] 
[INFO] [stdout] error[E0433]: failed to resolve: use of undeclared crate or module `merfolk_backend_in_process`
[INFO] [stdout]   --> test/tests.rs:27:14
[INFO] [stdout]    |
[INFO] [stdout] 27 |     .backend(merfolk_backend_in_process::InProcess::builder().to(to).build().unwrap())
[INFO] [stdout]    |              ^^^^^^^^^^^^^^^^^^^^^^^^^^ use of undeclared crate or module `merfolk_backend_in_process`
[INFO] [stdout] 
[INFO] [stdout] 
[INFO] [stdout] error[E0433]: failed to resolve: use of undeclared crate or module `merfolk_backend_in_process`
[INFO] [stdout]   --> test/tests.rs:34:14
[INFO] [stdout]    |
[INFO] [stdout] 34 |     .backend(merfolk_backend_in_process::InProcess::builder().from(from).build().unwrap())
[INFO] [stdout]    |              ^^^^^^^^^^^^^^^^^^^^^^^^^^ use of undeclared crate or module `merfolk_backend_in_process`
[INFO] [stdout] 
[INFO] [stdout] 
[INFO] [stdout] error[E0433]: failed to resolve: use of undeclared crate or module `merfolk_frontend_register`
[INFO] [stdout]   --> test/tests.rs:63:25
[INFO] [stdout]    |
[INFO] [stdout] 63 |   let register_caller = merfolk_frontend_register::Register::builder().build().unwrap();
[INFO] [stdout]    |                         ^^^^^^^^^^^^^^^^^^^^^^^^^ use of undeclared crate or module `merfolk_frontend_register`
[INFO] [stdout]    |
[INFO] [stdout] help: there is an enum variant `crate::Error::Register` and 1 other; try using the variant's enum
[INFO] [stdout]    |
[INFO] [stdout] 63 |   let register_caller = crate::Error().build().unwrap();
[INFO] [stdout]    |                         ~~~~~~~~~~~~
[INFO] [stdout] 63 |   let register_caller = merfolk::Error().build().unwrap();
[INFO] [stdout]    |                         ~~~~~~~~~~~~~~
[INFO] [stdout] 
[INFO] [stdout] 
[INFO] [stdout] error[E0433]: failed to resolve: use of undeclared crate or module `merfolk_frontend_register`
[INFO] [stdout]   --> test/tests.rs:64:27
[INFO] [stdout]    |
[INFO] [stdout] 64 |   let register_receiver = merfolk_frontend_register::Register::builder().build().unwrap();
[INFO] [stdout]    |                           ^^^^^^^^^^^^^^^^^^^^^^^^^ use of undeclared crate or module `merfolk_frontend_register`
[INFO] [stdout]    |
[INFO] [stdout] help: there is an enum variant `crate::Error::Register` and 1 other; try using the variant's enum
[INFO] [stdout]    |
[INFO] [stdout] 64 |   let register_receiver = crate::Error().build().unwrap();
[INFO] [stdout]    |                           ~~~~~~~~~~~~
[INFO] [stdout] 64 |   let register_receiver = merfolk::Error().build().unwrap();
[INFO] [stdout]    |                           ~~~~~~~~~~~~~~
[INFO] [stdout] 
[INFO] [stdout] 
[INFO] [stdout] error[E0433]: failed to resolve: use of undeclared crate or module `merfolk_backend_in_process`
[INFO] [stdout]   --> test/tests.rs:68:27
[INFO] [stdout]    |
[INFO] [stdout] 68 |   let (to, from): (Sender<merfolk_backend_in_process::InProcessChannel>, Receiver<merfolk_backend_in_process::InProcessChannel>) = mpsc::...
[INFO] [stdout]    |                           ^^^^^^^^^^^^^^^^^^^^^^^^^^ use of undeclared crate or module `merfolk_backend_in_process`
[INFO] [stdout] 
[INFO] [stdout] 
[INFO] [stdout] error[E0433]: failed to resolve: use of undeclared crate or module `merfolk_backend_in_process`
[INFO] [stdout]   --> test/tests.rs:68:83
[INFO] [stdout]    |
[INFO] [stdout] 68 | ...essChannel>, Receiver<merfolk_backend_in_process::InProcessChannel>) = mpsc::channel(1);
[INFO] [stdout]    |                          ^^^^^^^^^^^^^^^^^^^^^^^^^^ use of undeclared crate or module `merfolk_backend_in_process`
[INFO] [stdout] 
[INFO] [stdout] 
[INFO] [stdout] error[E0433]: failed to resolve: use of undeclared crate or module `merfolk_backend_in_process`
[INFO] [stdout]   --> test/tests.rs:74:14
[INFO] [stdout]    |
[INFO] [stdout] 74 |     .backend(merfolk_backend_in_process::InProcess::builder().to(to).build().unwrap())
[INFO] [stdout]    |              ^^^^^^^^^^^^^^^^^^^^^^^^^^ use of undeclared crate or module `merfolk_backend_in_process`
[INFO] [stdout] 
[INFO] [stdout] 
[INFO] [stdout] error[E0433]: failed to resolve: use of undeclared crate or module `merfolk_backend_in_process`
[INFO] [stdout]   --> test/tests.rs:81:14
[INFO] [stdout]    |
[INFO] [stdout] 81 |     .backend(merfolk_backend_in_process::InProcess::builder().from(from).build().unwrap())
[INFO] [stdout]    |              ^^^^^^^^^^^^^^^^^^^^^^^^^^ use of undeclared crate or module `merfolk_backend_in_process`
[INFO] [stdout] 
[INFO] [stdout] 
[INFO] [stdout] error[E0603]: module `sync` is private
[INFO] [stdout]    --> test/tests.rs:11:14
[INFO] [stdout]     |
[INFO] [stdout] 11  |   use tokio::sync::{
[INFO] [stdout]     |              ^^^^ private module
[INFO] [stdout]     |
[INFO] [stdout] note: the module `sync` is defined here
[INFO] [stdout]    --> /opt/rustwide/cargo-home/registry/src/github.com-1ecc6299db9ec823/tokio-1.28.0/src/lib.rs:543:5
[INFO] [stdout]     |
[INFO] [stdout] 543 |     mod sync;
[INFO] [stdout]     |     ^^^^^^^^
[INFO] [stdout] 
[INFO] [stdout] 
[INFO] [stdout] error[E0603]: module `sync` is private
[INFO] [stdout]    --> test/tests.rs:58:14
[INFO] [stdout]     |
[INFO] [stdout] 58  |   use tokio::sync::{
[INFO] [stdout]     |              ^^^^ private module
[INFO] [stdout]     |
[INFO] [stdout] note: the module `sync` is defined here
[INFO] [stdout]    --> /opt/rustwide/cargo-home/registry/src/github.com-1ecc6299db9ec823/tokio-1.28.0/src/lib.rs:543:5
[INFO] [stdout]     |
[INFO] [stdout] 543 |     mod sync;
[INFO] [stdout]     |     ^^^^^^^^
[INFO] [stdout] 
[INFO] [stdout] 
[INFO] [stdout] error: aborting due to 16 previous errors
[INFO] [stdout] 
[INFO] [stdout] 
[INFO] [stdout] Some errors have detailed explanations: E0432, E0433, E0603.
[INFO] [stdout] 
[INFO] [stdout] For more information about an error, try `rustc --explain E0432`.
[INFO] [stdout] 
[INFO] [stderr] error: could not compile `merfolk_middleware_authentication` due to 17 previous errors
[INFO] [stderr] warning: build failed, waiting for other jobs to finish...
[INFO] running `Command { std: "docker" "inspect" "043cc08699a05eed45c219c5ee2ae5b354286a4be53ae6249404a1e3f7260c25", kill_on_drop: false }`
[INFO] running `Command { std: "docker" "rm" "-f" "043cc08699a05eed45c219c5ee2ae5b354286a4be53ae6249404a1e3f7260c25", kill_on_drop: false }`
[INFO] [stdout] 043cc08699a05eed45c219c5ee2ae5b354286a4be53ae6249404a1e3f7260c25
