[INFO] fetching crate mel_filter 0.1.1...
[INFO] testing mel_filter-0.1.1 against 1.69.0 for beta-1.70-1
[INFO] extracting crate mel_filter 0.1.1 into /workspace/builds/worker-3-tc1/source
[INFO] validating manifest of crates.io crate mel_filter 0.1.1 on toolchain 1.69.0
[INFO] running `Command { std: CARGO_HOME="/workspace/cargo-home" RUSTUP_HOME="/workspace/rustup-home" "/workspace/cargo-home/bin/cargo" "+1.69.0" "metadata" "--manifest-path" "Cargo.toml" "--no-deps", kill_on_drop: false }`
[INFO] started tweaking crates.io crate mel_filter 0.1.1
[INFO] finished tweaking crates.io crate mel_filter 0.1.1
[INFO] tweaked toml for crates.io crate mel_filter 0.1.1 written to /workspace/builds/worker-3-tc1/source/Cargo.toml
[INFO] running `Command { std: CARGO_HOME="/workspace/cargo-home" RUSTUP_HOME="/workspace/rustup-home" __CARGO_TEST_CHANNEL_OVERRIDE_DO_NOT_USE_THIS="nightly" "/workspace/cargo-home/bin/cargo" "+1.69.0" "generate-lockfile" "--manifest-path" "Cargo.toml" "-Zno-index-update", kill_on_drop: false }`
[INFO] running `Command { std: CARGO_HOME="/workspace/cargo-home" RUSTUP_HOME="/workspace/rustup-home" "/workspace/cargo-home/bin/cargo" "+1.69.0" "fetch" "--manifest-path" "Cargo.toml", kill_on_drop: false }`
[INFO] [stderr]  Downloading crates ...
[INFO] [stderr]   Downloaded itertools-num v0.1.3
[INFO] running `Command { std: "docker" "create" "-v" "/var/lib/crater-agent-workspace/builds/worker-3-tc1/target:/opt/rustwide/target:rw,Z" "-v" "/var/lib/crater-agent-workspace/builds/worker-3-tc1/source:/opt/rustwide/workdir:ro,Z" "-v" "/var/lib/crater-agent-workspace/cargo-home:/opt/rustwide/cargo-home:ro,Z" "-v" "/var/lib/crater-agent-workspace/rustup-home:/opt/rustwide/rustup-home:ro,Z" "-e" "SOURCE_DIR=/opt/rustwide/workdir" "-e" "CARGO_TARGET_DIR=/opt/rustwide/target" "-e" "CARGO_HOME=/opt/rustwide/cargo-home" "-e" "RUSTUP_HOME=/opt/rustwide/rustup-home" "-w" "/opt/rustwide/workdir" "-m" "1610612736" "--user" "0:0" "--network" "none" "ghcr.io/rust-lang/crates-build-env/linux@sha256:5ff2268d62e97bff2cde7d5815dd6ed5b47097566f13b8d0ca110b04b60e07ed" "/opt/rustwide/cargo-home/bin/cargo" "+1.69.0" "metadata" "--no-deps" "--format-version=1", kill_on_drop: false }`
[INFO] [stdout] e836e2d9a7a85a1fc52d702d577898b2a3f219c7b5df6c50d75a153a4bf2c19e
[INFO] running `Command { std: "docker" "start" "-a" "e836e2d9a7a85a1fc52d702d577898b2a3f219c7b5df6c50d75a153a4bf2c19e", kill_on_drop: false }`
[INFO] running `Command { std: "docker" "inspect" "e836e2d9a7a85a1fc52d702d577898b2a3f219c7b5df6c50d75a153a4bf2c19e", kill_on_drop: false }`
[INFO] running `Command { std: "docker" "rm" "-f" "e836e2d9a7a85a1fc52d702d577898b2a3f219c7b5df6c50d75a153a4bf2c19e", kill_on_drop: false }`
[INFO] [stdout] e836e2d9a7a85a1fc52d702d577898b2a3f219c7b5df6c50d75a153a4bf2c19e
[INFO] running `Command { std: "docker" "create" "-v" "/var/lib/crater-agent-workspace/builds/worker-3-tc1/target:/opt/rustwide/target:rw,Z" "-v" "/var/lib/crater-agent-workspace/builds/worker-3-tc1/source:/opt/rustwide/workdir:ro,Z" "-v" "/var/lib/crater-agent-workspace/cargo-home:/opt/rustwide/cargo-home:ro,Z" "-v" "/var/lib/crater-agent-workspace/rustup-home:/opt/rustwide/rustup-home:ro,Z" "-e" "SOURCE_DIR=/opt/rustwide/workdir" "-e" "CARGO_TARGET_DIR=/opt/rustwide/target" "-e" "CARGO_INCREMENTAL=0" "-e" "RUST_BACKTRACE=full" "-e" "RUSTFLAGS=--cap-lints=warn" "-e" "RUSTDOCFLAGS=--cap-lints=warn" "-e" "CARGO_HOME=/opt/rustwide/cargo-home" "-e" "RUSTUP_HOME=/opt/rustwide/rustup-home" "-w" "/opt/rustwide/workdir" "-m" "1610612736" "--user" "0:0" "--network" "none" "ghcr.io/rust-lang/crates-build-env/linux@sha256:5ff2268d62e97bff2cde7d5815dd6ed5b47097566f13b8d0ca110b04b60e07ed" "/opt/rustwide/cargo-home/bin/cargo" "+1.69.0" "build" "--frozen" "--message-format=json", kill_on_drop: false }`
[INFO] [stdout] 9087b718e65b15165d252b01f96f3b25d6d52ddcc0dd389d5d1be40cc776f456
[INFO] running `Command { std: "docker" "start" "-a" "9087b718e65b15165d252b01f96f3b25d6d52ddcc0dd389d5d1be40cc776f456", kill_on_drop: false }`
[INFO] [stderr]    Compiling autocfg v1.1.0
[INFO] [stderr]    Compiling log v0.4.17
[INFO] [stderr]    Compiling cfg-if v1.0.0
[INFO] [stderr]    Compiling num-traits v0.2.15
[INFO] [stderr]    Compiling itertools-num v0.1.3
[INFO] [stderr]    Compiling mel_filter v0.1.1 (/opt/rustwide/workdir)
[INFO] [stderr]     Finished dev [unoptimized + debuginfo] target(s) in 2.89s
[INFO] running `Command { std: "docker" "inspect" "9087b718e65b15165d252b01f96f3b25d6d52ddcc0dd389d5d1be40cc776f456", kill_on_drop: false }`
[INFO] running `Command { std: "docker" "rm" "-f" "9087b718e65b15165d252b01f96f3b25d6d52ddcc0dd389d5d1be40cc776f456", kill_on_drop: false }`
[INFO] [stdout] 9087b718e65b15165d252b01f96f3b25d6d52ddcc0dd389d5d1be40cc776f456
[INFO] running `Command { std: "docker" "create" "-v" "/var/lib/crater-agent-workspace/builds/worker-3-tc1/target:/opt/rustwide/target:rw,Z" "-v" "/var/lib/crater-agent-workspace/builds/worker-3-tc1/source:/opt/rustwide/workdir:ro,Z" "-v" "/var/lib/crater-agent-workspace/cargo-home:/opt/rustwide/cargo-home:ro,Z" "-v" "/var/lib/crater-agent-workspace/rustup-home:/opt/rustwide/rustup-home:ro,Z" "-e" "SOURCE_DIR=/opt/rustwide/workdir" "-e" "CARGO_TARGET_DIR=/opt/rustwide/target" "-e" "CARGO_INCREMENTAL=0" "-e" "RUST_BACKTRACE=full" "-e" "RUSTFLAGS=--cap-lints=warn" "-e" "RUSTDOCFLAGS=--cap-lints=warn" "-e" "CARGO_HOME=/opt/rustwide/cargo-home" "-e" "RUSTUP_HOME=/opt/rustwide/rustup-home" "-w" "/opt/rustwide/workdir" "-m" "1610612736" "--user" "0:0" "--network" "none" "ghcr.io/rust-lang/crates-build-env/linux@sha256:5ff2268d62e97bff2cde7d5815dd6ed5b47097566f13b8d0ca110b04b60e07ed" "/opt/rustwide/cargo-home/bin/cargo" "+1.69.0" "test" "--frozen" "--no-run" "--message-format=json", kill_on_drop: false }`
[INFO] [stdout] dd90fa4730a5a69f67bf3d462bcb1b4a3dad0321973e65e161bb66d54b7dd65a
[INFO] running `Command { std: "docker" "start" "-a" "dd90fa4730a5a69f67bf3d462bcb1b4a3dad0321973e65e161bb66d54b7dd65a", kill_on_drop: false }`
[INFO] [stderr]    Compiling mel_filter v0.1.1 (/opt/rustwide/workdir)
[INFO] [stderr]     Finished test [unoptimized + debuginfo] target(s) in 0.33s
[INFO] running `Command { std: "docker" "inspect" "dd90fa4730a5a69f67bf3d462bcb1b4a3dad0321973e65e161bb66d54b7dd65a", kill_on_drop: false }`
[INFO] running `Command { std: "docker" "rm" "-f" "dd90fa4730a5a69f67bf3d462bcb1b4a3dad0321973e65e161bb66d54b7dd65a", kill_on_drop: false }`
[INFO] [stdout] dd90fa4730a5a69f67bf3d462bcb1b4a3dad0321973e65e161bb66d54b7dd65a
[INFO] running `Command { std: "docker" "create" "-v" "/var/lib/crater-agent-workspace/builds/worker-3-tc1/target:/opt/rustwide/target:rw,Z" "-v" "/var/lib/crater-agent-workspace/builds/worker-3-tc1/source:/opt/rustwide/workdir:ro,Z" "-v" "/var/lib/crater-agent-workspace/cargo-home:/opt/rustwide/cargo-home:ro,Z" "-v" "/var/lib/crater-agent-workspace/rustup-home:/opt/rustwide/rustup-home:ro,Z" "-e" "SOURCE_DIR=/opt/rustwide/workdir" "-e" "CARGO_TARGET_DIR=/opt/rustwide/target" "-e" "CARGO_INCREMENTAL=0" "-e" "RUST_BACKTRACE=full" "-e" "RUSTFLAGS=--cap-lints=warn" "-e" "RUSTDOCFLAGS=--cap-lints=warn" "-e" "CARGO_HOME=/opt/rustwide/cargo-home" "-e" "RUSTUP_HOME=/opt/rustwide/rustup-home" "-w" "/opt/rustwide/workdir" "-m" "1610612736" "--user" "0:0" "--network" "none" "ghcr.io/rust-lang/crates-build-env/linux@sha256:5ff2268d62e97bff2cde7d5815dd6ed5b47097566f13b8d0ca110b04b60e07ed" "/opt/rustwide/cargo-home/bin/cargo" "+1.69.0" "test" "--frozen", kill_on_drop: false }`
[INFO] [stdout] 98930756925a3c7380fbd9918970af54f16f7e95c46fd2555103f41d218257e2
[INFO] running `Command { std: "docker" "start" "-a" "98930756925a3c7380fbd9918970af54f16f7e95c46fd2555103f41d218257e2", kill_on_drop: false }`
[INFO] [stderr]     Finished test [unoptimized + debuginfo] target(s) in 0.01s
[INFO] [stderr]      Running unittests src/lib.rs (/opt/rustwide/target/debug/deps/mel_filter-7efa18ad1e4d805d)
[INFO] [stderr]    Doc-tests mel_filter
[INFO] [stdout] 
[INFO] [stdout] running 0 tests
[INFO] [stdout] 
[INFO] [stdout] test result: ok. 0 passed; 0 failed; 0 ignored; 0 measured; 0 filtered out; finished in 0.00s
[INFO] [stdout] 
[INFO] [stdout] 
[INFO] [stdout] running 6 tests
[INFO] [stdout] test src/lib.rs - mel_frequencies (line 179) ... FAILED
[INFO] [stdout] test src/lib.rs - fft_frequencies (line 280) ... ok
[INFO] [stdout] test src/lib.rs - mel_frequencies (line 225) ... ok
[INFO] [stdout] test src/lib.rs - mel_to_hz (line 101) ... ok
[INFO] [stdout] test src/lib.rs - hz_to_mel (line 28) ... ok
[INFO] [stdout] test src/lib.rs - mel (line 315) ... ok
[INFO] [stdout] 
[INFO] [stdout] failures:
[INFO] [stdout] 
[INFO] [stdout] ---- src/lib.rs - mel_frequencies (line 179) stdout ----
[INFO] [stdout] error: unexpected token: `}`
[INFO] [stdout]  --> src/lib.rs:181:1
[INFO] [stdout]   |
[INFO] [stdout] 4 | } _doctest_main_src_lib_rs_179_0() }
[INFO] [stdout]   | ^
[INFO] [stdout] 
[INFO] [stdout] error[E0425]: cannot find value `mel` in this scope
[INFO] [stdout]  --> src/lib.rs:180:1
[INFO] [stdout]   |
[INFO] [stdout] 3 | mel = 2595.0 * (1.0 + f / 700.0).log10().
[INFO] [stdout]   | ^^^
[INFO] [stdout]   |
[INFO] [stdout] help: you might have meant to introduce a new binding
[INFO] [stdout]   |
[INFO] [stdout] 3 | let mel = 2595.0 * (1.0 + f / 700.0).log10().
[INFO] [stdout]   | +++
[INFO] [stdout] help: consider importing this function
[INFO] [stdout]   |
[INFO] [stdout] 2 | use mel_filter::mel;
[INFO] [stdout]   |
[INFO] [stdout] 
[INFO] [stdout] error[E0425]: cannot find value `f` in this scope
[INFO] [stdout]  --> src/lib.rs:180:23
[INFO] [stdout]   |
[INFO] [stdout] 3 | mel = 2595.0 * (1.0 + f / 700.0).log10().
[INFO] [stdout]   |                       ^ not found in this scope
[INFO] [stdout] 
[INFO] [stdout] error[E0689]: can't call method `log10` on ambiguous numeric type `{float}`
[INFO] [stdout]  --> src/lib.rs:180:34
[INFO] [stdout]   |
[INFO] [stdout] 3 | mel = 2595.0 * (1.0 + f / 700.0).log10().
[INFO] [stdout]   |                                  ^^^^^
[INFO] [stdout] 
[INFO] [stdout] error: aborting due to 4 previous errors
[INFO] [stdout] 
[INFO] [stdout] Some errors have detailed explanations: E0425, E0689.
[INFO] [stdout] For more information about an error, try `rustc --explain E0425`.
[INFO] [stdout] Couldn't compile the test.
[INFO] [stdout] 
[INFO] [stdout] failures:
[INFO] [stdout]     src/lib.rs - mel_frequencies (line 179)
[INFO] [stdout] 
[INFO] [stdout] test result: FAILED. 5 passed; 1 failed; 0 ignored; 0 measured; 0 filtered out; finished in 0.40s
[INFO] [stdout] 
[INFO] [stderr] error: doctest failed, to rerun pass `--doc`
[INFO] running `Command { std: "docker" "inspect" "98930756925a3c7380fbd9918970af54f16f7e95c46fd2555103f41d218257e2", kill_on_drop: false }`
[INFO] running `Command { std: "docker" "rm" "-f" "98930756925a3c7380fbd9918970af54f16f7e95c46fd2555103f41d218257e2", kill_on_drop: false }`
[INFO] [stdout] 98930756925a3c7380fbd9918970af54f16f7e95c46fd2555103f41d218257e2
