[INFO] fetching crate mclient 0.1.4...
[INFO] testing mclient-0.1.4 against 1.69.0 for beta-1.70-1
[INFO] extracting crate mclient 0.1.4 into /workspace/builds/worker-6-tc1/source
[INFO] validating manifest of crates.io crate mclient 0.1.4 on toolchain 1.69.0
[INFO] running `Command { std: CARGO_HOME="/workspace/cargo-home" RUSTUP_HOME="/workspace/rustup-home" "/workspace/cargo-home/bin/cargo" "+1.69.0" "metadata" "--manifest-path" "Cargo.toml" "--no-deps", kill_on_drop: false }`
[INFO] started tweaking crates.io crate mclient 0.1.4
[INFO] finished tweaking crates.io crate mclient 0.1.4
[INFO] tweaked toml for crates.io crate mclient 0.1.4 written to /workspace/builds/worker-6-tc1/source/Cargo.toml
[INFO] running `Command { std: CARGO_HOME="/workspace/cargo-home" RUSTUP_HOME="/workspace/rustup-home" __CARGO_TEST_CHANNEL_OVERRIDE_DO_NOT_USE_THIS="nightly" "/workspace/cargo-home/bin/cargo" "+1.69.0" "generate-lockfile" "--manifest-path" "Cargo.toml" "-Zno-index-update", kill_on_drop: false }`
[INFO] running `Command { std: CARGO_HOME="/workspace/cargo-home" RUSTUP_HOME="/workspace/rustup-home" "/workspace/cargo-home/bin/cargo" "+1.69.0" "fetch" "--manifest-path" "Cargo.toml", kill_on_drop: false }`
[INFO] [stderr]  Downloading crates ...
[INFO] [stderr]   Downloaded mclient_macro v0.1.4
[INFO] running `Command { std: "docker" "create" "-v" "/var/lib/crater-agent-workspace/builds/worker-6-tc1/target:/opt/rustwide/target:rw,Z" "-v" "/var/lib/crater-agent-workspace/builds/worker-6-tc1/source:/opt/rustwide/workdir:ro,Z" "-v" "/var/lib/crater-agent-workspace/cargo-home:/opt/rustwide/cargo-home:ro,Z" "-v" "/var/lib/crater-agent-workspace/rustup-home:/opt/rustwide/rustup-home:ro,Z" "-e" "SOURCE_DIR=/opt/rustwide/workdir" "-e" "CARGO_TARGET_DIR=/opt/rustwide/target" "-e" "CARGO_HOME=/opt/rustwide/cargo-home" "-e" "RUSTUP_HOME=/opt/rustwide/rustup-home" "-w" "/opt/rustwide/workdir" "-m" "1610612736" "--user" "0:0" "--network" "none" "ghcr.io/rust-lang/crates-build-env/linux@sha256:5ff2268d62e97bff2cde7d5815dd6ed5b47097566f13b8d0ca110b04b60e07ed" "/opt/rustwide/cargo-home/bin/cargo" "+1.69.0" "metadata" "--no-deps" "--format-version=1", kill_on_drop: false }`
[INFO] [stdout] a31ad92d765f55a042a054778519af8c655d6b0b0a165183ba1874435819a83f
[INFO] running `Command { std: "docker" "start" "-a" "a31ad92d765f55a042a054778519af8c655d6b0b0a165183ba1874435819a83f", kill_on_drop: false }`
[INFO] running `Command { std: "docker" "inspect" "a31ad92d765f55a042a054778519af8c655d6b0b0a165183ba1874435819a83f", kill_on_drop: false }`
[INFO] running `Command { std: "docker" "rm" "-f" "a31ad92d765f55a042a054778519af8c655d6b0b0a165183ba1874435819a83f", kill_on_drop: false }`
[INFO] [stdout] a31ad92d765f55a042a054778519af8c655d6b0b0a165183ba1874435819a83f
[INFO] running `Command { std: "docker" "create" "-v" "/var/lib/crater-agent-workspace/builds/worker-6-tc1/target:/opt/rustwide/target:rw,Z" "-v" "/var/lib/crater-agent-workspace/builds/worker-6-tc1/source:/opt/rustwide/workdir:ro,Z" "-v" "/var/lib/crater-agent-workspace/cargo-home:/opt/rustwide/cargo-home:ro,Z" "-v" "/var/lib/crater-agent-workspace/rustup-home:/opt/rustwide/rustup-home:ro,Z" "-e" "SOURCE_DIR=/opt/rustwide/workdir" "-e" "CARGO_TARGET_DIR=/opt/rustwide/target" "-e" "CARGO_INCREMENTAL=0" "-e" "RUST_BACKTRACE=full" "-e" "RUSTFLAGS=--cap-lints=warn" "-e" "RUSTDOCFLAGS=--cap-lints=warn" "-e" "CARGO_HOME=/opt/rustwide/cargo-home" "-e" "RUSTUP_HOME=/opt/rustwide/rustup-home" "-w" "/opt/rustwide/workdir" "-m" "1610612736" "--user" "0:0" "--network" "none" "ghcr.io/rust-lang/crates-build-env/linux@sha256:5ff2268d62e97bff2cde7d5815dd6ed5b47097566f13b8d0ca110b04b60e07ed" "/opt/rustwide/cargo-home/bin/cargo" "+1.69.0" "build" "--frozen" "--message-format=json", kill_on_drop: false }`
[INFO] [stdout] 4500aeaa3c96917a51a50c2ce7a0860afbb7a74623364a1991f69f968d89b35c
[INFO] running `Command { std: "docker" "start" "-a" "4500aeaa3c96917a51a50c2ce7a0860afbb7a74623364a1991f69f968d89b35c", kill_on_drop: false }`
[INFO] [stderr]    Compiling log v0.4.17
[INFO] [stderr]    Compiling parking_lot_core v0.9.7
[INFO] [stderr]    Compiling futures-core v0.3.28
[INFO] [stderr]    Compiling bytes v1.4.0
[INFO] [stderr]    Compiling tokio v1.28.0
[INFO] [stderr]    Compiling futures-task v0.3.28
[INFO] [stderr]    Compiling tracing-core v0.1.30
[INFO] [stderr]    Compiling futures-util v0.3.28
[INFO] [stderr]    Compiling syn v2.0.15
[INFO] [stderr]    Compiling signal-hook-registry v1.4.1
[INFO] [stderr]    Compiling num_cpus v1.15.0
[INFO] [stderr]    Compiling socket2 v0.4.9
[INFO] [stderr]    Compiling futures-sink v0.3.28
[INFO] [stderr]    Compiling futures-channel v0.3.28
[INFO] [stderr]    Compiling try-lock v0.2.4
[INFO] [stderr]    Compiling tower-service v0.3.2
[INFO] [stderr]    Compiling httpdate v1.0.2
[INFO] [stderr]    Compiling serde_json v1.0.96
[INFO] [stderr]    Compiling syn v1.0.109
[INFO] [stderr]    Compiling unicode-bidi v0.3.13
[INFO] [stderr]    Compiling tracing v0.1.37
[INFO] [stderr]    Compiling http v0.2.9
[INFO] [stderr]    Compiling encoding_rs v0.8.32
[INFO] [stderr]    Compiling mio v0.8.6
[INFO] [stderr]    Compiling parking_lot v0.12.1
[INFO] [stderr]    Compiling want v0.3.0
[INFO] [stderr]    Compiling base64 v0.21.0
[INFO] [stderr]    Compiling idna v0.3.0
[INFO] [stderr]    Compiling ipnet v2.7.2
[INFO] [stderr]    Compiling url v2.3.1
[INFO] [stderr]    Compiling http-body v0.4.5
[INFO] [stderr]    Compiling tokio-macros v2.1.0
[INFO] [stderr]    Compiling openssl-macros v0.1.1
[INFO] [stderr]    Compiling serde_derive v1.0.160
[INFO] [stderr]    Compiling openssl v0.10.52
[INFO] [stderr]    Compiling mclient_macro v0.1.4
[INFO] [stderr]    Compiling serde v1.0.160
[INFO] [stderr]    Compiling native-tls v0.2.11
[INFO] [stderr]    Compiling tokio-util v0.7.8
[INFO] [stderr]    Compiling tokio-native-tls v0.3.1
[INFO] [stderr]    Compiling h2 v0.3.18
[INFO] [stderr]    Compiling serde_urlencoded v0.7.1
[INFO] [stderr]    Compiling hyper v0.14.26
[INFO] [stderr]    Compiling hyper-tls v0.5.0
[INFO] [stderr]    Compiling reqwest v0.11.17
[INFO] [stderr]    Compiling mclient v0.1.4 (/opt/rustwide/workdir)
[INFO] [stderr]     Finished dev [unoptimized + debuginfo] target(s) in 16.23s
[INFO] running `Command { std: "docker" "inspect" "4500aeaa3c96917a51a50c2ce7a0860afbb7a74623364a1991f69f968d89b35c", kill_on_drop: false }`
[INFO] running `Command { std: "docker" "rm" "-f" "4500aeaa3c96917a51a50c2ce7a0860afbb7a74623364a1991f69f968d89b35c", kill_on_drop: false }`
[INFO] [stdout] 4500aeaa3c96917a51a50c2ce7a0860afbb7a74623364a1991f69f968d89b35c
[INFO] running `Command { std: "docker" "create" "-v" "/var/lib/crater-agent-workspace/builds/worker-6-tc1/target:/opt/rustwide/target:rw,Z" "-v" "/var/lib/crater-agent-workspace/builds/worker-6-tc1/source:/opt/rustwide/workdir:ro,Z" "-v" "/var/lib/crater-agent-workspace/cargo-home:/opt/rustwide/cargo-home:ro,Z" "-v" "/var/lib/crater-agent-workspace/rustup-home:/opt/rustwide/rustup-home:ro,Z" "-e" "SOURCE_DIR=/opt/rustwide/workdir" "-e" "CARGO_TARGET_DIR=/opt/rustwide/target" "-e" "CARGO_INCREMENTAL=0" "-e" "RUST_BACKTRACE=full" "-e" "RUSTFLAGS=--cap-lints=warn" "-e" "RUSTDOCFLAGS=--cap-lints=warn" "-e" "CARGO_HOME=/opt/rustwide/cargo-home" "-e" "RUSTUP_HOME=/opt/rustwide/rustup-home" "-w" "/opt/rustwide/workdir" "-m" "1610612736" "--user" "0:0" "--network" "none" "ghcr.io/rust-lang/crates-build-env/linux@sha256:5ff2268d62e97bff2cde7d5815dd6ed5b47097566f13b8d0ca110b04b60e07ed" "/opt/rustwide/cargo-home/bin/cargo" "+1.69.0" "test" "--frozen" "--no-run" "--message-format=json", kill_on_drop: false }`
[INFO] [stdout] 72387b7a4d20796d9a5b227bb42531420732bcd9929231e00f7e7cb077a0ec1b
[INFO] running `Command { std: "docker" "start" "-a" "72387b7a4d20796d9a5b227bb42531420732bcd9929231e00f7e7cb077a0ec1b", kill_on_drop: false }`
[INFO] [stderr]    Compiling mclient v0.1.4 (/opt/rustwide/workdir)
[INFO] [stdout] warning: field `origin` is never read
[INFO] [stdout]  --> tests/mc2_test.rs:6:5
[INFO] [stdout]   |
[INFO] [stdout] 5 | struct IP {
[INFO] [stdout]   |        -- field in this struct
[INFO] [stdout] 6 |     origin: String,
[INFO] [stdout]   |     ^^^^^^
[INFO] [stdout]   |
[INFO] [stdout]   = note: `IP` has a derived impl for the trait `Debug`, but this is intentionally ignored during dead code analysis
[INFO] [stdout]   = note: `#[warn(dead_code)]` on by default
[INFO] [stdout] 
[INFO] [stdout] 
[INFO] [stdout] warning: 1 warning emitted
[INFO] [stdout] 
[INFO] [stdout] 
[INFO] [stderr]     Finished test [unoptimized + debuginfo] target(s) in 4.64s
[INFO] running `Command { std: "docker" "inspect" "72387b7a4d20796d9a5b227bb42531420732bcd9929231e00f7e7cb077a0ec1b", kill_on_drop: false }`
[INFO] running `Command { std: "docker" "rm" "-f" "72387b7a4d20796d9a5b227bb42531420732bcd9929231e00f7e7cb077a0ec1b", kill_on_drop: false }`
[INFO] [stdout] 72387b7a4d20796d9a5b227bb42531420732bcd9929231e00f7e7cb077a0ec1b
[INFO] running `Command { std: "docker" "create" "-v" "/var/lib/crater-agent-workspace/builds/worker-6-tc1/target:/opt/rustwide/target:rw,Z" "-v" "/var/lib/crater-agent-workspace/builds/worker-6-tc1/source:/opt/rustwide/workdir:ro,Z" "-v" "/var/lib/crater-agent-workspace/cargo-home:/opt/rustwide/cargo-home:ro,Z" "-v" "/var/lib/crater-agent-workspace/rustup-home:/opt/rustwide/rustup-home:ro,Z" "-e" "SOURCE_DIR=/opt/rustwide/workdir" "-e" "CARGO_TARGET_DIR=/opt/rustwide/target" "-e" "CARGO_INCREMENTAL=0" "-e" "RUST_BACKTRACE=full" "-e" "RUSTFLAGS=--cap-lints=warn" "-e" "RUSTDOCFLAGS=--cap-lints=warn" "-e" "CARGO_HOME=/opt/rustwide/cargo-home" "-e" "RUSTUP_HOME=/opt/rustwide/rustup-home" "-w" "/opt/rustwide/workdir" "-m" "1610612736" "--user" "0:0" "--network" "none" "ghcr.io/rust-lang/crates-build-env/linux@sha256:5ff2268d62e97bff2cde7d5815dd6ed5b47097566f13b8d0ca110b04b60e07ed" "/opt/rustwide/cargo-home/bin/cargo" "+1.69.0" "test" "--frozen", kill_on_drop: false }`
[INFO] [stdout] 8125341ec0474296a2bee1b81792b4ef96c40fb4b68418a78099643a9ffcc2a8
[INFO] running `Command { std: "docker" "start" "-a" "8125341ec0474296a2bee1b81792b4ef96c40fb4b68418a78099643a9ffcc2a8", kill_on_drop: false }`
[INFO] [stderr] warning: field `origin` is never read
[INFO] [stderr]  --> tests/mc2_test.rs:6:5
[INFO] [stderr]   |
[INFO] [stderr] 5 | struct IP {
[INFO] [stderr]   |        -- field in this struct
[INFO] [stderr] 6 |     origin: String,
[INFO] [stderr]   |     ^^^^^^
[INFO] [stderr]   |
[INFO] [stderr]   = note: `IP` has a derived impl for the trait `Debug`, but this is intentionally ignored during dead code analysis
[INFO] [stderr]   = note: `#[warn(dead_code)]` on by default
[INFO] [stderr] 
[INFO] [stderr] warning: `mclient` (test "mc2_test") generated 1 warning
[INFO] [stderr]     Finished test [unoptimized + debuginfo] target(s) in 0.07s
[INFO] [stderr]      Running unittests src/lib.rs (/opt/rustwide/target/debug/deps/mclient-bcadbf79fe0d0b46)
[INFO] [stdout] 
[INFO] [stdout] running 1 test
[INFO] [stdout] test str_utils::test_replace ... ok
[INFO] [stdout] 
[INFO] [stdout] test result: ok. 1 passed; 0 failed; 0 ignored; 0 measured; 0 filtered out; finished in 0.03s
[INFO] [stdout] 
[INFO] [stderr]      Running tests/client_test.rs (/opt/rustwide/target/debug/deps/client_test-cbd1183401b01398)
[INFO] [stdout] 
[INFO] [stdout] running 9 tests
[INFO] [stdout] test get_with_query_param2 ... ok
[INFO] [stdout] test test_request_raw ... ok
[INFO] [stdout] test test4 ... FAILED
[INFO] [stdout] test test_post ... ok
[INFO] [stdout] test test2 ... FAILED
[INFO] [stdout] test user_agent ... ok
[INFO] [stdout] test test_path_variable ... ok
[INFO] [stdout] test test_post_body ... ok
[INFO] [stdout] test test_get_with_body ... ok
[INFO] [stdout] 
[INFO] [stdout] failures:
[INFO] [stdout] 
[INFO] [stdout] ---- test4 stdout ----
[INFO] [stdout] Error: reqwest::Error { kind: Request, url: Url { scheme: "https", cannot_be_a_base: false, username: "", password: None, host: Some(Domain("httpbin.org")), port: None, path: "/ip", query: Some("a=3&b=4"), fragment: None }, source: hyper::Error(Connect, ConnectError("dns error", Custom { kind: Uncategorized, error: "failed to lookup address information: Temporary failure in name resolution" })) }
[INFO] [stdout] 
[INFO] [stdout] ---- test2 stdout ----
[INFO] [stdout] name = hget
[INFO] [stdout] path: https://httpbin.org/ip
[INFO] [stdout] Error: reqwest::Error { kind: Request, url: Url { scheme: "https", cannot_be_a_base: false, username: "", password: None, host: Some(Domain("httpbin.org")), port: None, path: "/ip", query: Some("a=3&b=4"), fragment: None }, source: hyper::Error(Connect, ConnectError("dns error", Custom { kind: Uncategorized, error: "failed to lookup address information: Temporary failure in name resolution" })) }
[INFO] [stdout] 
[INFO] [stdout] 
[INFO] [stdout] failures:
[INFO] [stdout]     test2
[INFO] [stdout]     test4
[INFO] [stdout] 
[INFO] [stdout] test result: FAILED. 7 passed; 2 failed; 0 ignored; 0 measured; 0 filtered out; finished in 1.31s
[INFO] [stdout] 
[INFO] [stderr] error: test failed, to rerun pass `--test client_test`
[INFO] running `Command { std: "docker" "inspect" "8125341ec0474296a2bee1b81792b4ef96c40fb4b68418a78099643a9ffcc2a8", kill_on_drop: false }`
[INFO] running `Command { std: "docker" "rm" "-f" "8125341ec0474296a2bee1b81792b4ef96c40fb4b68418a78099643a9ffcc2a8", kill_on_drop: false }`
[INFO] [stdout] 8125341ec0474296a2bee1b81792b4ef96c40fb4b68418a78099643a9ffcc2a8
