[INFO] fetching crate maud 0.25.0...
[INFO] testing maud-0.25.0 against 1.69.0 for beta-1.70-1
[INFO] extracting crate maud 0.25.0 into /workspace/builds/worker-7-tc1/source
[INFO] validating manifest of crates.io crate maud 0.25.0 on toolchain 1.69.0
[INFO] running `Command { std: CARGO_HOME="/workspace/cargo-home" RUSTUP_HOME="/workspace/rustup-home" "/workspace/cargo-home/bin/cargo" "+1.69.0" "metadata" "--manifest-path" "Cargo.toml" "--no-deps", kill_on_drop: false }`
[INFO] started tweaking crates.io crate maud 0.25.0
[INFO] finished tweaking crates.io crate maud 0.25.0
[INFO] tweaked toml for crates.io crate maud 0.25.0 written to /workspace/builds/worker-7-tc1/source/Cargo.toml
[INFO] running `Command { std: CARGO_HOME="/workspace/cargo-home" RUSTUP_HOME="/workspace/rustup-home" __CARGO_TEST_CHANNEL_OVERRIDE_DO_NOT_USE_THIS="nightly" "/workspace/cargo-home/bin/cargo" "+1.69.0" "generate-lockfile" "--manifest-path" "Cargo.toml" "-Zno-index-update", kill_on_drop: false }`
[INFO] running `Command { std: CARGO_HOME="/workspace/cargo-home" RUSTUP_HOME="/workspace/rustup-home" "/workspace/cargo-home/bin/cargo" "+1.69.0" "fetch" "--manifest-path" "Cargo.toml", kill_on_drop: false }`
[INFO] [stderr]  Downloading crates ...
[INFO] [stderr]   Downloaded state v0.4.2
[INFO] [stderr]   Downloaded pear v0.1.5
[INFO] [stderr]   Downloaded pear_codegen v0.1.5
[INFO] [stderr]   Downloaded cookie v0.11.5
[INFO] [stderr]   Downloaded rocket_http v0.4.11
[INFO] [stderr]   Downloaded devise_codegen v0.2.1
[INFO] [stderr]   Downloaded devise v0.2.1
[INFO] [stderr]   Downloaded rocket_codegen v0.4.11
[INFO] [stderr]   Downloaded devise_core v0.2.1
[INFO] [stderr]   Downloaded rocket v0.4.11
[INFO] [stderr]   Downloaded tide v0.16.0
[INFO] [stderr]   Downloaded maud_macros v0.25.0
[INFO] running `Command { std: "docker" "create" "-v" "/var/lib/crater-agent-workspace/builds/worker-7-tc1/target:/opt/rustwide/target:rw,Z" "-v" "/var/lib/crater-agent-workspace/builds/worker-7-tc1/source:/opt/rustwide/workdir:ro,Z" "-v" "/var/lib/crater-agent-workspace/cargo-home:/opt/rustwide/cargo-home:ro,Z" "-v" "/var/lib/crater-agent-workspace/rustup-home:/opt/rustwide/rustup-home:ro,Z" "-e" "SOURCE_DIR=/opt/rustwide/workdir" "-e" "CARGO_TARGET_DIR=/opt/rustwide/target" "-e" "CARGO_HOME=/opt/rustwide/cargo-home" "-e" "RUSTUP_HOME=/opt/rustwide/rustup-home" "-w" "/opt/rustwide/workdir" "-m" "1610612736" "--user" "0:0" "--network" "none" "ghcr.io/rust-lang/crates-build-env/linux@sha256:5ff2268d62e97bff2cde7d5815dd6ed5b47097566f13b8d0ca110b04b60e07ed" "/opt/rustwide/cargo-home/bin/cargo" "+1.69.0" "metadata" "--no-deps" "--format-version=1", kill_on_drop: false }`
[INFO] [stdout] 0af6591b3563952f39388f472508448707c380588672cc29212a14fb89eb5c52
[INFO] running `Command { std: "docker" "start" "-a" "0af6591b3563952f39388f472508448707c380588672cc29212a14fb89eb5c52", kill_on_drop: false }`
[INFO] running `Command { std: "docker" "inspect" "0af6591b3563952f39388f472508448707c380588672cc29212a14fb89eb5c52", kill_on_drop: false }`
[INFO] running `Command { std: "docker" "rm" "-f" "0af6591b3563952f39388f472508448707c380588672cc29212a14fb89eb5c52", kill_on_drop: false }`
[INFO] [stdout] 0af6591b3563952f39388f472508448707c380588672cc29212a14fb89eb5c52
[INFO] running `Command { std: "docker" "create" "-v" "/var/lib/crater-agent-workspace/builds/worker-7-tc1/target:/opt/rustwide/target:rw,Z" "-v" "/var/lib/crater-agent-workspace/builds/worker-7-tc1/source:/opt/rustwide/workdir:ro,Z" "-v" "/var/lib/crater-agent-workspace/cargo-home:/opt/rustwide/cargo-home:ro,Z" "-v" "/var/lib/crater-agent-workspace/rustup-home:/opt/rustwide/rustup-home:ro,Z" "-e" "SOURCE_DIR=/opt/rustwide/workdir" "-e" "CARGO_TARGET_DIR=/opt/rustwide/target" "-e" "CARGO_INCREMENTAL=0" "-e" "RUST_BACKTRACE=full" "-e" "RUSTFLAGS=--cap-lints=warn" "-e" "RUSTDOCFLAGS=--cap-lints=warn" "-e" "CARGO_HOME=/opt/rustwide/cargo-home" "-e" "RUSTUP_HOME=/opt/rustwide/rustup-home" "-w" "/opt/rustwide/workdir" "-m" "1610612736" "--user" "0:0" "--network" "none" "ghcr.io/rust-lang/crates-build-env/linux@sha256:5ff2268d62e97bff2cde7d5815dd6ed5b47097566f13b8d0ca110b04b60e07ed" "/opt/rustwide/cargo-home/bin/cargo" "+1.69.0" "build" "--frozen" "--message-format=json", kill_on_drop: false }`
[INFO] [stdout] 193a8a3152ee5ac3a336159639aa2b9bbdd3fcfd1d0a05cfdb60e6410a49c5ec
[INFO] running `Command { std: "docker" "start" "-a" "193a8a3152ee5ac3a336159639aa2b9bbdd3fcfd1d0a05cfdb60e6410a49c5ec", kill_on_drop: false }`
[INFO] [stderr]    Compiling syn v1.0.109
[INFO] [stderr]    Compiling proc-macro-error-attr v1.0.4
[INFO] [stderr]    Compiling proc-macro-error v1.0.4
[INFO] [stderr]    Compiling maud_macros v0.25.0
[INFO] [stderr]    Compiling maud v0.25.0 (/opt/rustwide/workdir)
[INFO] [stderr]     Finished dev [unoptimized + debuginfo] target(s) in 2.40s
[INFO] running `Command { std: "docker" "inspect" "193a8a3152ee5ac3a336159639aa2b9bbdd3fcfd1d0a05cfdb60e6410a49c5ec", kill_on_drop: false }`
[INFO] running `Command { std: "docker" "rm" "-f" "193a8a3152ee5ac3a336159639aa2b9bbdd3fcfd1d0a05cfdb60e6410a49c5ec", kill_on_drop: false }`
[INFO] [stdout] 193a8a3152ee5ac3a336159639aa2b9bbdd3fcfd1d0a05cfdb60e6410a49c5ec
[INFO] running `Command { std: "docker" "create" "-v" "/var/lib/crater-agent-workspace/builds/worker-7-tc1/target:/opt/rustwide/target:rw,Z" "-v" "/var/lib/crater-agent-workspace/builds/worker-7-tc1/source:/opt/rustwide/workdir:ro,Z" "-v" "/var/lib/crater-agent-workspace/cargo-home:/opt/rustwide/cargo-home:ro,Z" "-v" "/var/lib/crater-agent-workspace/rustup-home:/opt/rustwide/rustup-home:ro,Z" "-e" "SOURCE_DIR=/opt/rustwide/workdir" "-e" "CARGO_TARGET_DIR=/opt/rustwide/target" "-e" "CARGO_INCREMENTAL=0" "-e" "RUST_BACKTRACE=full" "-e" "RUSTFLAGS=--cap-lints=warn" "-e" "RUSTDOCFLAGS=--cap-lints=warn" "-e" "CARGO_HOME=/opt/rustwide/cargo-home" "-e" "RUSTUP_HOME=/opt/rustwide/rustup-home" "-w" "/opt/rustwide/workdir" "-m" "1610612736" "--user" "0:0" "--network" "none" "ghcr.io/rust-lang/crates-build-env/linux@sha256:5ff2268d62e97bff2cde7d5815dd6ed5b47097566f13b8d0ca110b04b60e07ed" "/opt/rustwide/cargo-home/bin/cargo" "+1.69.0" "test" "--frozen" "--no-run" "--message-format=json", kill_on_drop: false }`
[INFO] [stdout] 95dab1386c3bd7175360e4fbc3f1f08336b282324f80d207748fe8e714700375
[INFO] running `Command { std: "docker" "start" "-a" "95dab1386c3bd7175360e4fbc3f1f08336b282324f80d207748fe8e714700375", kill_on_drop: false }`
[INFO] [stderr]    Compiling trybuild v1.0.80
[INFO] [stderr]    Compiling glob v0.3.1
[INFO] [stderr]    Compiling termcolor v1.2.0
[INFO] [stderr]    Compiling dissimilar v1.0.6
[INFO] [stderr]    Compiling serde_json v1.0.96
[INFO] [stderr]    Compiling basic-toml v0.1.2
[INFO] [stderr]    Compiling maud v0.25.0 (/opt/rustwide/workdir)
[INFO] [stderr]     Finished test [unoptimized + debuginfo] target(s) in 3.82s
[INFO] running `Command { std: "docker" "inspect" "95dab1386c3bd7175360e4fbc3f1f08336b282324f80d207748fe8e714700375", kill_on_drop: false }`
[INFO] running `Command { std: "docker" "rm" "-f" "95dab1386c3bd7175360e4fbc3f1f08336b282324f80d207748fe8e714700375", kill_on_drop: false }`
[INFO] [stdout] 95dab1386c3bd7175360e4fbc3f1f08336b282324f80d207748fe8e714700375
[INFO] running `Command { std: "docker" "create" "-v" "/var/lib/crater-agent-workspace/builds/worker-7-tc1/target:/opt/rustwide/target:rw,Z" "-v" "/var/lib/crater-agent-workspace/builds/worker-7-tc1/source:/opt/rustwide/workdir:ro,Z" "-v" "/var/lib/crater-agent-workspace/cargo-home:/opt/rustwide/cargo-home:ro,Z" "-v" "/var/lib/crater-agent-workspace/rustup-home:/opt/rustwide/rustup-home:ro,Z" "-e" "SOURCE_DIR=/opt/rustwide/workdir" "-e" "CARGO_TARGET_DIR=/opt/rustwide/target" "-e" "CARGO_INCREMENTAL=0" "-e" "RUST_BACKTRACE=full" "-e" "RUSTFLAGS=--cap-lints=warn" "-e" "RUSTDOCFLAGS=--cap-lints=warn" "-e" "CARGO_HOME=/opt/rustwide/cargo-home" "-e" "RUSTUP_HOME=/opt/rustwide/rustup-home" "-w" "/opt/rustwide/workdir" "-m" "1610612736" "--user" "0:0" "--network" "none" "ghcr.io/rust-lang/crates-build-env/linux@sha256:5ff2268d62e97bff2cde7d5815dd6ed5b47097566f13b8d0ca110b04b60e07ed" "/opt/rustwide/cargo-home/bin/cargo" "+1.69.0" "test" "--frozen", kill_on_drop: false }`
[INFO] [stdout] 51c09cf255192e41725d69bb1b5c424d3ff2e738c7373c60531620775ce4b1bb
[INFO] running `Command { std: "docker" "start" "-a" "51c09cf255192e41725d69bb1b5c424d3ff2e738c7373c60531620775ce4b1bb", kill_on_drop: false }`
[INFO] [stderr]     Finished test [unoptimized + debuginfo] target(s) in 0.08s
[INFO] [stderr]      Running unittests src/lib.rs (/opt/rustwide/target/debug/deps/maud-597143da4103b3f3)
[INFO] [stdout] 
[INFO] [stdout] running 1 test
[INFO] [stdout] test escape::test::it_works ... ok
[INFO] [stdout] 
[INFO] [stdout] test result: ok. 1 passed; 0 failed; 0 ignored; 0 measured; 0 filtered out; finished in 0.00s
[INFO] [stdout] 
[INFO] [stderr]      Running tests/absolute_paths.rs (/opt/rustwide/target/debug/deps/absolute_paths-523a7a41834ef8eb)
[INFO] [stdout] 
[INFO] [stdout] running 1 test
[INFO] [stdout] test issue_170 ... ok
[INFO] [stdout] 
[INFO] [stdout] test result: ok. 1 passed; 0 failed; 0 ignored; 0 measured; 0 filtered out; finished in 0.00s
[INFO] [stdout] 
[INFO] [stderr]      Running tests/basic_syntax.rs (/opt/rustwide/target/debug/deps/basic_syntax-280e9b86ed6a3211)
[INFO] [stdout] 
[INFO] [stdout] running 36 tests
[INFO] [stdout] test blocks ... ok
[INFO] [stdout] test class_shorthand ... ok
[INFO] [stdout] test class_shorthand_with_space ... ok
[INFO] [stdout] test class_string ... ok
[INFO] [stdout] test classes_attrs_ids_mixed_up ... ok
[INFO] [stdout] test classes_shorthand ... ok
[INFO] [stdout] test colons_in_names ... ok
[INFO] [stdout] test div_shorthand_class ... ok
[INFO] [stdout] test div_shorthand_class_with_attrs ... ok
[INFO] [stdout] test div_shorthand_id ... ok
[INFO] [stdout] test div_shorthand_id_with_attrs ... ok
[INFO] [stdout] test empty_attributes ... ok
[INFO] [stdout] test empty_attributes_question_mark ... ok
[INFO] [stdout] test empty_elements ... ok
[INFO] [stdout] test escaping ... ok
[INFO] [stdout] test hyphens_in_attribute_names ... ok
[INFO] [stdout] test hyphens_in_class_names ... ok
[INFO] [stdout] test hyphens_in_element_names ... ok
[INFO] [stdout] test id_shorthand ... ok
[INFO] [stdout] test id_string ... ok
[INFO] [stdout] test literals ... ok
[INFO] [stdout] test mixed_classes ... ok
[INFO] [stdout] test optional_attribute_braces ... ok
[INFO] [stdout] test optional_attribute_inner_value_evaluated_only_once ... ok
[INFO] [stdout] test optional_attribute_non_string_some ... ok
[INFO] [stdout] test optional_attribute_none ... ok
[INFO] [stdout] test optional_attribute_some ... ok
[INFO] [stdout] test optional_attribute_variable ... ok
[INFO] [stdout] test semicolons ... ok
[INFO] [stdout] test simple_attributes ... ok
[INFO] [stdout] test simple_elements ... ok
[INFO] [stdout] test toggle_classes ... ok
[INFO] [stdout] test toggle_classes_braces ... ok
[INFO] [stdout] test toggle_classes_string ... ok
[INFO] [stdout] test toggle_empty_attributes ... ok
[INFO] [stdout] test toggle_empty_attributes_braces ... ok
[INFO] [stdout] 
[INFO] [stdout] test result: ok. 36 passed; 0 failed; 0 ignored; 0 measured; 0 filtered out; finished in 0.00s
[INFO] [stdout] 
[INFO] [stderr]      Running tests/control_structures.rs (/opt/rustwide/target/debug/deps/control_structures-ea97613978f65f31)
[INFO] [stdout] 
[INFO] [stdout] running 14 tests
[INFO] [stdout] test for_expr ... ok
[INFO] [stdout] test if_expr ... ok
[INFO] [stdout] test if_expr_in_class ... ok
[INFO] [stdout] test if_let ... ok
[INFO] [stdout] test let_expr ... ok
[INFO] [stdout] test let_lexical_scope ... ok
[INFO] [stdout] test let_type_ascription ... ok
[INFO] [stdout] test match_expr ... ok
[INFO] [stdout] test match_expr_with_guards ... ok
[INFO] [stdout] test match_expr_without_delims ... ok
[INFO] [stdout] test match_in_attribute ... ok
[INFO] [stdout] test match_no_trailing_comma ... ok
[INFO] [stdout] test while_expr ... ok
[INFO] [stdout] test while_let_expr ... ok
[INFO] [stdout] 
[INFO] [stdout] test result: ok. 14 passed; 0 failed; 0 ignored; 0 measured; 0 filtered out; finished in 0.00s
[INFO] [stdout] 
[INFO] [stderr]      Running tests/errors.rs (/opt/rustwide/target/debug/deps/errors-65deff24d27cd718)
[INFO] [stdout] 
[INFO] [stdout] running 1 test
[INFO] [stderr]    Compiling version_check v0.9.4
[INFO] [stderr]    Compiling proc-macro2 v1.0.56
[INFO] [stderr]    Compiling unicode-ident v1.0.8
[INFO] [stderr]    Compiling quote v1.0.26
[INFO] [stderr]    Compiling syn v1.0.109
[INFO] [stderr]     Checking itoa v1.0.6
[INFO] [stderr]    Compiling proc-macro-error-attr v1.0.4
[INFO] [stderr]    Compiling proc-macro-error v1.0.4
[INFO] [stderr]    Compiling maud_macros v0.25.0
[INFO] [stderr]     Checking maud v0.25.0 (/opt/rustwide/workdir)
[INFO] [stderr]     Checking maud-tests v0.0.0 (/opt/rustwide/target/tests/trybuild/maud)
[INFO] [stderr]     Finished dev [unoptimized + debuginfo] target(s) in 3.97s
[INFO] [stderr] 
[INFO] [stderr] 
[INFO] [stderr] test tests/warnings/attribute-missing-value.rs ... ok
[INFO] [stderr] test tests/warnings/class-shorthand-missing-value.rs ... ok
[INFO] [stderr] test tests/warnings/keyword-without-at.rs ... mismatch
[INFO] [stderr] 
[INFO] [stderr] EXPECTED:
[INFO] [stderr] ┈┈┈┈┈┈┈┈┈┈┈┈┈┈┈┈┈┈┈┈┈┈┈┈┈┈┈┈┈┈┈┈┈┈┈┈┈┈┈┈┈┈┈┈┈┈┈┈┈┈┈┈┈┈┈┈┈┈┈┈
[INFO] [stderr] error: found keyword `if`
[INFO] [stderr]  --> $DIR/keyword-without-at.rs:5:9
[INFO] [stderr]   |
[INFO] [stderr] 5 |         if {}
[INFO] [stderr]   |         ^^
[INFO] [stderr]   |
[INFO] [stderr]   = help: should this be a `@if`?
[INFO] [stderr] ┈┈┈┈┈┈┈┈┈┈┈┈┈┈┈┈┈┈┈┈┈┈┈┈┈┈┈┈┈┈┈┈┈┈┈┈┈┈┈┈┈┈┈┈┈┈┈┈┈┈┈┈┈┈┈┈┈┈┈┈
[INFO] [stderr] 
[INFO] [stderr] ACTUAL OUTPUT:
[INFO] [stderr] ┈┈┈┈┈┈┈┈┈┈┈┈┈┈┈┈┈┈┈┈┈┈┈┈┈┈┈┈┈┈┈┈┈┈┈┈┈┈┈┈┈┈┈┈┈┈┈┈┈┈┈┈┈┈┈┈┈┈┈┈
[INFO] [stderr] error: found keyword `if`
[INFO] [stderr] 
[INFO] [stderr]          = help: should this be a `@if`?
[INFO] [stderr] 
[INFO] [stderr]  --> tests/warnings/keyword-without-at.rs:5:9
[INFO] [stderr]   |
[INFO] [stderr] 5 |         if {}
[INFO] [stderr]   |         ^^
[INFO] [stderr] ┈┈┈┈┈┈┈┈┈┈┈┈┈┈┈┈┈┈┈┈┈┈┈┈┈┈┈┈┈┈┈┈┈┈┈┈┈┈┈┈┈┈┈┈┈┈┈┈┈┈┈┈┈┈┈┈┈┈┈┈
[INFO] [stderr] note: If the actual output is the correct output you can bless it by rerunning
[INFO] [stderr]       your test with the environment variable TRYBUILD=overwrite
[INFO] [stderr] 
[INFO] [stderr] test tests/warnings/non-closed-element.rs ... ok
[INFO] [stderr] test tests/warnings/non-string-literal.rs ... mismatch
[INFO] [stderr] 
[INFO] [stderr] EXPECTED:
[INFO] [stderr] ┈┈┈┈┈┈┈┈┈┈┈┈┈┈┈┈┈┈┈┈┈┈┈┈┈┈┈┈┈┈┈┈┈┈┈┈┈┈┈┈┈┈┈┈┈┈┈┈┈┈┈┈┈┈┈┈┈┈┈┈
[INFO] [stderr] error: literal must be double-quoted: `"42"`
[INFO] [stderr]  --> $DIR/non-string-literal.rs:5:9
[INFO] [stderr]   |
[INFO] [stderr] 5 |         42
[INFO] [stderr]   |         ^^
[INFO] [stderr] 
[INFO] [stderr] error: literal must be double-quoted: `"42usize"`
[INFO] [stderr]  --> $DIR/non-string-literal.rs:6:9
[INFO] [stderr]   |
[INFO] [stderr] 6 |         42usize
[INFO] [stderr]   |         ^^^^^^^
[INFO] [stderr] 
[INFO] [stderr] error: literal must be double-quoted: `"42.0"`
[INFO] [stderr]  --> $DIR/non-string-literal.rs:7:9
[INFO] [stderr]   |
[INFO] [stderr] 7 |         42.0
[INFO] [stderr]   |         ^^^^
[INFO] [stderr] 
[INFO] [stderr] error: literal must be double-quoted: `"a"`
[INFO] [stderr]  --> $DIR/non-string-literal.rs:8:9
[INFO] [stderr]   |
[INFO] [stderr] 8 |         'a'
[INFO] [stderr]   |         ^^^
[INFO] [stderr] 
[INFO] [stderr] error: expected string
[INFO] [stderr]  --> $DIR/non-string-literal.rs:9:9
[INFO] [stderr]   |
[INFO] [stderr] 9 |         b"a"
[INFO] [stderr]   |         ^^^^
[INFO] [stderr] 
[INFO] [stderr] error: expected string
[INFO] [stderr]   --> $DIR/non-string-literal.rs:10:9
[INFO] [stderr]    |
[INFO] [stderr] 10 |         b'a'
[INFO] [stderr]    |         ^^^^
[INFO] [stderr] 
[INFO] [stderr] error: attribute value must be a string
[INFO] [stderr]   --> $DIR/non-string-literal.rs:13:24
[INFO] [stderr]    |
[INFO] [stderr] 13 |         input disabled=true;
[INFO] [stderr]    |                        ^^^^
[INFO] [stderr]    |
[INFO] [stderr]    = help: to declare an empty attribute, omit the equals sign: `disabled`
[INFO] [stderr]    = help: to toggle the attribute, use square brackets: `disabled[some_boolean_flag]`
[INFO] [stderr] 
[INFO] [stderr] error: attribute value must be a string
[INFO] [stderr]   --> $DIR/non-string-literal.rs:14:24
[INFO] [stderr]    |
[INFO] [stderr] 14 |         input disabled=false;
[INFO] [stderr]    |                        ^^^^^
[INFO] [stderr]    |
[INFO] [stderr]    = help: to declare an empty attribute, omit the equals sign: `disabled`
[INFO] [stderr]    = help: to toggle the attribute, use square brackets: `disabled[some_boolean_flag]`
[INFO] [stderr] ┈┈┈┈┈┈┈┈┈┈┈┈┈┈┈┈┈┈┈┈┈┈┈┈┈┈┈┈┈┈┈┈┈┈┈┈┈┈┈┈┈┈┈┈┈┈┈┈┈┈┈┈┈┈┈┈┈┈┈┈
[INFO] [stderr] 
[INFO] [stderr] ACTUAL OUTPUT:
[INFO] [stderr] ┈┈┈┈┈┈┈┈┈┈┈┈┈┈┈┈┈┈┈┈┈┈┈┈┈┈┈┈┈┈┈┈┈┈┈┈┈┈┈┈┈┈┈┈┈┈┈┈┈┈┈┈┈┈┈┈┈┈┈┈
[INFO] [stderr] error: literal must be double-quoted: `"42"`
[INFO] [stderr]  --> tests/warnings/non-string-literal.rs:5:9
[INFO] [stderr]   |
[INFO] [stderr] 5 |         42
[INFO] [stderr]   |         ^^
[INFO] [stderr] 
[INFO] [stderr] error: literal must be double-quoted: `"42usize"`
[INFO] [stderr]  --> tests/warnings/non-string-literal.rs:6:9
[INFO] [stderr]   |
[INFO] [stderr] 6 |         42usize
[INFO] [stderr]   |         ^^^^^^^
[INFO] [stderr] 
[INFO] [stderr] error: literal must be double-quoted: `"42.0"`
[INFO] [stderr]  --> tests/warnings/non-string-literal.rs:7:9
[INFO] [stderr]   |
[INFO] [stderr] 7 |         42.0
[INFO] [stderr]   |         ^^^^
[INFO] [stderr] 
[INFO] [stderr] error: literal must be double-quoted: `"a"`
[INFO] [stderr]  --> tests/warnings/non-string-literal.rs:8:9
[INFO] [stderr]   |
[INFO] [stderr] 8 |         'a'
[INFO] [stderr]   |         ^^^
[INFO] [stderr] 
[INFO] [stderr] error: expected string
[INFO] [stderr]  --> tests/warnings/non-string-literal.rs:9:9
[INFO] [stderr]   |
[INFO] [stderr] 9 |         b"a"
[INFO] [stderr]   |         ^^^^
[INFO] [stderr] 
[INFO] [stderr] error: expected string
[INFO] [stderr]   --> tests/warnings/non-string-literal.rs:10:9
[INFO] [stderr]    |
[INFO] [stderr] 10 |         b'a'
[INFO] [stderr]    |         ^^^^
[INFO] [stderr] 
[INFO] [stderr] error: attribute value must be a string
[INFO] [stderr] 
[INFO] [stderr]          = help: to declare an empty attribute, omit the equals sign: `disabled`
[INFO] [stderr]          = help: to toggle the attribute, use square brackets: `disabled[some_boolean_flag]`
[INFO] [stderr] 
[INFO] [stderr]   --> tests/warnings/non-string-literal.rs:13:24
[INFO] [stderr]    |
[INFO] [stderr] 13 |         input disabled=true;
[INFO] [stderr]    |                        ^^^^
[INFO] [stderr] 
[INFO] [stderr] error: attribute value must be a string
[INFO] [stderr] 
[INFO] [stderr]          = help: to declare an empty attribute, omit the equals sign: `disabled`
[INFO] [stderr]          = help: to toggle the attribute, use square brackets: `disabled[some_boolean_flag]`
[INFO] [stderr] 
[INFO] [stderr]   --> tests/warnings/non-string-literal.rs:14:24
[INFO] [stderr]    |
[INFO] [stderr] 14 |         input disabled=false;
[INFO] [stderr]    |                        ^^^^^
[INFO] [stderr] ┈┈┈┈┈┈┈┈┈┈┈┈┈┈┈┈┈┈┈┈┈┈┈┈┈┈┈┈┈┈┈┈┈┈┈┈┈┈┈┈┈┈┈┈┈┈┈┈┈┈┈┈┈┈┈┈┈┈┈┈
[INFO] [stderr] note: If the actual output is the correct output you can bless it by rerunning
[INFO] [stderr]       your test with the environment variable TRYBUILD=overwrite
[INFO] [stderr] 
[INFO] [stderr] test tests/warnings/void-element-slash.rs ... mismatch
[INFO] [stderr] 
[INFO] [stderr] EXPECTED:
[INFO] [stderr] ┈┈┈┈┈┈┈┈┈┈┈┈┈┈┈┈┈┈┈┈┈┈┈┈┈┈┈┈┈┈┈┈┈┈┈┈┈┈┈┈┈┈┈┈┈┈┈┈┈┈┈┈┈┈┈┈┈┈┈┈
[INFO] [stderr] error: void elements must use `;`, not `/`
[INFO] [stderr]  --> $DIR/void-element-slash.rs:5:12
[INFO] [stderr]   |
[INFO] [stderr] 5 |         br /
[INFO] [stderr]   |            ^
[INFO] [stderr]   |
[INFO] [stderr]   = help: change this to `;`
[INFO] [stderr]   = help: see https://github.com/lambda-fairy/maud/pull/315 for details
[INFO] [stderr] 
[INFO] [stderr] error: void elements must use `;`, not `/`
[INFO] [stderr]  --> $DIR/void-element-slash.rs:7:27
[INFO] [stderr]   |
[INFO] [stderr] 7 |         input type="text" /
[INFO] [stderr]   |                           ^
[INFO] [stderr]   |
[INFO] [stderr]   = help: change this to `;`
[INFO] [stderr]   = help: see https://github.com/lambda-fairy/maud/pull/315 for details
[INFO] [stderr] ┈┈┈┈┈┈┈┈┈┈┈┈┈┈┈┈┈┈┈┈┈┈┈┈┈┈┈┈┈┈┈┈┈┈┈┈┈┈┈┈┈┈┈┈┈┈┈┈┈┈┈┈┈┈┈┈┈┈┈┈
[INFO] [stderr] 
[INFO] [stderr] ACTUAL OUTPUT:
[INFO] [stderr] ┈┈┈┈┈┈┈┈┈┈┈┈┈┈┈┈┈┈┈┈┈┈┈┈┈┈┈┈┈┈┈┈┈┈┈┈┈┈┈┈┈┈┈┈┈┈┈┈┈┈┈┈┈┈┈┈┈┈┈┈
[INFO] [stderr] error: void elements must use `;`, not `/`
[INFO] [stderr] 
[INFO] [stderr]          = help: change this to `;`
[INFO] [stderr]          = help: see https://github.com/lambda-fairy/maud/pull/315 for details
[INFO] [stderr] 
[INFO] [stderr]  --> tests/warnings/void-element-slash.rs:5:12
[INFO] [stderr]   |
[INFO] [stderr] 5 |         br /
[INFO] [stderr]   |            ^
[INFO] [stderr] 
[INFO] [stderr] error: void elements must use `;`, not `/`
[INFO] [stderr] 
[INFO] [stderr]          = help: change this to `;`
[INFO] [stderr]          = help: see https://github.com/lambda-fairy/maud/pull/315 for details
[INFO] [stderr] 
[INFO] [stderr]  --> tests/warnings/void-element-slash.rs:7:27
[INFO] [stderr]   |
[INFO] [stderr] 7 |         input type="text" /
[INFO] [stderr]   |                           ^
[INFO] [stderr] ┈┈┈┈┈┈┈┈┈┈┈┈┈┈┈┈┈┈┈┈┈┈┈┈┈┈┈┈┈┈┈┈┈┈┈┈┈┈┈┈┈┈┈┈┈┈┈┈┈┈┈┈┈┈┈┈┈┈┈┈
[INFO] [stderr] note: If the actual output is the correct output you can bless it by rerunning
[INFO] [stderr]       your test with the environment variable TRYBUILD=overwrite
[INFO] [stderr] 
[INFO] [stderr] 
[INFO] [stderr] 
[INFO] [stdout] test run_warnings ... FAILED
[INFO] [stdout] 
[INFO] [stdout] failures:
[INFO] [stdout] 
[INFO] [stdout] ---- run_warnings stdout ----
[INFO] [stdout] thread 'run_warnings' panicked at '3 of 6 tests failed', /opt/rustwide/cargo-home/registry/src/github.com-1ecc6299db9ec823/trybuild-1.0.80/src/run.rs:101:13
[INFO] [stdout] stack backtrace:
[INFO] [stdout]    0:     0x5570b699495a - std::backtrace_rs::backtrace::libunwind::trace::ha9053a9a07ca49cb
[INFO] [stdout]                                at /rustc/84c898d65adf2f39a5a98507f1fe0ce10a2b8dbc/library/std/src/../../backtrace/src/backtrace/libunwind.rs:93:5
[INFO] [stdout]    1:     0x5570b699495a - std::backtrace_rs::backtrace::trace_unsynchronized::h9c2852a457ad564e
[INFO] [stdout]                                at /rustc/84c898d65adf2f39a5a98507f1fe0ce10a2b8dbc/library/std/src/../../backtrace/src/backtrace/mod.rs:66:5
[INFO] [stdout]    2:     0x5570b699495a - std::sys_common::backtrace::_print_fmt::h457936fbfaa0070f
[INFO] [stdout]                                at /rustc/84c898d65adf2f39a5a98507f1fe0ce10a2b8dbc/library/std/src/sys_common/backtrace.rs:65:5
[INFO] [stdout]    3:     0x5570b699495a - <std::sys_common::backtrace::_print::DisplayBacktrace as core::fmt::Display>::fmt::h5779d7bf7f70cb0c
[INFO] [stdout]                                at /rustc/84c898d65adf2f39a5a98507f1fe0ce10a2b8dbc/library/std/src/sys_common/backtrace.rs:44:22
[INFO] [stdout]    4:     0x5570b69ba64e - core::fmt::write::h5a4baaff1bcd3eb5
[INFO] [stdout]                                at /rustc/84c898d65adf2f39a5a98507f1fe0ce10a2b8dbc/library/core/src/fmt/mod.rs:1232:17
[INFO] [stdout]    5:     0x5570b6990fa5 - std::io::Write::write_fmt::h478f79c628ef31d1
[INFO] [stdout]                                at /rustc/84c898d65adf2f39a5a98507f1fe0ce10a2b8dbc/library/std/src/io/mod.rs:1684:15
[INFO] [stdout]    6:     0x5570b6994725 - std::sys_common::backtrace::_print::h5fcdc36060f177e8
[INFO] [stdout]                                at /rustc/84c898d65adf2f39a5a98507f1fe0ce10a2b8dbc/library/std/src/sys_common/backtrace.rs:47:5
[INFO] [stdout]    7:     0x5570b6994725 - std::sys_common::backtrace::print::h54ca9458b876c8bf
[INFO] [stdout]                                at /rustc/84c898d65adf2f39a5a98507f1fe0ce10a2b8dbc/library/std/src/sys_common/backtrace.rs:34:9
[INFO] [stdout]    8:     0x5570b69964ef - std::panicking::default_hook::{{closure}}::hbe471161c7664ed6
[INFO] [stdout]                                at /rustc/84c898d65adf2f39a5a98507f1fe0ce10a2b8dbc/library/std/src/panicking.rs:271:22
[INFO] [stdout]    9:     0x5570b69961af - std::panicking::default_hook::ha3500da57aa4ac4f
[INFO] [stdout]                                at /rustc/84c898d65adf2f39a5a98507f1fe0ce10a2b8dbc/library/std/src/panicking.rs:287:9
[INFO] [stdout]   10:     0x5570b6743c87 - <alloc::boxed::Box<F,A> as core::ops::function::Fn<Args>>::call::hdf1b89dd137ece34
[INFO] [stdout]                                at /rustc/84c898d65adf2f39a5a98507f1fe0ce10a2b8dbc/library/alloc/src/boxed.rs:2001:9
[INFO] [stdout]   11:     0x5570b6743c87 - test::test_main::{{closure}}::h9081a79f20e75698
[INFO] [stdout]                                at /rustc/84c898d65adf2f39a5a98507f1fe0ce10a2b8dbc/library/test/src/lib.rs:135:21
[INFO] [stdout]   12:     0x5570b6996c1d - <alloc::boxed::Box<F,A> as core::ops::function::Fn<Args>>::call::h6507bddc3eebb4a5
[INFO] [stdout]                                at /rustc/84c898d65adf2f39a5a98507f1fe0ce10a2b8dbc/library/alloc/src/boxed.rs:2001:9
[INFO] [stdout]   13:     0x5570b6996c1d - std::panicking::rust_panic_with_hook::h50c09d000dc561d2
[INFO] [stdout]                                at /rustc/84c898d65adf2f39a5a98507f1fe0ce10a2b8dbc/library/std/src/panicking.rs:696:13
[INFO] [stdout]   14:     0x5570b6996999 - std::panicking::begin_panic_handler::{{closure}}::h9e2b2176e00e0d9c
[INFO] [stdout]                                at /rustc/84c898d65adf2f39a5a98507f1fe0ce10a2b8dbc/library/std/src/panicking.rs:583:13
[INFO] [stdout]   15:     0x5570b6994dc6 - std::sys_common::backtrace::__rust_end_short_backtrace::h5739b8e512c09d02
[INFO] [stdout]                                at /rustc/84c898d65adf2f39a5a98507f1fe0ce10a2b8dbc/library/std/src/sys_common/backtrace.rs:150:18
[INFO] [stdout]   16:     0x5570b69966a2 - rust_begin_unwind
[INFO] [stdout]                                at /rustc/84c898d65adf2f39a5a98507f1fe0ce10a2b8dbc/library/std/src/panicking.rs:579:5
[INFO] [stdout]   17:     0x5570b6712e53 - core::panicking::panic_fmt::hf33a1475b4dc5c3e
[INFO] [stdout]                                at /rustc/84c898d65adf2f39a5a98507f1fe0ce10a2b8dbc/library/core/src/panicking.rs:64:14
[INFO] [stdout]   18:     0x5570b67af37f - trybuild::run::<impl trybuild::Runner>::run::h0ec8ce0fd3371d09
[INFO] [stdout]                                at /opt/rustwide/cargo-home/registry/src/github.com-1ecc6299db9ec823/trybuild-1.0.80/src/run.rs:101:13
[INFO] [stdout]   19:     0x5570b67b4b5a - <trybuild::TestCases as core::ops::drop::Drop>::drop::h97b4a526c914c5f1
[INFO] [stdout]                                at /opt/rustwide/cargo-home/registry/src/github.com-1ecc6299db9ec823/trybuild-1.0.80/src/lib.rs:315:13
[INFO] [stdout]   20:     0x5570b67145b7 - core::ptr::drop_in_place<trybuild::TestCases>::he5b4c1d82e6fc95b
[INFO] [stdout]                                at /rustc/84c898d65adf2f39a5a98507f1fe0ce10a2b8dbc/library/core/src/ptr/mod.rs:490:1
[INFO] [stdout]   21:     0x5570b6713793 - errors::run_warnings::hf09a70bc4f13a838
[INFO] [stdout]                                at /opt/rustwide/workdir/tests/errors.rs:7:1
[INFO] [stdout]   22:     0x5570b6713727 - errors::run_warnings::{{closure}}::h16d2ecd97736aef5
[INFO] [stdout]                                at /opt/rustwide/workdir/tests/errors.rs:4:19
[INFO] [stdout]   23:     0x5570b6714515 - core::ops::function::FnOnce::call_once::h2941734f75a627f9
[INFO] [stdout]                                at /rustc/84c898d65adf2f39a5a98507f1fe0ce10a2b8dbc/library/core/src/ops/function.rs:250:5
[INFO] [stdout]   24:     0x5570b674906f - core::ops::function::FnOnce::call_once::h7d969581be7d0075
[INFO] [stdout]                                at /rustc/84c898d65adf2f39a5a98507f1fe0ce10a2b8dbc/library/core/src/ops/function.rs:250:5
[INFO] [stdout]   25:     0x5570b674906f - test::__rust_begin_short_backtrace::hca25a52684e56655
[INFO] [stdout]                                at /rustc/84c898d65adf2f39a5a98507f1fe0ce10a2b8dbc/library/test/src/lib.rs:656:18
[INFO] [stdout]   26:     0x5570b671a68c - test::run_test::{{closure}}::ha8ac744c4af1a4bb
[INFO] [stdout]                                at /rustc/84c898d65adf2f39a5a98507f1fe0ce10a2b8dbc/library/test/src/lib.rs:647:30
[INFO] [stdout]   27:     0x5570b671a68c - core::ops::function::FnOnce::call_once{{vtable.shim}}::h7b411a9ed45bdecf
[INFO] [stdout]                                at /rustc/84c898d65adf2f39a5a98507f1fe0ce10a2b8dbc/library/core/src/ops/function.rs:250:5
[INFO] [stdout]   28:     0x5570b6748036 - <alloc::boxed::Box<F,A> as core::ops::function::FnOnce<Args>>::call_once::hd05328869a8ed200
[INFO] [stdout]                                at /rustc/84c898d65adf2f39a5a98507f1fe0ce10a2b8dbc/library/alloc/src/boxed.rs:1987:9
[INFO] [stdout]   29:     0x5570b6748036 - <core::panic::unwind_safe::AssertUnwindSafe<F> as core::ops::function::FnOnce<()>>::call_once::h0c601ce20bd5b2be
[INFO] [stdout]                                at /rustc/84c898d65adf2f39a5a98507f1fe0ce10a2b8dbc/library/core/src/panic/unwind_safe.rs:271:9
[INFO] [stdout]   30:     0x5570b6748036 - std::panicking::try::do_call::ha4be5c164fe30854
[INFO] [stdout]                                at /rustc/84c898d65adf2f39a5a98507f1fe0ce10a2b8dbc/library/std/src/panicking.rs:487:40
[INFO] [stdout]   31:     0x5570b6748036 - std::panicking::try::h604546f3609af05f
[INFO] [stdout]                                at /rustc/84c898d65adf2f39a5a98507f1fe0ce10a2b8dbc/library/std/src/panicking.rs:451:19
[INFO] [stdout]   32:     0x5570b6748036 - std::panic::catch_unwind::h5bfa8afe44c9c2f9
[INFO] [stdout]                                at /rustc/84c898d65adf2f39a5a98507f1fe0ce10a2b8dbc/library/std/src/panic.rs:140:14
[INFO] [stdout]   33:     0x5570b6748036 - test::run_test_in_process::hd50dee55dd63e6aa
[INFO] [stdout]                                at /rustc/84c898d65adf2f39a5a98507f1fe0ce10a2b8dbc/library/test/src/lib.rs:679:27
[INFO] [stdout]   34:     0x5570b6748036 - test::run_test::run_test_inner::{{closure}}::h4aa0f433aa85cea8
[INFO] [stdout]                                at /rustc/84c898d65adf2f39a5a98507f1fe0ce10a2b8dbc/library/test/src/lib.rs:573:39
[INFO] [stdout]   35:     0x5570b6714d01 - test::run_test::run_test_inner::{{closure}}::had56431adf24b4d6
[INFO] [stdout]                                at /rustc/84c898d65adf2f39a5a98507f1fe0ce10a2b8dbc/library/test/src/lib.rs:600:37
[INFO] [stdout]   36:     0x5570b6714d01 - std::sys_common::backtrace::__rust_begin_short_backtrace::ha8d9890e0c73bf13
[INFO] [stdout]                                at /rustc/84c898d65adf2f39a5a98507f1fe0ce10a2b8dbc/library/std/src/sys_common/backtrace.rs:134:18
[INFO] [stdout]   37:     0x5570b671a71b - std::thread::Builder::spawn_unchecked_::{{closure}}::{{closure}}::h251832bcb4a95327
[INFO] [stdout]                                at /rustc/84c898d65adf2f39a5a98507f1fe0ce10a2b8dbc/library/std/src/thread/mod.rs:560:17
[INFO] [stdout]   38:     0x5570b671a71b - <core::panic::unwind_safe::AssertUnwindSafe<F> as core::ops::function::FnOnce<()>>::call_once::h8fdff598fa414831
[INFO] [stdout]                                at /rustc/84c898d65adf2f39a5a98507f1fe0ce10a2b8dbc/library/core/src/panic/unwind_safe.rs:271:9
[INFO] [stdout]   39:     0x5570b671a71b - std::panicking::try::do_call::h455dd2f7764a950f
[INFO] [stdout]                                at /rustc/84c898d65adf2f39a5a98507f1fe0ce10a2b8dbc/library/std/src/panicking.rs:487:40
[INFO] [stdout]   40:     0x5570b671a71b - std::panicking::try::had6f23b7b73ae72a
[INFO] [stdout]                                at /rustc/84c898d65adf2f39a5a98507f1fe0ce10a2b8dbc/library/std/src/panicking.rs:451:19
[INFO] [stdout]   41:     0x5570b671a71b - std::panic::catch_unwind::ha6a5ca3915b4dad0
[INFO] [stdout]                                at /rustc/84c898d65adf2f39a5a98507f1fe0ce10a2b8dbc/library/std/src/panic.rs:140:14
[INFO] [stdout]   42:     0x5570b671a71b - std::thread::Builder::spawn_unchecked_::{{closure}}::h883b72ef75da6231
[INFO] [stdout]                                at /rustc/84c898d65adf2f39a5a98507f1fe0ce10a2b8dbc/library/std/src/thread/mod.rs:559:30
[INFO] [stdout]   43:     0x5570b671a71b - core::ops::function::FnOnce::call_once{{vtable.shim}}::hb7dff73dc8bd2ccb
[INFO] [stdout]                                at /rustc/84c898d65adf2f39a5a98507f1fe0ce10a2b8dbc/library/core/src/ops/function.rs:250:5
[INFO] [stdout]   44:     0x5570b699be83 - <alloc::boxed::Box<F,A> as core::ops::function::FnOnce<Args>>::call_once::h39990b24eedef2ab
[INFO] [stdout]                                at /rustc/84c898d65adf2f39a5a98507f1fe0ce10a2b8dbc/library/alloc/src/boxed.rs:1987:9
[INFO] [stdout]   45:     0x5570b699be83 - <alloc::boxed::Box<F,A> as core::ops::function::FnOnce<Args>>::call_once::h01a027258444143b
[INFO] [stdout]                                at /rustc/84c898d65adf2f39a5a98507f1fe0ce10a2b8dbc/library/alloc/src/boxed.rs:1987:9
[INFO] [stdout]   46:     0x5570b699be83 - std::sys::unix::thread::Thread::new::thread_start::ha4f1cdd9c25884ba
[INFO] [stdout]                                at /rustc/84c898d65adf2f39a5a98507f1fe0ce10a2b8dbc/library/std/src/sys/unix/thread.rs:108:17
[INFO] [stdout]   47:     0x7f8e759a3b43 - <unknown>
[INFO] [stdout]   48:     0x7f8e75a34bb4 - __clone
[INFO] [stdout]   49:                0x0 - <unknown>
[INFO] [stdout] 
[INFO] [stdout] 
[INFO] [stdout] failures:
[INFO] [stdout]     run_warnings
[INFO] [stdout] 
[INFO] [stdout] test result: FAILED. 0 passed; 1 failed; 0 ignored; 0 measured; 0 filtered out; finished in 5.34s
[INFO] [stdout] 
[INFO] [stderr] error: test failed, to rerun pass `--test errors`
[INFO] running `Command { std: "docker" "inspect" "51c09cf255192e41725d69bb1b5c424d3ff2e738c7373c60531620775ce4b1bb", kill_on_drop: false }`
[INFO] running `Command { std: "docker" "rm" "-f" "51c09cf255192e41725d69bb1b5c424d3ff2e738c7373c60531620775ce4b1bb", kill_on_drop: false }`
[INFO] [stdout] 51c09cf255192e41725d69bb1b5c424d3ff2e738c7373c60531620775ce4b1bb
