[INFO] fetching crate mattro 0.1.2...
[INFO] testing mattro-0.1.2 against 1.69.0 for beta-1.70-1
[INFO] extracting crate mattro 0.1.2 into /workspace/builds/worker-1-tc1/source
[INFO] validating manifest of crates.io crate mattro 0.1.2 on toolchain 1.69.0
[INFO] running `Command { std: CARGO_HOME="/workspace/cargo-home" RUSTUP_HOME="/workspace/rustup-home" "/workspace/cargo-home/bin/cargo" "+1.69.0" "metadata" "--manifest-path" "Cargo.toml" "--no-deps", kill_on_drop: false }`
[INFO] started tweaking crates.io crate mattro 0.1.2
[INFO] finished tweaking crates.io crate mattro 0.1.2
[INFO] tweaked toml for crates.io crate mattro 0.1.2 written to /workspace/builds/worker-1-tc1/source/Cargo.toml
[INFO] running `Command { std: CARGO_HOME="/workspace/cargo-home" RUSTUP_HOME="/workspace/rustup-home" __CARGO_TEST_CHANNEL_OVERRIDE_DO_NOT_USE_THIS="nightly" "/workspace/cargo-home/bin/cargo" "+1.69.0" "generate-lockfile" "--manifest-path" "Cargo.toml" "-Zno-index-update", kill_on_drop: false }`
[INFO] [stderr]     Blocking waiting for file lock on package cache
[INFO] running `Command { std: CARGO_HOME="/workspace/cargo-home" RUSTUP_HOME="/workspace/rustup-home" "/workspace/cargo-home/bin/cargo" "+1.69.0" "fetch" "--manifest-path" "Cargo.toml", kill_on_drop: false }`
[INFO] running `Command { std: "docker" "create" "-v" "/var/lib/crater-agent-workspace/builds/worker-1-tc1/target:/opt/rustwide/target:rw,Z" "-v" "/var/lib/crater-agent-workspace/builds/worker-1-tc1/source:/opt/rustwide/workdir:ro,Z" "-v" "/var/lib/crater-agent-workspace/cargo-home:/opt/rustwide/cargo-home:ro,Z" "-v" "/var/lib/crater-agent-workspace/rustup-home:/opt/rustwide/rustup-home:ro,Z" "-e" "SOURCE_DIR=/opt/rustwide/workdir" "-e" "CARGO_TARGET_DIR=/opt/rustwide/target" "-e" "CARGO_HOME=/opt/rustwide/cargo-home" "-e" "RUSTUP_HOME=/opt/rustwide/rustup-home" "-w" "/opt/rustwide/workdir" "-m" "1610612736" "--user" "0:0" "--network" "none" "ghcr.io/rust-lang/crates-build-env/linux@sha256:5ff2268d62e97bff2cde7d5815dd6ed5b47097566f13b8d0ca110b04b60e07ed" "/opt/rustwide/cargo-home/bin/cargo" "+1.69.0" "metadata" "--no-deps" "--format-version=1", kill_on_drop: false }`
[INFO] [stdout] 0f1d2c592d650239cd36286f6dd33185efa9cfe7e074e1a1581be0e1a5e5b5fb
[INFO] running `Command { std: "docker" "start" "-a" "0f1d2c592d650239cd36286f6dd33185efa9cfe7e074e1a1581be0e1a5e5b5fb", kill_on_drop: false }`
[INFO] running `Command { std: "docker" "inspect" "0f1d2c592d650239cd36286f6dd33185efa9cfe7e074e1a1581be0e1a5e5b5fb", kill_on_drop: false }`
[INFO] running `Command { std: "docker" "rm" "-f" "0f1d2c592d650239cd36286f6dd33185efa9cfe7e074e1a1581be0e1a5e5b5fb", kill_on_drop: false }`
[INFO] [stdout] 0f1d2c592d650239cd36286f6dd33185efa9cfe7e074e1a1581be0e1a5e5b5fb
[INFO] running `Command { std: "docker" "create" "-v" "/var/lib/crater-agent-workspace/builds/worker-1-tc1/target:/opt/rustwide/target:rw,Z" "-v" "/var/lib/crater-agent-workspace/builds/worker-1-tc1/source:/opt/rustwide/workdir:ro,Z" "-v" "/var/lib/crater-agent-workspace/cargo-home:/opt/rustwide/cargo-home:ro,Z" "-v" "/var/lib/crater-agent-workspace/rustup-home:/opt/rustwide/rustup-home:ro,Z" "-e" "SOURCE_DIR=/opt/rustwide/workdir" "-e" "CARGO_TARGET_DIR=/opt/rustwide/target" "-e" "CARGO_INCREMENTAL=0" "-e" "RUST_BACKTRACE=full" "-e" "RUSTFLAGS=--cap-lints=warn" "-e" "RUSTDOCFLAGS=--cap-lints=warn" "-e" "CARGO_HOME=/opt/rustwide/cargo-home" "-e" "RUSTUP_HOME=/opt/rustwide/rustup-home" "-w" "/opt/rustwide/workdir" "-m" "1610612736" "--user" "0:0" "--network" "none" "ghcr.io/rust-lang/crates-build-env/linux@sha256:5ff2268d62e97bff2cde7d5815dd6ed5b47097566f13b8d0ca110b04b60e07ed" "/opt/rustwide/cargo-home/bin/cargo" "+1.69.0" "build" "--frozen" "--message-format=json", kill_on_drop: false }`
[INFO] [stdout] 9a175feee922d487d90a9ff3692fc9c1d5af2a24f9e72d7017076defd0a10af0
[INFO] running `Command { std: "docker" "start" "-a" "9a175feee922d487d90a9ff3692fc9c1d5af2a24f9e72d7017076defd0a10af0", kill_on_drop: false }`
[INFO] [stderr]    Compiling proc-macro2 v1.0.56
[INFO] [stderr]    Compiling unicode-ident v1.0.8
[INFO] [stderr]    Compiling syn v1.0.109
[INFO] [stderr]    Compiling linked-hash-map v0.5.6
[INFO] [stderr]    Compiling quote v1.0.26
[INFO] [stderr]    Compiling linked_hash_set v0.1.4
[INFO] [stderr]    Compiling mattro v0.1.2 (/opt/rustwide/workdir)
[INFO] [stderr]     Finished dev [unoptimized + debuginfo] target(s) in 5.70s
[INFO] running `Command { std: "docker" "inspect" "9a175feee922d487d90a9ff3692fc9c1d5af2a24f9e72d7017076defd0a10af0", kill_on_drop: false }`
[INFO] running `Command { std: "docker" "rm" "-f" "9a175feee922d487d90a9ff3692fc9c1d5af2a24f9e72d7017076defd0a10af0", kill_on_drop: false }`
[INFO] [stdout] 9a175feee922d487d90a9ff3692fc9c1d5af2a24f9e72d7017076defd0a10af0
[INFO] running `Command { std: "docker" "create" "-v" "/var/lib/crater-agent-workspace/builds/worker-1-tc1/target:/opt/rustwide/target:rw,Z" "-v" "/var/lib/crater-agent-workspace/builds/worker-1-tc1/source:/opt/rustwide/workdir:ro,Z" "-v" "/var/lib/crater-agent-workspace/cargo-home:/opt/rustwide/cargo-home:ro,Z" "-v" "/var/lib/crater-agent-workspace/rustup-home:/opt/rustwide/rustup-home:ro,Z" "-e" "SOURCE_DIR=/opt/rustwide/workdir" "-e" "CARGO_TARGET_DIR=/opt/rustwide/target" "-e" "CARGO_INCREMENTAL=0" "-e" "RUST_BACKTRACE=full" "-e" "RUSTFLAGS=--cap-lints=warn" "-e" "RUSTDOCFLAGS=--cap-lints=warn" "-e" "CARGO_HOME=/opt/rustwide/cargo-home" "-e" "RUSTUP_HOME=/opt/rustwide/rustup-home" "-w" "/opt/rustwide/workdir" "-m" "1610612736" "--user" "0:0" "--network" "none" "ghcr.io/rust-lang/crates-build-env/linux@sha256:5ff2268d62e97bff2cde7d5815dd6ed5b47097566f13b8d0ca110b04b60e07ed" "/opt/rustwide/cargo-home/bin/cargo" "+1.69.0" "test" "--frozen" "--no-run" "--message-format=json", kill_on_drop: false }`
[INFO] [stdout] 657f12b976392a9b95f6f99fb8d5d0d6e3ca9d887c951d859a9cf3e1e4eb99cf
[INFO] running `Command { std: "docker" "start" "-a" "657f12b976392a9b95f6f99fb8d5d0d6e3ca9d887c951d859a9cf3e1e4eb99cf", kill_on_drop: false }`
[INFO] [stderr]    Compiling mattro v0.1.2 (/opt/rustwide/workdir)
[INFO] [stderr]     Finished test [unoptimized + debuginfo] target(s) in 1.68s
[INFO] running `Command { std: "docker" "inspect" "657f12b976392a9b95f6f99fb8d5d0d6e3ca9d887c951d859a9cf3e1e4eb99cf", kill_on_drop: false }`
[INFO] running `Command { std: "docker" "rm" "-f" "657f12b976392a9b95f6f99fb8d5d0d6e3ca9d887c951d859a9cf3e1e4eb99cf", kill_on_drop: false }`
[INFO] [stdout] 657f12b976392a9b95f6f99fb8d5d0d6e3ca9d887c951d859a9cf3e1e4eb99cf
[INFO] running `Command { std: "docker" "create" "-v" "/var/lib/crater-agent-workspace/builds/worker-1-tc1/target:/opt/rustwide/target:rw,Z" "-v" "/var/lib/crater-agent-workspace/builds/worker-1-tc1/source:/opt/rustwide/workdir:ro,Z" "-v" "/var/lib/crater-agent-workspace/cargo-home:/opt/rustwide/cargo-home:ro,Z" "-v" "/var/lib/crater-agent-workspace/rustup-home:/opt/rustwide/rustup-home:ro,Z" "-e" "SOURCE_DIR=/opt/rustwide/workdir" "-e" "CARGO_TARGET_DIR=/opt/rustwide/target" "-e" "CARGO_INCREMENTAL=0" "-e" "RUST_BACKTRACE=full" "-e" "RUSTFLAGS=--cap-lints=warn" "-e" "RUSTDOCFLAGS=--cap-lints=warn" "-e" "CARGO_HOME=/opt/rustwide/cargo-home" "-e" "RUSTUP_HOME=/opt/rustwide/rustup-home" "-w" "/opt/rustwide/workdir" "-m" "1610612736" "--user" "0:0" "--network" "none" "ghcr.io/rust-lang/crates-build-env/linux@sha256:5ff2268d62e97bff2cde7d5815dd6ed5b47097566f13b8d0ca110b04b60e07ed" "/opt/rustwide/cargo-home/bin/cargo" "+1.69.0" "test" "--frozen", kill_on_drop: false }`
[INFO] [stdout] da21afda84da5d958e4ea1ce182757cb40abd85847f2cfce6af11eca45430d20
[INFO] running `Command { std: "docker" "start" "-a" "da21afda84da5d958e4ea1ce182757cb40abd85847f2cfce6af11eca45430d20", kill_on_drop: false }`
[INFO] [stderr]     Finished test [unoptimized + debuginfo] target(s) in 0.01s
[INFO] [stderr]      Running unittests src/lib.rs (/opt/rustwide/target/debug/deps/mattro-4b23c895831c4e97)
[INFO] [stdout] 
[INFO] [stdout] running 14 tests
[INFO] [stdout] test macro_attr::tests::new_macro_attr_test ... ok
[INFO] [stdout] test macro_attr::tests::invalid_attribute_test ... ok
[INFO] [stdout] test macro_attr::tests::path_and_nested_test ... ok
[INFO] [stdout] test name_value_attr::tests::into_name_value_duplicate_name_test ... ok
[INFO] [stdout] test name_value_attr::tests::value_as_type_test ... ok
[INFO] [stdout] test name_value_attr::tests::get_test ... ok
[INFO] [stdout] test name_value_attr::tests::to_type_test ... ok
[INFO] [stdout] test name_value_attr::tests::contains_name_test ... ok
[INFO] [stdout] test name_value_attr::tests::into_name_value_error_test ... ok
[INFO] [stdout] test name_value_attr::tests::new_name_value_attr_test ... ok
[INFO] [stdout] test macro_attr::tests::to_string_test ... ok
[INFO] [stdout] test name_value_attr::tests::into_name_value_test ... ok
[INFO] [stdout] test name_value_attr::tests::value_parse_test ... ok
[INFO] [stdout] test name_value_attr::tests::value_variant_check_test ... ok
[INFO] [stdout] 
[INFO] [stdout] test result: ok. 14 passed; 0 failed; 0 ignored; 0 measured; 0 filtered out; finished in 0.01s
[INFO] [stdout] 
[INFO] [stderr]    Doc-tests mattro
[INFO] [stdout] 
[INFO] [stdout] running 4 tests
[INFO] [stdout] test src/lib.rs - (line 20) ... FAILED
[INFO] [stdout] test src/lib.rs - (line 26) ... FAILED
[INFO] [stdout] test src/lib.rs - (line 7) ... FAILED
[INFO] [stdout] test src/lib.rs - (line 111) ... FAILED
[INFO] [stdout] 
[INFO] [stdout] failures:
[INFO] [stdout] 
[INFO] [stdout] ---- src/lib.rs - (line 20) stdout ----
[INFO] [stdout] error: cannot find attribute `my_attribute` in this scope
[INFO] [stdout]  --> src/lib.rs:21:3
[INFO] [stdout]   |
[INFO] [stdout] 2 | #[my_attribute(text="some text", number=120, array=1,2,3)]
[INFO] [stdout]   |   ^^^^^^^^^^^^
[INFO] [stdout] 
[INFO] [stdout] error: aborting due to previous error
[INFO] [stdout] 
[INFO] [stdout] Couldn't compile the test.
[INFO] [stdout] ---- src/lib.rs - (line 26) stdout ----
[INFO] [stdout] error: the `#[proc_macro_attribute]` attribute is only usable with crates of the `proc-macro` crate type
[INFO] [stdout]  --> src/lib.rs:30:1
[INFO] [stdout]   |
[INFO] [stdout] 7 | #[proc_macro_attribute]
[INFO] [stdout]   | ^^^^^^^^^^^^^^^^^^^^^^^
[INFO] [stdout] 
[INFO] [stdout] error[E0432]: unresolved import `proc_macro`
[INFO] [stdout]  --> src/lib.rs:28:5
[INFO] [stdout]   |
[INFO] [stdout] 5 | use proc_macro::TokenStream;
[INFO] [stdout]   |     ^^^^^^^^^^ use of undeclared crate or module `proc_macro`
[INFO] [stdout]   |
[INFO] [stdout] help: there is a crate or module with a similar name
[INFO] [stdout]   |
[INFO] [stdout] 5 | use proc_macro2::TokenStream;
[INFO] [stdout]   |     ~~~~~~~~~~~
[INFO] [stdout] 
[INFO] [stdout] error: aborting due to 2 previous errors
[INFO] [stdout] 
[INFO] [stdout] For more information about this error, try `rustc --explain E0432`.
[INFO] [stdout] Couldn't compile the test.
[INFO] [stdout] ---- src/lib.rs - (line 7) stdout ----
[INFO] [stdout] error: expected `;`, found `mattro`
[INFO] [stdout]  --> src/lib.rs:8:15
[INFO] [stdout]   |
[INFO] [stdout] 4 | [dependencies]
[INFO] [stdout]   |               ^ help: add `;` here
[INFO] [stdout] 5 | mattro = "0.1.2"
[INFO] [stdout]   | ------ unexpected token
[INFO] [stdout] 
[INFO] [stdout] error[E0423]: expected value, found crate `mattro`
[INFO] [stdout]  --> src/lib.rs:9:1
[INFO] [stdout]   |
[INFO] [stdout] 5 | mattro = "0.1.2"
[INFO] [stdout]   | ^^^^^^
[INFO] [stdout]   |
[INFO] [stdout] help: you might have meant to introduce a new binding
[INFO] [stdout]   |
[INFO] [stdout] 5 | let mattro = "0.1.2"
[INFO] [stdout]   | +++
[INFO] [stdout] 
[INFO] [stdout] error: aborting due to 2 previous errors
[INFO] [stdout] 
[INFO] [stdout] For more information about this error, try `rustc --explain E0423`.
[INFO] [stdout] Couldn't compile the test.
[INFO] [stdout] ---- src/lib.rs - (line 111) stdout ----
[INFO] [stdout] error[E0425]: cannot find value `attr` in this scope
[INFO] [stdout]  --> src/lib.rs:113:30
[INFO] [stdout]   |
[INFO] [stdout] 4 | let name_values_attributes = attr.into_name_values().unwrap();
[INFO] [stdout]   |                              ^^^^ not found in this scope
[INFO] [stdout] 
[INFO] [stdout] error: aborting due to previous error
[INFO] [stdout] 
[INFO] [stdout] For more information about this error, try `rustc --explain E0425`.
[INFO] [stdout] Couldn't compile the test.
[INFO] [stdout] 
[INFO] [stdout] failures:
[INFO] [stdout]     src/lib.rs - (line 111)
[INFO] [stdout]     src/lib.rs - (line 20)
[INFO] [stdout]     src/lib.rs - (line 26)
[INFO] [stdout]     src/lib.rs - (line 7)
[INFO] [stdout] 
[INFO] [stdout] test result: FAILED. 0 passed; 4 failed; 0 ignored; 0 measured; 0 filtered out; finished in 0.09s
[INFO] [stdout] 
[INFO] [stderr] error: doctest failed, to rerun pass `--doc`
[INFO] running `Command { std: "docker" "inspect" "da21afda84da5d958e4ea1ce182757cb40abd85847f2cfce6af11eca45430d20", kill_on_drop: false }`
[INFO] running `Command { std: "docker" "rm" "-f" "da21afda84da5d958e4ea1ce182757cb40abd85847f2cfce6af11eca45430d20", kill_on_drop: false }`
[INFO] [stdout] da21afda84da5d958e4ea1ce182757cb40abd85847f2cfce6af11eca45430d20
