[INFO] fetching crate matrix-sdk-qrcode 0.4.0...
[INFO] testing matrix-sdk-qrcode-0.4.0 against 1.69.0 for beta-1.70-1
[INFO] extracting crate matrix-sdk-qrcode 0.4.0 into /workspace/builds/worker-3-tc1/source
[INFO] validating manifest of crates.io crate matrix-sdk-qrcode 0.4.0 on toolchain 1.69.0
[INFO] running `Command { std: CARGO_HOME="/workspace/cargo-home" RUSTUP_HOME="/workspace/rustup-home" "/workspace/cargo-home/bin/cargo" "+1.69.0" "metadata" "--manifest-path" "Cargo.toml" "--no-deps", kill_on_drop: false }`
[INFO] started tweaking crates.io crate matrix-sdk-qrcode 0.4.0
[INFO] finished tweaking crates.io crate matrix-sdk-qrcode 0.4.0
[INFO] tweaked toml for crates.io crate matrix-sdk-qrcode 0.4.0 written to /workspace/builds/worker-3-tc1/source/Cargo.toml
[INFO] running `Command { std: CARGO_HOME="/workspace/cargo-home" RUSTUP_HOME="/workspace/rustup-home" __CARGO_TEST_CHANNEL_OVERRIDE_DO_NOT_USE_THIS="nightly" "/workspace/cargo-home/bin/cargo" "+1.69.0" "generate-lockfile" "--manifest-path" "Cargo.toml" "-Zno-index-update", kill_on_drop: false }`
[INFO] running `Command { std: CARGO_HOME="/workspace/cargo-home" RUSTUP_HOME="/workspace/rustup-home" "/workspace/cargo-home/bin/cargo" "+1.69.0" "fetch" "--manifest-path" "Cargo.toml", kill_on_drop: false }`
[INFO] [stderr]  Downloading crates ...
[INFO] [stderr]   Downloaded ruma-macros v0.10.5
[INFO] [stderr]   Downloaded ruma-identifiers-validation v0.9.1
[INFO] [stderr]   Downloaded block-padding v0.3.3
[INFO] [stderr]   Downloaded js_option v0.1.1
[INFO] [stderr]   Downloaded pkcs7 v0.3.0
[INFO] [stderr]   Downloaded ruma-common v0.10.5
[INFO] [stderr]   Downloaded js_int v0.2.2
[INFO] [stderr]   Downloaded vodozemac v0.3.0
[INFO] running `Command { std: "docker" "create" "-v" "/var/lib/crater-agent-workspace/builds/worker-3-tc1/target:/opt/rustwide/target:rw,Z" "-v" "/var/lib/crater-agent-workspace/builds/worker-3-tc1/source:/opt/rustwide/workdir:ro,Z" "-v" "/var/lib/crater-agent-workspace/cargo-home:/opt/rustwide/cargo-home:ro,Z" "-v" "/var/lib/crater-agent-workspace/rustup-home:/opt/rustwide/rustup-home:ro,Z" "-e" "SOURCE_DIR=/opt/rustwide/workdir" "-e" "CARGO_TARGET_DIR=/opt/rustwide/target" "-e" "CARGO_HOME=/opt/rustwide/cargo-home" "-e" "RUSTUP_HOME=/opt/rustwide/rustup-home" "-w" "/opt/rustwide/workdir" "-m" "1610612736" "--user" "0:0" "--network" "none" "ghcr.io/rust-lang/crates-build-env/linux@sha256:5ff2268d62e97bff2cde7d5815dd6ed5b47097566f13b8d0ca110b04b60e07ed" "/opt/rustwide/cargo-home/bin/cargo" "+1.69.0" "metadata" "--no-deps" "--format-version=1", kill_on_drop: false }`
[INFO] [stdout] c1892e01d10ca588b01674665c14de5892b5f0a333bcf7c4238fd32280d5f9f8
[INFO] running `Command { std: "docker" "start" "-a" "c1892e01d10ca588b01674665c14de5892b5f0a333bcf7c4238fd32280d5f9f8", kill_on_drop: false }`
[INFO] running `Command { std: "docker" "inspect" "c1892e01d10ca588b01674665c14de5892b5f0a333bcf7c4238fd32280d5f9f8", kill_on_drop: false }`
[INFO] running `Command { std: "docker" "rm" "-f" "c1892e01d10ca588b01674665c14de5892b5f0a333bcf7c4238fd32280d5f9f8", kill_on_drop: false }`
[INFO] [stdout] c1892e01d10ca588b01674665c14de5892b5f0a333bcf7c4238fd32280d5f9f8
[INFO] running `Command { std: "docker" "create" "-v" "/var/lib/crater-agent-workspace/builds/worker-3-tc1/target:/opt/rustwide/target:rw,Z" "-v" "/var/lib/crater-agent-workspace/builds/worker-3-tc1/source:/opt/rustwide/workdir:ro,Z" "-v" "/var/lib/crater-agent-workspace/cargo-home:/opt/rustwide/cargo-home:ro,Z" "-v" "/var/lib/crater-agent-workspace/rustup-home:/opt/rustwide/rustup-home:ro,Z" "-e" "SOURCE_DIR=/opt/rustwide/workdir" "-e" "CARGO_TARGET_DIR=/opt/rustwide/target" "-e" "CARGO_INCREMENTAL=0" "-e" "RUST_BACKTRACE=full" "-e" "RUSTFLAGS=--cap-lints=warn" "-e" "RUSTDOCFLAGS=--cap-lints=warn" "-e" "CARGO_HOME=/opt/rustwide/cargo-home" "-e" "RUSTUP_HOME=/opt/rustwide/rustup-home" "-w" "/opt/rustwide/workdir" "-m" "1610612736" "--user" "0:0" "--network" "none" "ghcr.io/rust-lang/crates-build-env/linux@sha256:5ff2268d62e97bff2cde7d5815dd6ed5b47097566f13b8d0ca110b04b60e07ed" "/opt/rustwide/cargo-home/bin/cargo" "+1.69.0" "build" "--frozen" "--message-format=json", kill_on_drop: false }`
[INFO] [stdout] 36f58fd6201f5f57d53b1574b23afed0f2fc9f2f0cdd1c90f13e62c0749c05ff
[INFO] running `Command { std: "docker" "start" "-a" "36f58fd6201f5f57d53b1574b23afed0f2fc9f2f0cdd1c90f13e62c0749c05ff", kill_on_drop: false }`
[INFO] [stderr]    Compiling proc-macro2 v1.0.56
[INFO] [stderr]    Compiling unicode-ident v1.0.8
[INFO] [stderr]    Compiling quote v1.0.26
[INFO] [stderr]    Compiling version_check v0.9.4
[INFO] [stderr]    Compiling typenum v1.16.0
[INFO] [stderr]    Compiling serde_derive v1.0.160
[INFO] [stderr]    Compiling serde v1.0.160
[INFO] [stderr]    Compiling cfg-if v1.0.0
[INFO] [stderr]    Compiling autocfg v1.1.0
[INFO] [stderr]    Compiling libc v0.2.142
[INFO] [stderr]    Compiling getrandom v0.1.16
[INFO] [stderr]    Compiling subtle v2.4.1
[INFO] [stderr]    Compiling syn v1.0.109
[INFO] [stderr]    Compiling thiserror v1.0.40
[INFO] [stderr]    Compiling hashbrown v0.12.3
[INFO] [stderr]    Compiling once_cell v1.17.1
[INFO] [stderr]    Compiling anyhow v1.0.71
[INFO] [stderr]    Compiling tinyvec_macros v0.1.1
[INFO] [stderr]    Compiling memchr v2.5.0
[INFO] [stderr]    Compiling cpufeatures v0.2.7
[INFO] [stderr]    Compiling tinyvec v1.6.0
[INFO] [stderr]    Compiling serde_json v1.0.96
[INFO] [stderr]    Compiling either v1.8.1
[INFO] [stderr]    Compiling generic-array v0.14.7
[INFO] [stderr]    Compiling const-oid v0.7.1
[INFO] [stderr]    Compiling winnow v0.4.4
[INFO] [stderr]    Compiling toml_datetime v0.6.1
[INFO] [stderr]    Compiling byteorder v1.4.3
[INFO] [stderr]    Compiling indexmap v1.9.3
[INFO] [stderr]    Compiling ppv-lite86 v0.2.17
[INFO] [stderr]    Compiling itertools v0.10.5
[INFO] [stderr]    Compiling der v0.5.1
[INFO] [stderr]    Compiling percent-encoding v2.2.0
[INFO] [stderr]    Compiling ryu v1.0.13
[INFO] [stderr]    Compiling js_int v0.2.2
[INFO] [stderr]    Compiling signature v1.6.4
[INFO] [stderr]    Compiling unicode-bidi v0.3.13
[INFO] [stderr]    Compiling itoa v1.0.6
[INFO] [stderr]    Compiling opaque-debug v0.3.0
[INFO] [stderr]    Compiling bytes v1.4.0
[INFO] [stderr]    Compiling aho-corasick v1.0.1
[INFO] [stderr]    Compiling form_urlencoded v1.1.0
[INFO] [stderr]    Compiling tracing-core v0.1.30
[INFO] [stderr]    Compiling syn v2.0.15
[INFO] [stderr]    Compiling unicode-normalization v0.1.22
[INFO] [stderr]    Compiling base64 v0.13.1
[INFO] [stderr]    Compiling pin-project-lite v0.2.9
[INFO] [stderr]    Compiling regex-syntax v0.7.1
[INFO] [stderr]    Compiling rand_core v0.5.1
[INFO] [stderr]    Compiling spki v0.5.4
[INFO] [stderr]    Compiling wildmatch v2.1.1
[INFO] [stderr]    Compiling rand_chacha v0.2.2
[INFO] [stderr]    Compiling pkcs7 v0.3.0
[INFO] [stderr]    Compiling checked_int_cast v1.0.0
[INFO] [stderr]    Compiling idna v0.3.0
[INFO] [stderr]    Compiling rand v0.7.3
[INFO] [stderr]    Compiling qrcode v0.12.0
[INFO] [stderr]    Compiling crypto-common v0.1.6
[INFO] [stderr]    Compiling block-buffer v0.10.4
[INFO] [stderr]    Compiling block-padding v0.3.3
[INFO] [stderr]    Compiling digest v0.9.0
[INFO] [stderr]    Compiling block-buffer v0.9.0
[INFO] [stderr]    Compiling toml_edit v0.19.8
[INFO] [stderr]    Compiling digest v0.10.6
[INFO] [stderr]    Compiling inout v0.1.3
[INFO] [stderr]    Compiling sha2 v0.9.9
[INFO] [stderr]    Compiling url v2.3.1
[INFO] [stderr]    Compiling cipher v0.4.4
[INFO] [stderr]    Compiling hmac v0.12.1
[INFO] [stderr]    Compiling regex v1.8.1
[INFO] [stderr]    Compiling sha2 v0.10.6
[INFO] [stderr]    Compiling hkdf v0.12.3
[INFO] [stderr]    Compiling cbc v0.1.2
[INFO] [stderr]    Compiling aes v0.8.2
[INFO] [stderr]    Compiling proc-macro-crate v1.3.1
[INFO] [stderr]    Compiling prost-derive v0.11.9
[INFO] [stderr]    Compiling thiserror-impl v1.0.40
[INFO] [stderr]    Compiling zeroize_derive v1.4.2
[INFO] [stderr]    Compiling tracing-attributes v0.1.24
[INFO] [stderr]    Compiling zeroize v1.3.0
[INFO] [stderr]    Compiling ruma-identifiers-validation v0.9.1
[INFO] [stderr]    Compiling prost v0.11.9
[INFO] [stderr]    Compiling tracing v0.1.37
[INFO] [stderr]    Compiling curve25519-dalek v3.2.1
[INFO] [stderr]    Compiling serde_bytes v0.11.9
[INFO] [stderr]    Compiling ed25519 v1.5.3
[INFO] [stderr]    Compiling toml v0.5.11
[INFO] [stderr]    Compiling arrayvec v0.7.2
[INFO] [stderr]    Compiling js_option v0.1.1
[INFO] [stderr]    Compiling x25519-dalek v1.2.0
[INFO] [stderr]    Compiling ed25519-dalek v1.0.1
[INFO] [stderr]    Compiling vodozemac v0.3.0
[INFO] [stderr]    Compiling ruma-macros v0.10.5
[INFO] [stderr]    Compiling ruma-common v0.10.5
[INFO] [stderr]    Compiling matrix-sdk-qrcode v0.4.0 (/opt/rustwide/workdir)
[INFO] [stderr]     Finished dev [unoptimized + debuginfo] target(s) in 23.25s
[INFO] running `Command { std: "docker" "inspect" "36f58fd6201f5f57d53b1574b23afed0f2fc9f2f0cdd1c90f13e62c0749c05ff", kill_on_drop: false }`
[INFO] running `Command { std: "docker" "rm" "-f" "36f58fd6201f5f57d53b1574b23afed0f2fc9f2f0cdd1c90f13e62c0749c05ff", kill_on_drop: false }`
[INFO] [stdout] 36f58fd6201f5f57d53b1574b23afed0f2fc9f2f0cdd1c90f13e62c0749c05ff
[INFO] running `Command { std: "docker" "create" "-v" "/var/lib/crater-agent-workspace/builds/worker-3-tc1/target:/opt/rustwide/target:rw,Z" "-v" "/var/lib/crater-agent-workspace/builds/worker-3-tc1/source:/opt/rustwide/workdir:ro,Z" "-v" "/var/lib/crater-agent-workspace/cargo-home:/opt/rustwide/cargo-home:ro,Z" "-v" "/var/lib/crater-agent-workspace/rustup-home:/opt/rustwide/rustup-home:ro,Z" "-e" "SOURCE_DIR=/opt/rustwide/workdir" "-e" "CARGO_TARGET_DIR=/opt/rustwide/target" "-e" "CARGO_INCREMENTAL=0" "-e" "RUST_BACKTRACE=full" "-e" "RUSTFLAGS=--cap-lints=warn" "-e" "RUSTDOCFLAGS=--cap-lints=warn" "-e" "CARGO_HOME=/opt/rustwide/cargo-home" "-e" "RUSTUP_HOME=/opt/rustwide/rustup-home" "-w" "/opt/rustwide/workdir" "-m" "1610612736" "--user" "0:0" "--network" "none" "ghcr.io/rust-lang/crates-build-env/linux@sha256:5ff2268d62e97bff2cde7d5815dd6ed5b47097566f13b8d0ca110b04b60e07ed" "/opt/rustwide/cargo-home/bin/cargo" "+1.69.0" "test" "--frozen" "--no-run" "--message-format=json", kill_on_drop: false }`
[INFO] [stdout] 40cb0424fc6308e21b253a5a9962e8853a22a480fa5cc980fff58cf98c55b758
[INFO] running `Command { std: "docker" "start" "-a" "40cb0424fc6308e21b253a5a9962e8853a22a480fa5cc980fff58cf98c55b758", kill_on_drop: false }`
[INFO] [stderr]    Compiling libc v0.2.142
[INFO] [stderr]    Compiling crossbeam-utils v0.8.15
[INFO] [stderr]    Compiling memoffset v0.8.0
[INFO] [stderr]    Compiling crossbeam-epoch v0.9.14
[INFO] [stderr]    Compiling either v1.8.1
[INFO] [stderr]    Compiling scopeguard v1.1.0
[INFO] [stderr]    Compiling num-traits v0.2.15
[INFO] [stderr]    Compiling rayon-core v1.11.0
[INFO] [stderr]    Compiling num-integer v0.1.45
[INFO] [stderr]    Compiling miniz_oxide v0.4.4
[INFO] [stderr]    Compiling crc32fast v1.3.2
[INFO] [stderr]    Compiling adler32 v1.2.0
[INFO] [stderr]    Compiling num-rational v0.3.2
[INFO] [stderr]    Compiling num-iter v0.1.43
[INFO] [stderr]    Compiling weezl v0.1.7
[INFO] [stderr]    Compiling adler v1.0.2
[INFO] [stderr]    Compiling color_quant v1.1.0
[INFO] [stderr]    Compiling miniz_oxide v0.3.7
[INFO] [stderr]    Compiling deflate v0.8.6
[INFO] [stderr]    Compiling itertools v0.10.5
[INFO] [stderr]    Compiling bitflags v1.3.2
[INFO] [stderr]    Compiling bytemuck v1.13.1
[INFO] [stderr]    Compiling gif v0.11.4
[INFO] [stderr]    Compiling scoped_threadpool v0.1.9
[INFO] [stderr]    Compiling png v0.16.8
[INFO] [stderr]    Compiling crossbeam-channel v0.5.8
[INFO] [stderr]    Compiling crossbeam-deque v0.8.3
[INFO] [stderr]    Compiling getrandom v0.1.16
[INFO] [stderr]    Compiling num_cpus v1.15.0
[INFO] [stderr]    Compiling rand_core v0.5.1
[INFO] [stderr]    Compiling rand_chacha v0.2.2
[INFO] [stderr]    Compiling curve25519-dalek v3.2.1
[INFO] [stderr]    Compiling prost-derive v0.11.9
[INFO] [stderr]    Compiling rand v0.7.3
[INFO] [stderr]    Compiling rayon v1.7.0
[INFO] [stderr]    Compiling x25519-dalek v1.2.0
[INFO] [stderr]    Compiling ed25519-dalek v1.0.1
[INFO] [stderr]    Compiling prost v0.11.9
[INFO] [stderr]    Compiling vodozemac v0.3.0
[INFO] [stderr]    Compiling jpeg-decoder v0.1.22
[INFO] [stderr]    Compiling tiff v0.6.1
[INFO] [stderr]    Compiling image v0.23.14
[INFO] [stderr]    Compiling qrcode v0.12.0
[INFO] [stderr]    Compiling matrix-sdk-qrcode v0.4.0 (/opt/rustwide/workdir)
[INFO] [stderr]     Finished test [unoptimized + debuginfo] target(s) in 12.21s
[INFO] running `Command { std: "docker" "inspect" "40cb0424fc6308e21b253a5a9962e8853a22a480fa5cc980fff58cf98c55b758", kill_on_drop: false }`
[INFO] running `Command { std: "docker" "rm" "-f" "40cb0424fc6308e21b253a5a9962e8853a22a480fa5cc980fff58cf98c55b758", kill_on_drop: false }`
[INFO] [stdout] 40cb0424fc6308e21b253a5a9962e8853a22a480fa5cc980fff58cf98c55b758
[INFO] running `Command { std: "docker" "create" "-v" "/var/lib/crater-agent-workspace/builds/worker-3-tc1/target:/opt/rustwide/target:rw,Z" "-v" "/var/lib/crater-agent-workspace/builds/worker-3-tc1/source:/opt/rustwide/workdir:ro,Z" "-v" "/var/lib/crater-agent-workspace/cargo-home:/opt/rustwide/cargo-home:ro,Z" "-v" "/var/lib/crater-agent-workspace/rustup-home:/opt/rustwide/rustup-home:ro,Z" "-e" "SOURCE_DIR=/opt/rustwide/workdir" "-e" "CARGO_TARGET_DIR=/opt/rustwide/target" "-e" "CARGO_INCREMENTAL=0" "-e" "RUST_BACKTRACE=full" "-e" "RUSTFLAGS=--cap-lints=warn" "-e" "RUSTDOCFLAGS=--cap-lints=warn" "-e" "CARGO_HOME=/opt/rustwide/cargo-home" "-e" "RUSTUP_HOME=/opt/rustwide/rustup-home" "-w" "/opt/rustwide/workdir" "-m" "1610612736" "--user" "0:0" "--network" "none" "ghcr.io/rust-lang/crates-build-env/linux@sha256:5ff2268d62e97bff2cde7d5815dd6ed5b47097566f13b8d0ca110b04b60e07ed" "/opt/rustwide/cargo-home/bin/cargo" "+1.69.0" "test" "--frozen", kill_on_drop: false }`
[INFO] [stdout] 3169ece2fb8a6ddc616effd088bb70fa3a78892fbd65fb27294cf3abf2fecdb8
[INFO] running `Command { std: "docker" "start" "-a" "3169ece2fb8a6ddc616effd088bb70fa3a78892fbd65fb27294cf3abf2fecdb8", kill_on_drop: false }`
[INFO] [stderr]     Finished test [unoptimized + debuginfo] target(s) in 0.07s
[INFO] [stderr]      Running unittests src/lib.rs (/opt/rustwide/target/debug/deps/matrix_sdk_qrcode-b1ffe0bdaea04a78)
[INFO] [stdout] 
[INFO] [stdout] running 6 tests
[INFO] [stdout] test tests::decode_invalid_mode ... ok
[INFO] [stdout] test tests::decode_invalid_version ... ok
[INFO] [stdout] test tests::decode_invalid_keys ... ok
[INFO] [stdout] test tests::decode_invalid_header ... ok
[INFO] [stdout] test tests::decode_missing_data ... ok
[INFO] [stdout] test tests::decode_short_secret ... ok
[INFO] [stdout] 
[INFO] [stdout] test result: ok. 6 passed; 0 failed; 0 ignored; 0 measured; 0 filtered out; finished in 0.00s
[INFO] [stdout] 
[INFO] [stderr]    Doc-tests matrix-sdk-qrcode
[INFO] [stdout] 
[INFO] [stdout] running 7 tests
[INFO] [stdout] test src/lib.rs - (line 27) - compile ... ok
[INFO] [stdout] test src/types.rs - types::QrVerificationData::from_bytes (line 68) ... FAILED
[INFO] [stdout] test src/types.rs - types::QrVerificationData::to_qr_code (line 96) ... FAILED
[INFO] [stdout] test src/types.rs - types::VerificationData::to_bytes (line 327) ... ok
[INFO] [stdout] test src/types.rs - types::SelfVerificationData::to_bytes (line 427) ... ok
[INFO] [stdout] test src/types.rs - types::QrVerificationData::to_bytes (line 126) ... ok
[INFO] [stdout] test src/types.rs - types::SelfVerificationNoMasterKey::to_bytes (line 527) ... ok
[INFO] [stdout] 
[INFO] [stdout] failures:
[INFO] [stdout] 
[INFO] [stdout] ---- src/types.rs - types::QrVerificationData::from_bytes (line 68) stdout ----
[INFO] [stdout] error: linking with `cc` failed: exit status: 1
[INFO] [stdout]   |
[INFO] [stdout]   = note: LC_ALL="C" PATH="/opt/rustwide/rustup-home/toolchains/1.69.0-x86_64-unknown-linux-gnu/lib/rustlib/x86_64-unknown-linux-gnu/bin:/opt/rustwide/cargo-home/bin:/usr/local/sbin:/usr/local/bin:/usr/sbin:/usr/bin:/sbin:/bin" VSLANG="1033" "cc" "-m64" "/tmp/rustcf6sO6h/symbols.o" "/tmp/rustdoctestYsfBTn/rust_out.rust_out.5bfee551-cgu.0.rcgu.o" "/tmp/rustdoctestYsfBTn/rust_out.j00p4ncf7xg64kg.rcgu.o" "-Wl,--as-needed" "-L" "/opt/rustwide/target/debug/deps" "-L" "/opt/rustwide/target/debug/deps" "-L" "/opt/rustwide/rustup-home/toolchains/1.69.0-x86_64-unknown-linux-gnu/lib/rustlib/x86_64-unknown-linux-gnu/lib" "-Wl,-Bstatic" "/opt/rustwide/target/debug/deps/libmatrix_sdk_qrcode-b52d54e14bdc47d2.rlib" "/opt/rustwide/target/debug/deps/libvodozemac-d3eb143e57b73d16.rlib" "/opt/rustwide/target/debug/deps/libcbc-ab27d8ebee79306f.rlib" "/opt/rustwide/target/debug/deps/libarrayvec-6469d58470790720.rlib" "/opt/rustwide/target/debug/deps/libprost-738215937aab5e0b.rlib" "/opt/rustwide/target/debug/deps/libed25519_dalek-9762f2164004d31a.rlib" "/opt/rustwide/target/debug/deps/libserde_bytes-aaa85f6186e30ec1.rlib" "/opt/rustwide/target/debug/deps/libsha2-c172a1fa3a31b7f8.rlib" "/opt/rustwide/target/debug/deps/libopaque_debug-502d41d476583e16.rlib" "/opt/rustwide/target/debug/deps/libblock_buffer-78be346201ee5550.rlib" "/opt/rustwide/target/debug/deps/libed25519-3f667e6cdadfa23c.rlib" "/opt/rustwide/target/debug/deps/libsignature-17d59ebc5e76f7ba.rlib" "/opt/rustwide/target/debug/deps/libx25519_dalek-999ef37917a69e71.rlib" "/opt/rustwide/target/debug/deps/libcurve25519_dalek-8301c28022e7a20a.rlib" "/opt/rustwide/target/debug/deps/libdigest-e8ff3cc3ab9ac81c.rlib" "/opt/rustwide/target/debug/deps/librand-8c98783ba26a56ac.rlib" "/opt/rustwide/target/debug/deps/librand_chacha-f8978eb451f5b27b.rlib" "/opt/rustwide/target/debug/deps/libppv_lite86-c3ad053967cc551c.rlib" "/opt/rustwide/target/debug/deps/librand_core-e8ef07a2aa3fa59e.rlib" "/opt/rustwide/target/debug/deps/libgetrandom-5fefae6858a7d4f7.rlib" "/opt/rustwide/target/debug/deps/libzeroize-91123fafaca9da03.rlib" "/opt/rustwide/target/debug/deps/libsha2-158ad7b1127a5ab6.rlib" "/opt/rustwide/target/debug/deps/libhkdf-9a7b7df056da32f4.rlib" "/opt/rustwide/target/debug/deps/libhmac-c2d038032d9dee1a.rlib" "/opt/rustwide/target/debug/deps/libdigest-9a05fa159308fc74.rlib" "/opt/rustwide/target/debug/deps/libsubtle-acfc1aa2d8135271.rlib" "/opt/rustwide/target/debug/deps/libblock_buffer-0933e09cece281a1.rlib" "/opt/rustwide/target/debug/deps/libaes-54f259e57ca7dc24.rlib" "/opt/rustwide/target/debug/deps/libcpufeatures-e143b41ca3b14af5.rlib" "/opt/rustwide/target/debug/deps/libcipher-2bb7e420ffb2a929.rlib" "/opt/rustwide/target/debug/deps/libinout-de5d9769e96a83c9.rlib" "/opt/rustwide/target/debug/deps/libblock_padding-4385271a402b58e0.rlib" "/opt/rustwide/target/debug/deps/libcrypto_common-5a97f1b230e1e099.rlib" "/opt/rustwide/target/debug/deps/libgeneric_array-f03e3e3fb3ca464f.rlib" "/opt/rustwide/target/debug/deps/libtypenum-d40a559dcc4c7492.rlib" "/opt/rustwide/target/debug/deps/libruma_common-0207e7ecdbc2bd0b.rlib" "/opt/rustwide/target/debug/deps/libbase64-58bd2041a3052460.rlib" "/opt/rustwide/target/debug/deps/libbytes-e760d6ac9a2f6963.rlib" "/opt/rustwide/target/debug/deps/libwildmatch-3a83c56f688c2eaf.rlib" "/opt/rustwide/target/debug/deps/libregex-30b6c0f7a120891e.rlib" "/opt/rustwide/target/debug/deps/libaho_corasick-6fc38c3e1c0e1b2d.rlib" "/opt/rustwide/target/debug/deps/libmemchr-b18e4aa3c7a38625.rlib" "/opt/rustwide/target/debug/deps/libregex_syntax-04a1184ce9f52da7.rlib" "/opt/rustwide/target/debug/deps/libtracing-3453c205442cb16c.rlib" "/opt/rustwide/target/debug/deps/libpin_project_lite-e66e1bab7310d569.rlib" "/opt/rustwide/target/debug/deps/libtracing_core-259db95f475fb2a8.rlib" "/opt/rustwide/target/debug/deps/libonce_cell-7d2ec3fb6b6c5a4d.rlib" "/opt/rustwide/target/debug/deps/libindexmap-c010b37e289ad152.rlib" "/opt/rustwide/target/debug/deps/libhashbrown-f669da50cece7aa5.rlib" "/opt/rustwide/target/debug/deps/liburl-25a81f6654f7c1c7.rlib" "/opt/rustwide/target/debug/deps/libidna-b865ee86652f4dd4.rlib" "/opt/rustwide/target/debug/deps/libunicode_normalization-65834209e2c3efa0.rlib" "/opt/rustwide/target/debug/deps/libtinyvec-4aa74f8a972e3d9d.rlib" "/opt/rustwide/target/debug/deps/libtinyvec_macros-8eb663675e81bb18.rlib" "/opt/rustwide/target/debug/deps/libunicode_bidi-df88d89b87cd1c3f.rlib" "/opt/rustwide/target/debug/deps/libform_urlencoded-4406ed733a551179.rlib" "/opt/rustwide/target/debug/deps/libpercent_encoding-5b4f3c280783d946.rlib" "/opt/rustwide/target/debug/deps/libruma_identifiers_validation-9b00787bb5d5c20e.rlib" "/opt/rustwide/target/debug/deps/libserde_json-2296e4c16c3063d5.rlib" "/opt/rustwide/target/debug/deps/libryu-87a43729435ac998.rlib" "/opt/rustwide/target/debug/deps/libitoa-12e0c769e046c1b6.rlib" "/opt/rustwide/target/debug/deps/libjs_int-ee4d9b94996dc12d.rlib" "/opt/rustwide/target/debug/deps/libserde-76d0a86c2b5abfec.rlib" "/opt/rustwide/target/debug/deps/libqrcode-234f68654297cc0f.rlib" "/opt/rustwide/target/debug/deps/libimage-ca43e8720ba2e47d.rlib" "/opt/rustwide/target/debug/deps/libbytemuck-86ddde4110e746a7.rlib" "/opt/rustwide/target/debug/deps/libpng-ed9f4cabcf4f327f.rlib" "/opt/rustwide/target/debug/deps/libminiz_oxide-883cb810e070b535.rlib" "/opt/rustwide/target/debug/deps/libcrc32fast-104e9b895f0c2d44.rlib" "/opt/rustwide/target/debug/deps/libdeflate-8fb936c0b82cc287.rlib" "/opt/rustwide/target/debug/deps/libadler32-83111893a069e541.rlib" "/opt/rustwide/target/debug/deps/libbitflags-82cc2d155c6eb112.rlib" "/opt/rustwide/target/debug/deps/libnum_iter-8dbb15dbdfe8dde5.rlib" "/opt/rustwide/target/debug/deps/libscoped_threadpool-4f6c1420c01fda30.rlib" "/opt/rustwide/target/debug/deps/libnum_rational-b73d331b514e88fa.rlib" "/opt/rustwide/target/debug/deps/libnum_integer-7d6121c00680145f.rlib" "/opt/rustwide/target/debug/deps/libgif-a18efa9c08b73864.rlib" "/opt/rustwide/target/debug/deps/libcolor_quant-c4e6a74fd65e1c69.rlib" "/opt/rustwide/target/debug/deps/libnum_traits-b237925f6bfbb7f7.rlib" "/opt/rustwide/target/debug/deps/libtiff-5afa91123f1118a9.rlib" "/opt/rustwide/target/debug/deps/libweezl-b8d0d3d3ea86fdd3.rlib" "/opt/rustwide/target/debug/deps/libminiz_oxide-7a4f21ad0e0c31dd.rlib" "/opt/rustwide/target/debug/deps/libadler-478247d24f5486f3.rlib" "/opt/rustwide/target/debug/deps/libjpeg_decoder-a90da91646ca5c37.rlib" "/opt/rustwide/target/debug/deps/librayon-fcf44988f44e78e3.rlib" "/opt/rustwide/target/debug/deps/librayon_core-fa6b572babd43de7.rlib" "/opt/rustwide/target/debug/deps/libnum_cpus-955db27608b22469.rlib" "/opt/rustwide/target/debug/deps/liblibc-b7b14a0fe316ec96.rlib" "/opt/rustwide/target/debug/deps/libcrossbeam_deque-c88c73a8dbd1207f.rlib" "/opt/rustwide/target/debug/deps/libcrossbeam_epoch-ce14d878c6b46754.rlib" "/opt/rustwide/target/debug/deps/libmemoffset-cc94e166f136fd4e.rlib" "/opt/rustwide/target/debug/deps/libscopeguard-f471875f675163b5.rlib" "/opt/rustwide/target/debug/deps/libcrossbeam_channel-c7cc992b117444ea.rlib" "/opt/rustwide/target/debug/deps/libcrossbeam_utils-3546b3b1c787b86b.rlib" "/opt/rustwide/target/debug/deps/libcfg_if-e5e118dd7d121aaa.rlib" "/opt/rustwide/target/debug/deps/libeither-e407352f1a2e3c73.rlib" "/opt/rustwide/target/debug/deps/libchecked_int_cast-ee8aee7c2136c9ef.rlib" "/opt/rustwide/target/debug/deps/libbyteorder-f6bc7e7614c9a628.rlib" "/opt/rustwide/target/debug/deps/libthiserror-45da240c9c9265d7.rlib" "/opt/rustwide/rustup-home/toolchains/1.69.0-x86_64-unknown-linux-gnu/lib/rustlib/x86_64-unknown-linux-gnu/lib/libstd-89bc084783fdc439.rlib" "/opt/rustwide/rustup-home/toolchains/1.69.0-x86_64-unknown-linux-gnu/lib/rustlib/x86_64-unknown-linux-gnu/lib/libpanic_unwind-8bee4b287d4367c1.rlib" "/opt/rustwide/rustup-home/toolchains/1.69.0-x86_64-unknown-linux-gnu/lib/rustlib/x86_64-unknown-linux-gnu/lib/libobject-d61707aed80694c0.rlib" "/opt/rustwide/rustup-home/toolchains/1.69.0-x86_64-unknown-linux-gnu/lib/rustlib/x86_64-unknown-linux-gnu/lib/libmemchr-d85366256f22345b.rlib" "/opt/rustwide/rustup-home/toolchains/1.69.0-x86_64-unknown-linux-gnu/lib/rustlib/x86_64-unknown-linux-gnu/lib/libaddr2line-96069b86b8a8cae9.rlib" "/opt/rustwide/rustup-home/toolchains/1.69.0-x86_64-unknown-linux-gnu/lib/rustlib/x86_64-unknown-linux-gnu/lib/libgimli-d19d53abf68dfa6c.rlib" "/opt/rustwide/rustup-home/toolchains/1.69.0-x86_64-unknown-linux-gnu/lib/rustlib/x86_64-unknown-linux-gnu/lib/librustc_demangle-787cbccd19d64ac6.rlib" "/opt/rustwide/rustup-home/toolchains/1.69.0-x86_64-unknown-linux-gnu/lib/rustlib/x86_64-unknown-linux-gnu/lib/libstd_detect-b3837a36b830e0d0.rlib" "/opt/rustwide/rustup-home/toolchains/1.69.0-x86_64-unknown-linux-gnu/lib/rustlib/x86_64-unknown-linux-gnu/lib/libhashbrown-e3deb0e7e3f04966.rlib" "/opt/rustwide/rustup-home/toolchains/1.69.0-x86_64-unknown-linux-gnu/lib/rustlib/x86_64-unknown-linux-gnu/lib/libminiz_oxide-dabbb79c9815def4.rlib" "/opt/rustwide/rustup-home/toolchains/1.69.0-x86_64-unknown-linux-gnu/lib/rustlib/x86_64-unknown-linux-gnu/lib/libadler-305b01f34c9409f2.rlib" "/opt/rustwide/rustup-home/toolchains/1.69.0-x86_64-unknown-linux-gnu/lib/rustlib/x86_64-unknown-linux-gnu/lib/librustc_std_workspace_alloc-f833521df6074e73.rlib" "/opt/rustwide/rustup-home/toolchains/1.69.0-x86_64-unknown-linux-gnu/lib/rustlib/x86_64-unknown-linux-gnu/lib/libunwind-9ac333113350d171.rlib" "/opt/rustwide/rustup-home/toolchains/1.69.0-x86_64-unknown-linux-gnu/lib/rustlib/x86_64-unknown-linux-gnu/lib/libcfg_if-1c126114322d0eee.rlib" "/opt/rustwide/rustup-home/toolchains/1.69.0-x86_64-unknown-linux-gnu/lib/rustlib/x86_64-unknown-linux-gnu/lib/liblibc-bad9164fdeeecf92.rlib" "/opt/rustwide/rustup-home/toolchains/1.69.0-x86_64-unknown-linux-gnu/lib/rustlib/x86_64-unknown-linux-gnu/lib/liballoc-f9374b1e480fa681.rlib" "/opt/rustwide/rustup-home/toolchains/1.69.0-x86_64-unknown-linux-gnu/lib/rustlib/x86_64-unknown-linux-gnu/lib/librustc_std_workspace_core-207f06e41d9603af.rlib" "/opt/rustwide/rustup-home/toolchains/1.69.0-x86_64-unknown-linux-gnu/lib/rustlib/x86_64-unknown-linux-gnu/lib/libcore-7e2768e66e984e85.rlib" "/opt/rustwide/rustup-home/toolchains/1.69.0-x86_64-unknown-linux-gnu/lib/rustlib/x86_64-unknown-linux-gnu/lib/libcompiler_builtins-957b4aff41f8cd46.rlib" "-Wl,-Bdynamic" "-lgcc_s" "-lutil" "-lrt" "-lpthread" "-lm" "-ldl" "-lc" "-Wl,--eh-frame-hdr" "-Wl,-z,noexecstack" "-L" "/opt/rustwide/rustup-home/toolchains/1.69.0-x86_64-unknown-linux-gnu/lib/rustlib/x86_64-unknown-linux-gnu/lib" "-o" "/tmp/rustdoctestYsfBTn/rust_out" "-Wl,--gc-sections" "-pie" "-Wl,-z,relro,-z,now" "-nodefaultlibs"
[INFO] [stdout]   = note: collect2: fatal error: ld terminated with signal 9 [Killed]
[INFO] [stdout]           compilation terminated.
[INFO] [stdout]           
[INFO] [stdout] 
[INFO] [stdout] error: aborting due to previous error
[INFO] [stdout] 
[INFO] [stdout] Couldn't compile the test.
[INFO] [stdout] ---- src/types.rs - types::QrVerificationData::to_qr_code (line 96) stdout ----
[INFO] [stdout] error: linking with `cc` failed: exit status: 1
[INFO] [stdout]   |
[INFO] [stdout]   = note: LC_ALL="C" PATH="/opt/rustwide/rustup-home/toolchains/1.69.0-x86_64-unknown-linux-gnu/lib/rustlib/x86_64-unknown-linux-gnu/bin:/opt/rustwide/cargo-home/bin:/usr/local/sbin:/usr/local/bin:/usr/sbin:/usr/bin:/sbin:/bin" VSLANG="1033" "cc" "-m64" "/tmp/rustckqm3yT/symbols.o" "/tmp/rustdoctestiT3V7o/rust_out.rust_out.5bfee551-cgu.0.rcgu.o" "/tmp/rustdoctestiT3V7o/rust_out.j00p4ncf7xg64kg.rcgu.o" "-Wl,--as-needed" "-L" "/opt/rustwide/target/debug/deps" "-L" "/opt/rustwide/target/debug/deps" "-L" "/opt/rustwide/rustup-home/toolchains/1.69.0-x86_64-unknown-linux-gnu/lib/rustlib/x86_64-unknown-linux-gnu/lib" "-Wl,-Bstatic" "/opt/rustwide/target/debug/deps/libmatrix_sdk_qrcode-b52d54e14bdc47d2.rlib" "/opt/rustwide/target/debug/deps/libvodozemac-d3eb143e57b73d16.rlib" "/opt/rustwide/target/debug/deps/libcbc-ab27d8ebee79306f.rlib" "/opt/rustwide/target/debug/deps/libarrayvec-6469d58470790720.rlib" "/opt/rustwide/target/debug/deps/libprost-738215937aab5e0b.rlib" "/opt/rustwide/target/debug/deps/libed25519_dalek-9762f2164004d31a.rlib" "/opt/rustwide/target/debug/deps/libserde_bytes-aaa85f6186e30ec1.rlib" "/opt/rustwide/target/debug/deps/libsha2-c172a1fa3a31b7f8.rlib" "/opt/rustwide/target/debug/deps/libopaque_debug-502d41d476583e16.rlib" "/opt/rustwide/target/debug/deps/libblock_buffer-78be346201ee5550.rlib" "/opt/rustwide/target/debug/deps/libed25519-3f667e6cdadfa23c.rlib" "/opt/rustwide/target/debug/deps/libsignature-17d59ebc5e76f7ba.rlib" "/opt/rustwide/target/debug/deps/libx25519_dalek-999ef37917a69e71.rlib" "/opt/rustwide/target/debug/deps/libcurve25519_dalek-8301c28022e7a20a.rlib" "/opt/rustwide/target/debug/deps/libdigest-e8ff3cc3ab9ac81c.rlib" "/opt/rustwide/target/debug/deps/librand-8c98783ba26a56ac.rlib" "/opt/rustwide/target/debug/deps/librand_chacha-f8978eb451f5b27b.rlib" "/opt/rustwide/target/debug/deps/libppv_lite86-c3ad053967cc551c.rlib" "/opt/rustwide/target/debug/deps/librand_core-e8ef07a2aa3fa59e.rlib" "/opt/rustwide/target/debug/deps/libgetrandom-5fefae6858a7d4f7.rlib" "/opt/rustwide/target/debug/deps/libzeroize-91123fafaca9da03.rlib" "/opt/rustwide/target/debug/deps/libsha2-158ad7b1127a5ab6.rlib" "/opt/rustwide/target/debug/deps/libhkdf-9a7b7df056da32f4.rlib" "/opt/rustwide/target/debug/deps/libhmac-c2d038032d9dee1a.rlib" "/opt/rustwide/target/debug/deps/libdigest-9a05fa159308fc74.rlib" "/opt/rustwide/target/debug/deps/libsubtle-acfc1aa2d8135271.rlib" "/opt/rustwide/target/debug/deps/libblock_buffer-0933e09cece281a1.rlib" "/opt/rustwide/target/debug/deps/libaes-54f259e57ca7dc24.rlib" "/opt/rustwide/target/debug/deps/libcpufeatures-e143b41ca3b14af5.rlib" "/opt/rustwide/target/debug/deps/libcipher-2bb7e420ffb2a929.rlib" "/opt/rustwide/target/debug/deps/libinout-de5d9769e96a83c9.rlib" "/opt/rustwide/target/debug/deps/libblock_padding-4385271a402b58e0.rlib" "/opt/rustwide/target/debug/deps/libcrypto_common-5a97f1b230e1e099.rlib" "/opt/rustwide/target/debug/deps/libgeneric_array-f03e3e3fb3ca464f.rlib" "/opt/rustwide/target/debug/deps/libtypenum-d40a559dcc4c7492.rlib" "/opt/rustwide/target/debug/deps/libruma_common-0207e7ecdbc2bd0b.rlib" "/opt/rustwide/target/debug/deps/libbase64-58bd2041a3052460.rlib" "/opt/rustwide/target/debug/deps/libbytes-e760d6ac9a2f6963.rlib" "/opt/rustwide/target/debug/deps/libwildmatch-3a83c56f688c2eaf.rlib" "/opt/rustwide/target/debug/deps/libregex-30b6c0f7a120891e.rlib" "/opt/rustwide/target/debug/deps/libaho_corasick-6fc38c3e1c0e1b2d.rlib" "/opt/rustwide/target/debug/deps/libmemchr-b18e4aa3c7a38625.rlib" "/opt/rustwide/target/debug/deps/libregex_syntax-04a1184ce9f52da7.rlib" "/opt/rustwide/target/debug/deps/libtracing-3453c205442cb16c.rlib" "/opt/rustwide/target/debug/deps/libpin_project_lite-e66e1bab7310d569.rlib" "/opt/rustwide/target/debug/deps/libtracing_core-259db95f475fb2a8.rlib" "/opt/rustwide/target/debug/deps/libonce_cell-7d2ec3fb6b6c5a4d.rlib" "/opt/rustwide/target/debug/deps/libindexmap-c010b37e289ad152.rlib" "/opt/rustwide/target/debug/deps/libhashbrown-f669da50cece7aa5.rlib" "/opt/rustwide/target/debug/deps/liburl-25a81f6654f7c1c7.rlib" "/opt/rustwide/target/debug/deps/libidna-b865ee86652f4dd4.rlib" "/opt/rustwide/target/debug/deps/libunicode_normalization-65834209e2c3efa0.rlib" "/opt/rustwide/target/debug/deps/libtinyvec-4aa74f8a972e3d9d.rlib" "/opt/rustwide/target/debug/deps/libtinyvec_macros-8eb663675e81bb18.rlib" "/opt/rustwide/target/debug/deps/libunicode_bidi-df88d89b87cd1c3f.rlib" "/opt/rustwide/target/debug/deps/libform_urlencoded-4406ed733a551179.rlib" "/opt/rustwide/target/debug/deps/libpercent_encoding-5b4f3c280783d946.rlib" "/opt/rustwide/target/debug/deps/libruma_identifiers_validation-9b00787bb5d5c20e.rlib" "/opt/rustwide/target/debug/deps/libserde_json-2296e4c16c3063d5.rlib" "/opt/rustwide/target/debug/deps/libryu-87a43729435ac998.rlib" "/opt/rustwide/target/debug/deps/libitoa-12e0c769e046c1b6.rlib" "/opt/rustwide/target/debug/deps/libjs_int-ee4d9b94996dc12d.rlib" "/opt/rustwide/target/debug/deps/libserde-76d0a86c2b5abfec.rlib" "/opt/rustwide/target/debug/deps/libqrcode-234f68654297cc0f.rlib" "/opt/rustwide/target/debug/deps/libimage-ca43e8720ba2e47d.rlib" "/opt/rustwide/target/debug/deps/libbytemuck-86ddde4110e746a7.rlib" "/opt/rustwide/target/debug/deps/libpng-ed9f4cabcf4f327f.rlib" "/opt/rustwide/target/debug/deps/libminiz_oxide-883cb810e070b535.rlib" "/opt/rustwide/target/debug/deps/libcrc32fast-104e9b895f0c2d44.rlib" "/opt/rustwide/target/debug/deps/libdeflate-8fb936c0b82cc287.rlib" "/opt/rustwide/target/debug/deps/libadler32-83111893a069e541.rlib" "/opt/rustwide/target/debug/deps/libbitflags-82cc2d155c6eb112.rlib" "/opt/rustwide/target/debug/deps/libnum_iter-8dbb15dbdfe8dde5.rlib" "/opt/rustwide/target/debug/deps/libscoped_threadpool-4f6c1420c01fda30.rlib" "/opt/rustwide/target/debug/deps/libnum_rational-b73d331b514e88fa.rlib" "/opt/rustwide/target/debug/deps/libnum_integer-7d6121c00680145f.rlib" "/opt/rustwide/target/debug/deps/libgif-a18efa9c08b73864.rlib" "/opt/rustwide/target/debug/deps/libcolor_quant-c4e6a74fd65e1c69.rlib" "/opt/rustwide/target/debug/deps/libnum_traits-b237925f6bfbb7f7.rlib" "/opt/rustwide/target/debug/deps/libtiff-5afa91123f1118a9.rlib" "/opt/rustwide/target/debug/deps/libweezl-b8d0d3d3ea86fdd3.rlib" "/opt/rustwide/target/debug/deps/libminiz_oxide-7a4f21ad0e0c31dd.rlib" "/opt/rustwide/target/debug/deps/libadler-478247d24f5486f3.rlib" "/opt/rustwide/target/debug/deps/libjpeg_decoder-a90da91646ca5c37.rlib" "/opt/rustwide/target/debug/deps/librayon-fcf44988f44e78e3.rlib" "/opt/rustwide/target/debug/deps/librayon_core-fa6b572babd43de7.rlib" "/opt/rustwide/target/debug/deps/libnum_cpus-955db27608b22469.rlib" "/opt/rustwide/target/debug/deps/liblibc-b7b14a0fe316ec96.rlib" "/opt/rustwide/target/debug/deps/libcrossbeam_deque-c88c73a8dbd1207f.rlib" "/opt/rustwide/target/debug/deps/libcrossbeam_epoch-ce14d878c6b46754.rlib" "/opt/rustwide/target/debug/deps/libmemoffset-cc94e166f136fd4e.rlib" "/opt/rustwide/target/debug/deps/libscopeguard-f471875f675163b5.rlib" "/opt/rustwide/target/debug/deps/libcrossbeam_channel-c7cc992b117444ea.rlib" "/opt/rustwide/target/debug/deps/libcrossbeam_utils-3546b3b1c787b86b.rlib" "/opt/rustwide/target/debug/deps/libcfg_if-e5e118dd7d121aaa.rlib" "/opt/rustwide/target/debug/deps/libeither-e407352f1a2e3c73.rlib" "/opt/rustwide/target/debug/deps/libchecked_int_cast-ee8aee7c2136c9ef.rlib" "/opt/rustwide/target/debug/deps/libbyteorder-f6bc7e7614c9a628.rlib" "/opt/rustwide/target/debug/deps/libthiserror-45da240c9c9265d7.rlib" "/opt/rustwide/rustup-home/toolchains/1.69.0-x86_64-unknown-linux-gnu/lib/rustlib/x86_64-unknown-linux-gnu/lib/libstd-89bc084783fdc439.rlib" "/opt/rustwide/rustup-home/toolchains/1.69.0-x86_64-unknown-linux-gnu/lib/rustlib/x86_64-unknown-linux-gnu/lib/libpanic_unwind-8bee4b287d4367c1.rlib" "/opt/rustwide/rustup-home/toolchains/1.69.0-x86_64-unknown-linux-gnu/lib/rustlib/x86_64-unknown-linux-gnu/lib/libobject-d61707aed80694c0.rlib" "/opt/rustwide/rustup-home/toolchains/1.69.0-x86_64-unknown-linux-gnu/lib/rustlib/x86_64-unknown-linux-gnu/lib/libmemchr-d85366256f22345b.rlib" "/opt/rustwide/rustup-home/toolchains/1.69.0-x86_64-unknown-linux-gnu/lib/rustlib/x86_64-unknown-linux-gnu/lib/libaddr2line-96069b86b8a8cae9.rlib" "/opt/rustwide/rustup-home/toolchains/1.69.0-x86_64-unknown-linux-gnu/lib/rustlib/x86_64-unknown-linux-gnu/lib/libgimli-d19d53abf68dfa6c.rlib" "/opt/rustwide/rustup-home/toolchains/1.69.0-x86_64-unknown-linux-gnu/lib/rustlib/x86_64-unknown-linux-gnu/lib/librustc_demangle-787cbccd19d64ac6.rlib" "/opt/rustwide/rustup-home/toolchains/1.69.0-x86_64-unknown-linux-gnu/lib/rustlib/x86_64-unknown-linux-gnu/lib/libstd_detect-b3837a36b830e0d0.rlib" "/opt/rustwide/rustup-home/toolchains/1.69.0-x86_64-unknown-linux-gnu/lib/rustlib/x86_64-unknown-linux-gnu/lib/libhashbrown-e3deb0e7e3f04966.rlib" "/opt/rustwide/rustup-home/toolchains/1.69.0-x86_64-unknown-linux-gnu/lib/rustlib/x86_64-unknown-linux-gnu/lib/libminiz_oxide-dabbb79c9815def4.rlib" "/opt/rustwide/rustup-home/toolchains/1.69.0-x86_64-unknown-linux-gnu/lib/rustlib/x86_64-unknown-linux-gnu/lib/libadler-305b01f34c9409f2.rlib" "/opt/rustwide/rustup-home/toolchains/1.69.0-x86_64-unknown-linux-gnu/lib/rustlib/x86_64-unknown-linux-gnu/lib/librustc_std_workspace_alloc-f833521df6074e73.rlib" "/opt/rustwide/rustup-home/toolchains/1.69.0-x86_64-unknown-linux-gnu/lib/rustlib/x86_64-unknown-linux-gnu/lib/libunwind-9ac333113350d171.rlib" "/opt/rustwide/rustup-home/toolchains/1.69.0-x86_64-unknown-linux-gnu/lib/rustlib/x86_64-unknown-linux-gnu/lib/libcfg_if-1c126114322d0eee.rlib" "/opt/rustwide/rustup-home/toolchains/1.69.0-x86_64-unknown-linux-gnu/lib/rustlib/x86_64-unknown-linux-gnu/lib/liblibc-bad9164fdeeecf92.rlib" "/opt/rustwide/rustup-home/toolchains/1.69.0-x86_64-unknown-linux-gnu/lib/rustlib/x86_64-unknown-linux-gnu/lib/liballoc-f9374b1e480fa681.rlib" "/opt/rustwide/rustup-home/toolchains/1.69.0-x86_64-unknown-linux-gnu/lib/rustlib/x86_64-unknown-linux-gnu/lib/librustc_std_workspace_core-207f06e41d9603af.rlib" "/opt/rustwide/rustup-home/toolchains/1.69.0-x86_64-unknown-linux-gnu/lib/rustlib/x86_64-unknown-linux-gnu/lib/libcore-7e2768e66e984e85.rlib" "/opt/rustwide/rustup-home/toolchains/1.69.0-x86_64-unknown-linux-gnu/lib/rustlib/x86_64-unknown-linux-gnu/lib/libcompiler_builtins-957b4aff41f8cd46.rlib" "-Wl,-Bdynamic" "-lgcc_s" "-lutil" "-lrt" "-lpthread" "-lm" "-ldl" "-lc" "-Wl,--eh-frame-hdr" "-Wl,-z,noexecstack" "-L" "/opt/rustwide/rustup-home/toolchains/1.69.0-x86_64-unknown-linux-gnu/lib/rustlib/x86_64-unknown-linux-gnu/lib" "-o" "/tmp/rustdoctestiT3V7o/rust_out" "-Wl,--gc-sections" "-pie" "-Wl,-z,relro,-z,now" "-nodefaultlibs"
[INFO] [stdout]   = note: collect2: fatal error: ld terminated with signal 9 [Killed]
[INFO] [stdout]           compilation terminated.
[INFO] [stdout]           
[INFO] [stdout] 
[INFO] [stdout] error: aborting due to previous error
[INFO] [stdout] 
[INFO] [stdout] Couldn't compile the test.
[INFO] [stdout] 
[INFO] [stdout] failures:
[INFO] [stdout]     src/types.rs - types::QrVerificationData::from_bytes (line 68)
[INFO] [stdout]     src/types.rs - types::QrVerificationData::to_qr_code (line 96)
[INFO] [stdout] 
[INFO] [stdout] test result: FAILED. 5 passed; 2 failed; 0 ignored; 0 measured; 0 filtered out; finished in 5.04s
[INFO] [stdout] 
[INFO] [stderr] error: doctest failed, to rerun pass `--doc`
[INFO] running `Command { std: "docker" "inspect" "3169ece2fb8a6ddc616effd088bb70fa3a78892fbd65fb27294cf3abf2fecdb8", kill_on_drop: false }`
[INFO] running `Command { std: "docker" "rm" "-f" "3169ece2fb8a6ddc616effd088bb70fa3a78892fbd65fb27294cf3abf2fecdb8", kill_on_drop: false }`
[INFO] [stdout] 3169ece2fb8a6ddc616effd088bb70fa3a78892fbd65fb27294cf3abf2fecdb8
