[INFO] fetching crate matchbox_socket_nostr 0.6.2...
[INFO] testing matchbox_socket_nostr-0.6.2 against 1.69.0 for beta-1.70-1
[INFO] extracting crate matchbox_socket_nostr 0.6.2 into /workspace/builds/worker-1-tc1/source
[INFO] validating manifest of crates.io crate matchbox_socket_nostr 0.6.2 on toolchain 1.69.0
[INFO] running `Command { std: CARGO_HOME="/workspace/cargo-home" RUSTUP_HOME="/workspace/rustup-home" "/workspace/cargo-home/bin/cargo" "+1.69.0" "metadata" "--manifest-path" "Cargo.toml" "--no-deps", kill_on_drop: false }`
[INFO] started tweaking crates.io crate matchbox_socket_nostr 0.6.2
[INFO] finished tweaking crates.io crate matchbox_socket_nostr 0.6.2
[INFO] tweaked toml for crates.io crate matchbox_socket_nostr 0.6.2 written to /workspace/builds/worker-1-tc1/source/Cargo.toml
[INFO] running `Command { std: CARGO_HOME="/workspace/cargo-home" RUSTUP_HOME="/workspace/rustup-home" __CARGO_TEST_CHANNEL_OVERRIDE_DO_NOT_USE_THIS="nightly" "/workspace/cargo-home/bin/cargo" "+1.69.0" "generate-lockfile" "--manifest-path" "Cargo.toml" "-Zno-index-update", kill_on_drop: false }`
[INFO] running `Command { std: CARGO_HOME="/workspace/cargo-home" RUSTUP_HOME="/workspace/rustup-home" "/workspace/cargo-home/bin/cargo" "+1.69.0" "fetch" "--manifest-path" "Cargo.toml", kill_on_drop: false }`
[INFO] [stderr]     Blocking waiting for file lock on package cache
[INFO] [stderr]  Downloading crates ...
[INFO] [stderr]   Downloaded bitcoin_hashes v0.12.0
[INFO] [stderr]   Downloaded varinteger v1.0.6
[INFO] [stderr]   Downloaded bitfield-rle v0.2.0
[INFO] [stderr]   Downloaded bitcoin-private v0.1.0
[INFO] [stderr]   Downloaded ggrs v0.9.4
[INFO] [stderr]   Downloaded async-compat v0.2.1
[INFO] [stderr]   Downloaded futures-test v0.3.28
[INFO] [stderr]   Downloaded hex_lit v0.1.1
[INFO] [stderr]   Downloaded serde-wasm-bindgen v0.5.0
[INFO] [stderr]   Downloaded x25519-dalek v2.0.0-rc.2
[INFO] [stderr]   Downloaded secp256k1 v0.27.0
[INFO] [stderr]   Downloaded webrtc v0.7.2
[INFO] [stderr]   Downloaded async-tls v0.12.0
[INFO] [stderr]   Downloaded async-tungstenite v0.20.0
[INFO] [stderr]   Downloaded send_wrapper v0.4.0
[INFO] [stderr]   Downloaded webrtc-dtls v0.7.2
[INFO] [stderr]   Downloaded webrtc-sctp v0.8.0
[INFO] [stderr]   Downloaded nostr v0.21.0
[INFO] [stderr]   Downloaded curve25519-dalek v4.0.0-rc.2
[INFO] [stderr]   Downloaded webrtc-data v0.7.0
[INFO] [stderr]   Downloaded bitcoin v0.30.0
[INFO] running `Command { std: "docker" "create" "-v" "/var/lib/crater-agent-workspace/builds/worker-1-tc1/target:/opt/rustwide/target:rw,Z" "-v" "/var/lib/crater-agent-workspace/builds/worker-1-tc1/source:/opt/rustwide/workdir:ro,Z" "-v" "/var/lib/crater-agent-workspace/cargo-home:/opt/rustwide/cargo-home:ro,Z" "-v" "/var/lib/crater-agent-workspace/rustup-home:/opt/rustwide/rustup-home:ro,Z" "-e" "SOURCE_DIR=/opt/rustwide/workdir" "-e" "CARGO_TARGET_DIR=/opt/rustwide/target" "-e" "CARGO_HOME=/opt/rustwide/cargo-home" "-e" "RUSTUP_HOME=/opt/rustwide/rustup-home" "-w" "/opt/rustwide/workdir" "-m" "1610612736" "--user" "0:0" "--network" "none" "ghcr.io/rust-lang/crates-build-env/linux@sha256:97d61d7686bf65f8ecb15491ab51835e82dc9176a96a831f143a431b191fc501" "/opt/rustwide/cargo-home/bin/cargo" "+1.69.0" "metadata" "--no-deps" "--format-version=1", kill_on_drop: false }`
[INFO] [stdout] 914fd79eb79458fc4375f59dfa63434fd780c354f135c15d38b32c284625d50c
[INFO] running `Command { std: "docker" "start" "-a" "914fd79eb79458fc4375f59dfa63434fd780c354f135c15d38b32c284625d50c", kill_on_drop: false }`
[INFO] running `Command { std: "docker" "inspect" "914fd79eb79458fc4375f59dfa63434fd780c354f135c15d38b32c284625d50c", kill_on_drop: false }`
[INFO] running `Command { std: "docker" "rm" "-f" "914fd79eb79458fc4375f59dfa63434fd780c354f135c15d38b32c284625d50c", kill_on_drop: false }`
[INFO] [stdout] 914fd79eb79458fc4375f59dfa63434fd780c354f135c15d38b32c284625d50c
[INFO] running `Command { std: "docker" "create" "-v" "/var/lib/crater-agent-workspace/builds/worker-1-tc1/target:/opt/rustwide/target:rw,Z" "-v" "/var/lib/crater-agent-workspace/builds/worker-1-tc1/source:/opt/rustwide/workdir:ro,Z" "-v" "/var/lib/crater-agent-workspace/cargo-home:/opt/rustwide/cargo-home:ro,Z" "-v" "/var/lib/crater-agent-workspace/rustup-home:/opt/rustwide/rustup-home:ro,Z" "-e" "SOURCE_DIR=/opt/rustwide/workdir" "-e" "CARGO_TARGET_DIR=/opt/rustwide/target" "-e" "CARGO_INCREMENTAL=0" "-e" "RUST_BACKTRACE=full" "-e" "RUSTFLAGS=--cap-lints=warn" "-e" "RUSTDOCFLAGS=--cap-lints=warn" "-e" "CARGO_HOME=/opt/rustwide/cargo-home" "-e" "RUSTUP_HOME=/opt/rustwide/rustup-home" "-w" "/opt/rustwide/workdir" "-m" "1610612736" "--user" "0:0" "--network" "none" "ghcr.io/rust-lang/crates-build-env/linux@sha256:97d61d7686bf65f8ecb15491ab51835e82dc9176a96a831f143a431b191fc501" "/opt/rustwide/cargo-home/bin/cargo" "+1.69.0" "build" "--frozen" "--message-format=json", kill_on_drop: false }`
[INFO] [stdout] 0434bc15215c043dc062c4fe1eb634b3de3121685eebae9efc1f2822d9e3188e
[INFO] running `Command { std: "docker" "start" "-a" "0434bc15215c043dc062c4fe1eb634b3de3121685eebae9efc1f2822d9e3188e", kill_on_drop: false }`
[INFO] [stderr]    Compiling log v0.4.17
[INFO] [stderr]    Compiling subtle v2.4.1
[INFO] [stderr]    Compiling value-bag v1.0.0-alpha.9
[INFO] [stderr]    Compiling tokio v1.28.0
[INFO] [stderr]    Compiling serde v1.0.160
[INFO] [stderr]    Compiling ring v0.16.20
[INFO] [stderr]    Compiling syn v2.0.15
[INFO] [stderr]    Compiling syn v1.0.109
[INFO] [stderr]    Compiling getrandom v0.2.9
[INFO] [stderr]    Compiling socket2 v0.4.9
[INFO] [stderr]    Compiling parking_lot_core v0.9.7
[INFO] [stderr]    Compiling num_cpus v1.15.0
[INFO] [stderr]    Compiling signal-hook-registry v1.4.1
[INFO] [stderr]    Compiling spin v0.5.2
[INFO] [stderr]    Compiling untrusted v0.7.1
[INFO] [stderr]    Compiling cpufeatures v0.2.7
[INFO] [stderr]    Compiling ipnet v2.7.2
[INFO] [stderr]    Compiling num-traits v0.2.15
[INFO] [stderr]    Compiling rand_core v0.6.4
[INFO] [stderr]    Compiling webrtc-util v0.7.0
[INFO] [stderr]    Compiling parking_lot v0.12.1
[INFO] [stderr]    Compiling nix v0.24.3
[INFO] [stderr]    Compiling opaque-debug v0.3.0
[INFO] [stderr]    Compiling crypto-common v0.1.6
[INFO] [stderr]    Compiling rand_chacha v0.3.1
[INFO] [stderr]    Compiling futures-util v0.3.28
[INFO] [stderr]    Compiling time-core v0.1.0
[INFO] [stderr]    Compiling digest v0.10.6
[INFO] [stderr]    Compiling nom v7.1.3
[INFO] [stderr]    Compiling base64ct v1.6.0
[INFO] [stderr]    Compiling const-oid v0.9.2
[INFO] [stderr]    Compiling time-macros v0.2.8
[INFO] [stderr]    Compiling rand v0.8.5
[INFO] [stderr]    Compiling block-padding v0.3.3
[INFO] [stderr]    Compiling num-bigint v0.4.3
[INFO] [stderr]    Compiling hmac v0.12.1
[INFO] [stderr]    Compiling pem-rfc7468 v0.6.0
[INFO] [stderr]    Compiling inout v0.1.3
[INFO] [stderr]    Compiling platforms v3.0.2
[INFO] [stderr]    Compiling rustls v0.20.8
[INFO] [stderr]    Compiling event-listener v2.5.3
[INFO] [stderr]    Compiling atomic-waker v1.1.1
[INFO] [stderr]    Compiling byteorder v1.4.3
[INFO] [stderr]    Compiling cipher v0.4.4
[INFO] [stderr]    Compiling concurrent-queue v2.2.0
[INFO] [stderr]    Compiling ff v0.12.1
[INFO] [stderr]    Compiling digest v0.9.0
[INFO] [stderr]    Compiling tracing-core v0.1.30
[INFO] [stderr]    Compiling crc-catalog v2.2.0
[INFO] [stderr]    Compiling parking v2.1.0
[INFO] [stderr]    Compiling fastrand v1.9.0
[INFO] [stderr]    Compiling base16ct v0.1.1
[INFO] [stderr]    Compiling waker-fn v1.1.0
[INFO] [stderr]    Compiling io-lifetimes v1.0.10
[INFO] [stderr]    Compiling crc v3.0.1
[INFO] [stderr]    Compiling group v0.12.1
[INFO] [stderr]    Compiling async-lock v2.7.0
[INFO] [stderr]    Compiling futures-lite v1.13.0
[INFO] [stderr]    Compiling hkdf v0.12.3
[INFO] [stderr]    Compiling universal-hash v0.4.1
[INFO] [stderr]    Compiling num-integer v0.1.45
[INFO] [stderr]    Compiling tracing v0.1.37
[INFO] [stderr]    Compiling cipher v0.2.5
[INFO] [stderr]    Compiling cipher v0.3.0
[INFO] [stderr]    Compiling polling v2.8.0
[INFO] [stderr]    Compiling rustix v0.37.18
[INFO] [stderr]    Compiling getrandom v0.1.16
[INFO] [stderr]    Compiling oid-registry v0.6.1
[INFO] [stderr]    Compiling serde_json v1.0.96
[INFO] [stderr]    Compiling bitcoin-private v0.1.0
[INFO] [stderr]    Compiling curve25519-dalek v4.0.0-rc.2
[INFO] [stderr]    Compiling polyval v0.5.3
[INFO] [stderr]    Compiling signature v1.6.4
[INFO] [stderr]    Compiling time v0.3.20
[INFO] [stderr]    Compiling universal-hash v0.5.0
[INFO] [stderr]    Compiling secp256k1-sys v0.8.1
[INFO] [stderr]    Compiling rusticata-macros v4.1.0
[INFO] [stderr]    Compiling async-io v1.13.0
[INFO] [stderr]    Compiling async-task v4.4.0
[INFO] [stderr]    Compiling oid-registry v0.4.0
[INFO] [stderr]    Compiling linux-raw-sys v0.3.6
[INFO] [stderr]    Compiling data-encoding v2.3.3
[INFO] [stderr]    Compiling rustls-pemfile v1.0.2
[INFO] [stderr]    Compiling polyval v0.6.0
[INFO] [stderr]    Compiling ghash v0.4.4
[INFO] [stderr]    Compiling aes v0.7.5
[INFO] [stderr]    Compiling ctr v0.8.0
[INFO] [stderr]    Compiling async-channel v1.8.0
[INFO] [stderr]    Compiling aes v0.8.2
[INFO] [stderr]    Compiling md-5 v0.10.5
[INFO] [stderr]    Compiling sha1 v0.10.5
[INFO] [stderr]    Compiling sha2 v0.10.6
[INFO] [stderr]    Compiling aead v0.4.3
[INFO] [stderr]    Compiling synstructure v0.12.6
[INFO] [stderr]    Compiling darling_core v0.14.4
[INFO] [stderr]    Compiling crypto-mac v0.11.1
[INFO] [stderr]    Compiling block-buffer v0.9.0
[INFO] [stderr]    Compiling webpki v0.22.0
[INFO] [stderr]    Compiling sct v0.7.0
[INFO] [stderr]    Compiling substring v1.4.5
[INFO] [stderr]    Compiling arc-swap v1.6.0
[INFO] [stderr]    Compiling hex_lit v0.1.1
[INFO] [stderr]    Compiling webpki-roots v0.22.6
[INFO] [stderr]    Compiling yasna v0.5.2
[INFO] [stderr]    Compiling sha-1 v0.9.8
[INFO] [stderr]    Compiling webpki v0.21.4
[INFO] [stderr]    Compiling sct v0.6.1
[INFO] [stderr]    Compiling hmac v0.11.0
[INFO] [stderr]    Compiling aes-gcm v0.9.4
[INFO] [stderr]    Compiling rand_core v0.5.1
[INFO] [stderr]    Compiling async-executor v1.5.1
[INFO] [stderr]    Compiling ghash v0.5.0
[INFO] [stderr]    Compiling aes-soft v0.6.4
[INFO] [stderr]    Compiling ctr v0.9.2
[INFO] [stderr]    Compiling waitgroup v0.1.2
[INFO] [stderr]    Compiling pem v1.1.1
[INFO] [stderr]    Compiling aead v0.5.2
[INFO] [stderr]    Compiling aead v0.3.2
[INFO] [stderr]    Compiling block-padding v0.2.1
[INFO] [stderr]    Compiling bitcoin v0.30.0
[INFO] [stderr]    Compiling ccm v0.3.0
[INFO] [stderr]    Compiling aes-gcm v0.10.1
[INFO] [stderr]    Compiling block-modes v0.7.0
[INFO] [stderr]    Compiling aes v0.6.0
[INFO] [stderr]    Compiling uuid v1.3.2
[INFO] [stderr]    Compiling encoding_rs v0.8.32
[INFO] [stderr]    Compiling bech32 v0.9.1
[INFO] [stderr]    Compiling bitcoin_hashes v0.11.0
[INFO] [stderr]    Compiling cbc v0.1.2
[INFO] [stderr]    Compiling convert_case v0.4.0
[INFO] [stderr]    Compiling hex v0.4.3
[INFO] [stderr]    Compiling futures-timer v3.0.2
[INFO] [stderr]    Compiling thiserror-impl v1.0.40
[INFO] [stderr]    Compiling tokio-macros v2.1.0
[INFO] [stderr]    Compiling serde_derive v1.0.160
[INFO] [stderr]    Compiling zeroize_derive v1.4.2
[INFO] [stderr]    Compiling async-trait v0.1.68
[INFO] [stderr]    Compiling futures-macro v0.3.28
[INFO] [stderr]    Compiling ctor v0.1.26
[INFO] [stderr]    Compiling displaydoc v0.2.3
[INFO] [stderr]    Compiling asn1-rs-impl v0.1.0
[INFO] [stderr]    Compiling asn1-rs-derive v0.4.0
[INFO] [stderr]    Compiling darling_macro v0.14.4
[INFO] [stderr]    Compiling asn1-rs-derive v0.1.0
[INFO] [stderr]    Compiling derive_more v0.99.17
[INFO] [stderr]    Compiling darling v0.14.4
[INFO] [stderr]    Compiling derive_builder_core v0.11.2
[INFO] [stderr]    Compiling zeroize v1.6.0
[INFO] [stderr]    Compiling der v0.6.1
[INFO] [stderr]    Compiling crypto-bigint v0.4.9
[INFO] [stderr]    Compiling curve25519-dalek v3.2.0
[INFO] [stderr]    Compiling mio v0.8.6
[INFO] [stderr]    Compiling want v0.3.0
[INFO] [stderr]    Compiling blocking v1.3.1
[INFO] [stderr]    Compiling kv-log-macro v1.0.7
[INFO] [stderr]    Compiling thiserror v1.0.40
[INFO] [stderr]    Compiling asn1-rs v0.5.2
[INFO] [stderr]    Compiling asn1-rs v0.3.1
[INFO] [stderr]    Compiling rustls v0.19.1
[INFO] [stderr]    Compiling spki v0.6.0
[INFO] [stderr]    Compiling rfc6979 v0.3.1
[INFO] [stderr]    Compiling derive_builder_macro v0.11.2
[INFO] [stderr]    Compiling async-global-executor v2.3.1
[INFO] [stderr]    Compiling pkcs8 v0.9.0
[INFO] [stderr]    Compiling x25519-dalek v2.0.0-rc.2
[INFO] [stderr]    Compiling der-parser v7.0.0
[INFO] [stderr]    Compiling sec1 v0.3.0
[INFO] [stderr]    Compiling async-std v1.12.0
[INFO] [stderr]    Compiling der-parser v8.2.0
[INFO] [stderr]    Compiling elliptic-curve v0.12.3
[INFO] [stderr]    Compiling x509-parser v0.13.2
[INFO] [stderr]    Compiling derive_builder v0.11.2
[INFO] [stderr]    Compiling async-tls v0.12.0
[INFO] [stderr]    Compiling ecdsa v0.14.8
[INFO] [stderr]    Compiling x509-parser v0.14.0
[INFO] [stderr]    Compiling p256 v0.11.1
[INFO] [stderr]    Compiling p384 v0.11.2
[INFO] [stderr]    Compiling futures-executor v0.3.28
[INFO] [stderr]    Compiling futures v0.3.28
[INFO] [stderr]    Compiling rcgen v0.10.0
[INFO] [stderr]    Compiling tokio-util v0.7.8
[INFO] [stderr]    Compiling tokio-rustls v0.23.4
[INFO] [stderr]    Compiling tokio-socks v0.5.1
[INFO] [stderr]    Compiling async-compat v0.2.1
[INFO] [stderr]    Compiling h2 v0.3.18
[INFO] [stderr]    Compiling url v2.3.1
[INFO] [stderr]    Compiling bitcoin_hashes v0.12.0
[INFO] [stderr]    Compiling serde_urlencoded v0.7.1
[INFO] [stderr]    Compiling bincode v1.3.3
[INFO] [stderr]    Compiling bip39 v2.0.0
[INFO] [stderr]    Compiling rtp v0.6.8
[INFO] [stderr]    Compiling rtcp v0.7.2
[INFO] [stderr]    Compiling webrtc-mdns v0.5.2
[INFO] [stderr]    Compiling webrtc-sctp v0.8.0
[INFO] [stderr]    Compiling webrtc-dtls v0.7.2
[INFO] [stderr]    Compiling stun v0.4.4
[INFO] [stderr]    Compiling sdp v0.5.3
[INFO] [stderr]    Compiling tungstenite v0.18.0
[INFO] [stderr]    Compiling webrtc-media v0.5.1
[INFO] [stderr]    Compiling webrtc-srtp v0.9.1
[INFO] [stderr]    Compiling secp256k1 v0.27.0
[INFO] [stderr]    Compiling turn v0.6.1
[INFO] [stderr]    Compiling async-tungstenite v0.20.0
[INFO] [stderr]    Compiling interceptor v0.8.2
[INFO] [stderr]    Compiling hyper v0.14.26
[INFO] [stderr]    Compiling webrtc-data v0.7.0
[INFO] [stderr]    Compiling webrtc-ice v0.9.1
[INFO] [stderr]    Compiling hyper-rustls v0.23.2
[INFO] [stderr]    Compiling reqwest v0.11.17
[INFO] [stderr]    Compiling webrtc v0.7.2
[INFO] [stderr]    Compiling nostr v0.21.0
[INFO] [stderr]    Compiling matchbox_socket_nostr v0.6.2 (/opt/rustwide/workdir)
[INFO] [stdout] warning: missing documentation for a struct
[INFO] [stdout]  --> src/webrtc_socket/matchbox_protocol.rs:8:1
[INFO] [stdout]   |
[INFO] [stdout] 8 | pub struct PeerId(pub XOnlyPublicKey);
[INFO] [stdout]   | ^^^^^^^^^^^^^^^^^
[INFO] [stdout]   |
[INFO] [stdout] note: the lint level is defined here
[INFO] [stdout]  --> src/lib.rs:1:9
[INFO] [stdout]   |
[INFO] [stdout] 1 | #![warn(missing_docs)]
[INFO] [stdout]   |         ^^^^^^^^^^^^
[INFO] [stdout] 
[INFO] [stdout] 
[INFO] [stdout] warning: 1 warning emitted
[INFO] [stdout] 
[INFO] [stdout] 
[INFO] [stderr]     Finished dev [unoptimized + debuginfo] target(s) in 55.27s
[INFO] running `Command { std: "docker" "inspect" "0434bc15215c043dc062c4fe1eb634b3de3121685eebae9efc1f2822d9e3188e", kill_on_drop: false }`
[INFO] running `Command { std: "docker" "rm" "-f" "0434bc15215c043dc062c4fe1eb634b3de3121685eebae9efc1f2822d9e3188e", kill_on_drop: false }`
[INFO] [stdout] 0434bc15215c043dc062c4fe1eb634b3de3121685eebae9efc1f2822d9e3188e
[INFO] running `Command { std: "docker" "create" "-v" "/var/lib/crater-agent-workspace/builds/worker-1-tc1/target:/opt/rustwide/target:rw,Z" "-v" "/var/lib/crater-agent-workspace/builds/worker-1-tc1/source:/opt/rustwide/workdir:ro,Z" "-v" "/var/lib/crater-agent-workspace/cargo-home:/opt/rustwide/cargo-home:ro,Z" "-v" "/var/lib/crater-agent-workspace/rustup-home:/opt/rustwide/rustup-home:ro,Z" "-e" "SOURCE_DIR=/opt/rustwide/workdir" "-e" "CARGO_TARGET_DIR=/opt/rustwide/target" "-e" "CARGO_INCREMENTAL=0" "-e" "RUST_BACKTRACE=full" "-e" "RUSTFLAGS=--cap-lints=warn" "-e" "RUSTDOCFLAGS=--cap-lints=warn" "-e" "CARGO_HOME=/opt/rustwide/cargo-home" "-e" "RUSTUP_HOME=/opt/rustwide/rustup-home" "-w" "/opt/rustwide/workdir" "-m" "1610612736" "--user" "0:0" "--network" "none" "ghcr.io/rust-lang/crates-build-env/linux@sha256:97d61d7686bf65f8ecb15491ab51835e82dc9176a96a831f143a431b191fc501" "/opt/rustwide/cargo-home/bin/cargo" "+1.69.0" "test" "--frozen" "--no-run" "--message-format=json", kill_on_drop: false }`
[INFO] [stdout] c36100c215ee6dc8db701d2d3d61271dcec3a1d346d28c154e6b7ac1416f472d
[INFO] running `Command { std: "docker" "start" "-a" "c36100c215ee6dc8db701d2d3d61271dcec3a1d346d28c154e6b7ac1416f472d", kill_on_drop: false }`
[INFO] [stderr]    Compiling ctor v0.1.26
[INFO] [stderr]    Compiling synstructure v0.12.6
[INFO] [stderr]    Compiling displaydoc v0.2.3
[INFO] [stderr]    Compiling asn1-rs-impl v0.1.0
[INFO] [stderr]    Compiling darling_core v0.14.4
[INFO] [stderr]    Compiling derive_more v0.99.17
[INFO] [stderr]    Compiling futures-test v0.3.28
[INFO] [stderr]    Compiling asn1-rs-derive v0.4.0
[INFO] [stderr]    Compiling asn1-rs-derive v0.1.0
[INFO] [stderr]    Compiling value-bag v1.0.0-alpha.9
[INFO] [stderr]    Compiling log v0.4.17
[INFO] [stderr]    Compiling asn1-rs v0.3.1
[INFO] [stderr]    Compiling mio v0.8.6
[INFO] [stderr]    Compiling rustls v0.20.8
[INFO] [stderr]    Compiling want v0.3.0
[INFO] [stderr]    Compiling polling v2.8.0
[INFO] [stderr]    Compiling blocking v1.3.1
[INFO] [stderr]    Compiling rustls v0.19.1
[INFO] [stderr]    Compiling kv-log-macro v1.0.7
[INFO] [stderr]    Compiling tungstenite v0.18.0
[INFO] [stderr]    Compiling async-io v1.13.0
[INFO] [stderr]    Compiling tokio v1.28.0
[INFO] [stderr]    Compiling darling_macro v0.14.4
[INFO] [stderr]    Compiling asn1-rs v0.5.2
[INFO] [stderr]    Compiling async-global-executor v2.3.1
[INFO] [stderr]    Compiling async-std v1.12.0
[INFO] [stderr]    Compiling der-parser v7.0.0
[INFO] [stderr]    Compiling oid-registry v0.4.0
[INFO] [stderr]    Compiling darling v0.14.4
[INFO] [stderr]    Compiling derive_builder_core v0.11.2
[INFO] [stderr]    Compiling x509-parser v0.13.2
[INFO] [stderr]    Compiling oid-registry v0.6.1
[INFO] [stderr]    Compiling der-parser v8.2.0
[INFO] [stderr]    Compiling async-tls v0.12.0
[INFO] [stderr]    Compiling derive_builder_macro v0.11.2
[INFO] [stderr]    Compiling x509-parser v0.14.0
[INFO] [stderr]    Compiling async-tungstenite v0.20.0
[INFO] [stderr]    Compiling derive_builder v0.11.2
[INFO] [stderr]    Compiling rcgen v0.10.0
[INFO] [stderr]    Compiling webrtc-util v0.7.0
[INFO] [stderr]    Compiling tokio-util v0.7.8
[INFO] [stderr]    Compiling tokio-rustls v0.23.4
[INFO] [stderr]    Compiling tokio-socks v0.5.1
[INFO] [stderr]    Compiling async-compat v0.2.1
[INFO] [stderr]    Compiling h2 v0.3.18
[INFO] [stderr]    Compiling rtp v0.6.8
[INFO] [stderr]    Compiling rtcp v0.7.2
[INFO] [stderr]    Compiling stun v0.4.4
[INFO] [stderr]    Compiling webrtc-mdns v0.5.2
[INFO] [stderr]    Compiling webrtc-sctp v0.8.0
[INFO] [stderr]    Compiling webrtc-dtls v0.7.2
[INFO] [stderr]    Compiling turn v0.6.1
[INFO] [stderr]    Compiling webrtc-srtp v0.9.1
[INFO] [stderr]    Compiling webrtc-media v0.5.1
[INFO] [stderr]    Compiling interceptor v0.8.2
[INFO] [stderr]    Compiling webrtc-data v0.7.0
[INFO] [stderr]    Compiling webrtc-ice v0.9.1
[INFO] [stderr]    Compiling hyper v0.14.26
[INFO] [stderr]    Compiling hyper-rustls v0.23.2
[INFO] [stderr]    Compiling reqwest v0.11.17
[INFO] [stderr]    Compiling webrtc v0.7.2
[INFO] [stderr]    Compiling nostr v0.21.0
[INFO] [stderr]    Compiling matchbox_socket_nostr v0.6.2 (/opt/rustwide/workdir)
[INFO] [stdout] warning: missing documentation for a struct
[INFO] [stdout]  --> src/webrtc_socket/matchbox_protocol.rs:8:1
[INFO] [stdout]   |
[INFO] [stdout] 8 | pub struct PeerId(pub XOnlyPublicKey);
[INFO] [stdout]   | ^^^^^^^^^^^^^^^^^
[INFO] [stdout]   |
[INFO] [stdout] note: the lint level is defined here
[INFO] [stdout]  --> src/lib.rs:1:9
[INFO] [stdout]   |
[INFO] [stdout] 1 | #![warn(missing_docs)]
[INFO] [stdout]   |         ^^^^^^^^^^^^
[INFO] [stdout] 
[INFO] [stdout] 
[INFO] [stdout] warning: 1 warning emitted
[INFO] [stdout] 
[INFO] [stdout] 
[INFO] [stderr]     Finished test [unoptimized + debuginfo] target(s) in 1m 11s
[INFO] running `Command { std: "docker" "inspect" "c36100c215ee6dc8db701d2d3d61271dcec3a1d346d28c154e6b7ac1416f472d", kill_on_drop: false }`
[INFO] running `Command { std: "docker" "rm" "-f" "c36100c215ee6dc8db701d2d3d61271dcec3a1d346d28c154e6b7ac1416f472d", kill_on_drop: false }`
[INFO] [stdout] c36100c215ee6dc8db701d2d3d61271dcec3a1d346d28c154e6b7ac1416f472d
[INFO] running `Command { std: "docker" "create" "-v" "/var/lib/crater-agent-workspace/builds/worker-1-tc1/target:/opt/rustwide/target:rw,Z" "-v" "/var/lib/crater-agent-workspace/builds/worker-1-tc1/source:/opt/rustwide/workdir:ro,Z" "-v" "/var/lib/crater-agent-workspace/cargo-home:/opt/rustwide/cargo-home:ro,Z" "-v" "/var/lib/crater-agent-workspace/rustup-home:/opt/rustwide/rustup-home:ro,Z" "-e" "SOURCE_DIR=/opt/rustwide/workdir" "-e" "CARGO_TARGET_DIR=/opt/rustwide/target" "-e" "CARGO_INCREMENTAL=0" "-e" "RUST_BACKTRACE=full" "-e" "RUSTFLAGS=--cap-lints=warn" "-e" "RUSTDOCFLAGS=--cap-lints=warn" "-e" "CARGO_HOME=/opt/rustwide/cargo-home" "-e" "RUSTUP_HOME=/opt/rustwide/rustup-home" "-w" "/opt/rustwide/workdir" "-m" "1610612736" "--user" "0:0" "--network" "none" "ghcr.io/rust-lang/crates-build-env/linux@sha256:97d61d7686bf65f8ecb15491ab51835e82dc9176a96a831f143a431b191fc501" "/opt/rustwide/cargo-home/bin/cargo" "+1.69.0" "test" "--frozen", kill_on_drop: false }`
[INFO] [stdout] 5ed28f63966736902efbe0dd7106dcee0be2d74ce84b2b0a1283ea0217e1aa03
[INFO] running `Command { std: "docker" "start" "-a" "5ed28f63966736902efbe0dd7106dcee0be2d74ce84b2b0a1283ea0217e1aa03", kill_on_drop: false }`
[INFO] [stderr]     Blocking waiting for file lock on package cache
[INFO] [stderr]     Blocking waiting for file lock on package cache
[INFO] [stderr] warning: missing documentation for a struct
[INFO] [stderr]  --> src/webrtc_socket/matchbox_protocol.rs:8:1
[INFO] [stderr]   |
[INFO] [stderr] 8 | pub struct PeerId(pub XOnlyPublicKey);
[INFO] [stderr]   | ^^^^^^^^^^^^^^^^^
[INFO] [stderr]   |
[INFO] [stderr] note: the lint level is defined here
[INFO] [stderr]  --> src/lib.rs:1:9
[INFO] [stderr]   |
[INFO] [stderr] 1 | #![warn(missing_docs)]
[INFO] [stderr]   |         ^^^^^^^^^^^^
[INFO] [stderr] 
[INFO] [stderr] warning: `matchbox_socket_nostr` (lib) generated 1 warning
[INFO] [stderr]     Finished test [unoptimized + debuginfo] target(s) in 3.96s
[INFO] [stderr]      Running unittests src/lib.rs (/opt/rustwide/target/debug/deps/matchbox_socket_nostr-f93bf1746230e7b0)
[INFO] [stdout] 
[INFO] [stdout] running 2 tests
[INFO] [stdout] test webrtc_socket::socket::test::unreachable_server ... ok
[INFO] [stdout] test webrtc_socket::socket::test::test_signaling_attempts ... ok
[INFO] [stdout] 
[INFO] [stdout] test result: ok. 2 passed; 0 failed; 0 ignored; 0 measured; 0 filtered out; finished in 0.07s
[INFO] [stdout] 
[INFO] [stderr]    Doc-tests matchbox_socket_nostr
[INFO] [stdout] 
[INFO] [stdout] running 4 tests
[INFO] [stdout] test src/lib.rs - (line 8) ... FAILED
[INFO] [stdout] test src/webrtc_socket/socket.rs - webrtc_socket::socket::WebRtcSocket<C>::get_channel (line 499) ... FAILED
[INFO] [stdout] test src/webrtc_socket/socket.rs - webrtc_socket::socket::WebRtcSocket<C>::take_channel (line 520) ... FAILED
[INFO] [stdout] test src/webrtc_socket/socket.rs - webrtc_socket::socket::WebRtcSocket<C>::channel (line 476) ... FAILED
[INFO] [stdout] 
[INFO] [stdout] failures:
[INFO] [stdout] 
[INFO] [stdout] ---- src/lib.rs - (line 8) stdout ----
[INFO] [stdout] error: expected one of `!`, `.`, `::`, `;`, `?`, `{`, `}`, or an operator, found `install`
[INFO] [stdout]  --> src/lib.rs:9:6
[INFO] [stdout]   |
[INFO] [stdout] 3 | brew install llvm
[INFO] [stdout]   |      ^^^^^^^ expected one of 8 possible tokens
[INFO] [stdout] 
[INFO] [stdout] error: aborting due to previous error
[INFO] [stdout] 
[INFO] [stdout] Couldn't compile the test.
[INFO] [stdout] ---- src/webrtc_socket/socket.rs - webrtc_socket::socket::WebRtcSocket<C>::get_channel (line 499) stdout ----
[INFO] [stdout] error[E0432]: unresolved import `matchbox_socket`
[INFO] [stdout]  --> src/webrtc_socket/socket.rs:500:5
[INFO] [stdout]   |
[INFO] [stdout] 3 | use matchbox_socket::*;
[INFO] [stdout]   |     ^^^^^^^^^^^^^^^ use of undeclared crate or module `matchbox_socket`
[INFO] [stdout] 
[INFO] [stdout] error[E0433]: failed to resolve: use of undeclared type `WebRtcSocketBuilder`
[INFO] [stdout]  --> src/webrtc_socket/socket.rs:502:34
[INFO] [stdout]   |
[INFO] [stdout] 5 | let (mut socket, message_loop) = WebRtcSocketBuilder::new("wss://example.invalid/")
[INFO] [stdout]   |                                  ^^^^^^^^^^^^^^^^^^^ use of undeclared type `WebRtcSocketBuilder`
[INFO] [stdout]   |
[INFO] [stdout] help: consider importing this struct
[INFO] [stdout]   |
[INFO] [stdout] 2 | use matchbox_socket_nostr::WebRtcSocketBuilder;
[INFO] [stdout]   |
[INFO] [stdout] 
[INFO] [stdout] error[E0433]: failed to resolve: use of undeclared type `ChannelConfig`
[INFO] [stdout]  --> src/webrtc_socket/socket.rs:503:18
[INFO] [stdout]   |
[INFO] [stdout] 6 |     .add_channel(ChannelConfig::reliable())
[INFO] [stdout]   |                  ^^^^^^^^^^^^^ use of undeclared type `ChannelConfig`
[INFO] [stdout]   |
[INFO] [stdout] help: consider importing this struct
[INFO] [stdout]   |
[INFO] [stdout] 2 | use matchbox_socket_nostr::ChannelConfig;
[INFO] [stdout]   |
[INFO] [stdout] 
[INFO] [stdout] error[E0433]: failed to resolve: use of undeclared type `ChannelConfig`
[INFO] [stdout]  --> src/webrtc_socket/socket.rs:504:18
[INFO] [stdout]   |
[INFO] [stdout] 7 |     .add_channel(ChannelConfig::unreliable())
[INFO] [stdout]   |                  ^^^^^^^^^^^^^ use of undeclared type `ChannelConfig`
[INFO] [stdout]   |
[INFO] [stdout] help: consider importing this struct
[INFO] [stdout]   |
[INFO] [stdout] 2 | use matchbox_socket_nostr::ChannelConfig;
[INFO] [stdout]   |
[INFO] [stdout] 
[INFO] [stdout] error: aborting due to 4 previous errors
[INFO] [stdout] 
[INFO] [stdout] Some errors have detailed explanations: E0432, E0433.
[INFO] [stdout] For more information about an error, try `rustc --explain E0432`.
[INFO] [stdout] Couldn't compile the test.
[INFO] [stdout] ---- src/webrtc_socket/socket.rs - webrtc_socket::socket::WebRtcSocket<C>::take_channel (line 520) stdout ----
[INFO] [stdout] error[E0432]: unresolved import `matchbox_socket`
[INFO] [stdout]  --> src/webrtc_socket/socket.rs:521:5
[INFO] [stdout]   |
[INFO] [stdout] 3 | use matchbox_socket::*;
[INFO] [stdout]   |     ^^^^^^^^^^^^^^^ use of undeclared crate or module `matchbox_socket`
[INFO] [stdout] 
[INFO] [stdout] error[E0433]: failed to resolve: use of undeclared type `WebRtcSocketBuilder`
[INFO] [stdout]  --> src/webrtc_socket/socket.rs:523:34
[INFO] [stdout]   |
[INFO] [stdout] 5 | let (mut socket, message_loop) = WebRtcSocketBuilder::new("wss://example.invalid/")
[INFO] [stdout]   |                                  ^^^^^^^^^^^^^^^^^^^ use of undeclared type `WebRtcSocketBuilder`
[INFO] [stdout]   |
[INFO] [stdout] help: consider importing this struct
[INFO] [stdout]   |
[INFO] [stdout] 2 | use matchbox_socket_nostr::WebRtcSocketBuilder;
[INFO] [stdout]   |
[INFO] [stdout] 
[INFO] [stdout] error[E0433]: failed to resolve: use of undeclared type `ChannelConfig`
[INFO] [stdout]  --> src/webrtc_socket/socket.rs:524:18
[INFO] [stdout]   |
[INFO] [stdout] 6 |     .add_channel(ChannelConfig::reliable())
[INFO] [stdout]   |                  ^^^^^^^^^^^^^ use of undeclared type `ChannelConfig`
[INFO] [stdout]   |
[INFO] [stdout] help: consider importing this struct
[INFO] [stdout]   |
[INFO] [stdout] 2 | use matchbox_socket_nostr::ChannelConfig;
[INFO] [stdout]   |
[INFO] [stdout] 
[INFO] [stdout] error[E0433]: failed to resolve: use of undeclared type `ChannelConfig`
[INFO] [stdout]  --> src/webrtc_socket/socket.rs:525:18
[INFO] [stdout]   |
[INFO] [stdout] 7 |     .add_channel(ChannelConfig::unreliable())
[INFO] [stdout]   |                  ^^^^^^^^^^^^^ use of undeclared type `ChannelConfig`
[INFO] [stdout]   |
[INFO] [stdout] help: consider importing this struct
[INFO] [stdout]   |
[INFO] [stdout] 2 | use matchbox_socket_nostr::ChannelConfig;
[INFO] [stdout]   |
[INFO] [stdout] 
[INFO] [stdout] error: aborting due to 4 previous errors
[INFO] [stdout] 
[INFO] [stdout] Some errors have detailed explanations: E0432, E0433.
[INFO] [stdout] For more information about an error, try `rustc --explain E0432`.
[INFO] [stdout] Couldn't compile the test.
[INFO] [stdout] ---- src/webrtc_socket/socket.rs - webrtc_socket::socket::WebRtcSocket<C>::channel (line 476) stdout ----
[INFO] [stdout] error[E0432]: unresolved import `matchbox_socket`
[INFO] [stdout]  --> src/webrtc_socket/socket.rs:477:5
[INFO] [stdout]   |
[INFO] [stdout] 3 | use matchbox_socket::*;
[INFO] [stdout]   |     ^^^^^^^^^^^^^^^ use of undeclared crate or module `matchbox_socket`
[INFO] [stdout] 
[INFO] [stdout] error[E0433]: failed to resolve: use of undeclared type `WebRtcSocketBuilder`
[INFO] [stdout]  --> src/webrtc_socket/socket.rs:479:34
[INFO] [stdout]   |
[INFO] [stdout] 5 | let (mut socket, message_loop) = WebRtcSocketBuilder::new("wss://example.invalid/")
[INFO] [stdout]   |                                  ^^^^^^^^^^^^^^^^^^^ use of undeclared type `WebRtcSocketBuilder`
[INFO] [stdout]   |
[INFO] [stdout] help: consider importing this struct
[INFO] [stdout]   |
[INFO] [stdout] 2 | use matchbox_socket_nostr::WebRtcSocketBuilder;
[INFO] [stdout]   |
[INFO] [stdout] 
[INFO] [stdout] error[E0433]: failed to resolve: use of undeclared type `ChannelConfig`
[INFO] [stdout]  --> src/webrtc_socket/socket.rs:480:18
[INFO] [stdout]   |
[INFO] [stdout] 6 |     .add_channel(ChannelConfig::reliable())
[INFO] [stdout]   |                  ^^^^^^^^^^^^^ use of undeclared type `ChannelConfig`
[INFO] [stdout]   |
[INFO] [stdout] help: consider importing this struct
[INFO] [stdout]   |
[INFO] [stdout] 2 | use matchbox_socket_nostr::ChannelConfig;
[INFO] [stdout]   |
[INFO] [stdout] 
[INFO] [stdout] error[E0433]: failed to resolve: use of undeclared type `ChannelConfig`
[INFO] [stdout]  --> src/webrtc_socket/socket.rs:481:18
[INFO] [stdout]   |
[INFO] [stdout] 7 |     .add_channel(ChannelConfig::unreliable())
[INFO] [stdout]   |                  ^^^^^^^^^^^^^ use of undeclared type `ChannelConfig`
[INFO] [stdout]   |
[INFO] [stdout] help: consider importing this struct
[INFO] [stdout]   |
[INFO] [stdout] 2 | use matchbox_socket_nostr::ChannelConfig;
[INFO] [stdout]   |
[INFO] [stdout] 
[INFO] [stdout] error: aborting due to 4 previous errors
[INFO] [stdout] 
[INFO] [stdout] Some errors have detailed explanations: E0432, E0433.
[INFO] [stdout] For more information about an error, try `rustc --explain E0432`.
[INFO] [stdout] Couldn't compile the test.
[INFO] [stdout] 
[INFO] [stdout] failures:
[INFO] [stdout]     src/lib.rs - (line 8)
[INFO] [stdout]     src/webrtc_socket/socket.rs - webrtc_socket::socket::WebRtcSocket<C>::channel (line 476)
[INFO] [stdout]     src/webrtc_socket/socket.rs - webrtc_socket::socket::WebRtcSocket<C>::get_channel (line 499)
[INFO] [stdout]     src/webrtc_socket/socket.rs - webrtc_socket::socket::WebRtcSocket<C>::take_channel (line 520)
[INFO] [stdout] 
[INFO] [stdout] test result: FAILED. 0 passed; 4 failed; 0 ignored; 0 measured; 0 filtered out; finished in 0.35s
[INFO] [stdout] 
[INFO] [stderr] error: doctest failed, to rerun pass `--doc`
[INFO] running `Command { std: "docker" "inspect" "5ed28f63966736902efbe0dd7106dcee0be2d74ce84b2b0a1283ea0217e1aa03", kill_on_drop: false }`
[INFO] running `Command { std: "docker" "rm" "-f" "5ed28f63966736902efbe0dd7106dcee0be2d74ce84b2b0a1283ea0217e1aa03", kill_on_drop: false }`
[INFO] [stdout] 5ed28f63966736902efbe0dd7106dcee0be2d74ce84b2b0a1283ea0217e1aa03
