[INFO] fetching crate marine-module-info-parser 0.6.1...
[INFO] testing marine-module-info-parser-0.6.1 against 1.69.0 for beta-1.70-1
[INFO] extracting crate marine-module-info-parser 0.6.1 into /workspace/builds/worker-4-tc1/source
[INFO] validating manifest of crates.io crate marine-module-info-parser 0.6.1 on toolchain 1.69.0
[INFO] running `Command { std: CARGO_HOME="/workspace/cargo-home" RUSTUP_HOME="/workspace/rustup-home" "/workspace/cargo-home/bin/cargo" "+1.69.0" "metadata" "--manifest-path" "Cargo.toml" "--no-deps", kill_on_drop: false }`
[INFO] started tweaking crates.io crate marine-module-info-parser 0.6.1
[INFO] finished tweaking crates.io crate marine-module-info-parser 0.6.1
[INFO] tweaked toml for crates.io crate marine-module-info-parser 0.6.1 written to /workspace/builds/worker-4-tc1/source/Cargo.toml
[INFO] running `Command { std: CARGO_HOME="/workspace/cargo-home" RUSTUP_HOME="/workspace/rustup-home" __CARGO_TEST_CHANNEL_OVERRIDE_DO_NOT_USE_THIS="nightly" "/workspace/cargo-home/bin/cargo" "+1.69.0" "generate-lockfile" "--manifest-path" "Cargo.toml" "-Zno-index-update", kill_on_drop: false }`
[INFO] running `Command { std: CARGO_HOME="/workspace/cargo-home" RUSTUP_HOME="/workspace/rustup-home" "/workspace/cargo-home/bin/cargo" "+1.69.0" "fetch" "--manifest-path" "Cargo.toml", kill_on_drop: false }`
[INFO] [stderr]  Downloading crates ...
[INFO] [stderr]   Downloaded it-to-bytes v0.1.0
[INFO] [stderr]   Downloaded variant_count v1.1.0
[INFO] [stderr]   Downloaded wast v8.0.0
[INFO] [stderr]   Downloaded walrus-macro v0.19.0
[INFO] [stderr]   Downloaded wasmparser v0.101.1
[INFO] [stderr]   Downloaded marine-wasm-backend-traits v0.2.1
[INFO] [stderr]   Downloaded fluence-it-types v0.4.1
[INFO] [stderr]   Downloaded it-lilo v0.5.1
[INFO] [stderr]   Downloaded it-memory-traits v0.4.0
[INFO] [stderr]   Downloaded wasmer-interface-types-fl v0.26.1
[INFO] [stderr]   Downloaded marine-rs-sdk-main v0.7.1
[INFO] [stderr]   Downloaded walrus v0.19.0
[INFO] running `Command { std: "docker" "create" "-v" "/var/lib/crater-agent-workspace/builds/worker-4-tc1/target:/opt/rustwide/target:rw,Z" "-v" "/var/lib/crater-agent-workspace/builds/worker-4-tc1/source:/opt/rustwide/workdir:ro,Z" "-v" "/var/lib/crater-agent-workspace/cargo-home:/opt/rustwide/cargo-home:ro,Z" "-v" "/var/lib/crater-agent-workspace/rustup-home:/opt/rustwide/rustup-home:ro,Z" "-e" "SOURCE_DIR=/opt/rustwide/workdir" "-e" "CARGO_TARGET_DIR=/opt/rustwide/target" "-e" "CARGO_HOME=/opt/rustwide/cargo-home" "-e" "RUSTUP_HOME=/opt/rustwide/rustup-home" "-w" "/opt/rustwide/workdir" "-m" "1610612736" "--user" "0:0" "--network" "none" "ghcr.io/rust-lang/crates-build-env/linux@sha256:5ff2268d62e97bff2cde7d5815dd6ed5b47097566f13b8d0ca110b04b60e07ed" "/opt/rustwide/cargo-home/bin/cargo" "+1.69.0" "metadata" "--no-deps" "--format-version=1", kill_on_drop: false }`
[INFO] [stdout] 8ba7db4030d08ae6494595d3aebd46d292fc07aa7f16101651cea85d0188cf06
[INFO] running `Command { std: "docker" "start" "-a" "8ba7db4030d08ae6494595d3aebd46d292fc07aa7f16101651cea85d0188cf06", kill_on_drop: false }`
[INFO] running `Command { std: "docker" "inspect" "8ba7db4030d08ae6494595d3aebd46d292fc07aa7f16101651cea85d0188cf06", kill_on_drop: false }`
[INFO] running `Command { std: "docker" "rm" "-f" "8ba7db4030d08ae6494595d3aebd46d292fc07aa7f16101651cea85d0188cf06", kill_on_drop: false }`
[INFO] [stdout] 8ba7db4030d08ae6494595d3aebd46d292fc07aa7f16101651cea85d0188cf06
[INFO] running `Command { std: "docker" "create" "-v" "/var/lib/crater-agent-workspace/builds/worker-4-tc1/target:/opt/rustwide/target:rw,Z" "-v" "/var/lib/crater-agent-workspace/builds/worker-4-tc1/source:/opt/rustwide/workdir:ro,Z" "-v" "/var/lib/crater-agent-workspace/cargo-home:/opt/rustwide/cargo-home:ro,Z" "-v" "/var/lib/crater-agent-workspace/rustup-home:/opt/rustwide/rustup-home:ro,Z" "-e" "SOURCE_DIR=/opt/rustwide/workdir" "-e" "CARGO_TARGET_DIR=/opt/rustwide/target" "-e" "CARGO_INCREMENTAL=0" "-e" "RUST_BACKTRACE=full" "-e" "RUSTFLAGS=--cap-lints=warn" "-e" "RUSTDOCFLAGS=--cap-lints=warn" "-e" "CARGO_HOME=/opt/rustwide/cargo-home" "-e" "RUSTUP_HOME=/opt/rustwide/rustup-home" "-w" "/opt/rustwide/workdir" "-m" "1610612736" "--user" "0:0" "--network" "none" "ghcr.io/rust-lang/crates-build-env/linux@sha256:5ff2268d62e97bff2cde7d5815dd6ed5b47097566f13b8d0ca110b04b60e07ed" "/opt/rustwide/cargo-home/bin/cargo" "+1.69.0" "build" "--frozen" "--message-format=json", kill_on_drop: false }`
[INFO] [stdout] f49d3318b3f1607529d522d9b6628f78b6361169b91c4d684714d35cd856062c
[INFO] running `Command { std: "docker" "start" "-a" "f49d3318b3f1607529d522d9b6628f78b6361169b91c4d684714d35cd856062c", kill_on_drop: false }`
[INFO] [stderr]    Compiling proc-macro2 v1.0.56
[INFO] [stderr]    Compiling serde v1.0.160
[INFO] [stderr]    Compiling syn v1.0.109
[INFO] [stderr]    Compiling log v0.4.17
[INFO] [stderr]    Compiling memchr v2.5.0
[INFO] [stderr]    Compiling leb128 v0.2.5
[INFO] [stderr]    Compiling tinyvec_macros v0.1.1
[INFO] [stderr]    Compiling thiserror v1.0.40
[INFO] [stderr]    Compiling tinyvec v1.6.0
[INFO] [stderr]    Compiling minimal-lexical v0.2.1
[INFO] [stderr]    Compiling paste v1.0.12
[INFO] [stderr]    Compiling wast v8.0.0
[INFO] [stderr]    Compiling indexmap v1.9.3
[INFO] [stderr]    Compiling num-traits v0.2.15
[INFO] [stderr]    Compiling it-to-bytes v0.1.0
[INFO] [stderr]    Compiling percent-encoding v2.2.0
[INFO] [stderr]    Compiling nom v7.1.3
[INFO] [stderr]    Compiling anyhow v1.0.71
[INFO] [stderr]    Compiling quote v1.0.26
[INFO] [stderr]    Compiling semver v1.0.17
[INFO] [stderr]    Compiling unicode-normalization v0.1.22
[INFO] [stderr]    Compiling syn v2.0.15
[INFO] [stderr]    Compiling unicode-bidi v0.3.13
[INFO] [stderr]    Compiling idna v0.3.0
[INFO] [stderr]    Compiling form_urlencoded v1.1.0
[INFO] [stderr]    Compiling num-integer v0.1.45
[INFO] [stderr]    Compiling unicode-segmentation v1.10.1
[INFO] [stderr]    Compiling url v2.3.1
[INFO] [stderr]    Compiling heck v0.3.3
[INFO] [stderr]    Compiling safe-transmute v0.11.2
[INFO] [stderr]    Compiling wasmparser v0.101.1
[INFO] [stderr]    Compiling time v0.1.45
[INFO] [stderr]    Compiling wasmparser v0.77.0
[INFO] [stderr]    Compiling iana-time-zone v0.1.56
[INFO] [stderr]    Compiling id-arena v2.2.1
[INFO] [stderr]    Compiling chrono v0.4.24
[INFO] [stderr]    Compiling serde_derive v1.0.160
[INFO] [stderr]    Compiling thiserror-impl v1.0.40
[INFO] [stderr]    Compiling variant_count v1.1.0
[INFO] [stderr]    Compiling walrus-macro v0.19.0
[INFO] [stderr]    Compiling walrus v0.19.0
[INFO] [stderr]    Compiling it-memory-traits v0.4.0
[INFO] [stderr]    Compiling fluence-it-types v0.4.1
[INFO] [stderr]    Compiling serde_json v1.0.96
[INFO] [stderr]    Compiling multimap v0.8.3
[INFO] [stderr]    Compiling marine-rs-sdk-main v0.7.1
[INFO] [stderr]    Compiling it-lilo v0.5.1
[INFO] [stderr]    Compiling wasmer-interface-types-fl v0.26.1
[INFO] [stderr]    Compiling marine-wasm-backend-traits v0.2.1
[INFO] [stderr]    Compiling marine-module-info-parser v0.6.1 (/opt/rustwide/workdir)
[INFO] [stderr]     Finished dev [unoptimized + debuginfo] target(s) in 20.26s
[INFO] [stderr] warning: the following packages contain code that will be rejected by a future version of Rust: wasmparser v0.77.0
[INFO] [stderr] note: to see what the problems were, use the option `--future-incompat-report`, or run `cargo report future-incompatibilities --id 1`
[INFO] running `Command { std: "docker" "inspect" "f49d3318b3f1607529d522d9b6628f78b6361169b91c4d684714d35cd856062c", kill_on_drop: false }`
[INFO] running `Command { std: "docker" "rm" "-f" "f49d3318b3f1607529d522d9b6628f78b6361169b91c4d684714d35cd856062c", kill_on_drop: false }`
[INFO] [stdout] f49d3318b3f1607529d522d9b6628f78b6361169b91c4d684714d35cd856062c
[INFO] running `Command { std: "docker" "create" "-v" "/var/lib/crater-agent-workspace/builds/worker-4-tc1/target:/opt/rustwide/target:rw,Z" "-v" "/var/lib/crater-agent-workspace/builds/worker-4-tc1/source:/opt/rustwide/workdir:ro,Z" "-v" "/var/lib/crater-agent-workspace/cargo-home:/opt/rustwide/cargo-home:ro,Z" "-v" "/var/lib/crater-agent-workspace/rustup-home:/opt/rustwide/rustup-home:ro,Z" "-e" "SOURCE_DIR=/opt/rustwide/workdir" "-e" "CARGO_TARGET_DIR=/opt/rustwide/target" "-e" "CARGO_INCREMENTAL=0" "-e" "RUST_BACKTRACE=full" "-e" "RUSTFLAGS=--cap-lints=warn" "-e" "RUSTDOCFLAGS=--cap-lints=warn" "-e" "CARGO_HOME=/opt/rustwide/cargo-home" "-e" "RUSTUP_HOME=/opt/rustwide/rustup-home" "-w" "/opt/rustwide/workdir" "-m" "1610612736" "--user" "0:0" "--network" "none" "ghcr.io/rust-lang/crates-build-env/linux@sha256:5ff2268d62e97bff2cde7d5815dd6ed5b47097566f13b8d0ca110b04b60e07ed" "/opt/rustwide/cargo-home/bin/cargo" "+1.69.0" "test" "--frozen" "--no-run" "--message-format=json", kill_on_drop: false }`
[INFO] [stdout] cf297e58fab4c516950147fd5684a31158abd80e8e940dc0a6cfdcb3c11cb7ba
[INFO] running `Command { std: "docker" "start" "-a" "cf297e58fab4c516950147fd5684a31158abd80e8e940dc0a6cfdcb3c11cb7ba", kill_on_drop: false }`
[INFO] [stderr]    Compiling marine-module-info-parser v0.6.1 (/opt/rustwide/workdir)
[INFO] [stdout] error[E0369]: binary operation `==` cannot be applied to type `std::result::Result<ModuleManifest, ManifestError>`
[INFO] [stdout]    --> src/manifest/tests.rs:114:5
[INFO] [stdout]     |
[INFO] [stdout] 114 |     assert_eq!(actual, expected);
[INFO] [stdout]     |     ^^^^^^^^^^^^^^^^^^^^^^^^^^^^
[INFO] [stdout]     |     |
[INFO] [stdout]     |     std::result::Result<ModuleManifest, ManifestError>
[INFO] [stdout]     |     std::result::Result<ModuleManifest, ManifestError>
[INFO] [stdout]     |
[INFO] [stdout] note: an implementation of `PartialEq` might be missing for `ManifestError`
[INFO] [stdout]    --> src/manifest/errors.rs:22:1
[INFO] [stdout]     |
[INFO] [stdout] 22  | pub enum ManifestError {
[INFO] [stdout]     | ^^^^^^^^^^^^^^^^^^^^^^ must implement `PartialEq`
[INFO] [stdout]     = note: this error originates in the macro `assert_eq` (in Nightly builds, run with -Z macro-backtrace for more info)
[INFO] [stdout] help: consider annotating `ManifestError` with `#[derive(PartialEq)]`
[INFO] [stdout]    --> src/manifest/errors.rs:22:1
[INFO] [stdout]     |
[INFO] [stdout] 22  | #[derive(PartialEq)]
[INFO] [stdout]     |
[INFO] [stdout] 
[INFO] [stdout] 
[INFO] [stdout] error[E0369]: binary operation `==` cannot be applied to type `std::result::Result<ModuleManifest, ManifestError>`
[INFO] [stdout]    --> src/manifest/tests.rs:128:5
[INFO] [stdout]     |
[INFO] [stdout] 128 |     assert_eq!(actual, expected);
[INFO] [stdout]     |     ^^^^^^^^^^^^^^^^^^^^^^^^^^^^
[INFO] [stdout]     |     |
[INFO] [stdout]     |     std::result::Result<ModuleManifest, ManifestError>
[INFO] [stdout]     |     std::result::Result<ModuleManifest, ManifestError>
[INFO] [stdout]     |
[INFO] [stdout] note: an implementation of `PartialEq` might be missing for `ManifestError`
[INFO] [stdout]    --> src/manifest/errors.rs:22:1
[INFO] [stdout]     |
[INFO] [stdout] 22  | pub enum ManifestError {
[INFO] [stdout]     | ^^^^^^^^^^^^^^^^^^^^^^ must implement `PartialEq`
[INFO] [stdout]     = note: this error originates in the macro `assert_eq` (in Nightly builds, run with -Z macro-backtrace for more info)
[INFO] [stdout] help: consider annotating `ManifestError` with `#[derive(PartialEq)]`
[INFO] [stdout]    --> src/manifest/errors.rs:22:1
[INFO] [stdout]     |
[INFO] [stdout] 22  | #[derive(PartialEq)]
[INFO] [stdout]     |
[INFO] [stdout] 
[INFO] [stdout] 
[INFO] [stdout] error[E0369]: binary operation `==` cannot be applied to type `std::result::Result<ModuleManifest, ManifestError>`
[INFO] [stdout]    --> src/manifest/tests.rs:136:5
[INFO] [stdout]     |
[INFO] [stdout] 136 |     assert_eq!(actual, expected);
[INFO] [stdout]     |     ^^^^^^^^^^^^^^^^^^^^^^^^^^^^
[INFO] [stdout]     |     |
[INFO] [stdout]     |     std::result::Result<ModuleManifest, ManifestError>
[INFO] [stdout]     |     std::result::Result<ModuleManifest, ManifestError>
[INFO] [stdout]     |
[INFO] [stdout] note: an implementation of `PartialEq` might be missing for `ManifestError`
[INFO] [stdout]    --> src/manifest/errors.rs:22:1
[INFO] [stdout]     |
[INFO] [stdout] 22  | pub enum ManifestError {
[INFO] [stdout]     | ^^^^^^^^^^^^^^^^^^^^^^ must implement `PartialEq`
[INFO] [stdout]     = note: this error originates in the macro `assert_eq` (in Nightly builds, run with -Z macro-backtrace for more info)
[INFO] [stdout] help: consider annotating `ManifestError` with `#[derive(PartialEq)]`
[INFO] [stdout]    --> src/manifest/errors.rs:22:1
[INFO] [stdout]     |
[INFO] [stdout] 22  | #[derive(PartialEq)]
[INFO] [stdout]     |
[INFO] [stdout] 
[INFO] [stdout] 
[INFO] [stdout] error[E0369]: binary operation `==` cannot be applied to type `std::result::Result<ModuleManifest, ManifestError>`
[INFO] [stdout]    --> src/manifest/tests.rs:156:5
[INFO] [stdout]     |
[INFO] [stdout] 156 |     assert_eq!(actual, expected);
[INFO] [stdout]     |     ^^^^^^^^^^^^^^^^^^^^^^^^^^^^
[INFO] [stdout]     |     |
[INFO] [stdout]     |     std::result::Result<ModuleManifest, ManifestError>
[INFO] [stdout]     |     std::result::Result<ModuleManifest, ManifestError>
[INFO] [stdout]     |
[INFO] [stdout] note: an implementation of `PartialEq` might be missing for `ManifestError`
[INFO] [stdout]    --> src/manifest/errors.rs:22:1
[INFO] [stdout]     |
[INFO] [stdout] 22  | pub enum ManifestError {
[INFO] [stdout]     | ^^^^^^^^^^^^^^^^^^^^^^ must implement `PartialEq`
[INFO] [stdout]     = note: this error originates in the macro `assert_eq` (in Nightly builds, run with -Z macro-backtrace for more info)
[INFO] [stdout] help: consider annotating `ManifestError` with `#[derive(PartialEq)]`
[INFO] [stdout]    --> src/manifest/errors.rs:22:1
[INFO] [stdout]     |
[INFO] [stdout] 22  | #[derive(PartialEq)]
[INFO] [stdout]     |
[INFO] [stdout] 
[INFO] [stdout] 
[INFO] [stdout] error: aborting due to 4 previous errors
[INFO] [stdout] 
[INFO] [stdout] 
[INFO] [stdout] For more information about this error, try `rustc --explain E0369`.
[INFO] [stdout] 
[INFO] [stderr] error: could not compile `marine-module-info-parser` due to 5 previous errors
[INFO] running `Command { std: "docker" "inspect" "cf297e58fab4c516950147fd5684a31158abd80e8e940dc0a6cfdcb3c11cb7ba", kill_on_drop: false }`
[INFO] running `Command { std: "docker" "rm" "-f" "cf297e58fab4c516950147fd5684a31158abd80e8e940dc0a6cfdcb3c11cb7ba", kill_on_drop: false }`
[INFO] [stdout] cf297e58fab4c516950147fd5684a31158abd80e8e940dc0a6cfdcb3c11cb7ba
