[INFO] fetching crate mammoth-macro 0.0.1...
[INFO] testing mammoth-macro-0.0.1 against 1.69.0 for beta-1.70-1
[INFO] extracting crate mammoth-macro 0.0.1 into /workspace/builds/worker-2-tc1/source
[INFO] validating manifest of crates.io crate mammoth-macro 0.0.1 on toolchain 1.69.0
[INFO] running `Command { std: CARGO_HOME="/workspace/cargo-home" RUSTUP_HOME="/workspace/rustup-home" "/workspace/cargo-home/bin/cargo" "+1.69.0" "metadata" "--manifest-path" "Cargo.toml" "--no-deps", kill_on_drop: false }`
[INFO] started tweaking crates.io crate mammoth-macro 0.0.1
[INFO] finished tweaking crates.io crate mammoth-macro 0.0.1
[INFO] tweaked toml for crates.io crate mammoth-macro 0.0.1 written to /workspace/builds/worker-2-tc1/source/Cargo.toml
[INFO] running `Command { std: CARGO_HOME="/workspace/cargo-home" RUSTUP_HOME="/workspace/rustup-home" __CARGO_TEST_CHANNEL_OVERRIDE_DO_NOT_USE_THIS="nightly" "/workspace/cargo-home/bin/cargo" "+1.69.0" "generate-lockfile" "--manifest-path" "Cargo.toml" "-Zno-index-update", kill_on_drop: false }`
[INFO] running `Command { std: CARGO_HOME="/workspace/cargo-home" RUSTUP_HOME="/workspace/rustup-home" "/workspace/cargo-home/bin/cargo" "+1.69.0" "fetch" "--manifest-path" "Cargo.toml", kill_on_drop: false }`
[INFO] [stderr]  Downloading crates ...
[INFO] [stderr]   Downloaded mammoth-setup v0.0.1
[INFO] running `Command { std: "docker" "create" "-v" "/var/lib/crater-agent-workspace/builds/worker-2-tc1/target:/opt/rustwide/target:rw,Z" "-v" "/var/lib/crater-agent-workspace/builds/worker-2-tc1/source:/opt/rustwide/workdir:ro,Z" "-v" "/var/lib/crater-agent-workspace/cargo-home:/opt/rustwide/cargo-home:ro,Z" "-v" "/var/lib/crater-agent-workspace/rustup-home:/opt/rustwide/rustup-home:ro,Z" "-e" "SOURCE_DIR=/opt/rustwide/workdir" "-e" "CARGO_TARGET_DIR=/opt/rustwide/target" "-e" "CARGO_HOME=/opt/rustwide/cargo-home" "-e" "RUSTUP_HOME=/opt/rustwide/rustup-home" "-w" "/opt/rustwide/workdir" "-m" "1610612736" "--user" "0:0" "--network" "none" "ghcr.io/rust-lang/crates-build-env/linux@sha256:5ff2268d62e97bff2cde7d5815dd6ed5b47097566f13b8d0ca110b04b60e07ed" "/opt/rustwide/cargo-home/bin/cargo" "+1.69.0" "metadata" "--no-deps" "--format-version=1", kill_on_drop: false }`
[INFO] [stdout] c3a36de6919276aae0708922375e444cfa0868162919182b7d462b63ad1b310c
[INFO] running `Command { std: "docker" "start" "-a" "c3a36de6919276aae0708922375e444cfa0868162919182b7d462b63ad1b310c", kill_on_drop: false }`
[INFO] running `Command { std: "docker" "inspect" "c3a36de6919276aae0708922375e444cfa0868162919182b7d462b63ad1b310c", kill_on_drop: false }`
[INFO] running `Command { std: "docker" "rm" "-f" "c3a36de6919276aae0708922375e444cfa0868162919182b7d462b63ad1b310c", kill_on_drop: false }`
[INFO] [stdout] c3a36de6919276aae0708922375e444cfa0868162919182b7d462b63ad1b310c
[INFO] running `Command { std: "docker" "create" "-v" "/var/lib/crater-agent-workspace/builds/worker-2-tc1/target:/opt/rustwide/target:rw,Z" "-v" "/var/lib/crater-agent-workspace/builds/worker-2-tc1/source:/opt/rustwide/workdir:ro,Z" "-v" "/var/lib/crater-agent-workspace/cargo-home:/opt/rustwide/cargo-home:ro,Z" "-v" "/var/lib/crater-agent-workspace/rustup-home:/opt/rustwide/rustup-home:ro,Z" "-e" "SOURCE_DIR=/opt/rustwide/workdir" "-e" "CARGO_TARGET_DIR=/opt/rustwide/target" "-e" "CARGO_INCREMENTAL=0" "-e" "RUST_BACKTRACE=full" "-e" "RUSTFLAGS=--cap-lints=warn" "-e" "RUSTDOCFLAGS=--cap-lints=warn" "-e" "CARGO_HOME=/opt/rustwide/cargo-home" "-e" "RUSTUP_HOME=/opt/rustwide/rustup-home" "-w" "/opt/rustwide/workdir" "-m" "1610612736" "--user" "0:0" "--network" "none" "ghcr.io/rust-lang/crates-build-env/linux@sha256:5ff2268d62e97bff2cde7d5815dd6ed5b47097566f13b8d0ca110b04b60e07ed" "/opt/rustwide/cargo-home/bin/cargo" "+1.69.0" "build" "--frozen" "--message-format=json", kill_on_drop: false }`
[INFO] [stdout] 06959aab672e1bf3712c353836089f1b26973613c53e07f4327059be0903ad24
[INFO] running `Command { std: "docker" "start" "-a" "06959aab672e1bf3712c353836089f1b26973613c53e07f4327059be0903ad24", kill_on_drop: false }`
[INFO] [stderr]    Compiling proc-macro2 v0.4.30
[INFO] [stderr]    Compiling unicode-xid v0.1.0
[INFO] [stderr]    Compiling syn v0.15.44
[INFO] [stderr]    Compiling semver-parser v0.7.0
[INFO] [stderr]    Compiling semver v0.9.0
[INFO] [stderr]    Compiling quote v0.6.13
[INFO] [stderr]    Compiling mammoth-macro v0.0.1 (/opt/rustwide/workdir)
[INFO] [stderr]     Finished dev [unoptimized + debuginfo] target(s) in 4.45s
[INFO] running `Command { std: "docker" "inspect" "06959aab672e1bf3712c353836089f1b26973613c53e07f4327059be0903ad24", kill_on_drop: false }`
[INFO] running `Command { std: "docker" "rm" "-f" "06959aab672e1bf3712c353836089f1b26973613c53e07f4327059be0903ad24", kill_on_drop: false }`
[INFO] [stdout] 06959aab672e1bf3712c353836089f1b26973613c53e07f4327059be0903ad24
[INFO] running `Command { std: "docker" "create" "-v" "/var/lib/crater-agent-workspace/builds/worker-2-tc1/target:/opt/rustwide/target:rw,Z" "-v" "/var/lib/crater-agent-workspace/builds/worker-2-tc1/source:/opt/rustwide/workdir:ro,Z" "-v" "/var/lib/crater-agent-workspace/cargo-home:/opt/rustwide/cargo-home:ro,Z" "-v" "/var/lib/crater-agent-workspace/rustup-home:/opt/rustwide/rustup-home:ro,Z" "-e" "SOURCE_DIR=/opt/rustwide/workdir" "-e" "CARGO_TARGET_DIR=/opt/rustwide/target" "-e" "CARGO_INCREMENTAL=0" "-e" "RUST_BACKTRACE=full" "-e" "RUSTFLAGS=--cap-lints=warn" "-e" "RUSTDOCFLAGS=--cap-lints=warn" "-e" "CARGO_HOME=/opt/rustwide/cargo-home" "-e" "RUSTUP_HOME=/opt/rustwide/rustup-home" "-w" "/opt/rustwide/workdir" "-m" "1610612736" "--user" "0:0" "--network" "none" "ghcr.io/rust-lang/crates-build-env/linux@sha256:5ff2268d62e97bff2cde7d5815dd6ed5b47097566f13b8d0ca110b04b60e07ed" "/opt/rustwide/cargo-home/bin/cargo" "+1.69.0" "test" "--frozen" "--no-run" "--message-format=json", kill_on_drop: false }`
[INFO] [stdout] 4145d858389d37c463ca31615ff69bd3e70b6eb2eea6b51eb3d48d7987cdf921
[INFO] running `Command { std: "docker" "start" "-a" "4145d858389d37c463ca31615ff69bd3e70b6eb2eea6b51eb3d48d7987cdf921", kill_on_drop: false }`
[INFO] [stderr]    Compiling syn v1.0.109
[INFO] [stderr]    Compiling pkg-config v0.3.26
[INFO] [stderr]    Compiling unicode-xid v0.1.0
[INFO] [stderr]    Compiling serde v1.0.160
[INFO] [stderr]    Compiling num-traits v0.2.15
[INFO] [stderr]    Compiling num-integer v0.1.45
[INFO] [stderr]    Compiling proc-macro2 v0.4.30
[INFO] [stderr]    Compiling libloading v0.5.2
[INFO] [stderr]    Compiling lazy_static v1.3.0
[INFO] [stderr]    Compiling regex v1.1.9
[INFO] [stderr]    Compiling foreign-types-shared v0.1.1
[INFO] [stderr]    Compiling object v0.30.3
[INFO] [stderr]    Compiling openssl v0.10.52
[INFO] [stderr]    Compiling semver-parser v0.7.0
[INFO] [stderr]    Compiling syn v2.0.15
[INFO] [stderr]    Compiling syn v0.15.44
[INFO] [stderr]    Compiling aho-corasick v0.7.20
[INFO] [stderr]    Compiling thread_local v0.3.6
[INFO] [stderr]    Compiling foreign-types v0.3.2
[INFO] [stderr]    Compiling time v0.1.45
[INFO] [stderr]    Compiling semver v0.9.0
[INFO] [stderr]    Compiling utf8-ranges v1.0.5
[INFO] [stderr]    Compiling iana-time-zone v0.1.56
[INFO] [stderr]    Compiling regex-syntax v0.6.29
[INFO] [stderr]    Compiling openssl-sys v0.9.87
[INFO] [stderr]    Compiling quote v0.6.13
[INFO] [stderr]    Compiling chrono v0.4.24
[INFO] [stderr]    Compiling openssl-macros v0.1.1
[INFO] [stderr]    Compiling serde_derive v1.0.160
[INFO] [stderr]    Compiling backtrace v0.3.67
[INFO] [stderr]    Compiling toml v0.5.11
[INFO] [stderr]    Compiling synstructure v0.12.6
[INFO] [stderr]    Compiling mammoth-macro v0.0.1 (/opt/rustwide/workdir)
[INFO] [stderr]    Compiling failure_derive v0.1.8
[INFO] [stderr]    Compiling failure v0.1.8
[INFO] [stderr]    Compiling mammoth-setup v0.0.1
[INFO] [stdout] error[E0603]: module `export` is private
[INFO] [stdout]    --> /opt/rustwide/cargo-home/registry/src/github.com-1ecc6299db9ec823/mammoth-setup-0.0.1/src/validation.rs:7:12
[INFO] [stdout]     |
[INFO] [stdout] 7   | use serde::export::PhantomData;
[INFO] [stdout]     |            ^^^^^^ private module
[INFO] [stdout]     |
[INFO] [stdout] note: the module `export` is defined here
[INFO] [stdout]    --> /opt/rustwide/cargo-home/registry/src/github.com-1ecc6299db9ec823/serde-1.0.160/src/lib.rs:322:5
[INFO] [stdout]     |
[INFO] [stdout] 322 | use self::__private as export;
[INFO] [stdout]     |     ^^^^^^^^^^^^^^^^^^^^^^^^^
[INFO] [stdout] 
[INFO] [stdout] 
[INFO] [stdout] error[E0282]: type annotations needed for `IdValidator<I, PathBuf>`
[INFO] [stdout]    --> /opt/rustwide/cargo-home/registry/src/github.com-1ecc6299db9ec823/mammoth-setup-0.0.1/src/config/host.rs:208:13
[INFO] [stdout]     |
[INFO] [stdout] 208 |         let validator = IdValidator(Severity::Critical, self.clone(), PhantomData);
[INFO] [stdout]     |             ^^^^^^^^^
[INFO] [stdout]     |
[INFO] [stdout] help: consider giving `validator` an explicit type, where the type for type parameter `I` is specified
[INFO] [stdout]     |
[INFO] [stdout] 208 |         let validator: IdValidator<I, PathBuf> = IdValidator(Severity::Critical, self.clone(), PhantomData);
[INFO] [stdout]     |                      +++++++++++++++++++++++++
[INFO] [stdout] 
[INFO] [stdout] 
[INFO] [stdout] error[E0283]: type annotations needed for `IdValidator<I, PathBuf>`
[INFO] [stdout]    --> /opt/rustwide/cargo-home/registry/src/github.com-1ecc6299db9ec823/mammoth-setup-0.0.1/src/config/host.rs:208:13
[INFO] [stdout]     |
[INFO] [stdout] 208 |         let validator = IdValidator(Severity::Critical, self.clone(), PhantomData);
[INFO] [stdout]     |             ^^^^^^^^^   ----------- type must be known at this point
[INFO] [stdout]     |
[INFO] [stdout] note: multiple `impl`s satisfying `PathBuf: Validator<_>` found
[INFO] [stdout]    --> /opt/rustwide/cargo-home/registry/src/github.com-1ecc6299db9ec823/mammoth-setup-0.0.1/src/config/host.rs:186:1
[INFO] [stdout]     |
[INFO] [stdout] 186 | impl Validator<Host> for PathBuf {
[INFO] [stdout]     | ^^^^^^^^^^^^^^^^^^^^^^^^^^^^^^^^
[INFO] [stdout]     |
[INFO] [stdout]    ::: /opt/rustwide/cargo-home/registry/src/github.com-1ecc6299db9ec823/mammoth-setup-0.0.1/src/config/module.rs:197:1
[INFO] [stdout]     |
[INFO] [stdout] 197 | impl Validator<Module> for PathBuf {
[INFO] [stdout]     | ^^^^^^^^^^^^^^^^^^^^^^^^^^^^^^^^^^
[INFO] [stdout] note: required by a bound in `IdValidator`
[INFO] [stdout]    --> /opt/rustwide/cargo-home/registry/src/github.com-1ecc6299db9ec823/mammoth-setup-0.0.1/src/validation.rs:56:34
[INFO] [stdout]     |
[INFO] [stdout] 56  | pub struct IdValidator<I: Id, V: Validator<I>> (pub Severity, pub V, pub PhantomData<I>);
[INFO] [stdout]     |                                  ^^^^^^^^^^^^ required by this bound in `IdValidator`
[INFO] [stdout] help: consider giving `validator` an explicit type, where the type for type parameter `I` is specified
[INFO] [stdout]     |
[INFO] [stdout] 208 |         let validator: IdValidator<I, PathBuf> = IdValidator(Severity::Critical, self.clone(), PhantomData);
[INFO] [stdout]     |                      +++++++++++++++++++++++++
[INFO] [stdout] 
[INFO] [stdout] 
[INFO] [stdout] error[E0283]: type annotations needed for `IdValidator<I, PathBuf>`
[INFO] [stdout]    --> /opt/rustwide/cargo-home/registry/src/github.com-1ecc6299db9ec823/mammoth-setup-0.0.1/src/config/host.rs:208:13
[INFO] [stdout]     |
[INFO] [stdout] 208 |         let validator = IdValidator(Severity::Critical, self.clone(), PhantomData);
[INFO] [stdout]     |             ^^^^^^^^^   ---------------------------------------------------------- type must be known at this point
[INFO] [stdout]     |
[INFO] [stdout] note: multiple `impl`s satisfying `PathBuf: Validator<_>` found
[INFO] [stdout]    --> /opt/rustwide/cargo-home/registry/src/github.com-1ecc6299db9ec823/mammoth-setup-0.0.1/src/config/host.rs:186:1
[INFO] [stdout]     |
[INFO] [stdout] 186 | impl Validator<Host> for PathBuf {
[INFO] [stdout]     | ^^^^^^^^^^^^^^^^^^^^^^^^^^^^^^^^
[INFO] [stdout]     |
[INFO] [stdout]    ::: /opt/rustwide/cargo-home/registry/src/github.com-1ecc6299db9ec823/mammoth-setup-0.0.1/src/config/module.rs:197:1
[INFO] [stdout]     |
[INFO] [stdout] 197 | impl Validator<Module> for PathBuf {
[INFO] [stdout]     | ^^^^^^^^^^^^^^^^^^^^^^^^^^^^^^^^^^
[INFO] [stdout] note: required by a bound in `IdValidator`
[INFO] [stdout]    --> /opt/rustwide/cargo-home/registry/src/github.com-1ecc6299db9ec823/mammoth-setup-0.0.1/src/validation.rs:56:34
[INFO] [stdout]     |
[INFO] [stdout] 56  | pub struct IdValidator<I: Id, V: Validator<I>> (pub Severity, pub V, pub PhantomData<I>);
[INFO] [stdout]     |                                  ^^^^^^^^^^^^ required by this bound in `IdValidator`
[INFO] [stdout] help: consider giving `validator` an explicit type, where the type for type parameter `I` is specified
[INFO] [stdout]     |
[INFO] [stdout] 208 |         let validator: IdValidator<I, PathBuf> = IdValidator(Severity::Critical, self.clone(), PhantomData);
[INFO] [stdout]     |                      +++++++++++++++++++++++++
[INFO] [stdout] 
[INFO] [stdout] 
[INFO] [stdout] error[E0282]: type annotations needed
[INFO] [stdout]    --> /opt/rustwide/cargo-home/registry/src/github.com-1ecc6299db9ec823/mammoth-setup-0.0.1/src/config.rs:118:13
[INFO] [stdout]     |
[INFO] [stdout] 118 |             IdValidator(Severity::Critical, mods_dir.to_path_buf(), PhantomData)
[INFO] [stdout]     |             ^^^^^^^^^^^ cannot infer type of the type parameter `I` declared on the struct `IdValidator`
[INFO] [stdout]     |
[INFO] [stdout] help: consider specifying the generic arguments
[INFO] [stdout]     |
[INFO] [stdout] 118 |             IdValidator::<I, PathBuf>(Severity::Critical, mods_dir.to_path_buf(), PhantomData)
[INFO] [stdout]     |                        ++++++++++++++
[INFO] [stdout] 
[INFO] [stdout] 
[INFO] [stdout] error[E0283]: type annotations needed
[INFO] [stdout]    --> /opt/rustwide/cargo-home/registry/src/github.com-1ecc6299db9ec823/mammoth-setup-0.0.1/src/config.rs:118:13
[INFO] [stdout]     |
[INFO] [stdout] 118 |             IdValidator(Severity::Critical, mods_dir.to_path_buf(), PhantomData)
[INFO] [stdout]     |             ^^^^^^^^^^^ cannot infer type of the type parameter `I` declared on the struct `IdValidator`
[INFO] [stdout]     |
[INFO] [stdout] note: multiple `impl`s satisfying `PathBuf: Validator<_>` found
[INFO] [stdout]    --> /opt/rustwide/cargo-home/registry/src/github.com-1ecc6299db9ec823/mammoth-setup-0.0.1/src/config/host.rs:186:1
[INFO] [stdout]     |
[INFO] [stdout] 186 | impl Validator<Host> for PathBuf {
[INFO] [stdout]     | ^^^^^^^^^^^^^^^^^^^^^^^^^^^^^^^^
[INFO] [stdout]     |
[INFO] [stdout]    ::: /opt/rustwide/cargo-home/registry/src/github.com-1ecc6299db9ec823/mammoth-setup-0.0.1/src/config/module.rs:197:1
[INFO] [stdout]     |
[INFO] [stdout] 197 | impl Validator<Module> for PathBuf {
[INFO] [stdout]     | ^^^^^^^^^^^^^^^^^^^^^^^^^^^^^^^^^^
[INFO] [stdout] note: required by a bound in `IdValidator`
[INFO] [stdout]    --> /opt/rustwide/cargo-home/registry/src/github.com-1ecc6299db9ec823/mammoth-setup-0.0.1/src/validation.rs:56:34
[INFO] [stdout]     |
[INFO] [stdout] 56  | pub struct IdValidator<I: Id, V: Validator<I>> (pub Severity, pub V, pub PhantomData<I>);
[INFO] [stdout]     |                                  ^^^^^^^^^^^^ required by this bound in `IdValidator`
[INFO] [stdout] help: consider specifying the generic arguments
[INFO] [stdout]     |
[INFO] [stdout] 118 |             IdValidator::<I, PathBuf>(Severity::Critical, mods_dir.to_path_buf(), PhantomData)
[INFO] [stdout]     |                        ++++++++++++++
[INFO] [stdout] 
[INFO] [stdout] 
[INFO] [stdout] error[E0283]: type annotations needed
[INFO] [stdout]    --> /opt/rustwide/cargo-home/registry/src/github.com-1ecc6299db9ec823/mammoth-setup-0.0.1/src/config.rs:120:13
[INFO] [stdout]     |
[INFO] [stdout] 120 |             IdValidator(Severity::Critical, mods_dir.to_path_buf(), PhantomData)
[INFO] [stdout]     |             ^^^^^^^^^^^ cannot infer type of the type parameter `I` declared on the struct `IdValidator`
[INFO] [stdout]     |
[INFO] [stdout] note: multiple `impl`s satisfying `PathBuf: Validator<_>` found
[INFO] [stdout]    --> /opt/rustwide/cargo-home/registry/src/github.com-1ecc6299db9ec823/mammoth-setup-0.0.1/src/config/host.rs:186:1
[INFO] [stdout]     |
[INFO] [stdout] 186 | impl Validator<Host> for PathBuf {
[INFO] [stdout]     | ^^^^^^^^^^^^^^^^^^^^^^^^^^^^^^^^
[INFO] [stdout]     |
[INFO] [stdout]    ::: /opt/rustwide/cargo-home/registry/src/github.com-1ecc6299db9ec823/mammoth-setup-0.0.1/src/config/module.rs:197:1
[INFO] [stdout]     |
[INFO] [stdout] 197 | impl Validator<Module> for PathBuf {
[INFO] [stdout]     | ^^^^^^^^^^^^^^^^^^^^^^^^^^^^^^^^^^
[INFO] [stdout] note: required by a bound in `IdValidator`
[INFO] [stdout]    --> /opt/rustwide/cargo-home/registry/src/github.com-1ecc6299db9ec823/mammoth-setup-0.0.1/src/validation.rs:56:34
[INFO] [stdout]     |
[INFO] [stdout] 56  | pub struct IdValidator<I: Id, V: Validator<I>> (pub Severity, pub V, pub PhantomData<I>);
[INFO] [stdout]     |                                  ^^^^^^^^^^^^ required by this bound in `IdValidator`
[INFO] [stdout] help: consider specifying the generic arguments
[INFO] [stdout]     |
[INFO] [stdout] 120 |             IdValidator::<I, PathBuf>(Severity::Critical, mods_dir.to_path_buf(), PhantomData)
[INFO] [stdout]     |                        ++++++++++++++
[INFO] [stdout] 
[INFO] [stdout] 
[INFO] [stdout] error: aborting due to 7 previous errors
[INFO] [stdout] 
[INFO] [stdout] 
[INFO] [stdout] Some errors have detailed explanations: E0282, E0283, E0603.
[INFO] [stdout] 
[INFO] [stdout] For more information about an error, try `rustc --explain E0282`.
[INFO] [stdout] 
[INFO] [stderr] error: could not compile `mammoth-setup` due to 8 previous errors
[INFO] [stderr] warning: build failed, waiting for other jobs to finish...
[INFO] running `Command { std: "docker" "inspect" "4145d858389d37c463ca31615ff69bd3e70b6eb2eea6b51eb3d48d7987cdf921", kill_on_drop: false }`
[INFO] running `Command { std: "docker" "rm" "-f" "4145d858389d37c463ca31615ff69bd3e70b6eb2eea6b51eb3d48d7987cdf921", kill_on_drop: false }`
[INFO] [stdout] 4145d858389d37c463ca31615ff69bd3e70b6eb2eea6b51eb3d48d7987cdf921
