[INFO] fetching crate maikor-vm-core 0.1.15...
[INFO] testing maikor-vm-core-0.1.15 against 1.69.0 for beta-1.70-1
[INFO] extracting crate maikor-vm-core 0.1.15 into /workspace/builds/worker-3-tc1/source
[INFO] validating manifest of crates.io crate maikor-vm-core 0.1.15 on toolchain 1.69.0
[INFO] running `Command { std: CARGO_HOME="/workspace/cargo-home" RUSTUP_HOME="/workspace/rustup-home" "/workspace/cargo-home/bin/cargo" "+1.69.0" "metadata" "--manifest-path" "Cargo.toml" "--no-deps", kill_on_drop: false }`
[INFO] started tweaking crates.io crate maikor-vm-core 0.1.15
[INFO] finished tweaking crates.io crate maikor-vm-core 0.1.15
[INFO] tweaked toml for crates.io crate maikor-vm-core 0.1.15 written to /workspace/builds/worker-3-tc1/source/Cargo.toml
[INFO] running `Command { std: CARGO_HOME="/workspace/cargo-home" RUSTUP_HOME="/workspace/rustup-home" __CARGO_TEST_CHANNEL_OVERRIDE_DO_NOT_USE_THIS="nightly" "/workspace/cargo-home/bin/cargo" "+1.69.0" "generate-lockfile" "--manifest-path" "Cargo.toml" "-Zno-index-update", kill_on_drop: false }`
[INFO] running `Command { std: CARGO_HOME="/workspace/cargo-home" RUSTUP_HOME="/workspace/rustup-home" "/workspace/cargo-home/bin/cargo" "+1.69.0" "fetch" "--manifest-path" "Cargo.toml", kill_on_drop: false }`
[INFO] [stderr]  Downloading crates ...
[INFO] [stderr]   Downloaded blip_buf-sys v0.1.4
[INFO] [stderr]   Downloaded blip_buf v0.1.4
[INFO] [stderr]   Downloaded maikor-vm-file v0.1.11
[INFO] [stderr]   Downloaded maikor-platform v0.1.29
[INFO] running `Command { std: "docker" "create" "-v" "/var/lib/crater-agent-workspace/builds/worker-3-tc1/target:/opt/rustwide/target:rw,Z" "-v" "/var/lib/crater-agent-workspace/builds/worker-3-tc1/source:/opt/rustwide/workdir:ro,Z" "-v" "/var/lib/crater-agent-workspace/cargo-home:/opt/rustwide/cargo-home:ro,Z" "-v" "/var/lib/crater-agent-workspace/rustup-home:/opt/rustwide/rustup-home:ro,Z" "-e" "SOURCE_DIR=/opt/rustwide/workdir" "-e" "CARGO_TARGET_DIR=/opt/rustwide/target" "-e" "CARGO_HOME=/opt/rustwide/cargo-home" "-e" "RUSTUP_HOME=/opt/rustwide/rustup-home" "-w" "/opt/rustwide/workdir" "-m" "1610612736" "--user" "0:0" "--network" "none" "ghcr.io/rust-lang/crates-build-env/linux@sha256:5ff2268d62e97bff2cde7d5815dd6ed5b47097566f13b8d0ca110b04b60e07ed" "/opt/rustwide/cargo-home/bin/cargo" "+1.69.0" "metadata" "--no-deps" "--format-version=1", kill_on_drop: false }`
[INFO] [stdout] 36ad0827b28e5d4eaa01547955ba888a6803d131279779c06f3a1f4f263d58a1
[INFO] running `Command { std: "docker" "start" "-a" "36ad0827b28e5d4eaa01547955ba888a6803d131279779c06f3a1f4f263d58a1", kill_on_drop: false }`
[INFO] running `Command { std: "docker" "inspect" "36ad0827b28e5d4eaa01547955ba888a6803d131279779c06f3a1f4f263d58a1", kill_on_drop: false }`
[INFO] running `Command { std: "docker" "rm" "-f" "36ad0827b28e5d4eaa01547955ba888a6803d131279779c06f3a1f4f263d58a1", kill_on_drop: false }`
[INFO] [stdout] 36ad0827b28e5d4eaa01547955ba888a6803d131279779c06f3a1f4f263d58a1
[INFO] running `Command { std: "docker" "create" "-v" "/var/lib/crater-agent-workspace/builds/worker-3-tc1/target:/opt/rustwide/target:rw,Z" "-v" "/var/lib/crater-agent-workspace/builds/worker-3-tc1/source:/opt/rustwide/workdir:ro,Z" "-v" "/var/lib/crater-agent-workspace/cargo-home:/opt/rustwide/cargo-home:ro,Z" "-v" "/var/lib/crater-agent-workspace/rustup-home:/opt/rustwide/rustup-home:ro,Z" "-e" "SOURCE_DIR=/opt/rustwide/workdir" "-e" "CARGO_TARGET_DIR=/opt/rustwide/target" "-e" "CARGO_INCREMENTAL=0" "-e" "RUST_BACKTRACE=full" "-e" "RUSTFLAGS=--cap-lints=warn" "-e" "RUSTDOCFLAGS=--cap-lints=warn" "-e" "CARGO_HOME=/opt/rustwide/cargo-home" "-e" "RUSTUP_HOME=/opt/rustwide/rustup-home" "-w" "/opt/rustwide/workdir" "-m" "1610612736" "--user" "0:0" "--network" "none" "ghcr.io/rust-lang/crates-build-env/linux@sha256:5ff2268d62e97bff2cde7d5815dd6ed5b47097566f13b8d0ca110b04b60e07ed" "/opt/rustwide/cargo-home/bin/cargo" "+1.69.0" "build" "--frozen" "--message-format=json", kill_on_drop: false }`
[INFO] [stdout] 19ac0da0b70504eac05070484c09b26a9c0ec6988dadebb411145f312251e441
[INFO] running `Command { std: "docker" "start" "-a" "19ac0da0b70504eac05070484c09b26a9c0ec6988dadebb411145f312251e441", kill_on_drop: false }`
[INFO] [stderr]    Compiling blip_buf-sys v0.1.4
[INFO] [stderr]    Compiling maikor-platform v0.1.29
[INFO] [stderr]    Compiling maikor-vm-file v0.1.11
[INFO] [stderr]    Compiling blip_buf v0.1.4
[INFO] [stderr]    Compiling maikor-vm-core v0.1.15 (/opt/rustwide/workdir)
[INFO] [stdout] error[E0425]: cannot find value `CONTROLLER_GRAPHICS` in module `sizes`
[INFO] [stdout]   --> src/mem.rs:11:51
[INFO] [stdout]    |
[INFO] [stdout] 11 |     pub const CONTROLLER_GRAPHICS: usize = sizes::CONTROLLER_GRAPHICS as usize;
[INFO] [stdout]    |                                                   ^^^^^^^^^^^^^^^^^^^ not found in `sizes`
[INFO] [stdout]    |
[INFO] [stdout] help: consider importing this constant
[INFO] [stdout]    |
[INFO] [stdout] 2  |     use crate::address::CONTROLLER_GRAPHICS;
[INFO] [stdout]    |
[INFO] [stdout] help: if you import `CONTROLLER_GRAPHICS`, refer to it directly
[INFO] [stdout]    |
[INFO] [stdout] 11 -     pub const CONTROLLER_GRAPHICS: usize = sizes::CONTROLLER_GRAPHICS as usize;
[INFO] [stdout] 11 +     pub const CONTROLLER_GRAPHICS: usize = CONTROLLER_GRAPHICS as usize;
[INFO] [stdout]    |
[INFO] [stdout] 
[INFO] [stdout] 
[INFO] [stdout] error[E0425]: cannot find value `CONTROLLER_TYPE` in module `address`
[INFO] [stdout]    --> src/mem.rs:38:49
[INFO] [stdout]     |
[INFO] [stdout] 38  |     pub const CONTROLLER_TYPE: usize = address::CONTROLLER_TYPE as usize;
[INFO] [stdout]     |                                                 ^^^^^^^^^^^^^^^ help: a constant with a similar name exists: `CONTROLLER_TABLE`
[INFO] [stdout]     |
[INFO] [stdout]    ::: /opt/rustwide/cargo-home/registry/src/github.com-1ecc6299db9ec823/maikor-platform-0.1.29/src/mem.rs:115:5
[INFO] [stdout]     |
[INFO] [stdout] 115 |     pub const CONTROLLER_TABLE: u16 = 0xFB77; //64375
[INFO] [stdout]     |     ------------------------------- similarly named constant `CONTROLLER_TABLE` defined here
[INFO] [stdout] 
[INFO] [stdout] 
[INFO] [stdout] error[E0425]: cannot find value `CONTROLLER_GRAPHICS` in module `address`
[INFO] [stdout]   --> src/mem.rs:39:53
[INFO] [stdout]    |
[INFO] [stdout] 39 |     pub const CONTROLLER_GRAPHICS: usize = address::CONTROLLER_GRAPHICS as usize;
[INFO] [stdout]    |                                                     ^^^^^^^^^^^^^^^^^^^ not found in `address`
[INFO] [stdout]    |
[INFO] [stdout] help: consider importing this constant
[INFO] [stdout]    |
[INFO] [stdout] 16 |     use crate::sizes::CONTROLLER_GRAPHICS;
[INFO] [stdout]    |
[INFO] [stdout] help: if you import `CONTROLLER_GRAPHICS`, refer to it directly
[INFO] [stdout]    |
[INFO] [stdout] 39 -     pub const CONTROLLER_GRAPHICS: usize = address::CONTROLLER_GRAPHICS as usize;
[INFO] [stdout] 39 +     pub const CONTROLLER_GRAPHICS: usize = CONTROLLER_GRAPHICS as usize;
[INFO] [stdout]    |
[INFO] [stdout] 
[INFO] [stdout] 
[INFO] [stdout] note: erroneous constant used
[INFO] [stdout]   --> src/lib.rs:32:45
[INFO] [stdout]    |
[INFO] [stdout] 32 |     pub controller_graphics_banks: Vec<[u8; sizes::CONTROLLER_GRAPHICS]>,
[INFO] [stdout]    |                                             ^^^^^^^^^^^^^^^^^^^^^^^^^^
[INFO] [stdout] 
[INFO] [stdout] 
[INFO] [stdout] error[E0609]: no field `controller_graphics` on type `GameFile`
[INFO] [stdout]    --> src/lib.rs:127:30
[INFO] [stdout]     |
[INFO] [stdout] 127 |         for graphics in game.controller_graphics {
[INFO] [stdout]     |                              ^^^^^^^^^^^^^^^^^^^ unknown field
[INFO] [stdout]     |
[INFO] [stdout]     = note: available fields are: `header`, `main_code`, `code_banks`, `atlases`
[INFO] [stdout] 
[INFO] [stdout] 
[INFO] [stdout] error: aborting due to 4 previous errors
[INFO] [stdout] 
[INFO] [stdout] 
[INFO] [stdout] Some errors have detailed explanations: E0425, E0609.
[INFO] [stdout] 
[INFO] [stdout] For more information about an error, try `rustc --explain E0425`.
[INFO] [stdout] 
[INFO] [stderr] error: could not compile `maikor-vm-core` due to 5 previous errors
[INFO] running `Command { std: "docker" "inspect" "19ac0da0b70504eac05070484c09b26a9c0ec6988dadebb411145f312251e441", kill_on_drop: false }`
[INFO] running `Command { std: "docker" "rm" "-f" "19ac0da0b70504eac05070484c09b26a9c0ec6988dadebb411145f312251e441", kill_on_drop: false }`
[INFO] [stdout] 19ac0da0b70504eac05070484c09b26a9c0ec6988dadebb411145f312251e441
