[INFO] fetching crate magic_static 3.0.3...
[INFO] testing magic_static-3.0.3 against 1.69.0 for beta-1.70-1
[INFO] extracting crate magic_static 3.0.3 into /workspace/builds/worker-2-tc1/source
[INFO] validating manifest of crates.io crate magic_static 3.0.3 on toolchain 1.69.0
[INFO] running `Command { std: CARGO_HOME="/workspace/cargo-home" RUSTUP_HOME="/workspace/rustup-home" "/workspace/cargo-home/bin/cargo" "+1.69.0" "metadata" "--manifest-path" "Cargo.toml" "--no-deps", kill_on_drop: false }`
[INFO] started tweaking crates.io crate magic_static 3.0.3
[INFO] finished tweaking crates.io crate magic_static 3.0.3
[INFO] tweaked toml for crates.io crate magic_static 3.0.3 written to /workspace/builds/worker-2-tc1/source/Cargo.toml
[INFO] running `Command { std: CARGO_HOME="/workspace/cargo-home" RUSTUP_HOME="/workspace/rustup-home" __CARGO_TEST_CHANNEL_OVERRIDE_DO_NOT_USE_THIS="nightly" "/workspace/cargo-home/bin/cargo" "+1.69.0" "generate-lockfile" "--manifest-path" "Cargo.toml" "-Zno-index-update", kill_on_drop: false }`
[INFO] running `Command { std: CARGO_HOME="/workspace/cargo-home" RUSTUP_HOME="/workspace/rustup-home" "/workspace/cargo-home/bin/cargo" "+1.69.0" "fetch" "--manifest-path" "Cargo.toml", kill_on_drop: false }`
[INFO] [stderr]  Downloading crates ...
[INFO] [stderr]   Downloaded magic_static_macro v3.0.1
[INFO] running `Command { std: "docker" "create" "-v" "/var/lib/crater-agent-workspace/builds/worker-2-tc1/target:/opt/rustwide/target:rw,Z" "-v" "/var/lib/crater-agent-workspace/builds/worker-2-tc1/source:/opt/rustwide/workdir:ro,Z" "-v" "/var/lib/crater-agent-workspace/cargo-home:/opt/rustwide/cargo-home:ro,Z" "-v" "/var/lib/crater-agent-workspace/rustup-home:/opt/rustwide/rustup-home:ro,Z" "-e" "SOURCE_DIR=/opt/rustwide/workdir" "-e" "CARGO_TARGET_DIR=/opt/rustwide/target" "-e" "CARGO_HOME=/opt/rustwide/cargo-home" "-e" "RUSTUP_HOME=/opt/rustwide/rustup-home" "-w" "/opt/rustwide/workdir" "-m" "1610612736" "--user" "0:0" "--network" "none" "ghcr.io/rust-lang/crates-build-env/linux@sha256:97d61d7686bf65f8ecb15491ab51835e82dc9176a96a831f143a431b191fc501" "/opt/rustwide/cargo-home/bin/cargo" "+1.69.0" "metadata" "--no-deps" "--format-version=1", kill_on_drop: false }`
[INFO] [stdout] ec69ad16deb6747be5e72b205af8bb1aa2734375082299a7fece1708db13c354
[INFO] running `Command { std: "docker" "start" "-a" "ec69ad16deb6747be5e72b205af8bb1aa2734375082299a7fece1708db13c354", kill_on_drop: false }`
[INFO] running `Command { std: "docker" "inspect" "ec69ad16deb6747be5e72b205af8bb1aa2734375082299a7fece1708db13c354", kill_on_drop: false }`
[INFO] running `Command { std: "docker" "rm" "-f" "ec69ad16deb6747be5e72b205af8bb1aa2734375082299a7fece1708db13c354", kill_on_drop: false }`
[INFO] [stdout] ec69ad16deb6747be5e72b205af8bb1aa2734375082299a7fece1708db13c354
[INFO] running `Command { std: "docker" "create" "-v" "/var/lib/crater-agent-workspace/builds/worker-2-tc1/target:/opt/rustwide/target:rw,Z" "-v" "/var/lib/crater-agent-workspace/builds/worker-2-tc1/source:/opt/rustwide/workdir:ro,Z" "-v" "/var/lib/crater-agent-workspace/cargo-home:/opt/rustwide/cargo-home:ro,Z" "-v" "/var/lib/crater-agent-workspace/rustup-home:/opt/rustwide/rustup-home:ro,Z" "-e" "SOURCE_DIR=/opt/rustwide/workdir" "-e" "CARGO_TARGET_DIR=/opt/rustwide/target" "-e" "CARGO_INCREMENTAL=0" "-e" "RUST_BACKTRACE=full" "-e" "RUSTFLAGS=--cap-lints=warn" "-e" "RUSTDOCFLAGS=--cap-lints=warn" "-e" "CARGO_HOME=/opt/rustwide/cargo-home" "-e" "RUSTUP_HOME=/opt/rustwide/rustup-home" "-w" "/opt/rustwide/workdir" "-m" "1610612736" "--user" "0:0" "--network" "none" "ghcr.io/rust-lang/crates-build-env/linux@sha256:97d61d7686bf65f8ecb15491ab51835e82dc9176a96a831f143a431b191fc501" "/opt/rustwide/cargo-home/bin/cargo" "+1.69.0" "build" "--frozen" "--message-format=json", kill_on_drop: false }`
[INFO] [stdout] dbf78b19cf7ec0d32c1694879d21a7c7dbcf8765ea7a72fe5244c77ee72f0c1f
[INFO] running `Command { std: "docker" "start" "-a" "dbf78b19cf7ec0d32c1694879d21a7c7dbcf8765ea7a72fe5244c77ee72f0c1f", kill_on_drop: false }`
[INFO] [stderr]    Compiling proc-macro2 v1.0.56
[INFO] [stderr]    Compiling syn v1.0.109
[INFO] [stderr]    Compiling quote v1.0.26
[INFO] [stderr]    Compiling magic_static_macro v3.0.1
[INFO] [stderr]    Compiling magic_static v3.0.3 (/opt/rustwide/workdir)
[INFO] [stderr]     Finished dev [unoptimized + debuginfo] target(s) in 3.93s
[INFO] running `Command { std: "docker" "inspect" "dbf78b19cf7ec0d32c1694879d21a7c7dbcf8765ea7a72fe5244c77ee72f0c1f", kill_on_drop: false }`
[INFO] running `Command { std: "docker" "rm" "-f" "dbf78b19cf7ec0d32c1694879d21a7c7dbcf8765ea7a72fe5244c77ee72f0c1f", kill_on_drop: false }`
[INFO] [stdout] dbf78b19cf7ec0d32c1694879d21a7c7dbcf8765ea7a72fe5244c77ee72f0c1f
[INFO] running `Command { std: "docker" "create" "-v" "/var/lib/crater-agent-workspace/builds/worker-2-tc1/target:/opt/rustwide/target:rw,Z" "-v" "/var/lib/crater-agent-workspace/builds/worker-2-tc1/source:/opt/rustwide/workdir:ro,Z" "-v" "/var/lib/crater-agent-workspace/cargo-home:/opt/rustwide/cargo-home:ro,Z" "-v" "/var/lib/crater-agent-workspace/rustup-home:/opt/rustwide/rustup-home:ro,Z" "-e" "SOURCE_DIR=/opt/rustwide/workdir" "-e" "CARGO_TARGET_DIR=/opt/rustwide/target" "-e" "CARGO_INCREMENTAL=0" "-e" "RUST_BACKTRACE=full" "-e" "RUSTFLAGS=--cap-lints=warn" "-e" "RUSTDOCFLAGS=--cap-lints=warn" "-e" "CARGO_HOME=/opt/rustwide/cargo-home" "-e" "RUSTUP_HOME=/opt/rustwide/rustup-home" "-w" "/opt/rustwide/workdir" "-m" "1610612736" "--user" "0:0" "--network" "none" "ghcr.io/rust-lang/crates-build-env/linux@sha256:97d61d7686bf65f8ecb15491ab51835e82dc9176a96a831f143a431b191fc501" "/opt/rustwide/cargo-home/bin/cargo" "+1.69.0" "test" "--frozen" "--no-run" "--message-format=json", kill_on_drop: false }`
[INFO] [stdout] 262ab7b63ffdf16ee4b10319380098716c8a25e63c7b31c144f00d7b51659b7b
[INFO] running `Command { std: "docker" "start" "-a" "262ab7b63ffdf16ee4b10319380098716c8a25e63c7b31c144f00d7b51659b7b", kill_on_drop: false }`
[INFO] [stderr]    Compiling magic_static v3.0.3 (/opt/rustwide/workdir)
[INFO] [stderr]     Finished test [unoptimized + debuginfo] target(s) in 0.19s
[INFO] running `Command { std: "docker" "inspect" "262ab7b63ffdf16ee4b10319380098716c8a25e63c7b31c144f00d7b51659b7b", kill_on_drop: false }`
[INFO] running `Command { std: "docker" "rm" "-f" "262ab7b63ffdf16ee4b10319380098716c8a25e63c7b31c144f00d7b51659b7b", kill_on_drop: false }`
[INFO] [stdout] 262ab7b63ffdf16ee4b10319380098716c8a25e63c7b31c144f00d7b51659b7b
[INFO] running `Command { std: "docker" "create" "-v" "/var/lib/crater-agent-workspace/builds/worker-2-tc1/target:/opt/rustwide/target:rw,Z" "-v" "/var/lib/crater-agent-workspace/builds/worker-2-tc1/source:/opt/rustwide/workdir:ro,Z" "-v" "/var/lib/crater-agent-workspace/cargo-home:/opt/rustwide/cargo-home:ro,Z" "-v" "/var/lib/crater-agent-workspace/rustup-home:/opt/rustwide/rustup-home:ro,Z" "-e" "SOURCE_DIR=/opt/rustwide/workdir" "-e" "CARGO_TARGET_DIR=/opt/rustwide/target" "-e" "CARGO_INCREMENTAL=0" "-e" "RUST_BACKTRACE=full" "-e" "RUSTFLAGS=--cap-lints=warn" "-e" "RUSTDOCFLAGS=--cap-lints=warn" "-e" "CARGO_HOME=/opt/rustwide/cargo-home" "-e" "RUSTUP_HOME=/opt/rustwide/rustup-home" "-w" "/opt/rustwide/workdir" "-m" "1610612736" "--user" "0:0" "--network" "none" "ghcr.io/rust-lang/crates-build-env/linux@sha256:97d61d7686bf65f8ecb15491ab51835e82dc9176a96a831f143a431b191fc501" "/opt/rustwide/cargo-home/bin/cargo" "+1.69.0" "test" "--frozen", kill_on_drop: false }`
[INFO] [stdout] 5a2b8d506ecb582d399ec7816de223b593bdb3c4dff6d6af02a9ec64794f3097
[INFO] running `Command { std: "docker" "start" "-a" "5a2b8d506ecb582d399ec7816de223b593bdb3c4dff6d6af02a9ec64794f3097", kill_on_drop: false }`
[INFO] [stderr]     Finished test [unoptimized + debuginfo] target(s) in 0.00s
[INFO] [stderr]      Running unittests src/lib.rs (/opt/rustwide/target/debug/deps/magic_static-f5a2525b7bdf7bd5)
[INFO] [stdout] 
[INFO] [stdout] running 0 tests
[INFO] [stdout] 
[INFO] [stdout] test result: ok. 0 passed; 0 failed; 0 ignored; 0 measured; 0 filtered out; finished in 0.00s
[INFO] [stdout] 
[INFO] [stderr]    Doc-tests magic_static
[INFO] [stdout] 
[INFO] [stdout] running 4 tests
[INFO] [stdout] test src/lib.rs - magic_statics_mod (line 180) ... FAILED
[INFO] [stdout] test src/lib.rs - init (line 238) ... FAILED
[INFO] [stdout] test src/lib.rs - magic_statics (line 108) ... FAILED
[INFO] [stdout] test src/lib.rs - (line 23) ... ok
[INFO] [stdout] 
[INFO] [stdout] failures:
[INFO] [stdout] 
[INFO] [stdout] ---- src/lib.rs - magic_statics_mod (line 180) stdout ----
[INFO] [stdout] error: cannot find macro `magic_statics_mod` in this scope
[INFO] [stdout]  --> src/lib.rs:183:5
[INFO] [stdout]   |
[INFO] [stdout] 5 |     magic_statics_mod! {
[INFO] [stdout]   |     ^^^^^^^^^^^^^^^^^
[INFO] [stdout]   |
[INFO] [stdout]   = help: consider importing this macro:
[INFO] [stdout]           magic_static::magic_statics_mod
[INFO] [stdout] 
[INFO] [stdout] error[E0425]: cannot find function `magic_static` in module `self::foo`
[INFO] [stdout]   --> src/lib.rs:202:1
[INFO] [stdout]    |
[INFO] [stdout] 24 | / #[magic_static::main(
[INFO] [stdout] 25 | |     mod foo // This will initialize all magic statics in `foo`
[INFO] [stdout] 26 | | )]
[INFO] [stdout]    | |__^ not found in `self::foo`
[INFO] [stdout]    |
[INFO] [stdout]    = note: this error originates in the attribute macro `magic_static::main` (in Nightly builds, run with -Z macro-backtrace for more info)
[INFO] [stdout] 
[INFO] [stdout] error: aborting due to 2 previous errors
[INFO] [stdout] 
[INFO] [stdout] For more information about this error, try `rustc --explain E0425`.
[INFO] [stdout] Couldn't compile the test.
[INFO] [stdout] ---- src/lib.rs - init (line 238) stdout ----
[INFO] [stdout] error: cannot find macro `magic_static` in this scope
[INFO] [stdout]    --> src/lib.rs:241:5
[INFO] [stdout]     |
[INFO] [stdout] 4   |     magic_static! {
[INFO] [stdout]     |     ^^^^^^^^^^^^ help: a macro with a similar name exists: `magic_statics`
[INFO] [stdout]     |
[INFO] [stdout]    ::: /opt/rustwide/workdir/src/lib.rs:153:1
[INFO] [stdout]     |
[INFO] [stdout] 153 | macro_rules! magic_statics {
[INFO] [stdout]     | -------------------------- similarly named macro `magic_statics` defined here
[INFO] [stdout]     |
[INFO] [stdout] note: `magic_static` is imported here, but it is an attribute: `#[magic_static]`
[INFO] [stdout]    --> src/lib.rs:239:1
[INFO] [stdout]     |
[INFO] [stdout] 2   | #[macro_use] extern crate r#magic_static;
[INFO] [stdout]     | ^^^^^^^^^^^^
[INFO] [stdout] 
[INFO] [stdout] error: cannot find macro `magic_static` in this scope
[INFO] [stdout]    --> src/lib.rs:252:5
[INFO] [stdout]     |
[INFO] [stdout] 15  |     magic_static! {
[INFO] [stdout]     |     ^^^^^^^^^^^^ help: a macro with a similar name exists: `magic_statics`
[INFO] [stdout]     |
[INFO] [stdout]    ::: /opt/rustwide/workdir/src/lib.rs:153:1
[INFO] [stdout]     |
[INFO] [stdout] 153 | macro_rules! magic_statics {
[INFO] [stdout]     | -------------------------- similarly named macro `magic_statics` defined here
[INFO] [stdout]     |
[INFO] [stdout] note: `magic_static` is imported here, but it is an attribute: `#[magic_static]`
[INFO] [stdout]    --> src/lib.rs:239:1
[INFO] [stdout]     |
[INFO] [stdout] 2   | #[macro_use] extern crate r#magic_static;
[INFO] [stdout]     | ^^^^^^^^^^^^
[INFO] [stdout] 
[INFO] [stdout] error[E0425]: cannot find value `MAGIC` in this scope
[INFO] [stdout]   --> src/lib.rs:261:5
[INFO] [stdout]    |
[INFO] [stdout] 24 | /     #[magic_static::main(
[INFO] [stdout] 25 | |         MAGIC,
[INFO] [stdout] 26 | |         BAR
[INFO] [stdout] 27 | |     )]
[INFO] [stdout]    | |______^ not found in this scope
[INFO] [stdout]    |
[INFO] [stdout]    = note: this error originates in the attribute macro `magic_static::main` (in Nightly builds, run with -Z macro-backtrace for more info)
[INFO] [stdout] 
[INFO] [stdout] error[E0425]: cannot find value `BAR` in this scope
[INFO] [stdout]   --> src/lib.rs:261:5
[INFO] [stdout]    |
[INFO] [stdout] 24 | /     #[magic_static::main(
[INFO] [stdout] 25 | |         MAGIC,
[INFO] [stdout] 26 | |         BAR
[INFO] [stdout] 27 | |     )]
[INFO] [stdout]    | |______^ not found in this scope
[INFO] [stdout]    |
[INFO] [stdout]    = note: this error originates in the attribute macro `magic_static::main` (in Nightly builds, run with -Z macro-backtrace for more info)
[INFO] [stdout] 
[INFO] [stdout] error[E0425]: cannot find value `BAR` in module `foo`
[INFO] [stdout]   --> src/lib.rs:271:14
[INFO] [stdout]    |
[INFO] [stdout] 34 |         foo::BAR,
[INFO] [stdout]    |              ^^^ not found in `foo`
[INFO] [stdout] 
[INFO] [stdout] error[E0425]: cannot find value `MAGIC` in module `foo`
[INFO] [stdout]   --> src/lib.rs:272:14
[INFO] [stdout]    |
[INFO] [stdout] 35 |         foo::MAGIC,
[INFO] [stdout]    |              ^^^^^ not found in `foo`
[INFO] [stdout] 
[INFO] [stdout] error: aborting due to 6 previous errors
[INFO] [stdout] 
[INFO] [stdout] For more information about this error, try `rustc --explain E0425`.
[INFO] [stdout] Couldn't compile the test.
[INFO] [stdout] ---- src/lib.rs - magic_statics (line 108) stdout ----
[INFO] [stdout] error: cannot find macro `magic_statics` in this scope
[INFO] [stdout]  --> src/lib.rs:110:5
[INFO] [stdout]   |
[INFO] [stdout] 4 |     magic_statics! {
[INFO] [stdout]   |     ^^^^^^^^^^^^^
[INFO] [stdout]   |
[INFO] [stdout]   = help: consider importing this macro:
[INFO] [stdout]           magic_static::magic_statics
[INFO] [stdout] 
[INFO] [stdout] error: cannot find macro `magic_statics_mod` in this scope
[INFO] [stdout]   --> src/lib.rs:123:5
[INFO] [stdout]    |
[INFO] [stdout] 17 |     magic_statics_mod! {
[INFO] [stdout]    |     ^^^^^^^^^^^^^^^^^
[INFO] [stdout]    |
[INFO] [stdout]    = help: consider importing this macro:
[INFO] [stdout]            magic_static::magic_statics_mod
[INFO] [stdout] 
[INFO] [stdout] error: cannot find attribute `magic_static` in this scope
[INFO] [stdout]   --> src/lib.rs:134:3
[INFO] [stdout]    |
[INFO] [stdout] 28 | #[magic_static]
[INFO] [stdout]    |   ^^^^^^^^^^^^
[INFO] [stdout]    |
[INFO] [stdout]    = help: consider importing one of these items:
[INFO] [stdout]            magic_static::magic_static
[INFO] [stdout]            magic_static_macro::magic_static
[INFO] [stdout] note: `magic_static` is imported here, but it is a crate, not an attribute
[INFO] [stdout]   --> src/lib.rs:108:1
[INFO] [stdout]    |
[INFO] [stdout] 2  | extern crate r#magic_static;
[INFO] [stdout]    | ^^^^^^^^^^^^^^^^^^^^^^^^^^^^
[INFO] [stdout] 
[INFO] [stdout] error[E0425]: cannot find value `MAGIC` in module `foo`
[INFO] [stdout]   --> src/lib.rs:141:1
[INFO] [stdout]    |
[INFO] [stdout] 35 | / #[magic_static::main(
[INFO] [stdout] 36 | |     FOO_BAR,
[INFO] [stdout] 37 | |
[INFO] [stdout] 38 | |     foo::MAGIC,
[INFO] [stdout] ...  |
[INFO] [stdout] 41 | |     mod baz // This will initialize all magic statics in the `baz` module
[INFO] [stdout] 42 | | )]
[INFO] [stdout]    | |__^ not found in `foo`
[INFO] [stdout]    |
[INFO] [stdout]    = note: this error originates in the attribute macro `magic_static::main` (in Nightly builds, run with -Z macro-backtrace for more info)
[INFO] [stdout] 
[INFO] [stdout] error[E0425]: cannot find value `BAR` in module `foo`
[INFO] [stdout]   --> src/lib.rs:141:1
[INFO] [stdout]    |
[INFO] [stdout] 35 | / #[magic_static::main(
[INFO] [stdout] 36 | |     FOO_BAR,
[INFO] [stdout] 37 | |
[INFO] [stdout] 38 | |     foo::MAGIC,
[INFO] [stdout] ...  |
[INFO] [stdout] 41 | |     mod baz // This will initialize all magic statics in the `baz` module
[INFO] [stdout] 42 | | )]
[INFO] [stdout]    | |__^ not found in `foo`
[INFO] [stdout]    |
[INFO] [stdout]    = note: this error originates in the attribute macro `magic_static::main` (in Nightly builds, run with -Z macro-backtrace for more info)
[INFO] [stdout] 
[INFO] [stdout] error[E0425]: cannot find function `magic_static` in module `self::baz`
[INFO] [stdout]   --> src/lib.rs:141:1
[INFO] [stdout]    |
[INFO] [stdout] 35 | / #[magic_static::main(
[INFO] [stdout] 36 | |     FOO_BAR,
[INFO] [stdout] 37 | |
[INFO] [stdout] 38 | |     foo::MAGIC,
[INFO] [stdout] ...  |
[INFO] [stdout] 41 | |     mod baz // This will initialize all magic statics in the `baz` module
[INFO] [stdout] 42 | | )]
[INFO] [stdout]    | |__^ not found in `self::baz`
[INFO] [stdout]    |
[INFO] [stdout]    = note: this error originates in the attribute macro `magic_static::main` (in Nightly builds, run with -Z macro-backtrace for more info)
[INFO] [stdout] 
[INFO] [stdout] error[E0599]: no method named `__init` found for struct `JoinHandle` in the current scope
[INFO] [stdout]   --> src/lib.rs:141:1
[INFO] [stdout]    |
[INFO] [stdout] 35 |   #[magic_static::main(
[INFO] [stdout]    |  _^
[INFO] [stdout] 36 | |     FOO_BAR,
[INFO] [stdout] 37 | |
[INFO] [stdout] 38 | |     foo::MAGIC,
[INFO] [stdout] ...  |
[INFO] [stdout] 41 | |     mod baz // This will initialize all magic statics in the `baz` module
[INFO] [stdout] 42 | | )]
[INFO] [stdout]    | |__^ method not found in `JoinHandle<()>`
[INFO] [stdout]    |
[INFO] [stdout]    = note: this error originates in the attribute macro `magic_static::main` (in Nightly builds, run with -Z macro-backtrace for more info)
[INFO] [stdout] 
[INFO] [stdout] error: aborting due to 7 previous errors
[INFO] [stdout] 
[INFO] [stdout] Some errors have detailed explanations: E0425, E0599.
[INFO] [stdout] For more information about an error, try `rustc --explain E0425`.
[INFO] [stdout] Couldn't compile the test.
[INFO] [stdout] 
[INFO] [stdout] failures:
[INFO] [stdout]     src/lib.rs - init (line 238)
[INFO] [stdout]     src/lib.rs - magic_statics (line 108)
[INFO] [stdout]     src/lib.rs - magic_statics_mod (line 180)
[INFO] [stdout] 
[INFO] [stdout] test result: FAILED. 1 passed; 3 failed; 0 ignored; 0 measured; 0 filtered out; finished in 0.17s
[INFO] [stdout] 
[INFO] [stderr] error: doctest failed, to rerun pass `--doc`
[INFO] running `Command { std: "docker" "inspect" "5a2b8d506ecb582d399ec7816de223b593bdb3c4dff6d6af02a9ec64794f3097", kill_on_drop: false }`
[INFO] running `Command { std: "docker" "rm" "-f" "5a2b8d506ecb582d399ec7816de223b593bdb3c4dff6d6af02a9ec64794f3097", kill_on_drop: false }`
[INFO] [stdout] 5a2b8d506ecb582d399ec7816de223b593bdb3c4dff6d6af02a9ec64794f3097
