[INFO] fetching crate magic-wormhole 0.6.0...
[INFO] testing magic-wormhole-0.6.0 against 1.69.0 for beta-1.70-1
[INFO] extracting crate magic-wormhole 0.6.0 into /workspace/builds/worker-6-tc1/source
[INFO] validating manifest of crates.io crate magic-wormhole 0.6.0 on toolchain 1.69.0
[INFO] running `Command { std: CARGO_HOME="/workspace/cargo-home" RUSTUP_HOME="/workspace/rustup-home" "/workspace/cargo-home/bin/cargo" "+1.69.0" "metadata" "--manifest-path" "Cargo.toml" "--no-deps", kill_on_drop: false }`
[INFO] started tweaking crates.io crate magic-wormhole 0.6.0
[INFO] finished tweaking crates.io crate magic-wormhole 0.6.0
[INFO] tweaked toml for crates.io crate magic-wormhole 0.6.0 written to /workspace/builds/worker-6-tc1/source/Cargo.toml
[INFO] running `Command { std: CARGO_HOME="/workspace/cargo-home" RUSTUP_HOME="/workspace/rustup-home" __CARGO_TEST_CHANNEL_OVERRIDE_DO_NOT_USE_THIS="nightly" "/workspace/cargo-home/bin/cargo" "+1.69.0" "generate-lockfile" "--manifest-path" "Cargo.toml" "-Zno-index-update", kill_on_drop: false }`
[INFO] running `Command { std: CARGO_HOME="/workspace/cargo-home" RUSTUP_HOME="/workspace/rustup-home" "/workspace/cargo-home/bin/cargo" "+1.69.0" "fetch" "--manifest-path" "Cargo.toml", kill_on_drop: false }`
[INFO] [stderr]  Downloading crates ...
[INFO] [stderr]   Downloaded futures_ringbuf v0.3.1
[INFO] [stderr]   Downloaded log-derive v0.4.1
[INFO] [stderr]   Downloaded noise-protocol v0.1.4
[INFO] [stderr]   Downloaded async-tls v0.11.0
[INFO] [stderr]   Downloaded async-tar v0.4.2
[INFO] [stderr]   Downloaded hmac-sha1 v0.1.3
[INFO] [stderr]   Downloaded spake2 v0.3.1
[INFO] [stderr]   Downloaded noise-rust-crypto v0.5.0
[INFO] [stderr]   Downloaded stun_codec v0.2.0
[INFO] [stderr]   Downloaded salsa20 v0.9.0
[INFO] [stderr]   Downloaded xsalsa20poly1305 v0.8.0
[INFO] running `Command { std: "docker" "create" "-v" "/var/lib/crater-agent-workspace/builds/worker-6-tc1/target:/opt/rustwide/target:rw,Z" "-v" "/var/lib/crater-agent-workspace/builds/worker-6-tc1/source:/opt/rustwide/workdir:ro,Z" "-v" "/var/lib/crater-agent-workspace/cargo-home:/opt/rustwide/cargo-home:ro,Z" "-v" "/var/lib/crater-agent-workspace/rustup-home:/opt/rustwide/rustup-home:ro,Z" "-e" "SOURCE_DIR=/opt/rustwide/workdir" "-e" "CARGO_TARGET_DIR=/opt/rustwide/target" "-e" "CARGO_HOME=/opt/rustwide/cargo-home" "-e" "RUSTUP_HOME=/opt/rustwide/rustup-home" "-w" "/opt/rustwide/workdir" "-m" "1610612736" "--user" "0:0" "--network" "none" "ghcr.io/rust-lang/crates-build-env/linux@sha256:5ff2268d62e97bff2cde7d5815dd6ed5b47097566f13b8d0ca110b04b60e07ed" "/opt/rustwide/cargo-home/bin/cargo" "+1.69.0" "metadata" "--no-deps" "--format-version=1", kill_on_drop: false }`
[INFO] [stdout] 5f43d616d76790a127f9b3fd46d94759da83a6aee16a14c65a4c576c20aae2e9
[INFO] running `Command { std: "docker" "start" "-a" "5f43d616d76790a127f9b3fd46d94759da83a6aee16a14c65a4c576c20aae2e9", kill_on_drop: false }`
[INFO] running `Command { std: "docker" "inspect" "5f43d616d76790a127f9b3fd46d94759da83a6aee16a14c65a4c576c20aae2e9", kill_on_drop: false }`
[INFO] running `Command { std: "docker" "rm" "-f" "5f43d616d76790a127f9b3fd46d94759da83a6aee16a14c65a4c576c20aae2e9", kill_on_drop: false }`
[INFO] [stdout] 5f43d616d76790a127f9b3fd46d94759da83a6aee16a14c65a4c576c20aae2e9
[INFO] running `Command { std: "docker" "create" "-v" "/var/lib/crater-agent-workspace/builds/worker-6-tc1/target:/opt/rustwide/target:rw,Z" "-v" "/var/lib/crater-agent-workspace/builds/worker-6-tc1/source:/opt/rustwide/workdir:ro,Z" "-v" "/var/lib/crater-agent-workspace/cargo-home:/opt/rustwide/cargo-home:ro,Z" "-v" "/var/lib/crater-agent-workspace/rustup-home:/opt/rustwide/rustup-home:ro,Z" "-e" "SOURCE_DIR=/opt/rustwide/workdir" "-e" "CARGO_TARGET_DIR=/opt/rustwide/target" "-e" "CARGO_INCREMENTAL=0" "-e" "RUST_BACKTRACE=full" "-e" "RUSTFLAGS=--cap-lints=warn" "-e" "RUSTDOCFLAGS=--cap-lints=warn" "-e" "CARGO_HOME=/opt/rustwide/cargo-home" "-e" "RUSTUP_HOME=/opt/rustwide/rustup-home" "-w" "/opt/rustwide/workdir" "-m" "1610612736" "--user" "0:0" "--network" "none" "ghcr.io/rust-lang/crates-build-env/linux@sha256:5ff2268d62e97bff2cde7d5815dd6ed5b47097566f13b8d0ca110b04b60e07ed" "/opt/rustwide/cargo-home/bin/cargo" "+1.69.0" "build" "--frozen" "--message-format=json", kill_on_drop: false }`
[INFO] [stdout] f4376c23832e5b1fc46f0262afa34d5db697db1bc0399897ba17be7ed540b763
[INFO] running `Command { std: "docker" "start" "-a" "f4376c23832e5b1fc46f0262afa34d5db697db1bc0399897ba17be7ed540b763", kill_on_drop: false }`
[INFO] [stderr]    Compiling proc-macro2 v1.0.56
[INFO] [stderr]    Compiling unicode-ident v1.0.8
[INFO] [stderr]    Compiling quote v1.0.26
[INFO] [stderr]    Compiling version_check v0.9.4
[INFO] [stderr]    Compiling cfg-if v1.0.0
[INFO] [stderr]    Compiling libc v0.2.142
[INFO] [stderr]    Compiling typenum v1.16.0
[INFO] [stderr]    Compiling syn v1.0.109
[INFO] [stderr]    Compiling autocfg v1.1.0
[INFO] [stderr]    Compiling subtle v2.4.1
[INFO] [stderr]    Compiling futures-core v0.3.28
[INFO] [stderr]    Compiling memchr v2.5.0
[INFO] [stderr]    Compiling log v0.4.17
[INFO] [stderr]    Compiling futures-io v0.3.28
[INFO] [stderr]    Compiling cpufeatures v0.2.7
[INFO] [stderr]    Compiling pin-project-lite v0.2.9
[INFO] [stderr]    Compiling crossbeam-utils v0.8.15
[INFO] [stderr]    Compiling once_cell v1.17.1
[INFO] [stderr]    Compiling event-listener v2.5.3
[INFO] [stderr]    Compiling byteorder v1.4.3
[INFO] [stderr]    Compiling io-lifetimes v1.0.10
[INFO] [stderr]    Compiling fastrand v1.9.0
[INFO] [stderr]    Compiling waker-fn v1.1.0
[INFO] [stderr]    Compiling serde_derive v1.0.160
[INFO] [stderr]    Compiling generic-array v0.14.7
[INFO] [stderr]    Compiling value-bag v1.0.0-alpha.9
[INFO] [stderr]    Compiling slab v0.4.8
[INFO] [stderr]    Compiling parking v2.1.0
[INFO] [stderr]    Compiling polling v2.8.0
[INFO] [stderr]    Compiling ring v0.16.20
[INFO] [stderr]    Compiling async-lock v2.7.0
[INFO] [stderr]    Compiling rustix v0.37.18
[INFO] [stderr]    Compiling opaque-debug v0.3.0
[INFO] [stderr]    Compiling serde v1.0.160
[INFO] [stderr]    Compiling fnv v1.0.7
[INFO] [stderr]    Compiling futures-lite v1.13.0
[INFO] [stderr]    Compiling async-io v1.13.0
[INFO] [stderr]    Compiling concurrent-queue v2.2.0
[INFO] [stderr]    Compiling bitflags v1.3.2
[INFO] [stderr]    Compiling getrandom v0.1.16
[INFO] [stderr]    Compiling futures-channel v0.3.28
[INFO] [stderr]    Compiling untrusted v0.7.1
[INFO] [stderr]    Compiling spin v0.5.2
[INFO] [stderr]    Compiling linux-raw-sys v0.3.6
[INFO] [stderr]    Compiling getrandom v0.2.9
[INFO] [stderr]    Compiling syn v2.0.15
[INFO] [stderr]    Compiling futures-task v0.3.28
[INFO] [stderr]    Compiling socket2 v0.4.9
[INFO] [stderr]    Compiling async-task v4.4.0
[INFO] [stderr]    Compiling rand_core v0.6.4
[INFO] [stderr]    Compiling futures-sink v0.3.28
[INFO] [stderr]    Compiling tinyvec_macros v0.1.1
[INFO] [stderr]    Compiling semver v1.0.17
[INFO] [stderr]    Compiling signal-hook v0.3.15
[INFO] [stderr]    Compiling futures-util v0.3.28
[INFO] [stderr]    Compiling tinyvec v1.6.0
[INFO] [stderr]    Compiling signal-hook-registry v1.4.1
[INFO] [stderr]    Compiling async-channel v1.8.0
[INFO] [stderr]    Compiling async-process v1.7.0
[INFO] [stderr]    Compiling ident_case v1.0.1
[INFO] [stderr]    Compiling strsim v0.9.3
[INFO] [stderr]    Compiling atomic-waker v1.1.1
[INFO] [stderr]    Compiling itoa v1.0.6
[INFO] [stderr]    Compiling async-executor v1.5.1
[INFO] [stderr]    Compiling rand_core v0.5.1
[INFO] [stderr]    Compiling num-traits v0.2.15
[INFO] [stderr]    Compiling paste v1.0.12
[INFO] [stderr]    Compiling block-buffer v0.10.4
[INFO] [stderr]    Compiling crypto-common v0.1.6
[INFO] [stderr]    Compiling cipher v0.3.0
[INFO] [stderr]    Compiling universal-hash v0.4.1
[INFO] [stderr]    Compiling digest v0.9.0
[INFO] [stderr]    Compiling digest v0.10.6
[INFO] [stderr]    Compiling aead v0.4.3
[INFO] [stderr]    Compiling base64 v0.13.1
[INFO] [stderr]    Compiling ppv-lite86 v0.2.17
[INFO] [stderr]    Compiling percent-encoding v2.2.0
[INFO] [stderr]    Compiling httparse v1.8.0
[INFO] [stderr]    Compiling unicode-normalization v0.1.22
[INFO] [stderr]    Compiling unicode-bidi v0.3.13
[INFO] [stderr]    Compiling thiserror v1.0.40
[INFO] [stderr]    Compiling polyval v0.5.3
[INFO] [stderr]    Compiling form_urlencoded v1.1.0
[INFO] [stderr]    Compiling poly1305 v0.7.2
[INFO] [stderr]    Compiling rustc_version v0.4.0
[INFO] [stderr]    Compiling bytes v1.4.0
[INFO] [stderr]    Compiling rand_chacha v0.3.1
[INFO] [stderr]    Compiling ghash v0.4.4
[INFO] [stderr]    Compiling sha2 v0.10.6
[INFO] [stderr]    Compiling sha-1 v0.10.1
[INFO] [stderr]    Compiling idna v0.3.0
[INFO] [stderr]    Compiling hmac v0.12.1
[INFO] [stderr]    Compiling rand v0.8.5
[INFO] [stderr]    Compiling futures_ringbuf v0.3.1
[INFO] [stderr]    Compiling http v0.2.9
[INFO] [stderr]    Compiling aes v0.7.5
[INFO] [stderr]    Compiling ctr v0.8.0
[INFO] [stderr]    Compiling cache-padded v1.2.0
[INFO] [stderr]    Compiling sha1 v0.2.0
[INFO] [stderr]    Compiling crc-catalog v1.1.1
[INFO] [stderr]    Compiling arrayvec v0.7.2
[INFO] [stderr]    Compiling serde_json v1.0.96
[INFO] [stderr]    Compiling utf-8 v0.7.6
[INFO] [stderr]    Compiling async-trait v0.1.68
[INFO] [stderr]    Compiling crc v2.1.0
[INFO] [stderr]    Compiling hmac-sha1 v0.1.3
[INFO] [stderr]    Compiling noise-protocol v0.1.4
[INFO] [stderr]    Compiling aes-gcm v0.9.4
[INFO] [stderr]    Compiling ringbuf v0.2.8
[INFO] [stderr]    Compiling hkdf v0.12.3
[INFO] [stderr]    Compiling blake2 v0.10.6
[INFO] [stderr]    Compiling filetime v0.2.21
[INFO] [stderr]    Compiling xattr v0.2.3
[INFO] [stderr]    Compiling md5 v0.7.0
[INFO] [stderr]    Compiling ryu v1.0.13
[INFO] [stderr]    Compiling time-core v0.1.0
[INFO] [stderr]    Compiling if-addrs v0.7.0
[INFO] [stderr]    Compiling base64 v0.20.0
[INFO] [stderr]    Compiling webpki v0.21.4
[INFO] [stderr]    Compiling sct v0.6.1
[INFO] [stderr]    Compiling time v0.3.20
[INFO] [stderr]    Compiling rmp v0.8.11
[INFO] [stderr]    Compiling webpki-roots v0.21.1
[INFO] [stderr]    Compiling darling_core v0.10.2
[INFO] [stderr]    Compiling ctor v0.1.26
[INFO] [stderr]    Compiling trackable_derive v1.0.0
[INFO] [stderr]    Compiling async-attributes v1.1.2
[INFO] [stderr]    Compiling pin-project-internal v1.0.12
[INFO] [stderr]    Compiling derive_more v0.99.17
[INFO] [stderr]    Compiling zeroize_derive v1.4.2
[INFO] [stderr]    Compiling futures-macro v0.3.28
[INFO] [stderr]    Compiling thiserror-impl v1.0.40
[INFO] [stderr]    Compiling trackable v1.2.0
[INFO] [stderr]    Compiling darling_macro v0.10.2
[INFO] [stderr]    Compiling trackable v0.2.24
[INFO] [stderr]    Compiling bytecodec v0.4.15
[INFO] [stderr]    Compiling zeroize v1.3.0
[INFO] [stderr]    Compiling pin-project v1.0.12
[INFO] [stderr]    Compiling curve25519-dalek v3.2.1
[INFO] [stderr]    Compiling chacha20 v0.8.2
[INFO] [stderr]    Compiling salsa20 v0.9.0
[INFO] [stderr]    Compiling blocking v1.3.1
[INFO] [stderr]    Compiling kv-log-macro v1.0.7
[INFO] [stderr]    Compiling rustls v0.19.1
[INFO] [stderr]    Compiling darling v0.10.2
[INFO] [stderr]    Compiling xsalsa20poly1305 v0.8.0
[INFO] [stderr]    Compiling chacha20poly1305 v0.9.1
[INFO] [stderr]    Compiling log-derive v0.4.1
[INFO] [stderr]    Compiling async-global-executor v2.3.1
[INFO] [stderr]    Compiling x25519-dalek v1.2.0
[INFO] [stderr]    Compiling spake2 v0.3.1
[INFO] [stderr]    Compiling noise-rust-crypto v0.5.0
[INFO] [stderr]    Compiling stun_codec v0.2.0
[INFO] [stderr]    Compiling async-std v1.12.0
[INFO] [stderr]    Compiling async-tls v0.11.0
[INFO] [stderr]    Compiling futures-executor v0.3.28
[INFO] [stderr]    Compiling futures v0.3.28
[INFO] [stderr]    Compiling async-tar v0.4.2
[INFO] [stderr]    Compiling url v2.3.1
[INFO] [stderr]    Compiling hex v0.4.3
[INFO] [stderr]    Compiling rmp-serde v1.1.1
[INFO] [stderr]    Compiling tungstenite v0.17.3
[INFO] [stderr]    Compiling async-tungstenite v0.17.2
[INFO] [stderr]    Compiling magic-wormhole v0.6.0 (/opt/rustwide/workdir)
[INFO] [stdout] warning: function `sodium_increment_le` is never used
[INFO] [stdout]   --> src/util.rs:82:8
[INFO] [stdout]    |
[INFO] [stdout] 82 | pub fn sodium_increment_le(n: &mut [u8]) {
[INFO] [stdout]    |        ^^^^^^^^^^^^^^^^^^^
[INFO] [stdout]    |
[INFO] [stdout]    = note: `#[warn(dead_code)]` on by default
[INFO] [stdout] 
[INFO] [stdout] 
[INFO] [stdout] warning: variants `List` and `Ping` are never constructed
[INFO] [stdout]    --> src/core/server_messages.rs:143:5
[INFO] [stdout]     |
[INFO] [stdout] 135 | pub enum OutboundMessage {
[INFO] [stdout]     |          --------------- variants in this enum
[INFO] [stdout] ...
[INFO] [stdout] 143 |     List,
[INFO] [stdout]     |     ^^^^
[INFO] [stdout] ...
[INFO] [stdout] 173 |     Ping {
[INFO] [stdout]     |     ^^^^
[INFO] [stdout]     |
[INFO] [stdout]     = note: `OutboundMessage` has a derived impl for the trait `Debug`, but this is intentionally ignored during dead code analysis
[INFO] [stdout] 
[INFO] [stdout] 
[INFO] [stdout] warning: associated function `add` is never used
[INFO] [stdout]    --> src/core/server_messages.rs:199:12
[INFO] [stdout]     |
[INFO] [stdout] 199 |     pub fn add(phase: Phase, body: Vec<u8>) -> Self {
[INFO] [stdout]     |            ^^^
[INFO] [stdout] 
[INFO] [stdout] 
[INFO] [stdout] warning: associated function `offer_message` is never used
[INFO] [stdout]   --> src/transfer/messages.rs:31:12
[INFO] [stdout]    |
[INFO] [stdout] 31 |     pub fn offer_message(msg: impl Into<String>) -> Self {
[INFO] [stdout]    |            ^^^^^^^^^^^^^
[INFO] [stdout] 
[INFO] [stdout] 
[INFO] [stdout] warning: 4 warnings emitted
[INFO] [stdout] 
[INFO] [stdout] 
[INFO] [stderr]     Finished dev [unoptimized + debuginfo] target(s) in 24.33s
[INFO] running `Command { std: "docker" "inspect" "f4376c23832e5b1fc46f0262afa34d5db697db1bc0399897ba17be7ed540b763", kill_on_drop: false }`
[INFO] running `Command { std: "docker" "rm" "-f" "f4376c23832e5b1fc46f0262afa34d5db697db1bc0399897ba17be7ed540b763", kill_on_drop: false }`
[INFO] [stdout] f4376c23832e5b1fc46f0262afa34d5db697db1bc0399897ba17be7ed540b763
[INFO] running `Command { std: "docker" "create" "-v" "/var/lib/crater-agent-workspace/builds/worker-6-tc1/target:/opt/rustwide/target:rw,Z" "-v" "/var/lib/crater-agent-workspace/builds/worker-6-tc1/source:/opt/rustwide/workdir:ro,Z" "-v" "/var/lib/crater-agent-workspace/cargo-home:/opt/rustwide/cargo-home:ro,Z" "-v" "/var/lib/crater-agent-workspace/rustup-home:/opt/rustwide/rustup-home:ro,Z" "-e" "SOURCE_DIR=/opt/rustwide/workdir" "-e" "CARGO_TARGET_DIR=/opt/rustwide/target" "-e" "CARGO_INCREMENTAL=0" "-e" "RUST_BACKTRACE=full" "-e" "RUSTFLAGS=--cap-lints=warn" "-e" "RUSTDOCFLAGS=--cap-lints=warn" "-e" "CARGO_HOME=/opt/rustwide/cargo-home" "-e" "RUSTUP_HOME=/opt/rustwide/rustup-home" "-w" "/opt/rustwide/workdir" "-m" "1610612736" "--user" "0:0" "--network" "none" "ghcr.io/rust-lang/crates-build-env/linux@sha256:5ff2268d62e97bff2cde7d5815dd6ed5b47097566f13b8d0ca110b04b60e07ed" "/opt/rustwide/cargo-home/bin/cargo" "+1.69.0" "test" "--frozen" "--no-run" "--message-format=json", kill_on_drop: false }`
[INFO] [stdout] af0af1366930ceb9874b0d72ccdd679488ccfc83f0ba65187d83eedb85ee4194
[INFO] running `Command { std: "docker" "start" "-a" "af0af1366930ceb9874b0d72ccdd679488ccfc83f0ba65187d83eedb85ee4194", kill_on_drop: false }`
[INFO] [stderr]    Compiling libc v0.2.142
[INFO] [stderr]    Compiling log v0.4.17
[INFO] [stderr]    Compiling io-lifetimes v1.0.10
[INFO] [stderr]    Compiling rustix v0.37.18
[INFO] [stderr]    Compiling aho-corasick v1.0.1
[INFO] [stderr]    Compiling regex-syntax v0.7.1
[INFO] [stderr]    Compiling eyre v0.6.8
[INFO] [stderr]    Compiling termcolor v1.2.0
[INFO] [stderr]    Compiling humantime v2.1.0
[INFO] [stderr]    Compiling indenter v0.3.3
[INFO] [stderr]    Compiling blocking v1.3.1
[INFO] [stderr]    Compiling kv-log-macro v1.0.7
[INFO] [stderr]    Compiling futures_ringbuf v0.3.1
[INFO] [stderr]    Compiling regex v1.8.1
[INFO] [stderr]    Compiling getrandom v0.2.9
[INFO] [stderr]    Compiling socket2 v0.4.9
[INFO] [stderr]    Compiling ring v0.16.20
[INFO] [stderr]    Compiling polling v2.8.0
[INFO] [stderr]    Compiling getrandom v0.1.16
[INFO] [stderr]    Compiling signal-hook-registry v1.4.1
[INFO] [stderr]    Compiling xattr v0.2.3
[INFO] [stderr]    Compiling filetime v0.2.21
[INFO] [stderr]    Compiling if-addrs v0.7.0
[INFO] [stderr]    Compiling rand_core v0.5.1
[INFO] [stderr]    Compiling rand_core v0.6.4
[INFO] [stderr]    Compiling signal-hook v0.3.15
[INFO] [stderr]    Compiling curve25519-dalek v3.2.1
[INFO] [stderr]    Compiling aead v0.4.3
[INFO] [stderr]    Compiling rand_chacha v0.3.1
[INFO] [stderr]    Compiling aes-gcm v0.9.4
[INFO] [stderr]    Compiling chacha20poly1305 v0.9.1
[INFO] [stderr]    Compiling xsalsa20poly1305 v0.8.0
[INFO] [stderr]    Compiling rand v0.8.5
[INFO] [stderr]    Compiling x25519-dalek v1.2.0
[INFO] [stderr]    Compiling spake2 v0.3.1
[INFO] [stderr]    Compiling webpki v0.21.4
[INFO] [stderr]    Compiling sct v0.6.1
[INFO] [stderr]    Compiling noise-rust-crypto v0.5.0
[INFO] [stderr]    Compiling rustls v0.19.1
[INFO] [stderr]    Compiling webpki-roots v0.21.1
[INFO] [stderr]    Compiling tungstenite v0.17.3
[INFO] [stderr]    Compiling async-io v1.13.0
[INFO] [stderr]    Compiling is-terminal v0.4.7
[INFO] [stderr]    Compiling env_logger v0.10.0
[INFO] [stderr]    Compiling async-global-executor v2.3.1
[INFO] [stderr]    Compiling async-process v1.7.0
[INFO] [stderr]    Compiling async-std v1.12.0
[INFO] [stderr]    Compiling async-tls v0.11.0
[INFO] [stderr]    Compiling async-tungstenite v0.17.2
[INFO] [stderr]    Compiling async-tar v0.4.2
[INFO] [stderr]    Compiling magic-wormhole v0.6.0 (/opt/rustwide/workdir)
[INFO] [stdout] warning: function `sodium_increment_le` is never used
[INFO] [stdout]   --> src/util.rs:82:8
[INFO] [stdout]    |
[INFO] [stdout] 82 | pub fn sodium_increment_le(n: &mut [u8]) {
[INFO] [stdout]    |        ^^^^^^^^^^^^^^^^^^^
[INFO] [stdout]    |
[INFO] [stdout]    = note: `#[warn(dead_code)]` on by default
[INFO] [stdout] 
[INFO] [stdout] 
[INFO] [stdout] warning: variants `List` and `Ping` are never constructed
[INFO] [stdout]    --> src/core/server_messages.rs:143:5
[INFO] [stdout]     |
[INFO] [stdout] 135 | pub enum OutboundMessage {
[INFO] [stdout]     |          --------------- variants in this enum
[INFO] [stdout] ...
[INFO] [stdout] 143 |     List,
[INFO] [stdout]     |     ^^^^
[INFO] [stdout] ...
[INFO] [stdout] 173 |     Ping {
[INFO] [stdout]     |     ^^^^
[INFO] [stdout]     |
[INFO] [stdout]     = note: `OutboundMessage` has a derived impl for the trait `Debug`, but this is intentionally ignored during dead code analysis
[INFO] [stdout] 
[INFO] [stdout] 
[INFO] [stdout] warning: associated function `add` is never used
[INFO] [stdout]    --> src/core/server_messages.rs:199:12
[INFO] [stdout]     |
[INFO] [stdout] 199 |     pub fn add(phase: Phase, body: Vec<u8>) -> Self {
[INFO] [stdout]     |            ^^^
[INFO] [stdout] 
[INFO] [stdout] 
[INFO] [stdout] warning: associated function `offer_message` is never used
[INFO] [stdout]   --> src/transfer/messages.rs:31:12
[INFO] [stdout]    |
[INFO] [stdout] 31 |     pub fn offer_message(msg: impl Into<String>) -> Self {
[INFO] [stdout]    |            ^^^^^^^^^^^^^
[INFO] [stdout] 
[INFO] [stdout] 
[INFO] [stdout] warning: function `sodium_increment_le` is never used
[INFO] [stdout]   --> src/util.rs:82:8
[INFO] [stdout]    |
[INFO] [stdout] 82 | pub fn sodium_increment_le(n: &mut [u8]) {
[INFO] [stdout]    |        ^^^^^^^^^^^^^^^^^^^
[INFO] [stdout]    |
[INFO] [stdout]    = note: `#[warn(dead_code)]` on by default
[INFO] [stdout] 
[INFO] [stdout] 
[INFO] [stdout] warning: variant `Ping` is never constructed
[INFO] [stdout]    --> src/core/server_messages.rs:173:5
[INFO] [stdout]     |
[INFO] [stdout] 135 | pub enum OutboundMessage {
[INFO] [stdout]     |          --------------- variant in this enum
[INFO] [stdout] ...
[INFO] [stdout] 173 |     Ping {
[INFO] [stdout]     |     ^^^^
[INFO] [stdout]     |
[INFO] [stdout]     = note: `OutboundMessage` has a derived impl for the trait `Debug`, but this is intentionally ignored during dead code analysis
[INFO] [stdout] 
[INFO] [stdout] 
[INFO] [stdout] warning: 4 warnings emitted
[INFO] [stdout] 
[INFO] [stdout] 
[INFO] [stdout] warning: 2 warnings emitted
[INFO] [stdout] 
[INFO] [stdout] 
[INFO] [stderr]     Finished test [unoptimized + debuginfo] target(s) in 21.67s
[INFO] running `Command { std: "docker" "inspect" "af0af1366930ceb9874b0d72ccdd679488ccfc83f0ba65187d83eedb85ee4194", kill_on_drop: false }`
[INFO] running `Command { std: "docker" "rm" "-f" "af0af1366930ceb9874b0d72ccdd679488ccfc83f0ba65187d83eedb85ee4194", kill_on_drop: false }`
[INFO] [stdout] af0af1366930ceb9874b0d72ccdd679488ccfc83f0ba65187d83eedb85ee4194
[INFO] running `Command { std: "docker" "create" "-v" "/var/lib/crater-agent-workspace/builds/worker-6-tc1/target:/opt/rustwide/target:rw,Z" "-v" "/var/lib/crater-agent-workspace/builds/worker-6-tc1/source:/opt/rustwide/workdir:ro,Z" "-v" "/var/lib/crater-agent-workspace/cargo-home:/opt/rustwide/cargo-home:ro,Z" "-v" "/var/lib/crater-agent-workspace/rustup-home:/opt/rustwide/rustup-home:ro,Z" "-e" "SOURCE_DIR=/opt/rustwide/workdir" "-e" "CARGO_TARGET_DIR=/opt/rustwide/target" "-e" "CARGO_INCREMENTAL=0" "-e" "RUST_BACKTRACE=full" "-e" "RUSTFLAGS=--cap-lints=warn" "-e" "RUSTDOCFLAGS=--cap-lints=warn" "-e" "CARGO_HOME=/opt/rustwide/cargo-home" "-e" "RUSTUP_HOME=/opt/rustwide/rustup-home" "-w" "/opt/rustwide/workdir" "-m" "1610612736" "--user" "0:0" "--network" "none" "ghcr.io/rust-lang/crates-build-env/linux@sha256:5ff2268d62e97bff2cde7d5815dd6ed5b47097566f13b8d0ca110b04b60e07ed" "/opt/rustwide/cargo-home/bin/cargo" "+1.69.0" "test" "--frozen", kill_on_drop: false }`
[INFO] [stdout] ffd6cceeadd1e96817a39ae1216994fb969f4bf0fc2cc6d6eadcb762da1002ef
[INFO] running `Command { std: "docker" "start" "-a" "ffd6cceeadd1e96817a39ae1216994fb969f4bf0fc2cc6d6eadcb762da1002ef", kill_on_drop: false }`
[INFO] [stderr]     Blocking waiting for file lock on package cache
[INFO] [stderr] warning: function `sodium_increment_le` is never used
[INFO] [stderr]   --> src/util.rs:82:8
[INFO] [stderr]    |
[INFO] [stderr] 82 | pub fn sodium_increment_le(n: &mut [u8]) {
[INFO] [stderr]    |        ^^^^^^^^^^^^^^^^^^^
[INFO] [stderr]    |
[INFO] [stderr]    = note: `#[warn(dead_code)]` on by default
[INFO] [stderr] 
[INFO] [stderr] warning: variants `List` and `Ping` are never constructed
[INFO] [stderr]    --> src/core/server_messages.rs:143:5
[INFO] [stderr]     |
[INFO] [stderr] 135 | pub enum OutboundMessage {
[INFO] [stderr]     |          --------------- variants in this enum
[INFO] [stderr] ...
[INFO] [stderr] 143 |     List,
[INFO] [stderr]     |     ^^^^
[INFO] [stderr] ...
[INFO] [stderr] 173 |     Ping {
[INFO] [stderr]     |     ^^^^
[INFO] [stderr]     |
[INFO] [stderr]     = note: `OutboundMessage` has a derived impl for the trait `Debug`, but this is intentionally ignored during dead code analysis
[INFO] [stderr] 
[INFO] [stderr] warning: associated function `add` is never used
[INFO] [stderr]    --> src/core/server_messages.rs:199:12
[INFO] [stderr]     |
[INFO] [stderr] 199 |     pub fn add(phase: Phase, body: Vec<u8>) -> Self {
[INFO] [stderr]     |            ^^^
[INFO] [stderr] 
[INFO] [stderr] warning: associated function `offer_message` is never used
[INFO] [stderr]   --> src/transfer/messages.rs:31:12
[INFO] [stderr]    |
[INFO] [stderr] 31 |     pub fn offer_message(msg: impl Into<String>) -> Self {
[INFO] [stderr]    |            ^^^^^^^^^^^^^
[INFO] [stderr] 
[INFO] [stderr] warning: `magic-wormhole` (lib) generated 4 warnings
[INFO] [stderr] warning: variant `Ping` is never constructed
[INFO] [stderr]    --> src/core/server_messages.rs:173:5
[INFO] [stderr]     |
[INFO] [stderr] 135 | pub enum OutboundMessage {
[INFO] [stderr]     |          --------------- variant in this enum
[INFO] [stderr] ...
[INFO] [stderr] 173 |     Ping {
[INFO] [stderr]     |     ^^^^
[INFO] [stderr]     |
[INFO] [stderr]     = note: `OutboundMessage` has a derived impl for the trait `Debug`, but this is intentionally ignored during dead code analysis
[INFO] [stderr] 
[INFO] [stderr] warning: `magic-wormhole` (lib test) generated 2 warnings (1 duplicate)
[INFO] [stderr]     Finished test [unoptimized + debuginfo] target(s) in 0.93s
[INFO] [stderr]      Running unittests src/lib.rs (/opt/rustwide/target/debug/deps/magic_wormhole-4a1f65ec84b774de)
[INFO] [stdout] 
[INFO] [stdout] running 48 tests
[INFO] [stdout] test core::server_messages::test::test_add ... ok
[INFO] [stdout] test core::key::test::test_decrypt_data ... ok
[INFO] [stdout] test core::server_messages::test::test_ack ... ok
[INFO] [stdout] test core::server_messages::test::test_claim ... ok
[INFO] [stdout] test core::server_messages::test::test_allocate ... ok
[INFO] [stdout] test core::server_messages::test::test_close ... ok
[INFO] [stdout] test core::key::test::test_derive_key ... ok
[INFO] [stdout] test core::key::test::test_extract_pake_msg ... ok
[INFO] [stdout] test core::server_messages::test::test_close_scared ... ok
[INFO] [stdout] test core::server_messages::test::test_close_errory ... ok
[INFO] [stdout] test core::server_messages::test::test_release ... ok
[INFO] [stdout] test core::server_messages::test::test_welcome3 ... ok
[INFO] [stdout] test core::key::test::test_encrypt_data ... ok
[INFO] [stdout] test core::server_messages::test::test_open ... ok
[INFO] [stdout] test core::server_messages::test::test_submit_permissions ... ok
[INFO] [stdout] test core::server_messages::test::test_welcome6 ... ok
[INFO] [stdout] test core::server_messages::test::test_message ... ok
[INFO] [stdout] test core::server_messages::test::test_welcome5 ... ok
[INFO] [stdout] test core::server_messages::test::test_list ... ok
[INFO] [stdout] test core::key::test::test_derive_phase_key2 ... ok
[INFO] [stdout] test core::key::test::test_derive_phase_key ... ok
[INFO] [stdout] test core::wordlist::test::test_choose_more_words ... ok
[INFO] [stdout] test core::wordlist::test::test_choose_words ... ok
[INFO] [stdout] test core::server_messages::test::test_welcome4 ... ok
[INFO] [stdout] test core::server_messages::test::test_bind ... ok
[INFO] [stdout] test core::test::test_mood ... ok
[INFO] [stdout] test core::test::test_phase ... ok
[INFO] [stdout] test transfer::messages::test::test_offer_file ... ok
[INFO] [stdout] test transfer::test::test_transit_ack ... ok
[INFO] [stdout] test transit::test::test_abilities_encoding ... ok
[INFO] [stdout] test transit::test::test_hints_encoding ... ok
[INFO] [stdout] test uri::test::test_uri ... ok
[INFO] [stdout] test uri::test::test_uri_err ... ok
[INFO] [stdout] test core::wordlist::test::test_default_wordlist ... ok
[INFO] [stdout] test transfer::messages::test::test_file_ack ... ok
[INFO] [stdout] test transfer::messages::test::test_message ... ok
[INFO] [stdout] test core::wordlist::test::test_completion ... ok
[INFO] [stdout] test transfer::messages::test::test_offer_directory ... ok
[INFO] [stdout] test transfer::messages::test::test_transit ... ok
[INFO] [stdout] test transfer::messages::test::test_message_ack ... ok
[INFO] [stdout] test core::wordlist::test::test_load_words ... ok
[INFO] [stdout] test core::wordlist::test::test_default_completions ... ok
[INFO] [stdout] test core::test::test_empty_file_rust2rust ... FAILED
[INFO] [stdout] test core::test::test_crowded ... FAILED
[INFO] [stdout] test core::test::test_send_many ... FAILED
[INFO] [stdout] test core::test::test_file_rust2rust ... FAILED
[INFO] [stdout] test core::test::test_4096_file_rust2rust ... FAILED
[INFO] [stdout] test core::test::test_wrong_code ... FAILED
[INFO] [stdout] 
[INFO] [stdout] failures:
[INFO] [stdout] 
[INFO] [stdout] ---- core::test::test_empty_file_rust2rust stdout ----
[INFO] [stdout] Error: Error with the rendezvous server connection
[INFO] [stdout] 
[INFO] [stdout] Caused by:
[INFO] [stdout]    0: Websocket IO error
[INFO] [stdout]    1: IO error: could not resolve address `("relay.magic-wormhole.io", 4000)`
[INFO] [stdout]    2: could not resolve address `("relay.magic-wormhole.io", 4000)`
[INFO] [stdout]    3: failed to lookup address information: Temporary failure in name resolution
[INFO] [stdout] 
[INFO] [stdout] Location:
[INFO] [stdout]     src/core/test.rs:198:17
[INFO] [stdout] 
[INFO] [stdout] ---- core::test::test_crowded stdout ----
[INFO] [stdout] Error: Error with the rendezvous server connection
[INFO] [stdout] 
[INFO] [stdout] Caused by:
[INFO] [stdout]    0: Websocket IO error
[INFO] [stdout]    1: IO error: could not resolve address `("relay.magic-wormhole.io", 4000)`
[INFO] [stdout]    2: could not resolve address `("relay.magic-wormhole.io", 4000)`
[INFO] [stdout]    3: failed to lookup address information: Temporary failure in name resolution
[INFO] [stdout] 
[INFO] [stdout] Location:
[INFO] [stdout]     src/core/test.rs:411:33
[INFO] [stdout] 
[INFO] [stdout] ---- core::test::test_send_many stdout ----
[INFO] [stdout] Error: Error with the rendezvous server connection
[INFO] [stdout] 
[INFO] [stdout] Caused by:
[INFO] [stdout]    0: Websocket IO error
[INFO] [stdout]    1: IO error: could not resolve address `("relay.magic-wormhole.io", 4000)`
[INFO] [stdout]    2: could not resolve address `("relay.magic-wormhole.io", 4000)`
[INFO] [stdout]    3: failed to lookup address information: Temporary failure in name resolution
[INFO] [stdout] 
[INFO] [stdout] Location:
[INFO] [stdout]     src/core/test.rs:266:9
[INFO] [stdout] 
[INFO] [stdout] ---- core::test::test_file_rust2rust stdout ----
[INFO] [stdout] Error: Error with the rendezvous server connection
[INFO] [stdout] 
[INFO] [stdout] Caused by:
[INFO] [stdout]    0: Websocket IO error
[INFO] [stdout]    1: IO error: could not resolve address `("relay.magic-wormhole.io", 4000)`
[INFO] [stdout]    2: could not resolve address `("relay.magic-wormhole.io", 4000)`
[INFO] [stdout]    3: failed to lookup address information: Temporary failure in name resolution
[INFO] [stdout] 
[INFO] [stdout] Location:
[INFO] [stdout]     src/core/test.rs:50:17
[INFO] [stdout] 
[INFO] [stdout] ---- core::test::test_4096_file_rust2rust stdout ----
[INFO] [stdout] Error: Error with the rendezvous server connection
[INFO] [stdout] 
[INFO] [stdout] Caused by:
[INFO] [stdout]    0: Websocket IO error
[INFO] [stdout]    1: IO error: could not resolve address `("relay.magic-wormhole.io", 4000)`
[INFO] [stdout]    2: could not resolve address `("relay.magic-wormhole.io", 4000)`
[INFO] [stdout]    3: failed to lookup address information: Temporary failure in name resolution
[INFO] [stdout] 
[INFO] [stdout] Location:
[INFO] [stdout]     src/core/test.rs:125:17
[INFO] [stdout] 
[INFO] [stdout] ---- core::test::test_wrong_code stdout ----
[INFO] [stdout] Error: Error with the rendezvous server connection
[INFO] [stdout] 
[INFO] [stdout] Caused by:
[INFO] [stdout]    0: Websocket IO error
[INFO] [stdout]    1: IO error: could not resolve address `("relay.magic-wormhole.io", 4000)`
[INFO] [stdout]    2: could not resolve address `("relay.magic-wormhole.io", 4000)`
[INFO] [stdout]    3: failed to lookup address information: Temporary failure in name resolution
[INFO] [stdout] 
[INFO] [stdout] Location:
[INFO] [stdout]     src/core/test.rs:371:40
[INFO] [stdout] 
[INFO] [stdout] 
[INFO] [stdout] failures:
[INFO] [stdout]     core::test::test_4096_file_rust2rust
[INFO] [stdout]     core::test::test_crowded
[INFO] [stdout]     core::test::test_empty_file_rust2rust
[INFO] [stdout]     core::test::test_file_rust2rust
[INFO] [stdout]     core::test::test_send_many
[INFO] [stdout]     core::test::test_wrong_code
[INFO] [stdout] 
[INFO] [stdout] test result: FAILED. 42 passed; 6 failed; 0 ignored; 0 measured; 0 filtered out; finished in 0.10s
[INFO] [stdout] 
[INFO] [stderr] error: test failed, to rerun pass `--lib`
[INFO] running `Command { std: "docker" "inspect" "ffd6cceeadd1e96817a39ae1216994fb969f4bf0fc2cc6d6eadcb762da1002ef", kill_on_drop: false }`
[INFO] running `Command { std: "docker" "rm" "-f" "ffd6cceeadd1e96817a39ae1216994fb969f4bf0fc2cc6d6eadcb762da1002ef", kill_on_drop: false }`
[INFO] [stdout] ffd6cceeadd1e96817a39ae1216994fb969f4bf0fc2cc6d6eadcb762da1002ef
