[INFO] fetching crate macrowind 0.1.1...
[INFO] testing macrowind-0.1.1 against 1.69.0 for beta-1.70-1
[INFO] extracting crate macrowind 0.1.1 into /workspace/builds/worker-3-tc1/source
[INFO] validating manifest of crates.io crate macrowind 0.1.1 on toolchain 1.69.0
[INFO] running `Command { std: CARGO_HOME="/workspace/cargo-home" RUSTUP_HOME="/workspace/rustup-home" "/workspace/cargo-home/bin/cargo" "+1.69.0" "metadata" "--manifest-path" "Cargo.toml" "--no-deps", kill_on_drop: false }`
[INFO] started tweaking crates.io crate macrowind 0.1.1
[INFO] finished tweaking crates.io crate macrowind 0.1.1
[INFO] tweaked toml for crates.io crate macrowind 0.1.1 written to /workspace/builds/worker-3-tc1/source/Cargo.toml
[INFO] running `Command { std: CARGO_HOME="/workspace/cargo-home" RUSTUP_HOME="/workspace/rustup-home" __CARGO_TEST_CHANNEL_OVERRIDE_DO_NOT_USE_THIS="nightly" "/workspace/cargo-home/bin/cargo" "+1.69.0" "generate-lockfile" "--manifest-path" "Cargo.toml" "-Zno-index-update", kill_on_drop: false }`
[INFO] running `Command { std: CARGO_HOME="/workspace/cargo-home" RUSTUP_HOME="/workspace/rustup-home" "/workspace/cargo-home/bin/cargo" "+1.69.0" "fetch" "--manifest-path" "Cargo.toml", kill_on_drop: false }`
[INFO] [stderr]  Downloading crates ...
[INFO] [stderr]   Downloaded css-color v0.2.5
[INFO] [stderr]   Downloaded tailwind-error v1.3.2
[INFO] [stderr]   Downloaded tailwind-ast v0.4.1
[INFO] [stderr]   Downloaded diagnostic v0.3.12
[INFO] [stderr]   Downloaded tailwind-css v0.11.9
[INFO] running `Command { std: "docker" "create" "-v" "/var/lib/crater-agent-workspace/builds/worker-3-tc1/target:/opt/rustwide/target:rw,Z" "-v" "/var/lib/crater-agent-workspace/builds/worker-3-tc1/source:/opt/rustwide/workdir:ro,Z" "-v" "/var/lib/crater-agent-workspace/cargo-home:/opt/rustwide/cargo-home:ro,Z" "-v" "/var/lib/crater-agent-workspace/rustup-home:/opt/rustwide/rustup-home:ro,Z" "-e" "SOURCE_DIR=/opt/rustwide/workdir" "-e" "CARGO_TARGET_DIR=/opt/rustwide/target" "-e" "CARGO_HOME=/opt/rustwide/cargo-home" "-e" "RUSTUP_HOME=/opt/rustwide/rustup-home" "-w" "/opt/rustwide/workdir" "-m" "1610612736" "--user" "0:0" "--network" "none" "ghcr.io/rust-lang/crates-build-env/linux@sha256:5ff2268d62e97bff2cde7d5815dd6ed5b47097566f13b8d0ca110b04b60e07ed" "/opt/rustwide/cargo-home/bin/cargo" "+1.69.0" "metadata" "--no-deps" "--format-version=1", kill_on_drop: false }`
[INFO] [stdout] 47071e3a1d803e44e37e3fb60e3324ca2f74ca74c3476d400c8332a992e43c34
[INFO] running `Command { std: "docker" "start" "-a" "47071e3a1d803e44e37e3fb60e3324ca2f74ca74c3476d400c8332a992e43c34", kill_on_drop: false }`
[INFO] running `Command { std: "docker" "inspect" "47071e3a1d803e44e37e3fb60e3324ca2f74ca74c3476d400c8332a992e43c34", kill_on_drop: false }`
[INFO] running `Command { std: "docker" "rm" "-f" "47071e3a1d803e44e37e3fb60e3324ca2f74ca74c3476d400c8332a992e43c34", kill_on_drop: false }`
[INFO] [stdout] 47071e3a1d803e44e37e3fb60e3324ca2f74ca74c3476d400c8332a992e43c34
[INFO] running `Command { std: "docker" "create" "-v" "/var/lib/crater-agent-workspace/builds/worker-3-tc1/target:/opt/rustwide/target:rw,Z" "-v" "/var/lib/crater-agent-workspace/builds/worker-3-tc1/source:/opt/rustwide/workdir:ro,Z" "-v" "/var/lib/crater-agent-workspace/cargo-home:/opt/rustwide/cargo-home:ro,Z" "-v" "/var/lib/crater-agent-workspace/rustup-home:/opt/rustwide/rustup-home:ro,Z" "-e" "SOURCE_DIR=/opt/rustwide/workdir" "-e" "CARGO_TARGET_DIR=/opt/rustwide/target" "-e" "CARGO_INCREMENTAL=0" "-e" "RUST_BACKTRACE=full" "-e" "RUSTFLAGS=--cap-lints=warn" "-e" "RUSTDOCFLAGS=--cap-lints=warn" "-e" "CARGO_HOME=/opt/rustwide/cargo-home" "-e" "RUSTUP_HOME=/opt/rustwide/rustup-home" "-w" "/opt/rustwide/workdir" "-m" "1610612736" "--user" "0:0" "--network" "none" "ghcr.io/rust-lang/crates-build-env/linux@sha256:5ff2268d62e97bff2cde7d5815dd6ed5b47097566f13b8d0ca110b04b60e07ed" "/opt/rustwide/cargo-home/bin/cargo" "+1.69.0" "build" "--frozen" "--message-format=json", kill_on_drop: false }`
[INFO] [stdout] 7cb65a6d5ae44487bb2c42def29bb344cd07d6d80b28924303e18a03c6e8e38d
[INFO] running `Command { std: "docker" "start" "-a" "7cb65a6d5ae44487bb2c42def29bb344cd07d6d80b28924303e18a03c6e8e38d", kill_on_drop: false }`
[INFO] [stderr]    Compiling serde_derive v1.0.160
[INFO] [stderr]    Compiling memchr v2.5.0
[INFO] [stderr]    Compiling syn v2.0.15
[INFO] [stderr]    Compiling serde v1.0.160
[INFO] [stderr]    Compiling cfg-if v1.0.0
[INFO] [stderr]    Compiling minimal-lexical v0.2.1
[INFO] [stderr]    Compiling termcolor v1.2.0
[INFO] [stderr]    Compiling log v0.4.17
[INFO] [stderr]    Compiling unicode-width v0.1.10
[INFO] [stderr]    Compiling either v1.8.1
[INFO] [stderr]    Compiling css-color v0.2.5
[INFO] [stderr]    Compiling itertools v0.10.5
[INFO] [stderr]    Compiling xxhash-rust v0.8.6
[INFO] [stderr]    Compiling base64 v0.13.1
[INFO] [stderr]    Compiling nom v7.1.3
[INFO] [stderr]    Compiling tailwind-ast v0.4.1
[INFO] [stderr]    Compiling diagnostic v0.3.12
[INFO] [stderr]    Compiling tailwind-error v1.3.2
[INFO] [stderr]    Compiling tailwind-css v0.11.9
[INFO] [stdout] error[E0308]: mismatched types
[INFO] [stdout]   --> /opt/rustwide/cargo-home/registry/src/github.com-1ecc6299db9ec823/tailwind-css-0.11.9/src/systems/units/integer_only/mod.rs:41:50
[INFO] [stdout]    |
[INFO] [stdout] 41 |             _ => Err(TailwindError::syntax_error(format!("Unknown {} pattern", id))),
[INFO] [stdout]    |                                                  ^^^^^^^^^^^^^^^^^^^^^^^^^^^^^^^^^ expected `ErrorWithFileSpan<String>`, found `String`
[INFO] [stdout]    |
[INFO] [stdout]    = note: expected struct `diagnostic::errors::simple::ErrorWithFileSpan<String>`
[INFO] [stdout]               found struct `String`
[INFO] [stdout]    = note: this error originates in the macro `format` (in Nightly builds, run with -Z macro-backtrace for more info)
[INFO] [stdout] 
[INFO] [stdout] 
[INFO] [stdout] error[E0308]: mismatched types
[INFO] [stdout]   --> /opt/rustwide/cargo-home/registry/src/github.com-1ecc6299db9ec823/tailwind-css-0.11.9/src/systems/units/integer_only/mod.rs:55:50
[INFO] [stdout]    |
[INFO] [stdout] 55 |             _ => Err(TailwindError::syntax_error(format!("Unknown {} pattern", id))),
[INFO] [stdout]    |                                                  ^^^^^^^^^^^^^^^^^^^^^^^^^^^^^^^^^ expected `ErrorWithFileSpan<String>`, found `String`
[INFO] [stdout]    |
[INFO] [stdout]    = note: expected struct `diagnostic::errors::simple::ErrorWithFileSpan<String>`
[INFO] [stdout]               found struct `String`
[INFO] [stdout] note: return type inferred to be `diagnostic::errors::simple::ErrorWithFileSpan<String>` here
[INFO] [stdout]   --> /opt/rustwide/cargo-home/registry/src/github.com-1ecc6299db9ec823/tailwind-css-0.11.9/src/systems/units/integer_only/mod.rs:52:25
[INFO] [stdout]    |
[INFO] [stdout] 52 |                 let i = TailwindArbitrary::from(*n).as_integer()?;
[INFO] [stdout]    |                         ^^^^^^^^^^^^^^^^^^^^^^^^^^^^^^^^^^^^^^^^^
[INFO] [stdout]    = note: this error originates in the macro `format` (in Nightly builds, run with -Z macro-backtrace for more info)
[INFO] [stdout] 
[INFO] [stdout] 
[INFO] [stdout] error[E0308]: mismatched types
[INFO] [stdout]    --> /opt/rustwide/cargo-home/registry/src/github.com-1ecc6299db9ec823/tailwind-css-0.11.9/src/systems/units/length_only/mod.rs:76:60
[INFO] [stdout]     |
[INFO] [stdout] 76  |                     return Err(TailwindError::syntax_error(msg));
[INFO] [stdout]     |                                --------------------------- ^^^ expected `ErrorWithFileSpan<String>`, found `String`
[INFO] [stdout]     |                                |
[INFO] [stdout]     |                                arguments to this function are incorrect
[INFO] [stdout]     |
[INFO] [stdout]     = note: expected struct `diagnostic::errors::simple::ErrorWithFileSpan<String>`
[INFO] [stdout]                found struct `String`
[INFO] [stdout] note: associated function defined here
[INFO] [stdout]    --> /opt/rustwide/cargo-home/registry/src/github.com-1ecc6299db9ec823/tailwind-error-1.3.2/src/error/mod.rs:148:12
[INFO] [stdout]     |
[INFO] [stdout] 148 |     pub fn syntax_error(error: ErrorWithFileSpan<String>) -> TailwindError {
[INFO] [stdout]     |            ^^^^^^^^^^^^
[INFO] [stdout] 
[INFO] [stdout] 
[INFO] [stdout] error[E0308]: mismatched types
[INFO] [stdout]    --> /opt/rustwide/cargo-home/registry/src/github.com-1ecc6299db9ec823/tailwind-css-0.11.9/src/systems/units/length_only/mod.rs:96:60
[INFO] [stdout]     |
[INFO] [stdout] 96  |                     return Err(TailwindError::syntax_error(msg));
[INFO] [stdout]     |                                --------------------------- ^^^ expected `ErrorWithFileSpan<String>`, found `String`
[INFO] [stdout]     |                                |
[INFO] [stdout]     |                                arguments to this function are incorrect
[INFO] [stdout]     |
[INFO] [stdout]     = note: expected struct `diagnostic::errors::simple::ErrorWithFileSpan<String>`
[INFO] [stdout]                found struct `String`
[INFO] [stdout] note: associated function defined here
[INFO] [stdout]    --> /opt/rustwide/cargo-home/registry/src/github.com-1ecc6299db9ec823/tailwind-error-1.3.2/src/error/mod.rs:148:12
[INFO] [stdout]     |
[INFO] [stdout] 148 |     pub fn syntax_error(error: ErrorWithFileSpan<String>) -> TailwindError {
[INFO] [stdout]     |            ^^^^^^^^^^^^
[INFO] [stdout] 
[INFO] [stdout] 
[INFO] [stdout] error[E0308]: mismatched types
[INFO] [stdout]   --> /opt/rustwide/cargo-home/registry/src/github.com-1ecc6299db9ec823/tailwind-css-0.11.9/src/modules/background/image/mod.rs:58:25
[INFO] [stdout]    |
[INFO] [stdout] 58 |             _ => return syntax_error!("Unknown bg-image instructions: {}", pattern.join("-")),
[INFO] [stdout]    |                         ^^^^^^^^^^^^^^^^^^^^^^^^^^^^^^^^^^^^^^^^^^^^^^^^^^^^^^^^^^^^^^^^^^^^^ expected `ErrorWithFileSpan<String>`, found `String`
[INFO] [stdout]    |
[INFO] [stdout]    = note: expected struct `diagnostic::errors::simple::ErrorWithFileSpan<String>`
[INFO] [stdout]               found struct `String`
[INFO] [stdout]    = note: this error originates in the macro `format` which comes from the expansion of the macro `syntax_error` (in Nightly builds, run with -Z macro-backtrace for more info)
[INFO] [stdout] 
[INFO] [stdout] 
[INFO] [stdout] error[E0308]: mismatched types
[INFO] [stdout]    --> /opt/rustwide/cargo-home/registry/src/github.com-1ecc6299db9ec823/tailwind-css-0.11.9/src/macros/exported/mod.rs:32:57
[INFO] [stdout]     |
[INFO] [stdout] 32  |         Err(tailwind_error::TailwindError::syntax_error($msg.to_string()))
[INFO] [stdout]     |             ------------------------------------------- ^^^^^^^^^^^^^^^^ expected `ErrorWithFileSpan<String>`, found `String`
[INFO] [stdout]     |             |
[INFO] [stdout]     |             arguments to this function are incorrect
[INFO] [stdout]     |
[INFO] [stdout]    ::: /opt/rustwide/cargo-home/registry/src/github.com-1ecc6299db9ec823/tailwind-css-0.11.9/src/modules/borders/border/border_radius/mod.rs:114:18
[INFO] [stdout]     |
[INFO] [stdout] 114 |             _ => syntax_error!(""),
[INFO] [stdout]     |                  ----------------- in this macro invocation
[INFO] [stdout]     |
[INFO] [stdout]     = note: expected struct `diagnostic::errors::simple::ErrorWithFileSpan<String>`
[INFO] [stdout]                found struct `String`
[INFO] [stdout] note: associated function defined here
[INFO] [stdout]    --> /opt/rustwide/cargo-home/registry/src/github.com-1ecc6299db9ec823/tailwind-error-1.3.2/src/error/mod.rs:148:12
[INFO] [stdout]     |
[INFO] [stdout] 148 |     pub fn syntax_error(error: ErrorWithFileSpan<String>) -> TailwindError {
[INFO] [stdout]     |            ^^^^^^^^^^^^
[INFO] [stdout]     = note: this error originates in the macro `syntax_error` (in Nightly builds, run with -Z macro-backtrace for more info)
[INFO] [stdout] 
[INFO] [stdout] 
[INFO] [stdout] error[E0308]: mismatched types
[INFO] [stdout]    --> /opt/rustwide/cargo-home/registry/src/github.com-1ecc6299db9ec823/tailwind-css-0.11.9/src/macros/exported/mod.rs:32:57
[INFO] [stdout]     |
[INFO] [stdout] 32  |         Err(tailwind_error::TailwindError::syntax_error($msg.to_string()))
[INFO] [stdout]     |             ------------------------------------------- ^^^^^^^^^^^^^^^^ expected `ErrorWithFileSpan<String>`, found `String`
[INFO] [stdout]     |             |
[INFO] [stdout]     |             arguments to this function are incorrect
[INFO] [stdout]     |
[INFO] [stdout]    ::: /opt/rustwide/cargo-home/registry/src/github.com-1ecc6299db9ec823/tailwind-css-0.11.9/src/modules/borders/divide/divide_width/mod.rs:43:25
[INFO] [stdout]     |
[INFO] [stdout] 43  |             _ => return syntax_error!("Unknown divide-width instructions"),
[INFO] [stdout]     |                         -------------------------------------------------- in this macro invocation
[INFO] [stdout]     |
[INFO] [stdout]     = note: expected struct `diagnostic::errors::simple::ErrorWithFileSpan<String>`
[INFO] [stdout]                found struct `String`
[INFO] [stdout] note: associated function defined here
[INFO] [stdout]    --> /opt/rustwide/cargo-home/registry/src/github.com-1ecc6299db9ec823/tailwind-error-1.3.2/src/error/mod.rs:148:12
[INFO] [stdout]     |
[INFO] [stdout] 148 |     pub fn syntax_error(error: ErrorWithFileSpan<String>) -> TailwindError {
[INFO] [stdout]     |            ^^^^^^^^^^^^
[INFO] [stdout]     = note: this error originates in the macro `syntax_error` (in Nightly builds, run with -Z macro-backtrace for more info)
[INFO] [stdout] 
[INFO] [stdout] 
[INFO] [stdout] error[E0308]: mismatched types
[INFO] [stdout]   --> /opt/rustwide/cargo-home/registry/src/github.com-1ecc6299db9ec823/tailwind-css-0.11.9/src/modules/borders/divide/mod.rs:24:25
[INFO] [stdout]    |
[INFO] [stdout] 24 |             _ => return syntax_error!("Unknown divide instructions: {}", str.join("-")),
[INFO] [stdout]    |                         ^^^^^^^^^^^^^^^^^^^^^^^^^^^^^^^^^^^^^^^^^^^^^^^^^^^^^^^^^^^^^^^ expected `ErrorWithFileSpan<String>`, found `String`
[INFO] [stdout]    |
[INFO] [stdout]    = note: expected struct `diagnostic::errors::simple::ErrorWithFileSpan<String>`
[INFO] [stdout]               found struct `String`
[INFO] [stdout]    = note: this error originates in the macro `format` which comes from the expansion of the macro `syntax_error` (in Nightly builds, run with -Z macro-backtrace for more info)
[INFO] [stdout] 
[INFO] [stdout] 
[INFO] [stdout] error[E0308]: mismatched types
[INFO] [stdout]    --> /opt/rustwide/cargo-home/registry/src/github.com-1ecc6299db9ec823/tailwind-css-0.11.9/src/macros/exported/mod.rs:32:57
[INFO] [stdout]     |
[INFO] [stdout] 32  |         Err(tailwind_error::TailwindError::syntax_error($msg.to_string()))
[INFO] [stdout]     |             ------------------------------------------- ^^^^^^^^^^^^^^^^ expected `ErrorWithFileSpan<String>`, found `String`
[INFO] [stdout]     |             |
[INFO] [stdout]     |             arguments to this function are incorrect
[INFO] [stdout]     |
[INFO] [stdout]    ::: /opt/rustwide/cargo-home/registry/src/github.com-1ecc6299db9ec823/tailwind-css-0.11.9/src/modules/borders/ring/ring_offset_width/mod.rs:31:25
[INFO] [stdout]     |
[INFO] [stdout] 31  |             _ => return syntax_error!("Unknown ring-width instructions"),
[INFO] [stdout]     |                         ------------------------------------------------ in this macro invocation
[INFO] [stdout]     |
[INFO] [stdout]     = note: expected struct `diagnostic::errors::simple::ErrorWithFileSpan<String>`
[INFO] [stdout]                found struct `String`
[INFO] [stdout] note: associated function defined here
[INFO] [stdout]    --> /opt/rustwide/cargo-home/registry/src/github.com-1ecc6299db9ec823/tailwind-error-1.3.2/src/error/mod.rs:148:12
[INFO] [stdout]     |
[INFO] [stdout] 148 |     pub fn syntax_error(error: ErrorWithFileSpan<String>) -> TailwindError {
[INFO] [stdout]     |            ^^^^^^^^^^^^
[INFO] [stdout]     = note: this error originates in the macro `syntax_error` (in Nightly builds, run with -Z macro-backtrace for more info)
[INFO] [stdout] 
[INFO] [stdout] 
[INFO] [stdout] error[E0308]: mismatched types
[INFO] [stdout]    --> /opt/rustwide/cargo-home/registry/src/github.com-1ecc6299db9ec823/tailwind-css-0.11.9/src/macros/exported/mod.rs:32:57
[INFO] [stdout]     |
[INFO] [stdout] 32  |         Err(tailwind_error::TailwindError::syntax_error($msg.to_string()))
[INFO] [stdout]     |             ------------------------------------------- ^^^^^^^^^^^^^^^^ expected `ErrorWithFileSpan<String>`, found `String`
[INFO] [stdout]     |             |
[INFO] [stdout]     |             arguments to this function are incorrect
[INFO] [stdout]     |
[INFO] [stdout]    ::: /opt/rustwide/cargo-home/registry/src/github.com-1ecc6299db9ec823/tailwind-css-0.11.9/src/modules/borders/ring/ring_width/mod.rs:31:25
[INFO] [stdout]     |
[INFO] [stdout] 31  |             _ => return syntax_error!("Unknown ring-width instructions"),
[INFO] [stdout]     |                         ------------------------------------------------ in this macro invocation
[INFO] [stdout]     |
[INFO] [stdout]     = note: expected struct `diagnostic::errors::simple::ErrorWithFileSpan<String>`
[INFO] [stdout]                found struct `String`
[INFO] [stdout] note: associated function defined here
[INFO] [stdout]    --> /opt/rustwide/cargo-home/registry/src/github.com-1ecc6299db9ec823/tailwind-error-1.3.2/src/error/mod.rs:148:12
[INFO] [stdout]     |
[INFO] [stdout] 148 |     pub fn syntax_error(error: ErrorWithFileSpan<String>) -> TailwindError {
[INFO] [stdout]     |            ^^^^^^^^^^^^
[INFO] [stdout]     = note: this error originates in the macro `syntax_error` (in Nightly builds, run with -Z macro-backtrace for more info)
[INFO] [stdout] 
[INFO] [stdout] 
[INFO] [stdout] error[E0308]: mismatched types
[INFO] [stdout]   --> /opt/rustwide/cargo-home/registry/src/github.com-1ecc6299db9ec823/tailwind-css-0.11.9/src/modules/borders/ring/mod.rs:17:25
[INFO] [stdout]    |
[INFO] [stdout] 17 |             _ => return syntax_error!("Unknown ring instructions: {}", str.join("-")),
[INFO] [stdout]    |                         ^^^^^^^^^^^^^^^^^^^^^^^^^^^^^^^^^^^^^^^^^^^^^^^^^^^^^^^^^^^^^ expected `ErrorWithFileSpan<String>`, found `String`
[INFO] [stdout]    |
[INFO] [stdout]    = note: expected struct `diagnostic::errors::simple::ErrorWithFileSpan<String>`
[INFO] [stdout]               found struct `String`
[INFO] [stdout]    = note: this error originates in the macro `format` which comes from the expansion of the macro `syntax_error` (in Nightly builds, run with -Z macro-backtrace for more info)
[INFO] [stdout] 
[INFO] [stdout] 
[INFO] [stdout] error[E0308]: mismatched types
[INFO] [stdout]   --> /opt/rustwide/cargo-home/registry/src/github.com-1ecc6299db9ec823/tailwind-css-0.11.9/src/modules/effects/box_shadow/mod.rs:93:25
[INFO] [stdout]    |
[INFO] [stdout] 93 |             _ => return syntax_error!("Unknown shadow instructions: {}", input.join("-")),
[INFO] [stdout]    |                         ^^^^^^^^^^^^^^^^^^^^^^^^^^^^^^^^^^^^^^^^^^^^^^^^^^^^^^^^^^^^^^^^^ expected `ErrorWithFileSpan<String>`, found `String`
[INFO] [stdout]    |
[INFO] [stdout]    = note: expected struct `diagnostic::errors::simple::ErrorWithFileSpan<String>`
[INFO] [stdout]               found struct `String`
[INFO] [stdout]    = note: this error originates in the macro `format` which comes from the expansion of the macro `syntax_error` (in Nightly builds, run with -Z macro-backtrace for more info)
[INFO] [stdout] 
[INFO] [stdout] 
[INFO] [stdout] error[E0308]: mismatched types
[INFO] [stdout]    --> /opt/rustwide/cargo-home/registry/src/github.com-1ecc6299db9ec823/tailwind-css-0.11.9/src/macros/exported/mod.rs:32:57
[INFO] [stdout]     |
[INFO] [stdout] 32  |         Err(tailwind_error::TailwindError::syntax_error($msg.to_string()))
[INFO] [stdout]     |             ------------------------------------------- ^^^^^^^^^^^^^^^^ expected `ErrorWithFileSpan<String>`, found `String`
[INFO] [stdout]     |             |
[INFO] [stdout]     |             arguments to this function are incorrect
[INFO] [stdout]     |
[INFO] [stdout]    ::: /opt/rustwide/cargo-home/registry/src/github.com-1ecc6299db9ec823/tailwind-css-0.11.9/src/modules/flexbox/basis/mod.rs:77:25
[INFO] [stdout]     |
[INFO] [stdout] 77  |             _ => return syntax_error!("Unknown basis instructions"),
[INFO] [stdout]     |                         ------------------------------------------- in this macro invocation
[INFO] [stdout]     |
[INFO] [stdout]     = note: expected struct `diagnostic::errors::simple::ErrorWithFileSpan<String>`
[INFO] [stdout]                found struct `String`
[INFO] [stdout] note: associated function defined here
[INFO] [stdout]    --> /opt/rustwide/cargo-home/registry/src/github.com-1ecc6299db9ec823/tailwind-error-1.3.2/src/error/mod.rs:148:12
[INFO] [stdout]     |
[INFO] [stdout] 148 |     pub fn syntax_error(error: ErrorWithFileSpan<String>) -> TailwindError {
[INFO] [stdout]     |            ^^^^^^^^^^^^
[INFO] [stdout]     = note: this error originates in the macro `syntax_error` (in Nightly builds, run with -Z macro-backtrace for more info)
[INFO] [stdout] 
[INFO] [stdout] 
[INFO] [stdout] error[E0308]: mismatched types
[INFO] [stdout]    --> /opt/rustwide/cargo-home/registry/src/github.com-1ecc6299db9ec823/tailwind-css-0.11.9/src/macros/exported/mod.rs:32:57
[INFO] [stdout]     |
[INFO] [stdout] 32  |         Err(tailwind_error::TailwindError::syntax_error($msg.to_string()))
[INFO] [stdout]     |             ------------------------------------------- ^^^^^^^^^^^^^^^^ expected `ErrorWithFileSpan<String>`, found `String`
[INFO] [stdout]     |             |
[INFO] [stdout]     |             arguments to this function are incorrect
[INFO] [stdout]     |
[INFO] [stdout]    ::: /opt/rustwide/cargo-home/registry/src/github.com-1ecc6299db9ec823/tailwind-css-0.11.9/src/modules/flexbox/gap/mod.rs:52:21
[INFO] [stdout]     |
[INFO] [stdout] 52  |         _ => return syntax_error!("Unknown gap instructions"),
[INFO] [stdout]     |                     ----------------------------------------- in this macro invocation
[INFO] [stdout]     |
[INFO] [stdout]     = note: expected struct `diagnostic::errors::simple::ErrorWithFileSpan<String>`
[INFO] [stdout]                found struct `String`
[INFO] [stdout] note: associated function defined here
[INFO] [stdout]    --> /opt/rustwide/cargo-home/registry/src/github.com-1ecc6299db9ec823/tailwind-error-1.3.2/src/error/mod.rs:148:12
[INFO] [stdout]     |
[INFO] [stdout] 148 |     pub fn syntax_error(error: ErrorWithFileSpan<String>) -> TailwindError {
[INFO] [stdout]     |            ^^^^^^^^^^^^
[INFO] [stdout]     = note: this error originates in the macro `syntax_error` (in Nightly builds, run with -Z macro-backtrace for more info)
[INFO] [stdout] 
[INFO] [stdout] 
[INFO] [stdout] error[E0308]: mismatched types
[INFO] [stdout]   --> /opt/rustwide/cargo-home/registry/src/github.com-1ecc6299db9ec823/tailwind-css-0.11.9/src/modules/flexbox/grid/grid_auto/mod.rs:70:25
[INFO] [stdout]    |
[INFO] [stdout] 70 |             _ => return syntax_error!("Unknown shadow instructions: {}", pattern.join("-")),
[INFO] [stdout]    |                         ^^^^^^^^^^^^^^^^^^^^^^^^^^^^^^^^^^^^^^^^^^^^^^^^^^^^^^^^^^^^^^^^^^^ expected `ErrorWithFileSpan<String>`, found `String`
[INFO] [stdout]    |
[INFO] [stdout]    = note: expected struct `diagnostic::errors::simple::ErrorWithFileSpan<String>`
[INFO] [stdout]               found struct `String`
[INFO] [stdout]    = note: this error originates in the macro `format` which comes from the expansion of the macro `syntax_error` (in Nightly builds, run with -Z macro-backtrace for more info)
[INFO] [stdout] 
[INFO] [stdout] 
[INFO] [stdout] error[E0308]: mismatched types
[INFO] [stdout]   --> /opt/rustwide/cargo-home/registry/src/github.com-1ecc6299db9ec823/tailwind-css-0.11.9/src/modules/flexbox/grid/grid_auto/mod.rs:84:18
[INFO] [stdout]    |
[INFO] [stdout] 84 |             _ => syntax_error!("Unknown auto instructions: {}", pattern.join("-")),
[INFO] [stdout]    |                  ^^^^^^^^^^^^^^^^^^^^^^^^^^^^^^^^^^^^^^^^^^^^^^^^^^^^^^^^^^^^^^^^^ expected `ErrorWithFileSpan<String>`, found `String`
[INFO] [stdout]    |
[INFO] [stdout]    = note: expected struct `diagnostic::errors::simple::ErrorWithFileSpan<String>`
[INFO] [stdout]               found struct `String`
[INFO] [stdout]    = note: this error originates in the macro `format` which comes from the expansion of the macro `syntax_error` (in Nightly builds, run with -Z macro-backtrace for more info)
[INFO] [stdout] 
[INFO] [stdout] 
[INFO] [stdout] error[E0308]: mismatched types
[INFO] [stdout]   --> /opt/rustwide/cargo-home/registry/src/github.com-1ecc6299db9ec823/tailwind-css-0.11.9/src/modules/flexbox/grid/mod.rs:21:25
[INFO] [stdout]    |
[INFO] [stdout] 21 |             _ => return syntax_error!("Unknown list instructions: {}", str.join("-")),
[INFO] [stdout]    |                         ^^^^^^^^^^^^^^^^^^^^^^^^^^^^^^^^^^^^^^^^^^^^^^^^^^^^^^^^^^^^^ expected `ErrorWithFileSpan<String>`, found `String`
[INFO] [stdout]    |
[INFO] [stdout]    = note: expected struct `diagnostic::errors::simple::ErrorWithFileSpan<String>`
[INFO] [stdout]               found struct `String`
[INFO] [stdout]    = note: this error originates in the macro `format` which comes from the expansion of the macro `syntax_error` (in Nightly builds, run with -Z macro-backtrace for more info)
[INFO] [stdout] 
[INFO] [stdout] 
[INFO] [stdout] error[E0308]: mismatched types
[INFO] [stdout]   --> /opt/rustwide/cargo-home/registry/src/github.com-1ecc6299db9ec823/tailwind-css-0.11.9/src/modules/flexbox/grow/mod.rs:28:18
[INFO] [stdout]    |
[INFO] [stdout] 28 |             _ => syntax_error!("Unknown grow instructions: {}", pattern.join("-")),
[INFO] [stdout]    |                  ^^^^^^^^^^^^^^^^^^^^^^^^^^^^^^^^^^^^^^^^^^^^^^^^^^^^^^^^^^^^^^^^^ expected `ErrorWithFileSpan<String>`, found `String`
[INFO] [stdout]    |
[INFO] [stdout]    = note: expected struct `diagnostic::errors::simple::ErrorWithFileSpan<String>`
[INFO] [stdout]               found struct `String`
[INFO] [stdout]    = note: this error originates in the macro `format` which comes from the expansion of the macro `syntax_error` (in Nightly builds, run with -Z macro-backtrace for more info)
[INFO] [stdout] 
[INFO] [stdout] 
[INFO] [stdout] error[E0308]: mismatched types
[INFO] [stdout]   --> /opt/rustwide/cargo-home/registry/src/github.com-1ecc6299db9ec823/tailwind-css-0.11.9/src/modules/flexbox/place/mod.rs:19:25
[INFO] [stdout]    |
[INFO] [stdout] 19 |             _ => return syntax_error!("Unknown place instructions: {}", str.join("-")),
[INFO] [stdout]    |                         ^^^^^^^^^^^^^^^^^^^^^^^^^^^^^^^^^^^^^^^^^^^^^^^^^^^^^^^^^^^^^^ expected `ErrorWithFileSpan<String>`, found `String`
[INFO] [stdout]    |
[INFO] [stdout]    = note: expected struct `diagnostic::errors::simple::ErrorWithFileSpan<String>`
[INFO] [stdout]               found struct `String`
[INFO] [stdout]    = note: this error originates in the macro `format` which comes from the expansion of the macro `syntax_error` (in Nightly builds, run with -Z macro-backtrace for more info)
[INFO] [stdout] 
[INFO] [stdout] 
[INFO] [stdout] error[E0308]: mismatched types
[INFO] [stdout]   --> /opt/rustwide/cargo-home/registry/src/github.com-1ecc6299db9ec823/tailwind-css-0.11.9/src/modules/flexbox/shrink/mod.rs:28:18
[INFO] [stdout]    |
[INFO] [stdout] 28 |             _ => syntax_error!("Unknown shrink instructions: {}", pattern.join("-")),
[INFO] [stdout]    |                  ^^^^^^^^^^^^^^^^^^^^^^^^^^^^^^^^^^^^^^^^^^^^^^^^^^^^^^^^^^^^^^^^^^^ expected `ErrorWithFileSpan<String>`, found `String`
[INFO] [stdout]    |
[INFO] [stdout]    = note: expected struct `diagnostic::errors::simple::ErrorWithFileSpan<String>`
[INFO] [stdout]               found struct `String`
[INFO] [stdout]    = note: this error originates in the macro `format` which comes from the expansion of the macro `syntax_error` (in Nightly builds, run with -Z macro-backtrace for more info)
[INFO] [stdout] 
[INFO] [stdout] 
[INFO] [stdout] error[E0308]: mismatched types
[INFO] [stdout]   --> /opt/rustwide/cargo-home/registry/src/github.com-1ecc6299db9ec823/tailwind-css-0.11.9/src/modules/flexbox/span/resolve.rs:71:25
[INFO] [stdout]    |
[INFO] [stdout] 71 |             _ => return syntax_error!("Unknown shrink instructions: {}", pattern.join("-")),
[INFO] [stdout]    |                         ^^^^^^^^^^^^^^^^^^^^^^^^^^^^^^^^^^^^^^^^^^^^^^^^^^^^^^^^^^^^^^^^^^^ expected `ErrorWithFileSpan<String>`, found `String`
[INFO] [stdout]    |
[INFO] [stdout]    = note: expected struct `diagnostic::errors::simple::ErrorWithFileSpan<String>`
[INFO] [stdout]               found struct `String`
[INFO] [stdout]    = note: this error originates in the macro `format` which comes from the expansion of the macro `syntax_error` (in Nightly builds, run with -Z macro-backtrace for more info)
[INFO] [stdout] 
[INFO] [stdout] 
[INFO] [stdout] error[E0308]: mismatched types
[INFO] [stdout]    --> /opt/rustwide/cargo-home/registry/src/github.com-1ecc6299db9ec823/tailwind-css-0.11.9/src/macros/exported/mod.rs:32:57
[INFO] [stdout]     |
[INFO] [stdout] 32  |         Err(tailwind_error::TailwindError::syntax_error($msg.to_string()))
[INFO] [stdout]     |             ------------------------------------------- ^^^^^^^^^^^^^^^^ expected `ErrorWithFileSpan<String>`, found `String`
[INFO] [stdout]     |             |
[INFO] [stdout]     |             arguments to this function are incorrect
[INFO] [stdout]     |
[INFO] [stdout]    ::: /opt/rustwide/cargo-home/registry/src/github.com-1ecc6299db9ec823/tailwind-css-0.11.9/src/modules/layouts/aspect_ratio/aspect.rs:31:25
[INFO] [stdout]     |
[INFO] [stdout] 31  |             _ => return syntax_error!("unknown aspect-ratio elements"),
[INFO] [stdout]     |                         ---------------------------------------------- in this macro invocation
[INFO] [stdout]     |
[INFO] [stdout]     = note: expected struct `diagnostic::errors::simple::ErrorWithFileSpan<String>`
[INFO] [stdout]                found struct `String`
[INFO] [stdout] note: associated function defined here
[INFO] [stdout]    --> /opt/rustwide/cargo-home/registry/src/github.com-1ecc6299db9ec823/tailwind-error-1.3.2/src/error/mod.rs:148:12
[INFO] [stdout]     |
[INFO] [stdout] 148 |     pub fn syntax_error(error: ErrorWithFileSpan<String>) -> TailwindError {
[INFO] [stdout]     |            ^^^^^^^^^^^^
[INFO] [stdout]     = note: this error originates in the macro `syntax_error` (in Nightly builds, run with -Z macro-backtrace for more info)
[INFO] [stdout] 
[INFO] [stdout] 
[INFO] [stdout] error[E0308]: mismatched types
[INFO] [stdout]   --> /opt/rustwide/cargo-home/registry/src/github.com-1ecc6299db9ec823/tailwind-css-0.11.9/src/modules/layouts/columns/cols.rs:46:25
[INFO] [stdout]    |
[INFO] [stdout] 46 |             _ => return syntax_error!("Unknown columns instructions: {}", input.join("-")),
[INFO] [stdout]    |                         ^^^^^^^^^^^^^^^^^^^^^^^^^^^^^^^^^^^^^^^^^^^^^^^^^^^^^^^^^^^^^^^^^^ expected `ErrorWithFileSpan<String>`, found `String`
[INFO] [stdout]    |
[INFO] [stdout]    = note: expected struct `diagnostic::errors::simple::ErrorWithFileSpan<String>`
[INFO] [stdout]               found struct `String`
[INFO] [stdout]    = note: this error originates in the macro `format` which comes from the expansion of the macro `syntax_error` (in Nightly builds, run with -Z macro-backtrace for more info)
[INFO] [stdout] 
[INFO] [stdout] 
[INFO] [stdout] error[E0308]: mismatched types
[INFO] [stdout]   --> /opt/rustwide/cargo-home/registry/src/github.com-1ecc6299db9ec823/tailwind-css-0.11.9/src/modules/layouts/placement/mod.rs:39:25
[INFO] [stdout]    |
[INFO] [stdout] 39 |             _ => return syntax_error!("Unknown placement instructions: {}", pattern.join("-")),
[INFO] [stdout]    |                         ^^^^^^^^^^^^^^^^^^^^^^^^^^^^^^^^^^^^^^^^^^^^^^^^^^^^^^^^^^^^^^^^^^^^^^ expected `ErrorWithFileSpan<String>`, found `String`
[INFO] [stdout]    |
[INFO] [stdout]    = note: expected struct `diagnostic::errors::simple::ErrorWithFileSpan<String>`
[INFO] [stdout]               found struct `String`
[INFO] [stdout]    = note: this error originates in the macro `format` which comes from the expansion of the macro `syntax_error` (in Nightly builds, run with -Z macro-backtrace for more info)
[INFO] [stdout] 
[INFO] [stdout] 
[INFO] [stdout] error[E0308]: mismatched types
[INFO] [stdout]    --> /opt/rustwide/cargo-home/registry/src/github.com-1ecc6299db9ec823/tailwind-css-0.11.9/src/macros/exported/mod.rs:32:57
[INFO] [stdout]     |
[INFO] [stdout] 32  |         Err(tailwind_error::TailwindError::syntax_error($msg.to_string()))
[INFO] [stdout]     |             ------------------------------------------- ^^^^^^^^^^^^^^^^ expected `ErrorWithFileSpan<String>`, found `String`
[INFO] [stdout]     |             |
[INFO] [stdout]     |             arguments to this function are incorrect
[INFO] [stdout]     |
[INFO] [stdout]    ::: /opt/rustwide/cargo-home/registry/src/github.com-1ecc6299db9ec823/tailwind-css-0.11.9/src/modules/layouts/z_index/mod.rs:57:18
[INFO] [stdout]     |
[INFO] [stdout] 57  |             _ => syntax_error!("Unknown z-index instructions"),
[INFO] [stdout]     |                  --------------------------------------------- in this macro invocation
[INFO] [stdout]     |
[INFO] [stdout]     = note: expected struct `diagnostic::errors::simple::ErrorWithFileSpan<String>`
[INFO] [stdout]                found struct `String`
[INFO] [stdout] note: associated function defined here
[INFO] [stdout]    --> /opt/rustwide/cargo-home/registry/src/github.com-1ecc6299db9ec823/tailwind-error-1.3.2/src/error/mod.rs:148:12
[INFO] [stdout]     |
[INFO] [stdout] 148 |     pub fn syntax_error(error: ErrorWithFileSpan<String>) -> TailwindError {
[INFO] [stdout]     |            ^^^^^^^^^^^^
[INFO] [stdout]     = note: this error originates in the macro `syntax_error` (in Nightly builds, run with -Z macro-backtrace for more info)
[INFO] [stdout] 
[INFO] [stdout] 
[INFO] [stdout] error[E0308]: mismatched types
[INFO] [stdout]   --> /opt/rustwide/cargo-home/registry/src/github.com-1ecc6299db9ec823/tailwind-css-0.11.9/src/modules/sizing/builder.rs:17:18
[INFO] [stdout]    |
[INFO] [stdout] 17 |             _ => syntax_error!("Unknown sizing instructions: {}", pattern.join("-")),
[INFO] [stdout]    |                  ^^^^^^^^^^^^^^^^^^^^^^^^^^^^^^^^^^^^^^^^^^^^^^^^^^^^^^^^^^^^^^^^^^^ expected `ErrorWithFileSpan<String>`, found `String`
[INFO] [stdout]    |
[INFO] [stdout]    = note: expected struct `diagnostic::errors::simple::ErrorWithFileSpan<String>`
[INFO] [stdout]               found struct `String`
[INFO] [stdout]    = note: this error originates in the macro `format` which comes from the expansion of the macro `syntax_error` (in Nightly builds, run with -Z macro-backtrace for more info)
[INFO] [stdout] 
[INFO] [stdout] 
[INFO] [stdout] error[E0308]: mismatched types
[INFO] [stdout]    --> /opt/rustwide/cargo-home/registry/src/github.com-1ecc6299db9ec823/tailwind-css-0.11.9/src/macros/exported/mod.rs:32:57
[INFO] [stdout]     |
[INFO] [stdout] 32  |         Err(tailwind_error::TailwindError::syntax_error($msg.to_string()))
[INFO] [stdout]     |             ------------------------------------------- ^^^^^^^^^^^^^^^^ expected `ErrorWithFileSpan<String>`, found `String`
[INFO] [stdout]     |             |
[INFO] [stdout]     |             arguments to this function are incorrect
[INFO] [stdout]     |
[INFO] [stdout]    ::: /opt/rustwide/cargo-home/registry/src/github.com-1ecc6299db9ec823/tailwind-css-0.11.9/src/modules/spacing/margin/mod.rs:40:25
[INFO] [stdout]     |
[INFO] [stdout] 40  |             _ => return syntax_error!("Unknown margin axis"),
[INFO] [stdout]     |                         ------------------------------------ in this macro invocation
[INFO] [stdout]     |
[INFO] [stdout]     = note: expected struct `diagnostic::errors::simple::ErrorWithFileSpan<String>`
[INFO] [stdout]                found struct `String`
[INFO] [stdout] note: associated function defined here
[INFO] [stdout]    --> /opt/rustwide/cargo-home/registry/src/github.com-1ecc6299db9ec823/tailwind-error-1.3.2/src/error/mod.rs:148:12
[INFO] [stdout]     |
[INFO] [stdout] 148 |     pub fn syntax_error(error: ErrorWithFileSpan<String>) -> TailwindError {
[INFO] [stdout]     |            ^^^^^^^^^^^^
[INFO] [stdout]     = note: this error originates in the macro `syntax_error` (in Nightly builds, run with -Z macro-backtrace for more info)
[INFO] [stdout] 
[INFO] [stdout] 
[INFO] [stdout] error[E0308]: mismatched types
[INFO] [stdout]    --> /opt/rustwide/cargo-home/registry/src/github.com-1ecc6299db9ec823/tailwind-css-0.11.9/src/macros/exported/mod.rs:32:57
[INFO] [stdout]     |
[INFO] [stdout] 32  |         Err(tailwind_error::TailwindError::syntax_error($msg.to_string()))
[INFO] [stdout]     |             ------------------------------------------- ^^^^^^^^^^^^^^^^ expected `ErrorWithFileSpan<String>`, found `String`
[INFO] [stdout]     |             |
[INFO] [stdout]     |             arguments to this function are incorrect
[INFO] [stdout]     |
[INFO] [stdout]    ::: /opt/rustwide/cargo-home/registry/src/github.com-1ecc6299db9ec823/tailwind-css-0.11.9/src/modules/spacing/margin_scroll/mod.rs:40:25
[INFO] [stdout]     |
[INFO] [stdout] 40  |             _ => return syntax_error!("Unknown scroll-margin axis"),
[INFO] [stdout]     |                         ------------------------------------------- in this macro invocation
[INFO] [stdout]     |
[INFO] [stdout]     = note: expected struct `diagnostic::errors::simple::ErrorWithFileSpan<String>`
[INFO] [stdout]                found struct `String`
[INFO] [stdout] note: associated function defined here
[INFO] [stdout]    --> /opt/rustwide/cargo-home/registry/src/github.com-1ecc6299db9ec823/tailwind-error-1.3.2/src/error/mod.rs:148:12
[INFO] [stdout]     |
[INFO] [stdout] 148 |     pub fn syntax_error(error: ErrorWithFileSpan<String>) -> TailwindError {
[INFO] [stdout]     |            ^^^^^^^^^^^^
[INFO] [stdout]     = note: this error originates in the macro `syntax_error` (in Nightly builds, run with -Z macro-backtrace for more info)
[INFO] [stdout] 
[INFO] [stdout] 
[INFO] [stdout] error[E0308]: mismatched types
[INFO] [stdout]    --> /opt/rustwide/cargo-home/registry/src/github.com-1ecc6299db9ec823/tailwind-css-0.11.9/src/macros/exported/mod.rs:32:57
[INFO] [stdout]     |
[INFO] [stdout] 32  |         Err(tailwind_error::TailwindError::syntax_error($msg.to_string()))
[INFO] [stdout]     |             ------------------------------------------- ^^^^^^^^^^^^^^^^ expected `ErrorWithFileSpan<String>`, found `String`
[INFO] [stdout]     |             |
[INFO] [stdout]     |             arguments to this function are incorrect
[INFO] [stdout]     |
[INFO] [stdout]    ::: /opt/rustwide/cargo-home/registry/src/github.com-1ecc6299db9ec823/tailwind-css-0.11.9/src/modules/spacing/padding/mod.rs:40:25
[INFO] [stdout]     |
[INFO] [stdout] 40  |             _ => return syntax_error!("Unknown padding axis"),
[INFO] [stdout]     |                         ------------------------------------- in this macro invocation
[INFO] [stdout]     |
[INFO] [stdout]     = note: expected struct `diagnostic::errors::simple::ErrorWithFileSpan<String>`
[INFO] [stdout]                found struct `String`
[INFO] [stdout] note: associated function defined here
[INFO] [stdout]    --> /opt/rustwide/cargo-home/registry/src/github.com-1ecc6299db9ec823/tailwind-error-1.3.2/src/error/mod.rs:148:12
[INFO] [stdout]     |
[INFO] [stdout] 148 |     pub fn syntax_error(error: ErrorWithFileSpan<String>) -> TailwindError {
[INFO] [stdout]     |            ^^^^^^^^^^^^
[INFO] [stdout]     = note: this error originates in the macro `syntax_error` (in Nightly builds, run with -Z macro-backtrace for more info)
[INFO] [stdout] 
[INFO] [stdout] 
[INFO] [stdout] error[E0308]: mismatched types
[INFO] [stdout]    --> /opt/rustwide/cargo-home/registry/src/github.com-1ecc6299db9ec823/tailwind-css-0.11.9/src/macros/exported/mod.rs:32:57
[INFO] [stdout]     |
[INFO] [stdout] 32  |         Err(tailwind_error::TailwindError::syntax_error($msg.to_string()))
[INFO] [stdout]     |             ------------------------------------------- ^^^^^^^^^^^^^^^^ expected `ErrorWithFileSpan<String>`, found `String`
[INFO] [stdout]     |             |
[INFO] [stdout]     |             arguments to this function are incorrect
[INFO] [stdout]     |
[INFO] [stdout]    ::: /opt/rustwide/cargo-home/registry/src/github.com-1ecc6299db9ec823/tailwind-css-0.11.9/src/modules/spacing/padding_scroll/mod.rs:40:25
[INFO] [stdout]     |
[INFO] [stdout] 40  |             _ => return syntax_error!("Unknown scroll-padding axis"),
[INFO] [stdout]     |                         -------------------------------------------- in this macro invocation
[INFO] [stdout]     |
[INFO] [stdout]     = note: expected struct `diagnostic::errors::simple::ErrorWithFileSpan<String>`
[INFO] [stdout]                found struct `String`
[INFO] [stdout] note: associated function defined here
[INFO] [stdout]    --> /opt/rustwide/cargo-home/registry/src/github.com-1ecc6299db9ec823/tailwind-error-1.3.2/src/error/mod.rs:148:12
[INFO] [stdout]     |
[INFO] [stdout] 148 |     pub fn syntax_error(error: ErrorWithFileSpan<String>) -> TailwindError {
[INFO] [stdout]     |            ^^^^^^^^^^^^
[INFO] [stdout]     = note: this error originates in the macro `syntax_error` (in Nightly builds, run with -Z macro-backtrace for more info)
[INFO] [stdout] 
[INFO] [stdout] 
[INFO] [stdout] error[E0308]: mismatched types
[INFO] [stdout]   --> /opt/rustwide/cargo-home/registry/src/github.com-1ecc6299db9ec823/tailwind-css-0.11.9/src/modules/spacing/size.rs:27:18
[INFO] [stdout]    |
[INFO] [stdout] 27 |             _ => syntax_error!("Unknown padding instructions: {}", pattern.join("-")),
[INFO] [stdout]    |                  ^^^^^^^^^^^^^^^^^^^^^^^^^^^^^^^^^^^^^^^^^^^^^^^^^^^^^^^^^^^^^^^^^^^^ expected `ErrorWithFileSpan<String>`, found `String`
[INFO] [stdout]    |
[INFO] [stdout]    = note: expected struct `diagnostic::errors::simple::ErrorWithFileSpan<String>`
[INFO] [stdout]               found struct `String`
[INFO] [stdout]    = note: this error originates in the macro `format` which comes from the expansion of the macro `syntax_error` (in Nightly builds, run with -Z macro-backtrace for more info)
[INFO] [stdout] 
[INFO] [stdout] 
[INFO] [stdout] error[E0308]: mismatched types
[INFO] [stdout]   --> /opt/rustwide/cargo-home/registry/src/github.com-1ecc6299db9ec823/tailwind-css-0.11.9/src/modules/spacing/space/mod.rs:39:18
[INFO] [stdout]    |
[INFO] [stdout] 39 |             _ => syntax_error!("Unknown space instructions: {}", pattern.join("-")),
[INFO] [stdout]    |                  ^^^^^^^^^^^^^^^^^^^^^^^^^^^^^^^^^^^^^^^^^^^^^^^^^^^^^^^^^^^^^^^^^^ expected `ErrorWithFileSpan<String>`, found `String`
[INFO] [stdout]    |
[INFO] [stdout]    = note: expected struct `diagnostic::errors::simple::ErrorWithFileSpan<String>`
[INFO] [stdout]               found struct `String`
[INFO] [stdout]    = note: this error originates in the macro `format` which comes from the expansion of the macro `syntax_error` (in Nightly builds, run with -Z macro-backtrace for more info)
[INFO] [stdout] 
[INFO] [stdout] 
[INFO] [stdout] error[E0308]: mismatched types
[INFO] [stdout]   --> /opt/rustwide/cargo-home/registry/src/github.com-1ecc6299db9ec823/tailwind-css-0.11.9/src/modules/svg/stroke/mod.rs:27:25
[INFO] [stdout]    |
[INFO] [stdout] 27 |             _ => return syntax_error!("Unknown decoration instructions: {}", str.join("-")),
[INFO] [stdout]    |                         ^^^^^^^^^^^^^^^^^^^^^^^^^^^^^^^^^^^^^^^^^^^^^^^^^^^^^^^^^^^^^^^^^^^ expected `ErrorWithFileSpan<String>`, found `String`
[INFO] [stdout]    |
[INFO] [stdout]    = note: expected struct `diagnostic::errors::simple::ErrorWithFileSpan<String>`
[INFO] [stdout]               found struct `String`
[INFO] [stdout]    = note: this error originates in the macro `format` which comes from the expansion of the macro `syntax_error` (in Nightly builds, run with -Z macro-backtrace for more info)
[INFO] [stdout] 
[INFO] [stdout] 
[INFO] [stdout] error[E0308]: mismatched types
[INFO] [stdout]   --> /opt/rustwide/cargo-home/registry/src/github.com-1ecc6299db9ec823/tailwind-css-0.11.9/src/modules/transition/animate/animation.rs:35:25
[INFO] [stdout]    |
[INFO] [stdout] 35 |             _ => return syntax_error!("Unknown outline instructions: {}", pattern.join("-")),
[INFO] [stdout]    |                         ^^^^^^^^^^^^^^^^^^^^^^^^^^^^^^^^^^^^^^^^^^^^^^^^^^^^^^^^^^^^^^^^^^^^ expected `ErrorWithFileSpan<String>`, found `String`
[INFO] [stdout]    |
[INFO] [stdout]    = note: expected struct `diagnostic::errors::simple::ErrorWithFileSpan<String>`
[INFO] [stdout]               found struct `String`
[INFO] [stdout]    = note: this error originates in the macro `format` which comes from the expansion of the macro `syntax_error` (in Nightly builds, run with -Z macro-backtrace for more info)
[INFO] [stdout] 
[INFO] [stdout] 
[INFO] [stdout] error[E0308]: mismatched types
[INFO] [stdout]   --> /opt/rustwide/cargo-home/registry/src/github.com-1ecc6299db9ec823/tailwind-css-0.11.9/src/modules/transition/delay/mod.rs:31:18
[INFO] [stdout]    |
[INFO] [stdout] 31 |             _ => syntax_error!("Unknown delay instructions: {}", input.join("-")),
[INFO] [stdout]    |                  ^^^^^^^^^^^^^^^^^^^^^^^^^^^^^^^^^^^^^^^^^^^^^^^^^^^^^^^^^^^^^^^^ expected `ErrorWithFileSpan<String>`, found `String`
[INFO] [stdout]    |
[INFO] [stdout]    = note: expected struct `diagnostic::errors::simple::ErrorWithFileSpan<String>`
[INFO] [stdout]               found struct `String`
[INFO] [stdout]    = note: this error originates in the macro `format` which comes from the expansion of the macro `syntax_error` (in Nightly builds, run with -Z macro-backtrace for more info)
[INFO] [stdout] 
[INFO] [stdout] 
[INFO] [stdout] error[E0308]: mismatched types
[INFO] [stdout]   --> /opt/rustwide/cargo-home/registry/src/github.com-1ecc6299db9ec823/tailwind-css-0.11.9/src/modules/transition/duration/mod.rs:31:18
[INFO] [stdout]    |
[INFO] [stdout] 31 |             _ => syntax_error!("Unknown duration instructions: {}", input.join("-")),
[INFO] [stdout]    |                  ^^^^^^^^^^^^^^^^^^^^^^^^^^^^^^^^^^^^^^^^^^^^^^^^^^^^^^^^^^^^^^^^^^^ expected `ErrorWithFileSpan<String>`, found `String`
[INFO] [stdout]    |
[INFO] [stdout]    = note: expected struct `diagnostic::errors::simple::ErrorWithFileSpan<String>`
[INFO] [stdout]               found struct `String`
[INFO] [stdout]    = note: this error originates in the macro `format` which comes from the expansion of the macro `syntax_error` (in Nightly builds, run with -Z macro-backtrace for more info)
[INFO] [stdout] 
[INFO] [stdout] 
[INFO] [stdout] error[E0308]: mismatched types
[INFO] [stdout]   --> /opt/rustwide/cargo-home/registry/src/github.com-1ecc6299db9ec823/tailwind-css-0.11.9/src/modules/transition/transit/mod.rs:68:25
[INFO] [stdout]    |
[INFO] [stdout] 68 |             _ => return syntax_error!("Unknown transition instructions: {}", pattern.join("-")),
[INFO] [stdout]    |                         ^^^^^^^^^^^^^^^^^^^^^^^^^^^^^^^^^^^^^^^^^^^^^^^^^^^^^^^^^^^^^^^^^^^^^^^ expected `ErrorWithFileSpan<String>`, found `String`
[INFO] [stdout]    |
[INFO] [stdout]    = note: expected struct `diagnostic::errors::simple::ErrorWithFileSpan<String>`
[INFO] [stdout]               found struct `String`
[INFO] [stdout]    = note: this error originates in the macro `format` which comes from the expansion of the macro `syntax_error` (in Nightly builds, run with -Z macro-backtrace for more info)
[INFO] [stdout] 
[INFO] [stdout] 
[INFO] [stdout] error[E0308]: mismatched types
[INFO] [stdout]   --> /opt/rustwide/cargo-home/registry/src/github.com-1ecc6299db9ec823/tailwind-css-0.11.9/src/modules/typography/align/mod.rs:55:18
[INFO] [stdout]    |
[INFO] [stdout] 55 |             _ => syntax_error!("Unknown align instructions: {}", pattern.join("-")),
[INFO] [stdout]    |                  ^^^^^^^^^^^^^^^^^^^^^^^^^^^^^^^^^^^^^^^^^^^^^^^^^^^^^^^^^^^^^^^^^^ expected `ErrorWithFileSpan<String>`, found `String`
[INFO] [stdout]    |
[INFO] [stdout]    = note: expected struct `diagnostic::errors::simple::ErrorWithFileSpan<String>`
[INFO] [stdout]               found struct `String`
[INFO] [stdout]    = note: this error originates in the macro `format` which comes from the expansion of the macro `syntax_error` (in Nightly builds, run with -Z macro-backtrace for more info)
[INFO] [stdout] 
[INFO] [stdout] 
[INFO] [stdout] error[E0308]: mismatched types
[INFO] [stdout]   --> /opt/rustwide/cargo-home/registry/src/github.com-1ecc6299db9ec823/tailwind-css-0.11.9/src/modules/typography/decoration/mod.rs:36:25
[INFO] [stdout]    |
[INFO] [stdout] 36 |             _ => return syntax_error!("Unknown decoration instructions: {}", str.join("-")),
[INFO] [stdout]    |                         ^^^^^^^^^^^^^^^^^^^^^^^^^^^^^^^^^^^^^^^^^^^^^^^^^^^^^^^^^^^^^^^^^^^ expected `ErrorWithFileSpan<String>`, found `String`
[INFO] [stdout]    |
[INFO] [stdout]    = note: expected struct `diagnostic::errors::simple::ErrorWithFileSpan<String>`
[INFO] [stdout]               found struct `String`
[INFO] [stdout]    = note: this error originates in the macro `format` which comes from the expansion of the macro `syntax_error` (in Nightly builds, run with -Z macro-backtrace for more info)
[INFO] [stdout] 
[INFO] [stdout] 
[INFO] [stdout] error[E0308]: mismatched types
[INFO] [stdout]   --> /opt/rustwide/cargo-home/registry/src/github.com-1ecc6299db9ec823/tailwind-css-0.11.9/src/modules/typography/font/font_smoothing/mod.rs:70:25
[INFO] [stdout]    |
[INFO] [stdout] 70 |             _ => return syntax_error!("Unknown font-smoothing instructions: {}", pattern.join("-")),
[INFO] [stdout]    |                         ^^^^^^^^^^^^^^^^^^^^^^^^^^^^^^^^^^^^^^^^^^^^^^^^^^^^^^^^^^^^^^^^^^^^^^^^^^^ expected `ErrorWithFileSpan<String>`, found `String`
[INFO] [stdout]    |
[INFO] [stdout]    = note: expected struct `diagnostic::errors::simple::ErrorWithFileSpan<String>`
[INFO] [stdout]               found struct `String`
[INFO] [stdout]    = note: this error originates in the macro `format` which comes from the expansion of the macro `syntax_error` (in Nightly builds, run with -Z macro-backtrace for more info)
[INFO] [stdout] 
[INFO] [stdout] 
[INFO] [stdout] error[E0308]: mismatched types
[INFO] [stdout]   --> /opt/rustwide/cargo-home/registry/src/github.com-1ecc6299db9ec823/tailwind-css-0.11.9/src/modules/typography/indent/mod.rs:50:18
[INFO] [stdout]    |
[INFO] [stdout] 50 |             _ => syntax_error!("Unknown indent instructions: {}", pattern.join("-")),
[INFO] [stdout]    |                  ^^^^^^^^^^^^^^^^^^^^^^^^^^^^^^^^^^^^^^^^^^^^^^^^^^^^^^^^^^^^^^^^^^^ expected `ErrorWithFileSpan<String>`, found `String`
[INFO] [stdout]    |
[INFO] [stdout]    = note: expected struct `diagnostic::errors::simple::ErrorWithFileSpan<String>`
[INFO] [stdout]               found struct `String`
[INFO] [stdout]    = note: this error originates in the macro `format` which comes from the expansion of the macro `syntax_error` (in Nightly builds, run with -Z macro-backtrace for more info)
[INFO] [stdout] 
[INFO] [stdout] 
[INFO] [stdout] error[E0308]: mismatched types
[INFO] [stdout]   --> /opt/rustwide/cargo-home/registry/src/github.com-1ecc6299db9ec823/tailwind-css-0.11.9/src/modules/typography/leading/mod.rs:57:18
[INFO] [stdout]    |
[INFO] [stdout] 57 |             _ => syntax_error!("Unknown leading instructions: {}", pattern.join("-")),
[INFO] [stdout]    |                  ^^^^^^^^^^^^^^^^^^^^^^^^^^^^^^^^^^^^^^^^^^^^^^^^^^^^^^^^^^^^^^^^^^^^ expected `ErrorWithFileSpan<String>`, found `String`
[INFO] [stdout]    |
[INFO] [stdout]    = note: expected struct `diagnostic::errors::simple::ErrorWithFileSpan<String>`
[INFO] [stdout]               found struct `String`
[INFO] [stdout]    = note: this error originates in the macro `format` which comes from the expansion of the macro `syntax_error` (in Nightly builds, run with -Z macro-backtrace for more info)
[INFO] [stdout] 
[INFO] [stdout] 
[INFO] [stdout] error[E0308]: mismatched types
[INFO] [stdout]   --> /opt/rustwide/cargo-home/registry/src/github.com-1ecc6299db9ec823/tailwind-css-0.11.9/src/modules/typography/underline_offset/mod.rs:55:18
[INFO] [stdout]    |
[INFO] [stdout] 55 |             _ => syntax_error!("Unknown opacity instructions: {}", input.join("-")),
[INFO] [stdout]    |                  ^^^^^^^^^^^^^^^^^^^^^^^^^^^^^^^^^^^^^^^^^^^^^^^^^^^^^^^^^^^^^^^^^^ expected `ErrorWithFileSpan<String>`, found `String`
[INFO] [stdout]    |
[INFO] [stdout]    = note: expected struct `diagnostic::errors::simple::ErrorWithFileSpan<String>`
[INFO] [stdout]               found struct `String`
[INFO] [stdout]    = note: this error originates in the macro `format` which comes from the expansion of the macro `syntax_error` (in Nightly builds, run with -Z macro-backtrace for more info)
[INFO] [stdout] 
[INFO] [stdout] 
[INFO] [stdout] error[E0308]: mismatched types
[INFO] [stdout]   --> /opt/rustwide/cargo-home/registry/src/github.com-1ecc6299db9ec823/tailwind-css-0.11.9/src/systems/colors/color/mod.rs:51:25
[INFO] [stdout]    |
[INFO] [stdout] 51 |             _ => return syntax_error!("Unknown color pattern: {}", pattern.join("-")),
[INFO] [stdout]    |                         ^^^^^^^^^^^^^^^^^^^^^^^^^^^^^^^^^^^^^^^^^^^^^^^^^^^^^^^^^^^^^ expected `ErrorWithFileSpan<String>`, found `String`
[INFO] [stdout]    |
[INFO] [stdout]    = note: expected struct `diagnostic::errors::simple::ErrorWithFileSpan<String>`
[INFO] [stdout]               found struct `String`
[INFO] [stdout]    = note: this error originates in the macro `format` which comes from the expansion of the macro `syntax_error` (in Nightly builds, run with -Z macro-backtrace for more info)
[INFO] [stdout] 
[INFO] [stdout] 
[INFO] [stdout] error[E0308]: mismatched types
[INFO] [stdout]    --> /opt/rustwide/cargo-home/registry/src/github.com-1ecc6299db9ec823/tailwind-css-0.11.9/src/macros/exported/mod.rs:32:57
[INFO] [stdout]     |
[INFO] [stdout] 32  |         Err(tailwind_error::TailwindError::syntax_error($msg.to_string()))
[INFO] [stdout]     |             ------------------------------------------- ^^^^^^^^^^^^^^^^ expected `ErrorWithFileSpan<String>`, found `String`
[INFO] [stdout]     |             |
[INFO] [stdout]     |             arguments to this function are incorrect
[INFO] [stdout]     |
[INFO] [stdout]    ::: /opt/rustwide/cargo-home/registry/src/github.com-1ecc6299db9ec823/tailwind-css-0.11.9/src/systems/colors/palette/mod.rs:22:17
[INFO] [stdout]     |
[INFO] [stdout] 22  |                 syntax_error!("TODO")
[INFO] [stdout]     |                 --------------------- in this macro invocation
[INFO] [stdout]     |
[INFO] [stdout]     = note: expected struct `diagnostic::errors::simple::ErrorWithFileSpan<String>`
[INFO] [stdout]                found struct `String`
[INFO] [stdout] note: associated function defined here
[INFO] [stdout]    --> /opt/rustwide/cargo-home/registry/src/github.com-1ecc6299db9ec823/tailwind-error-1.3.2/src/error/mod.rs:148:12
[INFO] [stdout]     |
[INFO] [stdout] 148 |     pub fn syntax_error(error: ErrorWithFileSpan<String>) -> TailwindError {
[INFO] [stdout]     |            ^^^^^^^^^^^^
[INFO] [stdout]     = note: this error originates in the macro `syntax_error` (in Nightly builds, run with -Z macro-backtrace for more info)
[INFO] [stdout] 
[INFO] [stdout] 
[INFO] [stdout] error[E0308]: mismatched types
[INFO] [stdout]    --> /opt/rustwide/cargo-home/registry/src/github.com-1ecc6299db9ec823/tailwind-css-0.11.9/src/macros/exported/mod.rs:32:57
[INFO] [stdout]     |
[INFO] [stdout] 32  |         Err(tailwind_error::TailwindError::syntax_error($msg.to_string()))
[INFO] [stdout]     |             ------------------------------------------- ^^^^^^^^^^^^^^^^ expected `ErrorWithFileSpan<String>`, found `String`
[INFO] [stdout]     |             |
[INFO] [stdout]     |             arguments to this function are incorrect
[INFO] [stdout]     |
[INFO] [stdout]    ::: /opt/rustwide/cargo-home/registry/src/github.com-1ecc6299db9ec823/tailwind-css-0.11.9/src/systems/colors/palette/mod.rs:25:17
[INFO] [stdout]     |
[INFO] [stdout] 25  |                 syntax_error!("TODO")
[INFO] [stdout]     |                 --------------------- in this macro invocation
[INFO] [stdout]     |
[INFO] [stdout]     = note: expected struct `diagnostic::errors::simple::ErrorWithFileSpan<String>`
[INFO] [stdout]                found struct `String`
[INFO] [stdout] note: associated function defined here
[INFO] [stdout]    --> /opt/rustwide/cargo-home/registry/src/github.com-1ecc6299db9ec823/tailwind-error-1.3.2/src/error/mod.rs:148:12
[INFO] [stdout]     |
[INFO] [stdout] 148 |     pub fn syntax_error(error: ErrorWithFileSpan<String>) -> TailwindError {
[INFO] [stdout]     |            ^^^^^^^^^^^^
[INFO] [stdout]     = note: this error originates in the macro `syntax_error` (in Nightly builds, run with -Z macro-backtrace for more info)
[INFO] [stdout] 
[INFO] [stdout] 
[INFO] [stdout] error[E0308]: mismatched types
[INFO] [stdout]    --> /opt/rustwide/cargo-home/registry/src/github.com-1ecc6299db9ec823/tailwind-css-0.11.9/src/macros/exported/mod.rs:32:57
[INFO] [stdout]     |
[INFO] [stdout] 32  |         Err(tailwind_error::TailwindError::syntax_error($msg.to_string()))
[INFO] [stdout]     |             ------------------------------------------- ^^^^^^^^^^^^^^^^ expected `ErrorWithFileSpan<String>`, found `String`
[INFO] [stdout]     |             |
[INFO] [stdout]     |             arguments to this function are incorrect
[INFO] [stdout]     |
[INFO] [stdout]    ::: /opt/rustwide/cargo-home/registry/src/github.com-1ecc6299db9ec823/tailwind-css-0.11.9/src/systems/colors/palette_system/mod.rs:42:21
[INFO] [stdout]     |
[INFO] [stdout] 42  |             None => syntax_error!("no such palette"),
[INFO] [stdout]     |                     -------------------------------- in this macro invocation
[INFO] [stdout]     |
[INFO] [stdout]     = note: expected struct `diagnostic::errors::simple::ErrorWithFileSpan<String>`
[INFO] [stdout]                found struct `String`
[INFO] [stdout] note: associated function defined here
[INFO] [stdout]    --> /opt/rustwide/cargo-home/registry/src/github.com-1ecc6299db9ec823/tailwind-error-1.3.2/src/error/mod.rs:148:12
[INFO] [stdout]     |
[INFO] [stdout] 148 |     pub fn syntax_error(error: ErrorWithFileSpan<String>) -> TailwindError {
[INFO] [stdout]     |            ^^^^^^^^^^^^
[INFO] [stdout]     = note: this error originates in the macro `syntax_error` (in Nightly builds, run with -Z macro-backtrace for more info)
[INFO] [stdout] 
[INFO] [stdout] 
[INFO] [stdout] error[E0308]: mismatched types
[INFO] [stdout]    --> /opt/rustwide/cargo-home/registry/src/github.com-1ecc6299db9ec823/tailwind-css-0.11.9/src/systems/instruction/arbitrary/mod.rs:44:56
[INFO] [stdout]     |
[INFO] [stdout] 44  |                 return Err(TailwindError::syntax_error("Arbitrary value cannot be empty"));
[INFO] [stdout]     |                            --------------------------- ^^^^^^^^^^^^^^^^^^^^^^^^^^^^^^^^^ expected `ErrorWithFileSpan<String>`, found `&str`
[INFO] [stdout]     |                            |
[INFO] [stdout]     |                            arguments to this function are incorrect
[INFO] [stdout]     |
[INFO] [stdout]     = note: expected struct `diagnostic::errors::simple::ErrorWithFileSpan<String>`
[INFO] [stdout]             found reference `&'static str`
[INFO] [stdout] note: associated function defined here
[INFO] [stdout]    --> /opt/rustwide/cargo-home/registry/src/github.com-1ecc6299db9ec823/tailwind-error-1.3.2/src/error/mod.rs:148:12
[INFO] [stdout]     |
[INFO] [stdout] 148 |     pub fn syntax_error(error: ErrorWithFileSpan<String>) -> TailwindError {
[INFO] [stdout]     |            ^^^^^^^^^^^^
[INFO] [stdout] 
[INFO] [stdout] 
[INFO] [stdout] error[E0308]: mismatched types
[INFO] [stdout]    --> /opt/rustwide/cargo-home/registry/src/github.com-1ecc6299db9ec823/tailwind-css-0.11.9/src/systems/instruction/arbitrary/mod.rs:48:56
[INFO] [stdout]     |
[INFO] [stdout] 48  |                 return Err(TailwindError::syntax_error("Arbitrary value does balance quotes"));
[INFO] [stdout]     |                            --------------------------- ^^^^^^^^^^^^^^^^^^^^^^^^^^^^^^^^^^^^^ expected `ErrorWithFileSpan<String>`, found `&str`
[INFO] [stdout]     |                            |
[INFO] [stdout]     |                            arguments to this function are incorrect
[INFO] [stdout]     |
[INFO] [stdout]     = note: expected struct `diagnostic::errors::simple::ErrorWithFileSpan<String>`
[INFO] [stdout]             found reference `&'static str`
[INFO] [stdout] note: associated function defined here
[INFO] [stdout]    --> /opt/rustwide/cargo-home/registry/src/github.com-1ecc6299db9ec823/tailwind-error-1.3.2/src/error/mod.rs:148:12
[INFO] [stdout]     |
[INFO] [stdout] 148 |     pub fn syntax_error(error: ErrorWithFileSpan<String>) -> TailwindError {
[INFO] [stdout]     |            ^^^^^^^^^^^^
[INFO] [stdout] 
[INFO] [stdout] 
[INFO] [stdout] error[E0308]: mismatched types
[INFO] [stdout]    --> /opt/rustwide/cargo-home/registry/src/github.com-1ecc6299db9ec823/tailwind-css-0.11.9/src/systems/instruction/resolver.rs:185:25
[INFO] [stdout]     |
[INFO] [stdout] 185 |             _ => return syntax_error!("Unknown instructions: {} + {}", element.join("-"), arbitrary.get_class()),
[INFO] [stdout]     |                         ^^^^^^^^^^^^^^^^^^^^^^^^^^^^^^^^^^^^^^^^^^^^^^^^^^^^^^^^^^^^^^^^^^^^^^^^^^^^^^^^^^^^^^^^ expected `ErrorWithFileSpan<String>`, found `String`
[INFO] [stdout]     |
[INFO] [stdout]     = note: expected struct `diagnostic::errors::simple::ErrorWithFileSpan<String>`
[INFO] [stdout]                found struct `String`
[INFO] [stdout]     = note: this error originates in the macro `format` which comes from the expansion of the macro `syntax_error` (in Nightly builds, run with -Z macro-backtrace for more info)
[INFO] [stdout] 
[INFO] [stdout] 
[INFO] [stdout] error[E0308]: mismatched types
[INFO] [stdout]    --> /opt/rustwide/cargo-home/registry/src/github.com-1ecc6299db9ec823/tailwind-css-0.11.9/src/systems/instruction/resolver.rs:207:25
[INFO] [stdout]     |
[INFO] [stdout] 207 |             _ => return syntax_error!("Unknown bg instructions: {}", str.join("-")),
[INFO] [stdout]     |                         ^^^^^^^^^^^^^^^^^^^^^^^^^^^^^^^^^^^^^^^^^^^^^^^^^^^^^^^^^^^ expected `ErrorWithFileSpan<String>`, found `String`
[INFO] [stdout]     |
[INFO] [stdout]     = note: expected struct `diagnostic::errors::simple::ErrorWithFileSpan<String>`
[INFO] [stdout]                found struct `String`
[INFO] [stdout]     = note: this error originates in the macro `format` which comes from the expansion of the macro `syntax_error` (in Nightly builds, run with -Z macro-backtrace for more info)
[INFO] [stdout] 
[INFO] [stdout] 
[INFO] [stdout] error[E0308]: mismatched types
[INFO] [stdout]    --> /opt/rustwide/cargo-home/registry/src/github.com-1ecc6299db9ec823/tailwind-css-0.11.9/src/systems/instruction/resolver.rs:225:25
[INFO] [stdout]     |
[INFO] [stdout] 225 |             _ => return syntax_error!("Unknown border instructions: {}", pattern.join("-")),
[INFO] [stdout]     |                         ^^^^^^^^^^^^^^^^^^^^^^^^^^^^^^^^^^^^^^^^^^^^^^^^^^^^^^^^^^^^^^^^^^^ expected `ErrorWithFileSpan<String>`, found `String`
[INFO] [stdout]     |
[INFO] [stdout]     = note: expected struct `diagnostic::errors::simple::ErrorWithFileSpan<String>`
[INFO] [stdout]                found struct `String`
[INFO] [stdout]     = note: this error originates in the macro `format` which comes from the expansion of the macro `syntax_error` (in Nightly builds, run with -Z macro-backtrace for more info)
[INFO] [stdout] 
[INFO] [stdout] 
[INFO] [stdout] error[E0308]: mismatched types
[INFO] [stdout]    --> /opt/rustwide/cargo-home/registry/src/github.com-1ecc6299db9ec823/tailwind-css-0.11.9/src/systems/instruction/resolver.rs:251:25
[INFO] [stdout]     |
[INFO] [stdout] 251 |             _ => return syntax_error!("Unknown box instructions: {}", str.join("-")),
[INFO] [stdout]     |                         ^^^^^^^^^^^^^^^^^^^^^^^^^^^^^^^^^^^^^^^^^^^^^^^^^^^^^^^^^^^^ expected `ErrorWithFileSpan<String>`, found `String`
[INFO] [stdout]     |
[INFO] [stdout]     = note: expected struct `diagnostic::errors::simple::ErrorWithFileSpan<String>`
[INFO] [stdout]                found struct `String`
[INFO] [stdout]     = note: this error originates in the macro `format` which comes from the expansion of the macro `syntax_error` (in Nightly builds, run with -Z macro-backtrace for more info)
[INFO] [stdout] 
[INFO] [stdout] 
[INFO] [stdout] error[E0308]: mismatched types
[INFO] [stdout]    --> /opt/rustwide/cargo-home/registry/src/github.com-1ecc6299db9ec823/tailwind-css-0.11.9/src/systems/instruction/resolver.rs:289:25
[INFO] [stdout]     |
[INFO] [stdout] 289 |             _ => return syntax_error!("Unknown backdrop instructions: {}", str.join("-")),
[INFO] [stdout]     |                         ^^^^^^^^^^^^^^^^^^^^^^^^^^^^^^^^^^^^^^^^^^^^^^^^^^^^^^^^^^^^^^^^^ expected `ErrorWithFileSpan<String>`, found `String`
[INFO] [stdout]     |
[INFO] [stdout]     = note: expected struct `diagnostic::errors::simple::ErrorWithFileSpan<String>`
[INFO] [stdout]                found struct `String`
[INFO] [stdout]     = note: this error originates in the macro `format` which comes from the expansion of the macro `syntax_error` (in Nightly builds, run with -Z macro-backtrace for more info)
[INFO] [stdout] 
[INFO] [stdout] 
[INFO] [stdout] error[E0308]: mismatched types
[INFO] [stdout]   --> /opt/rustwide/cargo-home/registry/src/github.com-1ecc6299db9ec823/tailwind-css-0.11.9/src/systems/units/anchor/mod.rs:41:25
[INFO] [stdout]    |
[INFO] [stdout] 41 |             _ => return syntax_error!("Unknown anchor-point instructions: {}", pattern.join("-")),
[INFO] [stdout]    |                         ^^^^^^^^^^^^^^^^^^^^^^^^^^^^^^^^^^^^^^^^^^^^^^^^^^^^^^^^^^^^^^^^^^^^^^^^^ expected `ErrorWithFileSpan<String>`, found `String`
[INFO] [stdout]    |
[INFO] [stdout]    = note: expected struct `diagnostic::errors::simple::ErrorWithFileSpan<String>`
[INFO] [stdout]               found struct `String`
[INFO] [stdout]    = note: this error originates in the macro `format` which comes from the expansion of the macro `syntax_error` (in Nightly builds, run with -Z macro-backtrace for more info)
[INFO] [stdout] 
[INFO] [stdout] 
[INFO] [stdout] error[E0308]: mismatched types
[INFO] [stdout]   --> /opt/rustwide/cargo-home/registry/src/github.com-1ecc6299db9ec823/tailwind-css-0.11.9/src/systems/units/keyword_only/mod.rs:28:20
[INFO] [stdout]    |
[INFO] [stdout] 28 |             return syntax_error!("{} does not a valid value of {}", keyword, id);
[INFO] [stdout]    |                    ^^^^^^^^^^^^^^^^^^^^^^^^^^^^^^^^^^^^^^^^^^^^^^^^^^^^^^^^^^^^^ expected `ErrorWithFileSpan<String>`, found `String`
[INFO] [stdout]    |
[INFO] [stdout]    = note: expected struct `diagnostic::errors::simple::ErrorWithFileSpan<String>`
[INFO] [stdout]               found struct `String`
[INFO] [stdout]    = note: this error originates in the macro `format` which comes from the expansion of the macro `syntax_error` (in Nightly builds, run with -Z macro-backtrace for more info)
[INFO] [stdout] 
[INFO] [stdout] 
[INFO] [stdout] error: aborting due to 56 previous errors
[INFO] [stdout] 
[INFO] [stdout] 
[INFO] [stdout] For more information about this error, try `rustc --explain E0308`.
[INFO] [stdout] 
[INFO] [stderr] error: could not compile `tailwind-css` due to 57 previous errors
[INFO] running `Command { std: "docker" "inspect" "7cb65a6d5ae44487bb2c42def29bb344cd07d6d80b28924303e18a03c6e8e38d", kill_on_drop: false }`
[INFO] running `Command { std: "docker" "rm" "-f" "7cb65a6d5ae44487bb2c42def29bb344cd07d6d80b28924303e18a03c6e8e38d", kill_on_drop: false }`
[INFO] [stdout] 7cb65a6d5ae44487bb2c42def29bb344cd07d6d80b28924303e18a03c6e8e38d
