[INFO] fetching crate macro_tools 0.1.2...
[INFO] testing macro_tools-0.1.2 against 1.69.0 for beta-1.70-1
[INFO] extracting crate macro_tools 0.1.2 into /workspace/builds/worker-2-tc1/source
[INFO] validating manifest of crates.io crate macro_tools 0.1.2 on toolchain 1.69.0
[INFO] running `Command { std: CARGO_HOME="/workspace/cargo-home" RUSTUP_HOME="/workspace/rustup-home" "/workspace/cargo-home/bin/cargo" "+1.69.0" "metadata" "--manifest-path" "Cargo.toml" "--no-deps", kill_on_drop: false }`
[INFO] started tweaking crates.io crate macro_tools 0.1.2
[INFO] removed 1 missing tests
[INFO] finished tweaking crates.io crate macro_tools 0.1.2
[INFO] tweaked toml for crates.io crate macro_tools 0.1.2 written to /workspace/builds/worker-2-tc1/source/Cargo.toml
[INFO] running `Command { std: CARGO_HOME="/workspace/cargo-home" RUSTUP_HOME="/workspace/rustup-home" __CARGO_TEST_CHANNEL_OVERRIDE_DO_NOT_USE_THIS="nightly" "/workspace/cargo-home/bin/cargo" "+1.69.0" "generate-lockfile" "--manifest-path" "Cargo.toml" "-Zno-index-update", kill_on_drop: false }`
[INFO] running `Command { std: CARGO_HOME="/workspace/cargo-home" RUSTUP_HOME="/workspace/rustup-home" "/workspace/cargo-home/bin/cargo" "+1.69.0" "fetch" "--manifest-path" "Cargo.toml", kill_on_drop: false }`
[INFO] [stderr]     Blocking waiting for file lock on package cache
[INFO] [stderr]  Downloading crates ...
[INFO] [stderr]   Downloaded implements v0.1.1
[INFO] [stderr]   Downloaded former_runtime v0.1.11
[INFO] [stderr]   Downloaded woptions_runtime v0.1.3
[INFO] [stderr]   Downloaded meta_tools v0.2.18
[INFO] [stderr]   Downloaded woptions_meta v0.1.3
[INFO] [stderr]   Downloaded woptions v0.1.3
[INFO] [stderr]   Downloaded is_slice v0.1.1
[INFO] [stderr]   Downloaded parse-display v0.5.5
[INFO] [stderr]   Downloaded structmeta v0.1.6
[INFO] [stderr]   Downloaded literally v0.1.3
[INFO] [stderr]   Downloaded for_each v0.1.3
[INFO] [stderr]   Downloaded inspect_type v0.1.2
[INFO] [stderr]   Downloaded structmeta-derive v0.1.6
[INFO] [stderr]   Downloaded convert_case v0.5.0
[INFO] [stderr]   Downloaded parse-display-derive v0.5.5
[INFO] [stderr]   Downloaded wtest_basic v0.1.14
[INFO] [stderr]   Downloaded pretty_assertions v1.2.1
[INFO] [stderr]   Downloaded former v0.1.12
[INFO] [stderr]   Downloaded mod_interface_runtime v0.1.1
[INFO] [stderr]   Downloaded derive_tools v0.1.5
[INFO] [stderr]   Downloaded diagnostics_tools v0.1.3
[INFO] [stderr]   Downloaded impls_index_meta v0.1.1
[INFO] [stderr]   Downloaded impls_index v0.1.3
[INFO] [stderr]   Downloaded typing_tools v0.1.5
[INFO] [stderr]   Downloaded winterval v0.1.5
[INFO] [stderr]   Downloaded clone_dyn v0.1.0
[INFO] [stderr]   Downloaded mod_interface_meta v0.1.11
[INFO] [stderr]   Downloaded former_meta v0.1.12
[INFO] [stderr]   Downloaded meta_tools_min v0.2.13
[INFO] [stderr]   Downloaded clone_dyn_meta v0.1.1
[INFO] [stderr]   Downloaded mem_tools v0.1.1
[INFO] [stderr]   Downloaded iter_tools v0.1.4
[INFO] [stderr]   Downloaded data_type v0.1.9
[INFO] [stderr]   Downloaded mod_interface v0.1.16
[INFO] [stderr]   Downloaded type_constructor v0.1.19
[INFO] [stderr]   Downloaded proc_macro_tools v0.1.17
[INFO] [stderr]   Downloaded test_tools v0.1.5
[INFO] running `Command { std: "docker" "create" "-v" "/var/lib/crater-agent-workspace/builds/worker-2-tc1/target:/opt/rustwide/target:rw,Z" "-v" "/var/lib/crater-agent-workspace/builds/worker-2-tc1/source:/opt/rustwide/workdir:ro,Z" "-v" "/var/lib/crater-agent-workspace/cargo-home:/opt/rustwide/cargo-home:ro,Z" "-v" "/var/lib/crater-agent-workspace/rustup-home:/opt/rustwide/rustup-home:ro,Z" "-e" "SOURCE_DIR=/opt/rustwide/workdir" "-e" "CARGO_TARGET_DIR=/opt/rustwide/target" "-e" "CARGO_HOME=/opt/rustwide/cargo-home" "-e" "RUSTUP_HOME=/opt/rustwide/rustup-home" "-w" "/opt/rustwide/workdir" "-m" "1610612736" "--user" "0:0" "--network" "none" "ghcr.io/rust-lang/crates-build-env/linux@sha256:5ff2268d62e97bff2cde7d5815dd6ed5b47097566f13b8d0ca110b04b60e07ed" "/opt/rustwide/cargo-home/bin/cargo" "+1.69.0" "metadata" "--no-deps" "--format-version=1", kill_on_drop: false }`
[INFO] [stdout] 35d8cb74d5036f38b6ff70f9a130fa6f67d4d0f4d13e5c7251189c28785f3c21
[INFO] running `Command { std: "docker" "start" "-a" "35d8cb74d5036f38b6ff70f9a130fa6f67d4d0f4d13e5c7251189c28785f3c21", kill_on_drop: false }`
[INFO] running `Command { std: "docker" "inspect" "35d8cb74d5036f38b6ff70f9a130fa6f67d4d0f4d13e5c7251189c28785f3c21", kill_on_drop: false }`
[INFO] running `Command { std: "docker" "rm" "-f" "35d8cb74d5036f38b6ff70f9a130fa6f67d4d0f4d13e5c7251189c28785f3c21", kill_on_drop: false }`
[INFO] [stdout] 35d8cb74d5036f38b6ff70f9a130fa6f67d4d0f4d13e5c7251189c28785f3c21
[INFO] running `Command { std: "docker" "create" "-v" "/var/lib/crater-agent-workspace/builds/worker-2-tc1/target:/opt/rustwide/target:rw,Z" "-v" "/var/lib/crater-agent-workspace/builds/worker-2-tc1/source:/opt/rustwide/workdir:ro,Z" "-v" "/var/lib/crater-agent-workspace/cargo-home:/opt/rustwide/cargo-home:ro,Z" "-v" "/var/lib/crater-agent-workspace/rustup-home:/opt/rustwide/rustup-home:ro,Z" "-e" "SOURCE_DIR=/opt/rustwide/workdir" "-e" "CARGO_TARGET_DIR=/opt/rustwide/target" "-e" "CARGO_INCREMENTAL=0" "-e" "RUST_BACKTRACE=full" "-e" "RUSTFLAGS=--cap-lints=warn" "-e" "RUSTDOCFLAGS=--cap-lints=warn" "-e" "CARGO_HOME=/opt/rustwide/cargo-home" "-e" "RUSTUP_HOME=/opt/rustwide/rustup-home" "-w" "/opt/rustwide/workdir" "-m" "1610612736" "--user" "0:0" "--network" "none" "ghcr.io/rust-lang/crates-build-env/linux@sha256:5ff2268d62e97bff2cde7d5815dd6ed5b47097566f13b8d0ca110b04b60e07ed" "/opt/rustwide/cargo-home/bin/cargo" "+1.69.0" "build" "--frozen" "--message-format=json", kill_on_drop: false }`
[INFO] [stdout] 5fdcf969e619da3a6ec1201c7e3a3a542654c335ad1ea6c79a3308804206a3cc
[INFO] running `Command { std: "docker" "start" "-a" "5fdcf969e619da3a6ec1201c7e3a3a542654c335ad1ea6c79a3308804206a3cc", kill_on_drop: false }`
[INFO] [stderr]    Compiling proc-macro2 v1.0.56
[INFO] [stderr]    Compiling syn v1.0.109
[INFO] [stderr]    Compiling type_constructor v0.1.19
[INFO] [stderr]    Compiling winterval v0.1.5
[INFO] [stderr]    Compiling quote v1.0.26
[INFO] [stderr]    Compiling proc_macro_tools v0.1.17
[INFO] [stderr]    Compiling macro_tools v0.1.2 (/opt/rustwide/workdir)
[INFO] [stderr]     Finished dev [unoptimized + debuginfo] target(s) in 5.05s
[INFO] running `Command { std: "docker" "inspect" "5fdcf969e619da3a6ec1201c7e3a3a542654c335ad1ea6c79a3308804206a3cc", kill_on_drop: false }`
[INFO] running `Command { std: "docker" "rm" "-f" "5fdcf969e619da3a6ec1201c7e3a3a542654c335ad1ea6c79a3308804206a3cc", kill_on_drop: false }`
[INFO] [stdout] 5fdcf969e619da3a6ec1201c7e3a3a542654c335ad1ea6c79a3308804206a3cc
[INFO] running `Command { std: "docker" "create" "-v" "/var/lib/crater-agent-workspace/builds/worker-2-tc1/target:/opt/rustwide/target:rw,Z" "-v" "/var/lib/crater-agent-workspace/builds/worker-2-tc1/source:/opt/rustwide/workdir:ro,Z" "-v" "/var/lib/crater-agent-workspace/cargo-home:/opt/rustwide/cargo-home:ro,Z" "-v" "/var/lib/crater-agent-workspace/rustup-home:/opt/rustwide/rustup-home:ro,Z" "-e" "SOURCE_DIR=/opt/rustwide/workdir" "-e" "CARGO_TARGET_DIR=/opt/rustwide/target" "-e" "CARGO_INCREMENTAL=0" "-e" "RUST_BACKTRACE=full" "-e" "RUSTFLAGS=--cap-lints=warn" "-e" "RUSTDOCFLAGS=--cap-lints=warn" "-e" "CARGO_HOME=/opt/rustwide/cargo-home" "-e" "RUSTUP_HOME=/opt/rustwide/rustup-home" "-w" "/opt/rustwide/workdir" "-m" "1610612736" "--user" "0:0" "--network" "none" "ghcr.io/rust-lang/crates-build-env/linux@sha256:5ff2268d62e97bff2cde7d5815dd6ed5b47097566f13b8d0ca110b04b60e07ed" "/opt/rustwide/cargo-home/bin/cargo" "+1.69.0" "test" "--frozen" "--no-run" "--message-format=json", kill_on_drop: false }`
[INFO] [stdout] 148b14e7f20b48a46145dbb02522b0a5504a4d388c0394a61e8af0ceaf66907f
[INFO] running `Command { std: "docker" "start" "-a" "148b14e7f20b48a46145dbb02522b0a5504a4d388c0394a61e8af0ceaf66907f", kill_on_drop: false }`
[INFO] [stderr]    Compiling regex-syntax v0.6.29
[INFO] [stderr]    Compiling either v1.6.1
[INFO] [stderr]    Compiling convert_case v0.4.0
[INFO] [stderr]    Compiling mod_interface_runtime v0.1.1
[INFO] [stderr]    Compiling syn v1.0.109
[INFO] [stderr]    Compiling for_each v0.1.3
[INFO] [stderr]    Compiling former_runtime v0.1.11
[INFO] [stderr]    Compiling literally v0.1.3
[INFO] [stderr]    Compiling convert_case v0.5.0
[INFO] [stderr]    Compiling num-traits v0.2.15
[INFO] [stderr]    Compiling syn v2.0.15
[INFO] [stderr]    Compiling itertools v0.10.5
[INFO] [stderr]    Compiling ansi_term v0.12.1
[INFO] [stderr]    Compiling diff v0.1.13
[INFO] [stderr]    Compiling trybuild v1.0.80
[INFO] [stderr]    Compiling serde_json v1.0.96
[INFO] [stderr]    Compiling pretty_assertions v1.2.1
[INFO] [stderr]    Compiling basic-toml v0.1.2
[INFO] [stderr]    Compiling dissimilar v1.0.6
[INFO] [stderr]    Compiling is_slice v0.1.1
[INFO] [stderr]    Compiling glob v0.3.1
[INFO] [stderr]    Compiling iter_tools v0.1.4
[INFO] [stderr]    Compiling inspect_type v0.1.2
[INFO] [stderr]    Compiling implements v0.1.1
[INFO] [stderr]    Compiling typing_tools v0.1.5
[INFO] [stderr]    Compiling data_type v0.1.9
[INFO] [stderr]    Compiling diagnostics_tools v0.1.3
[INFO] [stderr]    Compiling mem_tools v0.1.1
[INFO] [stderr]    Compiling serde_derive v1.0.160
[INFO] [stderr]    Compiling proc_macro_tools v0.1.17
[INFO] [stderr]    Compiling structmeta-derive v0.1.6
[INFO] [stderr]    Compiling clone_dyn_meta v0.1.1
[INFO] [stderr]    Compiling derive_more v0.99.17
[INFO] [stderr]    Compiling impls_index_meta v0.1.1
[INFO] [stderr]    Compiling former_meta v0.1.12
[INFO] [stderr]    Compiling impls_index v0.1.3
[INFO] [stderr]    Compiling clone_dyn v0.1.0
[INFO] [stderr]    Compiling former v0.1.12
[INFO] [stderr]    Compiling structmeta v0.1.6
[INFO] [stderr]    Compiling woptions_runtime v0.1.3
[INFO] [stderr]    Compiling parse-display-derive v0.5.5
[INFO] [stderr]    Compiling parse-display v0.5.5
[INFO] [stderr]    Compiling derive_tools v0.1.5
[INFO] [stderr]    Compiling mod_interface_meta v0.1.11
[INFO] [stderr]    Compiling mod_interface v0.1.16
[INFO] [stderr]    Compiling meta_tools_min v0.2.13
[INFO] [stderr]    Compiling woptions_meta v0.1.3
[INFO] [stderr]    Compiling woptions v0.1.3
[INFO] [stderr]    Compiling meta_tools v0.2.18
[INFO] [stderr]    Compiling wtest_basic v0.1.14
[INFO] [stderr]    Compiling test_tools v0.1.5
[INFO] [stderr]    Compiling macro_tools v0.1.2 (/opt/rustwide/workdir)
[INFO] [stderr]     Finished test [unoptimized + debuginfo] target(s) in 16.10s
[INFO] running `Command { std: "docker" "inspect" "148b14e7f20b48a46145dbb02522b0a5504a4d388c0394a61e8af0ceaf66907f", kill_on_drop: false }`
[INFO] running `Command { std: "docker" "rm" "-f" "148b14e7f20b48a46145dbb02522b0a5504a4d388c0394a61e8af0ceaf66907f", kill_on_drop: false }`
[INFO] [stdout] 148b14e7f20b48a46145dbb02522b0a5504a4d388c0394a61e8af0ceaf66907f
[INFO] running `Command { std: "docker" "create" "-v" "/var/lib/crater-agent-workspace/builds/worker-2-tc1/target:/opt/rustwide/target:rw,Z" "-v" "/var/lib/crater-agent-workspace/builds/worker-2-tc1/source:/opt/rustwide/workdir:ro,Z" "-v" "/var/lib/crater-agent-workspace/cargo-home:/opt/rustwide/cargo-home:ro,Z" "-v" "/var/lib/crater-agent-workspace/rustup-home:/opt/rustwide/rustup-home:ro,Z" "-e" "SOURCE_DIR=/opt/rustwide/workdir" "-e" "CARGO_TARGET_DIR=/opt/rustwide/target" "-e" "CARGO_INCREMENTAL=0" "-e" "RUST_BACKTRACE=full" "-e" "RUSTFLAGS=--cap-lints=warn" "-e" "RUSTDOCFLAGS=--cap-lints=warn" "-e" "CARGO_HOME=/opt/rustwide/cargo-home" "-e" "RUSTUP_HOME=/opt/rustwide/rustup-home" "-w" "/opt/rustwide/workdir" "-m" "1610612736" "--user" "0:0" "--network" "none" "ghcr.io/rust-lang/crates-build-env/linux@sha256:5ff2268d62e97bff2cde7d5815dd6ed5b47097566f13b8d0ca110b04b60e07ed" "/opt/rustwide/cargo-home/bin/cargo" "+1.69.0" "test" "--frozen", kill_on_drop: false }`
[INFO] [stdout] 4ed91baa249f785722cf2dbe118dffc2845cf3a112c865149f6388f818515458
[INFO] running `Command { std: "docker" "start" "-a" "4ed91baa249f785722cf2dbe118dffc2845cf3a112c865149f6388f818515458", kill_on_drop: false }`
[INFO] [stderr]     Finished test [unoptimized + debuginfo] target(s) in 0.06s
[INFO] [stderr]      Running unittests rust/impl/proc_macro/macro_tools_lib.rs (/opt/rustwide/target/debug/deps/macro_tools-b1c7ce3b9b1ecafc)
[INFO] [stdout] 
[INFO] [stdout] running 0 tests
[INFO] [stdout] 
[INFO] [stdout] test result: ok. 0 passed; 0 failed; 0 ignored; 0 measured; 0 filtered out; finished in 0.00s
[INFO] [stdout] 
[INFO] [stderr]    Doc-tests macro_tools
[INFO] [stdout] 
[INFO] [stdout] running 1 test
[INFO] [stdout] test rust/impl/proc_macro/macro_tools_lib.rs - (line 15) ... FAILED
[INFO] [stdout] 
[INFO] [stdout] failures:
[INFO] [stdout] 
[INFO] [stdout] ---- rust/impl/proc_macro/macro_tools_lib.rs - (line 15) stdout ----
[INFO] [stdout] error[E0432]: unresolved import `macro_tools::dependencies`
[INFO] [stdout]  --> rust/impl/proc_macro/macro_tools_lib.rs:17:18
[INFO] [stdout]   |
[INFO] [stdout] 4 | use macro_tools::dependencies::*;
[INFO] [stdout]   |                  ^^^^^^^^^^^^ could not find `dependencies` in `macro_tools`
[INFO] [stdout] 
[INFO] [stdout] error: aborting due to previous error
[INFO] [stdout] 
[INFO] [stdout] For more information about this error, try `rustc --explain E0432`.
[INFO] [stdout] Couldn't compile the test.
[INFO] [stdout] 
[INFO] [stdout] failures:
[INFO] [stdout]     rust/impl/proc_macro/macro_tools_lib.rs - (line 15)
[INFO] [stdout] 
[INFO] [stdout] test result: FAILED. 0 passed; 1 failed; 0 ignored; 0 measured; 0 filtered out; finished in 0.04s
[INFO] [stdout] 
[INFO] [stderr] error: doctest failed, to rerun pass `--doc`
[INFO] running `Command { std: "docker" "inspect" "4ed91baa249f785722cf2dbe118dffc2845cf3a112c865149f6388f818515458", kill_on_drop: false }`
[INFO] running `Command { std: "docker" "rm" "-f" "4ed91baa249f785722cf2dbe118dffc2845cf3a112c865149f6388f818515458", kill_on_drop: false }`
[INFO] [stdout] 4ed91baa249f785722cf2dbe118dffc2845cf3a112c865149f6388f818515458
