[INFO] fetching crate macchanger 0.4.0...
[INFO] testing macchanger-0.4.0 against 1.69.0 for beta-1.70-1
[INFO] extracting crate macchanger 0.4.0 into /workspace/builds/worker-2-tc1/source
[INFO] validating manifest of crates.io crate macchanger 0.4.0 on toolchain 1.69.0
[INFO] running `Command { std: CARGO_HOME="/workspace/cargo-home" RUSTUP_HOME="/workspace/rustup-home" "/workspace/cargo-home/bin/cargo" "+1.69.0" "metadata" "--manifest-path" "Cargo.toml" "--no-deps", kill_on_drop: false }`
[INFO] started tweaking crates.io crate macchanger 0.4.0
[INFO] finished tweaking crates.io crate macchanger 0.4.0
[INFO] tweaked toml for crates.io crate macchanger 0.4.0 written to /workspace/builds/worker-2-tc1/source/Cargo.toml
[INFO] running `Command { std: CARGO_HOME="/workspace/cargo-home" RUSTUP_HOME="/workspace/rustup-home" __CARGO_TEST_CHANNEL_OVERRIDE_DO_NOT_USE_THIS="nightly" "/workspace/cargo-home/bin/cargo" "+1.69.0" "generate-lockfile" "--manifest-path" "Cargo.toml" "-Zno-index-update", kill_on_drop: false }`
[INFO] running `Command { std: CARGO_HOME="/workspace/cargo-home" RUSTUP_HOME="/workspace/rustup-home" "/workspace/cargo-home/bin/cargo" "+1.69.0" "fetch" "--manifest-path" "Cargo.toml", kill_on_drop: false }`
[INFO] [stderr]  Downloading crates ...
[INFO] [stderr]   Downloaded netdevice v0.1.1
[INFO] running `Command { std: "docker" "create" "-v" "/var/lib/crater-agent-workspace/builds/worker-2-tc1/target:/opt/rustwide/target:rw,Z" "-v" "/var/lib/crater-agent-workspace/builds/worker-2-tc1/source:/opt/rustwide/workdir:ro,Z" "-v" "/var/lib/crater-agent-workspace/cargo-home:/opt/rustwide/cargo-home:ro,Z" "-v" "/var/lib/crater-agent-workspace/rustup-home:/opt/rustwide/rustup-home:ro,Z" "-e" "SOURCE_DIR=/opt/rustwide/workdir" "-e" "CARGO_TARGET_DIR=/opt/rustwide/target" "-e" "CARGO_HOME=/opt/rustwide/cargo-home" "-e" "RUSTUP_HOME=/opt/rustwide/rustup-home" "-w" "/opt/rustwide/workdir" "-m" "1610612736" "--user" "0:0" "--network" "none" "ghcr.io/rust-lang/crates-build-env/linux@sha256:5ff2268d62e97bff2cde7d5815dd6ed5b47097566f13b8d0ca110b04b60e07ed" "/opt/rustwide/cargo-home/bin/cargo" "+1.69.0" "metadata" "--no-deps" "--format-version=1", kill_on_drop: false }`
[INFO] [stdout] 3d2d6db67207517dde98a3197963df9ba579d86385d08d8fe5df4134f9bcb74f
[INFO] running `Command { std: "docker" "start" "-a" "3d2d6db67207517dde98a3197963df9ba579d86385d08d8fe5df4134f9bcb74f", kill_on_drop: false }`
[INFO] running `Command { std: "docker" "inspect" "3d2d6db67207517dde98a3197963df9ba579d86385d08d8fe5df4134f9bcb74f", kill_on_drop: false }`
[INFO] running `Command { std: "docker" "rm" "-f" "3d2d6db67207517dde98a3197963df9ba579d86385d08d8fe5df4134f9bcb74f", kill_on_drop: false }`
[INFO] [stdout] 3d2d6db67207517dde98a3197963df9ba579d86385d08d8fe5df4134f9bcb74f
[INFO] running `Command { std: "docker" "create" "-v" "/var/lib/crater-agent-workspace/builds/worker-2-tc1/target:/opt/rustwide/target:rw,Z" "-v" "/var/lib/crater-agent-workspace/builds/worker-2-tc1/source:/opt/rustwide/workdir:ro,Z" "-v" "/var/lib/crater-agent-workspace/cargo-home:/opt/rustwide/cargo-home:ro,Z" "-v" "/var/lib/crater-agent-workspace/rustup-home:/opt/rustwide/rustup-home:ro,Z" "-e" "SOURCE_DIR=/opt/rustwide/workdir" "-e" "CARGO_TARGET_DIR=/opt/rustwide/target" "-e" "CARGO_INCREMENTAL=0" "-e" "RUST_BACKTRACE=full" "-e" "RUSTFLAGS=--cap-lints=warn" "-e" "RUSTDOCFLAGS=--cap-lints=warn" "-e" "CARGO_HOME=/opt/rustwide/cargo-home" "-e" "RUSTUP_HOME=/opt/rustwide/rustup-home" "-w" "/opt/rustwide/workdir" "-m" "1610612736" "--user" "0:0" "--network" "none" "ghcr.io/rust-lang/crates-build-env/linux@sha256:5ff2268d62e97bff2cde7d5815dd6ed5b47097566f13b8d0ca110b04b60e07ed" "/opt/rustwide/cargo-home/bin/cargo" "+1.69.0" "build" "--frozen" "--message-format=json", kill_on_drop: false }`
[INFO] [stdout] 86d15c0b8c2eec7893e0b7391c4948660d8ecf7869feac2b99a2a98359ac44e7
[INFO] running `Command { std: "docker" "start" "-a" "86d15c0b8c2eec7893e0b7391c4948660d8ecf7869feac2b99a2a98359ac44e7", kill_on_drop: false }`
[INFO] [stderr]    Compiling ansi_term v0.12.1
[INFO] [stderr]    Compiling bitflags v0.7.0
[INFO] [stderr]    Compiling atty v0.2.14
[INFO] [stderr]    Compiling netdevice v0.1.1
[INFO] [stderr]    Compiling colored v1.9.3
[INFO] [stderr]    Compiling clap v2.34.0
[INFO] [stderr]    Compiling macchanger v0.4.0 (/opt/rustwide/workdir)
[INFO] [stdout] error[E0554]: `#![feature]` may not be used on the stable release channel
[INFO] [stdout]   --> src/main.rs:18:12
[INFO] [stdout]    |
[INFO] [stdout] 18 | #![feature(termination_trait_lib, process_exitcode_placeholder, try_from)]
[INFO] [stdout]    |            ^^^^^^^^^^^^^^^^^^^^^
[INFO] [stdout] 
[INFO] [stdout] 
[INFO] [stdout] error[E0554]: `#![feature]` may not be used on the stable release channel
[INFO] [stdout]   --> src/main.rs:18:35
[INFO] [stdout]    |
[INFO] [stdout] 18 | #![feature(termination_trait_lib, process_exitcode_placeholder, try_from)]
[INFO] [stdout]    |                                   ^^^^^^^^^^^^^^^^^^^^^^^^^^^^
[INFO] [stdout] 
[INFO] [stdout] 
[INFO] [stdout] error[E0554]: `#![feature]` may not be used on the stable release channel
[INFO] [stdout]   --> src/main.rs:18:65
[INFO] [stdout]    |
[INFO] [stdout] 18 | #![feature(termination_trait_lib, process_exitcode_placeholder, try_from)]
[INFO] [stdout]    |                                                                 ^^^^^^^^
[INFO] [stdout] 
[INFO] [stdout] 
[INFO] [stdout] warning: the feature `termination_trait_lib` has been stable since 1.61.0 and no longer requires an attribute to enable
[INFO] [stdout]   --> src/main.rs:18:12
[INFO] [stdout]    |
[INFO] [stdout] 18 | #![feature(termination_trait_lib, process_exitcode_placeholder, try_from)]
[INFO] [stdout]    |            ^^^^^^^^^^^^^^^^^^^^^
[INFO] [stdout]    |
[INFO] [stdout]    = note: `#[warn(stable_features)]` on by default
[INFO] [stdout] 
[INFO] [stdout] 
[INFO] [stdout] warning: the feature `try_from` has been stable since 1.34.0 and no longer requires an attribute to enable
[INFO] [stdout]   --> src/main.rs:18:65
[INFO] [stdout]    |
[INFO] [stdout] 18 | #![feature(termination_trait_lib, process_exitcode_placeholder, try_from)]
[INFO] [stdout]    |                                                                 ^^^^^^^^
[INFO] [stdout] 
[INFO] [stdout] 
[INFO] [stdout] error[E0635]: unknown feature `process_exitcode_placeholder`
[INFO] [stdout]   --> src/main.rs:18:35
[INFO] [stdout]    |
[INFO] [stdout] 18 | #![feature(termination_trait_lib, process_exitcode_placeholder, try_from)]
[INFO] [stdout]    |                                   ^^^^^^^^^^^^^^^^^^^^^^^^^^^^
[INFO] [stdout] 
[INFO] [stdout] 
[INFO] [stdout] error: aborting due to 4 previous errors; 2 warnings emitted
[INFO] [stdout] 
[INFO] [stdout] 
[INFO] [stdout] Some errors have detailed explanations: E0554, E0635.
[INFO] [stdout] 
[INFO] [stdout] For more information about an error, try `rustc --explain E0554`.
[INFO] [stdout] 
[INFO] [stderr] error: could not compile `macchanger` due to 5 previous errors; 2 warnings emitted
[INFO] running `Command { std: "docker" "inspect" "86d15c0b8c2eec7893e0b7391c4948660d8ecf7869feac2b99a2a98359ac44e7", kill_on_drop: false }`
[INFO] running `Command { std: "docker" "rm" "-f" "86d15c0b8c2eec7893e0b7391c4948660d8ecf7869feac2b99a2a98359ac44e7", kill_on_drop: false }`
[INFO] [stdout] 86d15c0b8c2eec7893e0b7391c4948660d8ecf7869feac2b99a2a98359ac44e7
