[INFO] fetching crate lzip 0.1.1...
[INFO] testing lzip-0.1.1 against 1.69.0 for beta-1.70-1
[INFO] extracting crate lzip 0.1.1 into /workspace/builds/worker-0-tc1/source
[INFO] validating manifest of crates.io crate lzip 0.1.1 on toolchain 1.69.0
[INFO] running `Command { std: CARGO_HOME="/workspace/cargo-home" RUSTUP_HOME="/workspace/rustup-home" "/workspace/cargo-home/bin/cargo" "+1.69.0" "metadata" "--manifest-path" "Cargo.toml" "--no-deps", kill_on_drop: false }`
[INFO] started tweaking crates.io crate lzip 0.1.1
[INFO] finished tweaking crates.io crate lzip 0.1.1
[INFO] tweaked toml for crates.io crate lzip 0.1.1 written to /workspace/builds/worker-0-tc1/source/Cargo.toml
[INFO] running `Command { std: CARGO_HOME="/workspace/cargo-home" RUSTUP_HOME="/workspace/rustup-home" __CARGO_TEST_CHANNEL_OVERRIDE_DO_NOT_USE_THIS="nightly" "/workspace/cargo-home/bin/cargo" "+1.69.0" "generate-lockfile" "--manifest-path" "Cargo.toml" "-Zno-index-update", kill_on_drop: false }`
[INFO] running `Command { std: CARGO_HOME="/workspace/cargo-home" RUSTUP_HOME="/workspace/rustup-home" "/workspace/cargo-home/bin/cargo" "+1.69.0" "fetch" "--manifest-path" "Cargo.toml", kill_on_drop: false }`
[INFO] [stderr]  Downloading crates ...
[INFO] [stderr]   Downloaded lzip-sys v0.1.4+1.13
[INFO] running `Command { std: "docker" "create" "-v" "/var/lib/crater-agent-workspace/builds/worker-0-tc1/target:/opt/rustwide/target:rw,Z" "-v" "/var/lib/crater-agent-workspace/builds/worker-0-tc1/source:/opt/rustwide/workdir:ro,Z" "-v" "/var/lib/crater-agent-workspace/cargo-home:/opt/rustwide/cargo-home:ro,Z" "-v" "/var/lib/crater-agent-workspace/rustup-home:/opt/rustwide/rustup-home:ro,Z" "-e" "SOURCE_DIR=/opt/rustwide/workdir" "-e" "CARGO_TARGET_DIR=/opt/rustwide/target" "-e" "CARGO_HOME=/opt/rustwide/cargo-home" "-e" "RUSTUP_HOME=/opt/rustwide/rustup-home" "-w" "/opt/rustwide/workdir" "-m" "1610612736" "--user" "0:0" "--network" "none" "ghcr.io/rust-lang/crates-build-env/linux@sha256:5ff2268d62e97bff2cde7d5815dd6ed5b47097566f13b8d0ca110b04b60e07ed" "/opt/rustwide/cargo-home/bin/cargo" "+1.69.0" "metadata" "--no-deps" "--format-version=1", kill_on_drop: false }`
[INFO] [stdout] 6cd379147cd9e21e82718ade86a0319d5d99032aeb08284a3208c7a080d049e4
[INFO] running `Command { std: "docker" "start" "-a" "6cd379147cd9e21e82718ade86a0319d5d99032aeb08284a3208c7a080d049e4", kill_on_drop: false }`
[INFO] running `Command { std: "docker" "inspect" "6cd379147cd9e21e82718ade86a0319d5d99032aeb08284a3208c7a080d049e4", kill_on_drop: false }`
[INFO] running `Command { std: "docker" "rm" "-f" "6cd379147cd9e21e82718ade86a0319d5d99032aeb08284a3208c7a080d049e4", kill_on_drop: false }`
[INFO] [stdout] 6cd379147cd9e21e82718ade86a0319d5d99032aeb08284a3208c7a080d049e4
[INFO] running `Command { std: "docker" "create" "-v" "/var/lib/crater-agent-workspace/builds/worker-0-tc1/target:/opt/rustwide/target:rw,Z" "-v" "/var/lib/crater-agent-workspace/builds/worker-0-tc1/source:/opt/rustwide/workdir:ro,Z" "-v" "/var/lib/crater-agent-workspace/cargo-home:/opt/rustwide/cargo-home:ro,Z" "-v" "/var/lib/crater-agent-workspace/rustup-home:/opt/rustwide/rustup-home:ro,Z" "-e" "SOURCE_DIR=/opt/rustwide/workdir" "-e" "CARGO_TARGET_DIR=/opt/rustwide/target" "-e" "CARGO_INCREMENTAL=0" "-e" "RUST_BACKTRACE=full" "-e" "RUSTFLAGS=--cap-lints=warn" "-e" "RUSTDOCFLAGS=--cap-lints=warn" "-e" "CARGO_HOME=/opt/rustwide/cargo-home" "-e" "RUSTUP_HOME=/opt/rustwide/rustup-home" "-w" "/opt/rustwide/workdir" "-m" "1610612736" "--user" "0:0" "--network" "none" "ghcr.io/rust-lang/crates-build-env/linux@sha256:5ff2268d62e97bff2cde7d5815dd6ed5b47097566f13b8d0ca110b04b60e07ed" "/opt/rustwide/cargo-home/bin/cargo" "+1.69.0" "build" "--frozen" "--message-format=json", kill_on_drop: false }`
[INFO] [stdout] d30b003c17983d08601cd0f32fa3d0b3a5e0d747f113ec5dd872dbdae84dc6f5
[INFO] running `Command { std: "docker" "start" "-a" "d30b003c17983d08601cd0f32fa3d0b3a5e0d747f113ec5dd872dbdae84dc6f5", kill_on_drop: false }`
[INFO] [stderr]    Compiling lzip-sys v0.1.4+1.13
[INFO] [stderr]    Compiling lzip v0.1.1 (/opt/rustwide/workdir)
[INFO] [stderr]     Finished dev [unoptimized + debuginfo] target(s) in 0.66s
[INFO] running `Command { std: "docker" "inspect" "d30b003c17983d08601cd0f32fa3d0b3a5e0d747f113ec5dd872dbdae84dc6f5", kill_on_drop: false }`
[INFO] running `Command { std: "docker" "rm" "-f" "d30b003c17983d08601cd0f32fa3d0b3a5e0d747f113ec5dd872dbdae84dc6f5", kill_on_drop: false }`
[INFO] [stdout] d30b003c17983d08601cd0f32fa3d0b3a5e0d747f113ec5dd872dbdae84dc6f5
[INFO] running `Command { std: "docker" "create" "-v" "/var/lib/crater-agent-workspace/builds/worker-0-tc1/target:/opt/rustwide/target:rw,Z" "-v" "/var/lib/crater-agent-workspace/builds/worker-0-tc1/source:/opt/rustwide/workdir:ro,Z" "-v" "/var/lib/crater-agent-workspace/cargo-home:/opt/rustwide/cargo-home:ro,Z" "-v" "/var/lib/crater-agent-workspace/rustup-home:/opt/rustwide/rustup-home:ro,Z" "-e" "SOURCE_DIR=/opt/rustwide/workdir" "-e" "CARGO_TARGET_DIR=/opt/rustwide/target" "-e" "CARGO_INCREMENTAL=0" "-e" "RUST_BACKTRACE=full" "-e" "RUSTFLAGS=--cap-lints=warn" "-e" "RUSTDOCFLAGS=--cap-lints=warn" "-e" "CARGO_HOME=/opt/rustwide/cargo-home" "-e" "RUSTUP_HOME=/opt/rustwide/rustup-home" "-w" "/opt/rustwide/workdir" "-m" "1610612736" "--user" "0:0" "--network" "none" "ghcr.io/rust-lang/crates-build-env/linux@sha256:5ff2268d62e97bff2cde7d5815dd6ed5b47097566f13b8d0ca110b04b60e07ed" "/opt/rustwide/cargo-home/bin/cargo" "+1.69.0" "test" "--frozen" "--no-run" "--message-format=json", kill_on_drop: false }`
[INFO] [stdout] 3a8a665534fbf1422db31d34b3d7739da6615eaa260d9b307ba59af00c821c46
[INFO] running `Command { std: "docker" "start" "-a" "3a8a665534fbf1422db31d34b3d7739da6615eaa260d9b307ba59af00c821c46", kill_on_drop: false }`
[INFO] [stderr]    Compiling getrandom v0.2.9
[INFO] [stderr]    Compiling rand_core v0.6.4
[INFO] [stderr]    Compiling rand_chacha v0.3.1
[INFO] [stderr]    Compiling rand v0.8.5
[INFO] [stderr]    Compiling lzip v0.1.1 (/opt/rustwide/workdir)
[INFO] [stderr]     Finished test [unoptimized + debuginfo] target(s) in 1.27s
[INFO] running `Command { std: "docker" "inspect" "3a8a665534fbf1422db31d34b3d7739da6615eaa260d9b307ba59af00c821c46", kill_on_drop: false }`
[INFO] running `Command { std: "docker" "rm" "-f" "3a8a665534fbf1422db31d34b3d7739da6615eaa260d9b307ba59af00c821c46", kill_on_drop: false }`
[INFO] [stdout] 3a8a665534fbf1422db31d34b3d7739da6615eaa260d9b307ba59af00c821c46
[INFO] running `Command { std: "docker" "create" "-v" "/var/lib/crater-agent-workspace/builds/worker-0-tc1/target:/opt/rustwide/target:rw,Z" "-v" "/var/lib/crater-agent-workspace/builds/worker-0-tc1/source:/opt/rustwide/workdir:ro,Z" "-v" "/var/lib/crater-agent-workspace/cargo-home:/opt/rustwide/cargo-home:ro,Z" "-v" "/var/lib/crater-agent-workspace/rustup-home:/opt/rustwide/rustup-home:ro,Z" "-e" "SOURCE_DIR=/opt/rustwide/workdir" "-e" "CARGO_TARGET_DIR=/opt/rustwide/target" "-e" "CARGO_INCREMENTAL=0" "-e" "RUST_BACKTRACE=full" "-e" "RUSTFLAGS=--cap-lints=warn" "-e" "RUSTDOCFLAGS=--cap-lints=warn" "-e" "CARGO_HOME=/opt/rustwide/cargo-home" "-e" "RUSTUP_HOME=/opt/rustwide/rustup-home" "-w" "/opt/rustwide/workdir" "-m" "1610612736" "--user" "0:0" "--network" "none" "ghcr.io/rust-lang/crates-build-env/linux@sha256:5ff2268d62e97bff2cde7d5815dd6ed5b47097566f13b8d0ca110b04b60e07ed" "/opt/rustwide/cargo-home/bin/cargo" "+1.69.0" "test" "--frozen", kill_on_drop: false }`
[INFO] [stdout] 4636c2f40168da770e35ee7cb91c1980a3d302ce2c38bf930fedae03f5c45475
[INFO] running `Command { std: "docker" "start" "-a" "4636c2f40168da770e35ee7cb91c1980a3d302ce2c38bf930fedae03f5c45475", kill_on_drop: false }`
[INFO] [stderr]     Finished test [unoptimized + debuginfo] target(s) in 0.01s
[INFO] [stderr]      Running unittests src/lib.rs (/opt/rustwide/target/debug/deps/lzip-5406f98a27909511)
[INFO] [stdout] 
[INFO] [stdout] running 0 tests
[INFO] [stdout] 
[INFO] [stdout] test result: ok. 0 passed; 0 failed; 0 ignored; 0 measured; 0 filtered out; finished in 0.00s
[INFO] [stdout] 
[INFO] [stderr]    Doc-tests lzip
[INFO] [stdout] 
[INFO] [stdout] running 1 test
[INFO] [stdout] test src/lib.rs - (line 11) ... FAILED
[INFO] [stdout] 
[INFO] [stdout] failures:
[INFO] [stdout] 
[INFO] [stdout] ---- src/lib.rs - (line 11) stdout ----
[INFO] [stdout] error[E0432]: unresolved import `lzip::read`
[INFO] [stdout]  --> src/lib.rs:13:11
[INFO] [stdout]   |
[INFO] [stdout] 5 | use lzip::read::{LzEncoder, LzDecoder};
[INFO] [stdout]   |           ^^^^ could not find `read` in `lzip`
[INFO] [stdout] 
[INFO] [stdout] error: aborting due to previous error
[INFO] [stdout] 
[INFO] [stdout] For more information about this error, try `rustc --explain E0432`.
[INFO] [stdout] Couldn't compile the test.
[INFO] [stdout] 
[INFO] [stdout] failures:
[INFO] [stdout]     src/lib.rs - (line 11)
[INFO] [stdout] 
[INFO] [stdout] test result: FAILED. 0 passed; 1 failed; 0 ignored; 0 measured; 0 filtered out; finished in 0.03s
[INFO] [stdout] 
[INFO] [stderr] error: doctest failed, to rerun pass `--doc`
[INFO] running `Command { std: "docker" "inspect" "4636c2f40168da770e35ee7cb91c1980a3d302ce2c38bf930fedae03f5c45475", kill_on_drop: false }`
[INFO] running `Command { std: "docker" "rm" "-f" "4636c2f40168da770e35ee7cb91c1980a3d302ce2c38bf930fedae03f5c45475", kill_on_drop: false }`
[INFO] [stdout] 4636c2f40168da770e35ee7cb91c1980a3d302ce2c38bf930fedae03f5c45475
