[INFO] fetching crate lwb-parser 0.1.7...
[INFO] testing lwb-parser-0.1.7 against 1.69.0 for beta-1.70-1
[INFO] extracting crate lwb-parser 0.1.7 into /workspace/builds/worker-5-tc1/source
[INFO] validating manifest of crates.io crate lwb-parser 0.1.7 on toolchain 1.69.0
[INFO] running `Command { std: CARGO_HOME="/workspace/cargo-home" RUSTUP_HOME="/workspace/rustup-home" "/workspace/cargo-home/bin/cargo" "+1.69.0" "metadata" "--manifest-path" "Cargo.toml" "--no-deps", kill_on_drop: false }`
[INFO] started tweaking crates.io crate lwb-parser 0.1.7
[INFO] finished tweaking crates.io crate lwb-parser 0.1.7
[INFO] tweaked toml for crates.io crate lwb-parser 0.1.7 written to /workspace/builds/worker-5-tc1/source/Cargo.toml
[INFO] running `Command { std: CARGO_HOME="/workspace/cargo-home" RUSTUP_HOME="/workspace/rustup-home" __CARGO_TEST_CHANNEL_OVERRIDE_DO_NOT_USE_THIS="nightly" "/workspace/cargo-home/bin/cargo" "+1.69.0" "generate-lockfile" "--manifest-path" "Cargo.toml" "-Zno-index-update", kill_on_drop: false }`
[INFO] running `Command { std: CARGO_HOME="/workspace/cargo-home" RUSTUP_HOME="/workspace/rustup-home" "/workspace/cargo-home/bin/cargo" "+1.69.0" "fetch" "--manifest-path" "Cargo.toml", kill_on_drop: false }`
[INFO] [stderr]     Blocking waiting for file lock on package cache
[INFO] [stderr]  Downloading crates ...
[INFO] [stderr]   Downloaded miette-derive v3.3.0
[INFO] [stderr]   Downloaded by_address v1.1.0
[INFO] [stderr]   Downloaded miette v3.3.0
[INFO] [stderr]   Downloaded bnf v0.3.4
[INFO] running `Command { std: "docker" "create" "-v" "/var/lib/crater-agent-workspace/builds/worker-5-tc1/target:/opt/rustwide/target:rw,Z" "-v" "/var/lib/crater-agent-workspace/builds/worker-5-tc1/source:/opt/rustwide/workdir:ro,Z" "-v" "/var/lib/crater-agent-workspace/cargo-home:/opt/rustwide/cargo-home:ro,Z" "-v" "/var/lib/crater-agent-workspace/rustup-home:/opt/rustwide/rustup-home:ro,Z" "-e" "SOURCE_DIR=/opt/rustwide/workdir" "-e" "CARGO_TARGET_DIR=/opt/rustwide/target" "-e" "CARGO_HOME=/opt/rustwide/cargo-home" "-e" "RUSTUP_HOME=/opt/rustwide/rustup-home" "-w" "/opt/rustwide/workdir" "-m" "1610612736" "--user" "0:0" "--network" "none" "ghcr.io/rust-lang/crates-build-env/linux@sha256:97d61d7686bf65f8ecb15491ab51835e82dc9176a96a831f143a431b191fc501" "/opt/rustwide/cargo-home/bin/cargo" "+1.69.0" "metadata" "--no-deps" "--format-version=1", kill_on_drop: false }`
[INFO] [stdout] 31b6b871d2bdf9babc68e46e37be0897c0e2dcca5fd631595185d4867c247e5f
[INFO] running `Command { std: "docker" "start" "-a" "31b6b871d2bdf9babc68e46e37be0897c0e2dcca5fd631595185d4867c247e5f", kill_on_drop: false }`
[INFO] running `Command { std: "docker" "inspect" "31b6b871d2bdf9babc68e46e37be0897c0e2dcca5fd631595185d4867c247e5f", kill_on_drop: false }`
[INFO] running `Command { std: "docker" "rm" "-f" "31b6b871d2bdf9babc68e46e37be0897c0e2dcca5fd631595185d4867c247e5f", kill_on_drop: false }`
[INFO] [stdout] 31b6b871d2bdf9babc68e46e37be0897c0e2dcca5fd631595185d4867c247e5f
[INFO] running `Command { std: "docker" "create" "-v" "/var/lib/crater-agent-workspace/builds/worker-5-tc1/target:/opt/rustwide/target:rw,Z" "-v" "/var/lib/crater-agent-workspace/builds/worker-5-tc1/source:/opt/rustwide/workdir:ro,Z" "-v" "/var/lib/crater-agent-workspace/cargo-home:/opt/rustwide/cargo-home:ro,Z" "-v" "/var/lib/crater-agent-workspace/rustup-home:/opt/rustwide/rustup-home:ro,Z" "-e" "SOURCE_DIR=/opt/rustwide/workdir" "-e" "CARGO_TARGET_DIR=/opt/rustwide/target" "-e" "CARGO_INCREMENTAL=0" "-e" "RUST_BACKTRACE=full" "-e" "RUSTFLAGS=--cap-lints=warn" "-e" "RUSTDOCFLAGS=--cap-lints=warn" "-e" "CARGO_HOME=/opt/rustwide/cargo-home" "-e" "RUSTUP_HOME=/opt/rustwide/rustup-home" "-w" "/opt/rustwide/workdir" "-m" "1610612736" "--user" "0:0" "--network" "none" "ghcr.io/rust-lang/crates-build-env/linux@sha256:97d61d7686bf65f8ecb15491ab51835e82dc9176a96a831f143a431b191fc501" "/opt/rustwide/cargo-home/bin/cargo" "+1.69.0" "build" "--frozen" "--message-format=json", kill_on_drop: false }`
[INFO] [stdout] 57cef64352d653e8b4618922f84d31c1763892f1ff36e02348a7a484ae9272c4
[INFO] running `Command { std: "docker" "start" "-a" "57cef64352d653e8b4618922f84d31c1763892f1ff36e02348a7a484ae9272c4", kill_on_drop: false }`
[INFO] [stderr]    Compiling proc-macro2 v1.0.56
[INFO] [stderr]    Compiling unicode-ident v1.0.8
[INFO] [stderr]    Compiling quote v1.0.26
[INFO] [stderr]    Compiling libc v0.2.142
[INFO] [stderr]    Compiling ahash v0.7.6
[INFO] [stderr]    Compiling once_cell v1.17.1
[INFO] [stderr]    Compiling syn v1.0.109
[INFO] [stderr]    Compiling serde v1.0.160
[INFO] [stderr]    Compiling is_ci v1.1.1
[INFO] [stderr]    Compiling smawk v0.3.1
[INFO] [stderr]    Compiling backtrace v0.3.67
[INFO] [stderr]    Compiling supports-color v1.3.1
[INFO] [stderr]    Compiling supports-unicode v1.0.2
[INFO] [stderr]    Compiling supports-hyperlinks v1.2.0
[INFO] [stderr]    Compiling terminal_size v0.1.17
[INFO] [stderr]    Compiling owo-colors v3.5.0
[INFO] [stderr]    Compiling convert_case v0.4.0
[INFO] [stderr]    Compiling by_address v1.1.0
[INFO] [stderr]    Compiling convert_case v0.5.0
[INFO] [stderr]    Compiling typed-arena v2.0.2
[INFO] [stderr]    Compiling syn v2.0.15
[INFO] [stderr]    Compiling getrandom v0.2.9
[INFO] [stderr]    Compiling hashbrown v0.12.3
[INFO] [stderr]    Compiling unicode-linebreak v0.1.4
[INFO] [stderr]    Compiling serde_derive v1.0.160
[INFO] [stderr]    Compiling thiserror-impl v1.0.40
[INFO] [stderr]    Compiling miette-derive v3.3.0
[INFO] [stderr]    Compiling enum-iterator-derive v0.7.0
[INFO] [stderr]    Compiling derive_more v0.99.17
[INFO] [stderr]    Compiling textwrap v0.14.2
[INFO] [stderr]    Compiling thiserror v1.0.40
[INFO] [stderr]    Compiling enum-iterator v0.7.0
[INFO] [stderr]    Compiling miette v3.3.0
[INFO] [stderr]    Compiling toml v0.5.11
[INFO] [stderr]    Compiling bincode v1.3.3
[INFO] [stderr]    Compiling lwb-parser v0.1.7 (/opt/rustwide/workdir)
[INFO] [stderr]     Finished dev [unoptimized + debuginfo] target(s) in 18.28s
[INFO] running `Command { std: "docker" "inspect" "57cef64352d653e8b4618922f84d31c1763892f1ff36e02348a7a484ae9272c4", kill_on_drop: false }`
[INFO] running `Command { std: "docker" "rm" "-f" "57cef64352d653e8b4618922f84d31c1763892f1ff36e02348a7a484ae9272c4", kill_on_drop: false }`
[INFO] [stdout] 57cef64352d653e8b4618922f84d31c1763892f1ff36e02348a7a484ae9272c4
[INFO] running `Command { std: "docker" "create" "-v" "/var/lib/crater-agent-workspace/builds/worker-5-tc1/target:/opt/rustwide/target:rw,Z" "-v" "/var/lib/crater-agent-workspace/builds/worker-5-tc1/source:/opt/rustwide/workdir:ro,Z" "-v" "/var/lib/crater-agent-workspace/cargo-home:/opt/rustwide/cargo-home:ro,Z" "-v" "/var/lib/crater-agent-workspace/rustup-home:/opt/rustwide/rustup-home:ro,Z" "-e" "SOURCE_DIR=/opt/rustwide/workdir" "-e" "CARGO_TARGET_DIR=/opt/rustwide/target" "-e" "CARGO_INCREMENTAL=0" "-e" "RUST_BACKTRACE=full" "-e" "RUSTFLAGS=--cap-lints=warn" "-e" "RUSTDOCFLAGS=--cap-lints=warn" "-e" "CARGO_HOME=/opt/rustwide/cargo-home" "-e" "RUSTUP_HOME=/opt/rustwide/rustup-home" "-w" "/opt/rustwide/workdir" "-m" "1610612736" "--user" "0:0" "--network" "none" "ghcr.io/rust-lang/crates-build-env/linux@sha256:97d61d7686bf65f8ecb15491ab51835e82dc9176a96a831f143a431b191fc501" "/opt/rustwide/cargo-home/bin/cargo" "+1.69.0" "test" "--frozen" "--no-run" "--message-format=json", kill_on_drop: false }`
[INFO] [stdout] b0b577f4c87e6db1132970d1a47617170b627c8ceada9ed0bd6a29718fcc968d
[INFO] running `Command { std: "docker" "start" "-a" "b0b577f4c87e6db1132970d1a47617170b627c8ceada9ed0bd6a29718fcc968d", kill_on_drop: false }`
[INFO] [stderr]    Compiling getrandom v0.2.9
[INFO] [stderr]    Compiling psm v0.1.21
[INFO] [stderr]    Compiling stacker v0.1.15
[INFO] [stderr]    Compiling minimal-lexical v0.2.1
[INFO] [stderr]    Compiling serde_json v1.0.96
[INFO] [stderr]    Compiling rand_core v0.6.4
[INFO] [stderr]    Compiling nom v7.1.3
[INFO] [stderr]    Compiling rand_chacha v0.3.1
[INFO] [stderr]    Compiling rand v0.8.5
[INFO] [stderr]    Compiling bnf v0.3.4
[INFO] [stderr]    Compiling lwb-parser v0.1.7 (/opt/rustwide/workdir)
[INFO] [stderr]     Finished test [unoptimized + debuginfo] target(s) in 5.56s
[INFO] running `Command { std: "docker" "inspect" "b0b577f4c87e6db1132970d1a47617170b627c8ceada9ed0bd6a29718fcc968d", kill_on_drop: false }`
[INFO] running `Command { std: "docker" "rm" "-f" "b0b577f4c87e6db1132970d1a47617170b627c8ceada9ed0bd6a29718fcc968d", kill_on_drop: false }`
[INFO] [stdout] b0b577f4c87e6db1132970d1a47617170b627c8ceada9ed0bd6a29718fcc968d
[INFO] running `Command { std: "docker" "create" "-v" "/var/lib/crater-agent-workspace/builds/worker-5-tc1/target:/opt/rustwide/target:rw,Z" "-v" "/var/lib/crater-agent-workspace/builds/worker-5-tc1/source:/opt/rustwide/workdir:ro,Z" "-v" "/var/lib/crater-agent-workspace/cargo-home:/opt/rustwide/cargo-home:ro,Z" "-v" "/var/lib/crater-agent-workspace/rustup-home:/opt/rustwide/rustup-home:ro,Z" "-e" "SOURCE_DIR=/opt/rustwide/workdir" "-e" "CARGO_TARGET_DIR=/opt/rustwide/target" "-e" "CARGO_INCREMENTAL=0" "-e" "RUST_BACKTRACE=full" "-e" "RUSTFLAGS=--cap-lints=warn" "-e" "RUSTDOCFLAGS=--cap-lints=warn" "-e" "CARGO_HOME=/opt/rustwide/cargo-home" "-e" "RUSTUP_HOME=/opt/rustwide/rustup-home" "-w" "/opt/rustwide/workdir" "-m" "1610612736" "--user" "0:0" "--network" "none" "ghcr.io/rust-lang/crates-build-env/linux@sha256:97d61d7686bf65f8ecb15491ab51835e82dc9176a96a831f143a431b191fc501" "/opt/rustwide/cargo-home/bin/cargo" "+1.69.0" "test" "--frozen", kill_on_drop: false }`
[INFO] [stdout] 6f525b54b0d77cff9d550ef45b28142a7dcd96be24a9c20d1e6808889d222a4e
[INFO] running `Command { std: "docker" "start" "-a" "6f525b54b0d77cff9d550ef45b28142a7dcd96be24a9c20d1e6808889d222a4e", kill_on_drop: false }`
[INFO] [stderr]     Finished test [unoptimized + debuginfo] target(s) in 0.06s
[INFO] [stderr]      Running unittests src/lib.rs (/opt/rustwide/target/debug/deps/lwb_parser-57eb2c9cb9157f50)
[INFO] [stdout] 
[INFO] [stdout] running 3 tests
[INFO] [stdout] test codegen::generate_structs::tests::test_flatten_tree ... ok
[INFO] [stdout] test codegen::generate_from_pairs::tests::test_flatten_sequences ... ok
[INFO] [stdout] test codegen::generate_structs::tests::test_flatten_tree_nested ... ok
[INFO] [stdout] 
[INFO] [stdout] test result: ok. 3 passed; 0 failed; 0 ignored; 0 measured; 0 filtered out; finished in 0.00s
[INFO] [stdout] 
[INFO] [stderr]    Doc-tests lwb-parser
[INFO] [stdout] 
[INFO] [stdout] running 15 tests
[INFO] [stdout] test src/codegen/check_recursive.rs - codegen::check_recursive::BreadthFirstAstIterator (line 15) - compile fail ... ok
[INFO] [stdout] test src/sources/character_class.rs - sources::character_class::CharacterClass::contains (line 85) ... FAILED
[INFO] [stdout] test src/sources/source_file.rs - sources::source_file::SourceFileIterator<'a>::accept_str (line 162) ... FAILED
[INFO] [stdout] test src/sources/character_class.rs - sources::character_class::CharacterClass::contains (line 94) ... ok
[INFO] [stdout] test src/sources/character_class.rs - sources::character_class::CharacterClass::contains (line 74) ... ok
[INFO] [stdout] test src/sources/character_class.rs - sources::character_class::CharacterClass::contains (line 65) ... FAILED
[INFO] [stdout] test src/sources/character_class.rs - sources::character_class::CharacterClass::combine (line 133) ... ok
[INFO] [stdout] test src/sources/source_file.rs - sources::source_file::SourceFileIterator<'a>::accept (line 129) ... ok
[INFO] [stdout] test src/sources/source_file.rs - sources::source_file::SourceFileIterator<'a>::accept_skip_layout (line 210) ... ok
[INFO] [stdout] test src/sources/span.rs - sources::span::Span::as_str (line 49) ... ok
[INFO] [stdout] test src/sources/source_file.rs - sources::source_file::SourceFileIterator<'a>::accept_to_next (line 252) ... ok
[INFO] [stdout] test src/sources/source_file.rs - sources::source_file::SourceFileIterator<'a>::accept_str_skip_layout (line 231) ... ok
[INFO] [stdout] test src/sources/source_file.rs - sources::source_file::SourceFileIterator<'a>::position (line 287) ... ok
[INFO] [stdout] test src/sources/source_file.rs - sources::source_file::SourceFileIterator<'a>::exhausted (line 275) ... ok
[INFO] [stdout] test src/sources/source_file.rs - sources::source_file::SourceFileIterator<'a>::skip_layout (line 195) ... ok
[INFO] [stdout] 
[INFO] [stdout] failures:
[INFO] [stdout] 
[INFO] [stdout] ---- src/sources/character_class.rs - sources::character_class::CharacterClass::contains (line 85) stdout ----
[INFO] [stdout] error: linking with `cc` failed: exit status: 1
[INFO] [stdout]   |
[INFO] [stdout]   = note: LC_ALL="C" PATH="/opt/rustwide/rustup-home/toolchains/1.69.0-x86_64-unknown-linux-gnu/lib/rustlib/x86_64-unknown-linux-gnu/bin:/opt/rustwide/cargo-home/bin:/usr/local/sbin:/usr/local/bin:/usr/sbin:/usr/bin:/sbin:/bin" VSLANG="1033" "cc" "-m64" "/tmp/rustc9XCGdQ/symbols.o" "/tmp/rustdoctestJWuKkP/rust_out.rust_out.5bfee551-cgu.0.rcgu.o" "/tmp/rustdoctestJWuKkP/rust_out.j00p4ncf7xg64kg.rcgu.o" "-Wl,--as-needed" "-L" "/opt/rustwide/target/debug/deps" "-L" "/opt/rustwide/target/debug/deps" "-L" "/opt/rustwide/target/debug/build/psm-6406d7558122978c/out" "-L" "/opt/rustwide/rustup-home/toolchains/1.69.0-x86_64-unknown-linux-gnu/lib/rustlib/x86_64-unknown-linux-gnu/lib" "-Wl,-Bstatic" "/opt/rustwide/target/debug/deps/liblwb_parser-75db52b622595dc1.rlib" "/opt/rustwide/target/debug/deps/libtoml-d33bb05bdee18067.rlib" "/opt/rustwide/target/debug/deps/libbincode-949e4093002b5a24.rlib" "/opt/rustwide/target/debug/deps/libchrono-9f418e06a2a8da48.rlib" "/opt/rustwide/target/debug/deps/libiana_time_zone-bf2c4c30343f4ef7.rlib" "/opt/rustwide/target/debug/deps/libnum_integer-8056a34aec203bba.rlib" "/opt/rustwide/target/debug/deps/libnum_traits-11c9b029deaf19dd.rlib" "/opt/rustwide/target/debug/deps/libtime-ea810185b4b5b814.rlib" "/opt/rustwide/target/debug/deps/libtyped_arena-4d5f351d1b9b7280.rlib" "/opt/rustwide/target/debug/deps/libquote-535662ff2445e7f0.rlib" "/opt/rustwide/target/debug/deps/libproc_macro2-1db6cf7fbea4975f.rlib" "/opt/rustwide/target/debug/deps/libunicode_ident-039fa00731f2e450.rlib" "/opt/rustwide/rustup-home/toolchains/1.69.0-x86_64-unknown-linux-gnu/lib/rustlib/x86_64-unknown-linux-gnu/lib/libproc_macro-3627dfecd49b0535.rlib" "/opt/rustwide/target/debug/deps/libby_address-5a2e7b83eb0e408d.rlib" "/opt/rustwide/target/debug/deps/libregex-62f85974b4cf0dcb.rlib" "/opt/rustwide/target/debug/deps/libaho_corasick-6fc38c3e1c0e1b2d.rlib" "/opt/rustwide/target/debug/deps/libregex_syntax-6ee924d67e38f866.rlib" "/opt/rustwide/target/debug/deps/libconvert_case-dce2998e83b32867.rlib" "/opt/rustwide/target/debug/deps/libmiette-e9a00ceccae9cc35.rlib" "/opt/rustwide/target/debug/deps/libtextwrap-2a18d1d4a6638214.rlib" "/opt/rustwide/target/debug/deps/libunicode_width-f75bb0008a5efcfa.rlib" "/opt/rustwide/target/debug/deps/libsmawk-6e20ccb153c0fd1d.rlib" "/opt/rustwide/target/debug/deps/libunicode_linebreak-73b5a1dff2a8975b.rlib" "/opt/rustwide/target/debug/deps/libterminal_size-8e3c8a40b121c8f3.rlib" "/opt/rustwide/target/debug/deps/libsupports_hyperlinks-517295658ced176d.rlib" "/opt/rustwide/target/debug/deps/libsupports_color-b2964fbc27b794cb.rlib" "/opt/rustwide/target/debug/deps/libis_ci-e8e54868f248c617.rlib" "/opt/rustwide/target/debug/deps/libsupports_unicode-abce8af96aed48e8.rlib" "/opt/rustwide/target/debug/deps/libbacktrace-fd85fe3409e12f3d.rlib" "/opt/rustwide/target/debug/deps/libminiz_oxide-e57d79458c1d1dc6.rlib" "/opt/rustwide/target/debug/deps/libadler-478247d24f5486f3.rlib" "/opt/rustwide/target/debug/deps/libobject-0e7df3d15adeb749.rlib" "/opt/rustwide/target/debug/deps/libmemchr-b18e4aa3c7a38625.rlib" "/opt/rustwide/target/debug/deps/libaddr2line-b1bf6599b5592b4e.rlib" "/opt/rustwide/target/debug/deps/libgimli-05ab19e0b18c0f47.rlib" "/opt/rustwide/target/debug/deps/libcfg_if-e5e118dd7d121aaa.rlib" "/opt/rustwide/target/debug/deps/librustc_demangle-b9a7c4eabd61023e.rlib" "/opt/rustwide/target/debug/deps/libowo_colors-a50a1dbd9c0ada3e.rlib" "/opt/rustwide/target/debug/deps/libatty-e2dc022f31009521.rlib" "/opt/rustwide/target/debug/deps/liblibc-b7b14a0fe316ec96.rlib" "/opt/rustwide/target/debug/deps/libonce_cell-7d2ec3fb6b6c5a4d.rlib" "/opt/rustwide/target/debug/deps/libitertools-ea912201e9c13d48.rlib" "/opt/rustwide/target/debug/deps/libeither-cac85af8160ee6c4.rlib" "/opt/rustwide/target/debug/deps/libthiserror-95b5315561eda2f3.rlib" "/opt/rustwide/target/debug/deps/libserde-a22a2d5fead803d7.rlib" "/opt/rustwide/rustup-home/toolchains/1.69.0-x86_64-unknown-linux-gnu/lib/rustlib/x86_64-unknown-linux-gnu/lib/libstd-89bc084783fdc439.rlib" "/opt/rustwide/rustup-home/toolchains/1.69.0-x86_64-unknown-linux-gnu/lib/rustlib/x86_64-unknown-linux-gnu/lib/libpanic_unwind-8bee4b287d4367c1.rlib" "/opt/rustwide/rustup-home/toolchains/1.69.0-x86_64-unknown-linux-gnu/lib/rustlib/x86_64-unknown-linux-gnu/lib/libobject-d61707aed80694c0.rlib" "/opt/rustwide/rustup-home/toolchains/1.69.0-x86_64-unknown-linux-gnu/lib/rustlib/x86_64-unknown-linux-gnu/lib/libmemchr-d85366256f22345b.rlib" "/opt/rustwide/rustup-home/toolchains/1.69.0-x86_64-unknown-linux-gnu/lib/rustlib/x86_64-unknown-linux-gnu/lib/libaddr2line-96069b86b8a8cae9.rlib" "/opt/rustwide/rustup-home/toolchains/1.69.0-x86_64-unknown-linux-gnu/lib/rustlib/x86_64-unknown-linux-gnu/lib/libgimli-d19d53abf68dfa6c.rlib" "/opt/rustwide/rustup-home/toolchains/1.69.0-x86_64-unknown-linux-gnu/lib/rustlib/x86_64-unknown-linux-gnu/lib/librustc_demangle-787cbccd19d64ac6.rlib" "/opt/rustwide/rustup-home/toolchains/1.69.0-x86_64-unknown-linux-gnu/lib/rustlib/x86_64-unknown-linux-gnu/lib/libstd_detect-b3837a36b830e0d0.rlib" "/opt/rustwide/rustup-home/toolchains/1.69.0-x86_64-unknown-linux-gnu/lib/rustlib/x86_64-unknown-linux-gnu/lib/libhashbrown-e3deb0e7e3f04966.rlib" "/opt/rustwide/rustup-home/toolchains/1.69.0-x86_64-unknown-linux-gnu/lib/rustlib/x86_64-unknown-linux-gnu/lib/libminiz_oxide-dabbb79c9815def4.rlib" "/opt/rustwide/rustup-home/toolchains/1.69.0-x86_64-unknown-linux-gnu/lib/rustlib/x86_64-unknown-linux-gnu/lib/libadler-305b01f34c9409f2.rlib" "/opt/rustwide/rustup-home/toolchains/1.69.0-x86_64-unknown-linux-gnu/lib/rustlib/x86_64-unknown-linux-gnu/lib/librustc_std_workspace_alloc-f833521df6074e73.rlib" "/opt/rustwide/rustup-home/toolchains/1.69.0-x86_64-unknown-linux-gnu/lib/rustlib/x86_64-unknown-linux-gnu/lib/libunwind-9ac333113350d171.rlib" "/opt/rustwide/rustup-home/toolchains/1.69.0-x86_64-unknown-linux-gnu/lib/rustlib/x86_64-unknown-linux-gnu/lib/libcfg_if-1c126114322d0eee.rlib" "/opt/rustwide/rustup-home/toolchains/1.69.0-x86_64-unknown-linux-gnu/lib/rustlib/x86_64-unknown-linux-gnu/lib/liblibc-bad9164fdeeecf92.rlib" "/opt/rustwide/rustup-home/toolchains/1.69.0-x86_64-unknown-linux-gnu/lib/rustlib/x86_64-unknown-linux-gnu/lib/liballoc-f9374b1e480fa681.rlib" "/opt/rustwide/rustup-home/toolchains/1.69.0-x86_64-unknown-linux-gnu/lib/rustlib/x86_64-unknown-linux-gnu/lib/librustc_std_workspace_core-207f06e41d9603af.rlib" "/opt/rustwide/rustup-home/toolchains/1.69.0-x86_64-unknown-linux-gnu/lib/rustlib/x86_64-unknown-linux-gnu/lib/libcore-7e2768e66e984e85.rlib" "/opt/rustwide/rustup-home/toolchains/1.69.0-x86_64-unknown-linux-gnu/lib/rustlib/x86_64-unknown-linux-gnu/lib/libcompiler_builtins-957b4aff41f8cd46.rlib" "-Wl,-Bdynamic" "-lgcc_s" "-lutil" "-lrt" "-lpthread" "-lm" "-ldl" "-lc" "-Wl,--eh-frame-hdr" "-Wl,-z,noexecstack" "-L" "/opt/rustwide/rustup-home/toolchains/1.69.0-x86_64-unknown-linux-gnu/lib/rustlib/x86_64-unknown-linux-gnu/lib" "-o" "/tmp/rustdoctestJWuKkP/rust_out" "-Wl,--gc-sections" "-pie" "-Wl,-z,relro,-z,now" "-nodefaultlibs"
[INFO] [stdout]   = note: collect2: fatal error: ld terminated with signal 9 [Killed]
[INFO] [stdout]           compilation terminated.
[INFO] [stdout]           
[INFO] [stdout] 
[INFO] [stdout] error: aborting due to previous error
[INFO] [stdout] 
[INFO] [stdout] Couldn't compile the test.
[INFO] [stdout] ---- src/sources/source_file.rs - sources::source_file::SourceFileIterator<'a>::accept_str (line 162) stdout ----
[INFO] [stdout] error: linking with `cc` failed: exit status: 1
[INFO] [stdout]   |
[INFO] [stdout]   = note: LC_ALL="C" PATH="/opt/rustwide/rustup-home/toolchains/1.69.0-x86_64-unknown-linux-gnu/lib/rustlib/x86_64-unknown-linux-gnu/bin:/opt/rustwide/cargo-home/bin:/usr/local/sbin:/usr/local/bin:/usr/sbin:/usr/bin:/sbin:/bin" VSLANG="1033" "cc" "-m64" "/tmp/rustcemD7H3/symbols.o" "/tmp/rustdoctestgI4W7H/rust_out.rust_out.5bfee551-cgu.0.rcgu.o" "/tmp/rustdoctestgI4W7H/rust_out.j00p4ncf7xg64kg.rcgu.o" "-Wl,--as-needed" "-L" "/opt/rustwide/target/debug/deps" "-L" "/opt/rustwide/target/debug/deps" "-L" "/opt/rustwide/target/debug/build/psm-6406d7558122978c/out" "-L" "/opt/rustwide/rustup-home/toolchains/1.69.0-x86_64-unknown-linux-gnu/lib/rustlib/x86_64-unknown-linux-gnu/lib" "-Wl,-Bstatic" "/opt/rustwide/target/debug/deps/liblwb_parser-75db52b622595dc1.rlib" "/opt/rustwide/target/debug/deps/libtoml-d33bb05bdee18067.rlib" "/opt/rustwide/target/debug/deps/libbincode-949e4093002b5a24.rlib" "/opt/rustwide/target/debug/deps/libchrono-9f418e06a2a8da48.rlib" "/opt/rustwide/target/debug/deps/libiana_time_zone-bf2c4c30343f4ef7.rlib" "/opt/rustwide/target/debug/deps/libnum_integer-8056a34aec203bba.rlib" "/opt/rustwide/target/debug/deps/libnum_traits-11c9b029deaf19dd.rlib" "/opt/rustwide/target/debug/deps/libtime-ea810185b4b5b814.rlib" "/opt/rustwide/target/debug/deps/libtyped_arena-4d5f351d1b9b7280.rlib" "/opt/rustwide/target/debug/deps/libquote-535662ff2445e7f0.rlib" "/opt/rustwide/target/debug/deps/libproc_macro2-1db6cf7fbea4975f.rlib" "/opt/rustwide/target/debug/deps/libunicode_ident-039fa00731f2e450.rlib" "/opt/rustwide/rustup-home/toolchains/1.69.0-x86_64-unknown-linux-gnu/lib/rustlib/x86_64-unknown-linux-gnu/lib/libproc_macro-3627dfecd49b0535.rlib" "/opt/rustwide/target/debug/deps/libby_address-5a2e7b83eb0e408d.rlib" "/opt/rustwide/target/debug/deps/libregex-62f85974b4cf0dcb.rlib" "/opt/rustwide/target/debug/deps/libaho_corasick-6fc38c3e1c0e1b2d.rlib" "/opt/rustwide/target/debug/deps/libregex_syntax-6ee924d67e38f866.rlib" "/opt/rustwide/target/debug/deps/libconvert_case-dce2998e83b32867.rlib" "/opt/rustwide/target/debug/deps/libmiette-e9a00ceccae9cc35.rlib" "/opt/rustwide/target/debug/deps/libtextwrap-2a18d1d4a6638214.rlib" "/opt/rustwide/target/debug/deps/libunicode_width-f75bb0008a5efcfa.rlib" "/opt/rustwide/target/debug/deps/libsmawk-6e20ccb153c0fd1d.rlib" "/opt/rustwide/target/debug/deps/libunicode_linebreak-73b5a1dff2a8975b.rlib" "/opt/rustwide/target/debug/deps/libterminal_size-8e3c8a40b121c8f3.rlib" "/opt/rustwide/target/debug/deps/libsupports_hyperlinks-517295658ced176d.rlib" "/opt/rustwide/target/debug/deps/libsupports_color-b2964fbc27b794cb.rlib" "/opt/rustwide/target/debug/deps/libis_ci-e8e54868f248c617.rlib" "/opt/rustwide/target/debug/deps/libsupports_unicode-abce8af96aed48e8.rlib" "/opt/rustwide/target/debug/deps/libbacktrace-fd85fe3409e12f3d.rlib" "/opt/rustwide/target/debug/deps/libminiz_oxide-e57d79458c1d1dc6.rlib" "/opt/rustwide/target/debug/deps/libadler-478247d24f5486f3.rlib" "/opt/rustwide/target/debug/deps/libobject-0e7df3d15adeb749.rlib" "/opt/rustwide/target/debug/deps/libmemchr-b18e4aa3c7a38625.rlib" "/opt/rustwide/target/debug/deps/libaddr2line-b1bf6599b5592b4e.rlib" "/opt/rustwide/target/debug/deps/libgimli-05ab19e0b18c0f47.rlib" "/opt/rustwide/target/debug/deps/libcfg_if-e5e118dd7d121aaa.rlib" "/opt/rustwide/target/debug/deps/librustc_demangle-b9a7c4eabd61023e.rlib" "/opt/rustwide/target/debug/deps/libowo_colors-a50a1dbd9c0ada3e.rlib" "/opt/rustwide/target/debug/deps/libatty-e2dc022f31009521.rlib" "/opt/rustwide/target/debug/deps/liblibc-b7b14a0fe316ec96.rlib" "/opt/rustwide/target/debug/deps/libonce_cell-7d2ec3fb6b6c5a4d.rlib" "/opt/rustwide/target/debug/deps/libitertools-ea912201e9c13d48.rlib" "/opt/rustwide/target/debug/deps/libeither-cac85af8160ee6c4.rlib" "/opt/rustwide/target/debug/deps/libthiserror-95b5315561eda2f3.rlib" "/opt/rustwide/target/debug/deps/libserde-a22a2d5fead803d7.rlib" "/opt/rustwide/rustup-home/toolchains/1.69.0-x86_64-unknown-linux-gnu/lib/rustlib/x86_64-unknown-linux-gnu/lib/libstd-89bc084783fdc439.rlib" "/opt/rustwide/rustup-home/toolchains/1.69.0-x86_64-unknown-linux-gnu/lib/rustlib/x86_64-unknown-linux-gnu/lib/libpanic_unwind-8bee4b287d4367c1.rlib" "/opt/rustwide/rustup-home/toolchains/1.69.0-x86_64-unknown-linux-gnu/lib/rustlib/x86_64-unknown-linux-gnu/lib/libobject-d61707aed80694c0.rlib" "/opt/rustwide/rustup-home/toolchains/1.69.0-x86_64-unknown-linux-gnu/lib/rustlib/x86_64-unknown-linux-gnu/lib/libmemchr-d85366256f22345b.rlib" "/opt/rustwide/rustup-home/toolchains/1.69.0-x86_64-unknown-linux-gnu/lib/rustlib/x86_64-unknown-linux-gnu/lib/libaddr2line-96069b86b8a8cae9.rlib" "/opt/rustwide/rustup-home/toolchains/1.69.0-x86_64-unknown-linux-gnu/lib/rustlib/x86_64-unknown-linux-gnu/lib/libgimli-d19d53abf68dfa6c.rlib" "/opt/rustwide/rustup-home/toolchains/1.69.0-x86_64-unknown-linux-gnu/lib/rustlib/x86_64-unknown-linux-gnu/lib/librustc_demangle-787cbccd19d64ac6.rlib" "/opt/rustwide/rustup-home/toolchains/1.69.0-x86_64-unknown-linux-gnu/lib/rustlib/x86_64-unknown-linux-gnu/lib/libstd_detect-b3837a36b830e0d0.rlib" "/opt/rustwide/rustup-home/toolchains/1.69.0-x86_64-unknown-linux-gnu/lib/rustlib/x86_64-unknown-linux-gnu/lib/libhashbrown-e3deb0e7e3f04966.rlib" "/opt/rustwide/rustup-home/toolchains/1.69.0-x86_64-unknown-linux-gnu/lib/rustlib/x86_64-unknown-linux-gnu/lib/libminiz_oxide-dabbb79c9815def4.rlib" "/opt/rustwide/rustup-home/toolchains/1.69.0-x86_64-unknown-linux-gnu/lib/rustlib/x86_64-unknown-linux-gnu/lib/libadler-305b01f34c9409f2.rlib" "/opt/rustwide/rustup-home/toolchains/1.69.0-x86_64-unknown-linux-gnu/lib/rustlib/x86_64-unknown-linux-gnu/lib/librustc_std_workspace_alloc-f833521df6074e73.rlib" "/opt/rustwide/rustup-home/toolchains/1.69.0-x86_64-unknown-linux-gnu/lib/rustlib/x86_64-unknown-linux-gnu/lib/libunwind-9ac333113350d171.rlib" "/opt/rustwide/rustup-home/toolchains/1.69.0-x86_64-unknown-linux-gnu/lib/rustlib/x86_64-unknown-linux-gnu/lib/libcfg_if-1c126114322d0eee.rlib" "/opt/rustwide/rustup-home/toolchains/1.69.0-x86_64-unknown-linux-gnu/lib/rustlib/x86_64-unknown-linux-gnu/lib/liblibc-bad9164fdeeecf92.rlib" "/opt/rustwide/rustup-home/toolchains/1.69.0-x86_64-unknown-linux-gnu/lib/rustlib/x86_64-unknown-linux-gnu/lib/liballoc-f9374b1e480fa681.rlib" "/opt/rustwide/rustup-home/toolchains/1.69.0-x86_64-unknown-linux-gnu/lib/rustlib/x86_64-unknown-linux-gnu/lib/librustc_std_workspace_core-207f06e41d9603af.rlib" "/opt/rustwide/rustup-home/toolchains/1.69.0-x86_64-unknown-linux-gnu/lib/rustlib/x86_64-unknown-linux-gnu/lib/libcore-7e2768e66e984e85.rlib" "/opt/rustwide/rustup-home/toolchains/1.69.0-x86_64-unknown-linux-gnu/lib/rustlib/x86_64-unknown-linux-gnu/lib/libcompiler_builtins-957b4aff41f8cd46.rlib" "-Wl,-Bdynamic" "-lgcc_s" "-lutil" "-lrt" "-lpthread" "-lm" "-ldl" "-lc" "-Wl,--eh-frame-hdr" "-Wl,-z,noexecstack" "-L" "/opt/rustwide/rustup-home/toolchains/1.69.0-x86_64-unknown-linux-gnu/lib/rustlib/x86_64-unknown-linux-gnu/lib" "-o" "/tmp/rustdoctestgI4W7H/rust_out" "-Wl,--gc-sections" "-pie" "-Wl,-z,relro,-z,now" "-nodefaultlibs"
[INFO] [stdout]   = note: collect2: fatal error: ld terminated with signal 9 [Killed]
[INFO] [stdout]           compilation terminated.
[INFO] [stdout]           
[INFO] [stdout] 
[INFO] [stdout] error: aborting due to previous error
[INFO] [stdout] 
[INFO] [stdout] Couldn't compile the test.
[INFO] [stdout] ---- src/sources/character_class.rs - sources::character_class::CharacterClass::contains (line 65) stdout ----
[INFO] [stdout] error: linking with `cc` failed: exit status: 1
[INFO] [stdout]   |
[INFO] [stdout]   = note: LC_ALL="C" PATH="/opt/rustwide/rustup-home/toolchains/1.69.0-x86_64-unknown-linux-gnu/lib/rustlib/x86_64-unknown-linux-gnu/bin:/opt/rustwide/cargo-home/bin:/usr/local/sbin:/usr/local/bin:/usr/sbin:/usr/bin:/sbin:/bin" VSLANG="1033" "cc" "-m64" "/tmp/rustc8Xhz73/symbols.o" "/tmp/rustdoctestZEad99/rust_out.rust_out.5bfee551-cgu.0.rcgu.o" "/tmp/rustdoctestZEad99/rust_out.j00p4ncf7xg64kg.rcgu.o" "-Wl,--as-needed" "-L" "/opt/rustwide/target/debug/deps" "-L" "/opt/rustwide/target/debug/deps" "-L" "/opt/rustwide/target/debug/build/psm-6406d7558122978c/out" "-L" "/opt/rustwide/rustup-home/toolchains/1.69.0-x86_64-unknown-linux-gnu/lib/rustlib/x86_64-unknown-linux-gnu/lib" "-Wl,-Bstatic" "/opt/rustwide/target/debug/deps/liblwb_parser-75db52b622595dc1.rlib" "/opt/rustwide/target/debug/deps/libtoml-d33bb05bdee18067.rlib" "/opt/rustwide/target/debug/deps/libbincode-949e4093002b5a24.rlib" "/opt/rustwide/target/debug/deps/libchrono-9f418e06a2a8da48.rlib" "/opt/rustwide/target/debug/deps/libiana_time_zone-bf2c4c30343f4ef7.rlib" "/opt/rustwide/target/debug/deps/libnum_integer-8056a34aec203bba.rlib" "/opt/rustwide/target/debug/deps/libnum_traits-11c9b029deaf19dd.rlib" "/opt/rustwide/target/debug/deps/libtime-ea810185b4b5b814.rlib" "/opt/rustwide/target/debug/deps/libtyped_arena-4d5f351d1b9b7280.rlib" "/opt/rustwide/target/debug/deps/libquote-535662ff2445e7f0.rlib" "/opt/rustwide/target/debug/deps/libproc_macro2-1db6cf7fbea4975f.rlib" "/opt/rustwide/target/debug/deps/libunicode_ident-039fa00731f2e450.rlib" "/opt/rustwide/rustup-home/toolchains/1.69.0-x86_64-unknown-linux-gnu/lib/rustlib/x86_64-unknown-linux-gnu/lib/libproc_macro-3627dfecd49b0535.rlib" "/opt/rustwide/target/debug/deps/libby_address-5a2e7b83eb0e408d.rlib" "/opt/rustwide/target/debug/deps/libregex-62f85974b4cf0dcb.rlib" "/opt/rustwide/target/debug/deps/libaho_corasick-6fc38c3e1c0e1b2d.rlib" "/opt/rustwide/target/debug/deps/libregex_syntax-6ee924d67e38f866.rlib" "/opt/rustwide/target/debug/deps/libconvert_case-dce2998e83b32867.rlib" "/opt/rustwide/target/debug/deps/libmiette-e9a00ceccae9cc35.rlib" "/opt/rustwide/target/debug/deps/libtextwrap-2a18d1d4a6638214.rlib" "/opt/rustwide/target/debug/deps/libunicode_width-f75bb0008a5efcfa.rlib" "/opt/rustwide/target/debug/deps/libsmawk-6e20ccb153c0fd1d.rlib" "/opt/rustwide/target/debug/deps/libunicode_linebreak-73b5a1dff2a8975b.rlib" "/opt/rustwide/target/debug/deps/libterminal_size-8e3c8a40b121c8f3.rlib" "/opt/rustwide/target/debug/deps/libsupports_hyperlinks-517295658ced176d.rlib" "/opt/rustwide/target/debug/deps/libsupports_color-b2964fbc27b794cb.rlib" "/opt/rustwide/target/debug/deps/libis_ci-e8e54868f248c617.rlib" "/opt/rustwide/target/debug/deps/libsupports_unicode-abce8af96aed48e8.rlib" "/opt/rustwide/target/debug/deps/libbacktrace-fd85fe3409e12f3d.rlib" "/opt/rustwide/target/debug/deps/libminiz_oxide-e57d79458c1d1dc6.rlib" "/opt/rustwide/target/debug/deps/libadler-478247d24f5486f3.rlib" "/opt/rustwide/target/debug/deps/libobject-0e7df3d15adeb749.rlib" "/opt/rustwide/target/debug/deps/libmemchr-b18e4aa3c7a38625.rlib" "/opt/rustwide/target/debug/deps/libaddr2line-b1bf6599b5592b4e.rlib" "/opt/rustwide/target/debug/deps/libgimli-05ab19e0b18c0f47.rlib" "/opt/rustwide/target/debug/deps/libcfg_if-e5e118dd7d121aaa.rlib" "/opt/rustwide/target/debug/deps/librustc_demangle-b9a7c4eabd61023e.rlib" "/opt/rustwide/target/debug/deps/libowo_colors-a50a1dbd9c0ada3e.rlib" "/opt/rustwide/target/debug/deps/libatty-e2dc022f31009521.rlib" "/opt/rustwide/target/debug/deps/liblibc-b7b14a0fe316ec96.rlib" "/opt/rustwide/target/debug/deps/libonce_cell-7d2ec3fb6b6c5a4d.rlib" "/opt/rustwide/target/debug/deps/libitertools-ea912201e9c13d48.rlib" "/opt/rustwide/target/debug/deps/libeither-cac85af8160ee6c4.rlib" "/opt/rustwide/target/debug/deps/libthiserror-95b5315561eda2f3.rlib" "/opt/rustwide/target/debug/deps/libserde-a22a2d5fead803d7.rlib" "/opt/rustwide/rustup-home/toolchains/1.69.0-x86_64-unknown-linux-gnu/lib/rustlib/x86_64-unknown-linux-gnu/lib/libstd-89bc084783fdc439.rlib" "/opt/rustwide/rustup-home/toolchains/1.69.0-x86_64-unknown-linux-gnu/lib/rustlib/x86_64-unknown-linux-gnu/lib/libpanic_unwind-8bee4b287d4367c1.rlib" "/opt/rustwide/rustup-home/toolchains/1.69.0-x86_64-unknown-linux-gnu/lib/rustlib/x86_64-unknown-linux-gnu/lib/libobject-d61707aed80694c0.rlib" "/opt/rustwide/rustup-home/toolchains/1.69.0-x86_64-unknown-linux-gnu/lib/rustlib/x86_64-unknown-linux-gnu/lib/libmemchr-d85366256f22345b.rlib" "/opt/rustwide/rustup-home/toolchains/1.69.0-x86_64-unknown-linux-gnu/lib/rustlib/x86_64-unknown-linux-gnu/lib/libaddr2line-96069b86b8a8cae9.rlib" "/opt/rustwide/rustup-home/toolchains/1.69.0-x86_64-unknown-linux-gnu/lib/rustlib/x86_64-unknown-linux-gnu/lib/libgimli-d19d53abf68dfa6c.rlib" "/opt/rustwide/rustup-home/toolchains/1.69.0-x86_64-unknown-linux-gnu/lib/rustlib/x86_64-unknown-linux-gnu/lib/librustc_demangle-787cbccd19d64ac6.rlib" "/opt/rustwide/rustup-home/toolchains/1.69.0-x86_64-unknown-linux-gnu/lib/rustlib/x86_64-unknown-linux-gnu/lib/libstd_detect-b3837a36b830e0d0.rlib" "/opt/rustwide/rustup-home/toolchains/1.69.0-x86_64-unknown-linux-gnu/lib/rustlib/x86_64-unknown-linux-gnu/lib/libhashbrown-e3deb0e7e3f04966.rlib" "/opt/rustwide/rustup-home/toolchains/1.69.0-x86_64-unknown-linux-gnu/lib/rustlib/x86_64-unknown-linux-gnu/lib/libminiz_oxide-dabbb79c9815def4.rlib" "/opt/rustwide/rustup-home/toolchains/1.69.0-x86_64-unknown-linux-gnu/lib/rustlib/x86_64-unknown-linux-gnu/lib/libadler-305b01f34c9409f2.rlib" "/opt/rustwide/rustup-home/toolchains/1.69.0-x86_64-unknown-linux-gnu/lib/rustlib/x86_64-unknown-linux-gnu/lib/librustc_std_workspace_alloc-f833521df6074e73.rlib" "/opt/rustwide/rustup-home/toolchains/1.69.0-x86_64-unknown-linux-gnu/lib/rustlib/x86_64-unknown-linux-gnu/lib/libunwind-9ac333113350d171.rlib" "/opt/rustwide/rustup-home/toolchains/1.69.0-x86_64-unknown-linux-gnu/lib/rustlib/x86_64-unknown-linux-gnu/lib/libcfg_if-1c126114322d0eee.rlib" "/opt/rustwide/rustup-home/toolchains/1.69.0-x86_64-unknown-linux-gnu/lib/rustlib/x86_64-unknown-linux-gnu/lib/liblibc-bad9164fdeeecf92.rlib" "/opt/rustwide/rustup-home/toolchains/1.69.0-x86_64-unknown-linux-gnu/lib/rustlib/x86_64-unknown-linux-gnu/lib/liballoc-f9374b1e480fa681.rlib" "/opt/rustwide/rustup-home/toolchains/1.69.0-x86_64-unknown-linux-gnu/lib/rustlib/x86_64-unknown-linux-gnu/lib/librustc_std_workspace_core-207f06e41d9603af.rlib" "/opt/rustwide/rustup-home/toolchains/1.69.0-x86_64-unknown-linux-gnu/lib/rustlib/x86_64-unknown-linux-gnu/lib/libcore-7e2768e66e984e85.rlib" "/opt/rustwide/rustup-home/toolchains/1.69.0-x86_64-unknown-linux-gnu/lib/rustlib/x86_64-unknown-linux-gnu/lib/libcompiler_builtins-957b4aff41f8cd46.rlib" "-Wl,-Bdynamic" "-lgcc_s" "-lutil" "-lrt" "-lpthread" "-lm" "-ldl" "-lc" "-Wl,--eh-frame-hdr" "-Wl,-z,noexecstack" "-L" "/opt/rustwide/rustup-home/toolchains/1.69.0-x86_64-unknown-linux-gnu/lib/rustlib/x86_64-unknown-linux-gnu/lib" "-o" "/tmp/rustdoctestZEad99/rust_out" "-Wl,--gc-sections" "-pie" "-Wl,-z,relro,-z,now" "-nodefaultlibs"
[INFO] [stdout]   = note: collect2: fatal error: ld terminated with signal 9 [Killed]
[INFO] [stdout]           compilation terminated.
[INFO] [stdout]           
[INFO] [stdout] 
[INFO] [stdout] error: aborting due to previous error
[INFO] [stdout] 
[INFO] [stdout] Couldn't compile the test.
[INFO] [stdout] 
[INFO] [stdout] failures:
[INFO] [stdout]     src/sources/character_class.rs - sources::character_class::CharacterClass::contains (line 65)
[INFO] [stdout]     src/sources/character_class.rs - sources::character_class::CharacterClass::contains (line 85)
[INFO] [stdout]     src/sources/source_file.rs - sources::source_file::SourceFileIterator<'a>::accept_str (line 162)
[INFO] [stdout] 
[INFO] [stdout] test result: FAILED. 12 passed; 3 failed; 0 ignored; 0 measured; 0 filtered out; finished in 5.80s
[INFO] [stdout] 
[INFO] [stderr] error: doctest failed, to rerun pass `--doc`
[INFO] running `Command { std: "docker" "inspect" "6f525b54b0d77cff9d550ef45b28142a7dcd96be24a9c20d1e6808889d222a4e", kill_on_drop: false }`
[INFO] running `Command { std: "docker" "rm" "-f" "6f525b54b0d77cff9d550ef45b28142a7dcd96be24a9c20d1e6808889d222a4e", kill_on_drop: false }`
[INFO] [stdout] 6f525b54b0d77cff9d550ef45b28142a7dcd96be24a9c20d1e6808889d222a4e
