[INFO] fetching crate lune 0.5.5...
[INFO] testing lune-0.5.5 against 1.69.0 for beta-1.70-1
[INFO] extracting crate lune 0.5.5 into /workspace/builds/worker-7-tc1/source
[INFO] validating manifest of crates.io crate lune 0.5.5 on toolchain 1.69.0
[INFO] running `Command { std: CARGO_HOME="/workspace/cargo-home" RUSTUP_HOME="/workspace/rustup-home" "/workspace/cargo-home/bin/cargo" "+1.69.0" "metadata" "--manifest-path" "Cargo.toml" "--no-deps", kill_on_drop: false }`
[INFO] started tweaking crates.io crate lune 0.5.5
[INFO] finished tweaking crates.io crate lune 0.5.5
[INFO] tweaked toml for crates.io crate lune 0.5.5 written to /workspace/builds/worker-7-tc1/source/Cargo.toml
[INFO] running `Command { std: CARGO_HOME="/workspace/cargo-home" RUSTUP_HOME="/workspace/rustup-home" __CARGO_TEST_CHANNEL_OVERRIDE_DO_NOT_USE_THIS="nightly" "/workspace/cargo-home/bin/cargo" "+1.69.0" "generate-lockfile" "--manifest-path" "Cargo.toml" "-Zno-index-update", kill_on_drop: false }`
[INFO] running `Command { std: CARGO_HOME="/workspace/cargo-home" RUSTUP_HOME="/workspace/rustup-home" "/workspace/cargo-home/bin/cargo" "+1.69.0" "fetch" "--manifest-path" "Cargo.toml", kill_on_drop: false }`
[INFO] [stderr]  Downloading crates ...
[INFO] [stderr]   Downloaded dialoguer v0.10.4
[INFO] [stderr]   Downloaded hyper-tungstenite v0.9.0
[INFO] [stderr]   Downloaded mlua v0.8.8
[INFO] [stderr]   Downloaded luau0-src v0.5.6+luau573
[INFO] running `Command { std: "docker" "create" "-v" "/var/lib/crater-agent-workspace/builds/worker-7-tc1/target:/opt/rustwide/target:rw,Z" "-v" "/var/lib/crater-agent-workspace/builds/worker-7-tc1/source:/opt/rustwide/workdir:ro,Z" "-v" "/var/lib/crater-agent-workspace/cargo-home:/opt/rustwide/cargo-home:ro,Z" "-v" "/var/lib/crater-agent-workspace/rustup-home:/opt/rustwide/rustup-home:ro,Z" "-e" "SOURCE_DIR=/opt/rustwide/workdir" "-e" "CARGO_TARGET_DIR=/opt/rustwide/target" "-e" "CARGO_HOME=/opt/rustwide/cargo-home" "-e" "RUSTUP_HOME=/opt/rustwide/rustup-home" "-w" "/opt/rustwide/workdir" "-m" "1610612736" "--user" "0:0" "--network" "none" "ghcr.io/rust-lang/crates-build-env/linux@sha256:5ff2268d62e97bff2cde7d5815dd6ed5b47097566f13b8d0ca110b04b60e07ed" "/opt/rustwide/cargo-home/bin/cargo" "+1.69.0" "metadata" "--no-deps" "--format-version=1", kill_on_drop: false }`
[INFO] [stdout] ff273289c0452adb25c59db120fb920c69cf24e02f0f44a427ffd0582acc5db8
[INFO] running `Command { std: "docker" "start" "-a" "ff273289c0452adb25c59db120fb920c69cf24e02f0f44a427ffd0582acc5db8", kill_on_drop: false }`
[INFO] running `Command { std: "docker" "inspect" "ff273289c0452adb25c59db120fb920c69cf24e02f0f44a427ffd0582acc5db8", kill_on_drop: false }`
[INFO] running `Command { std: "docker" "rm" "-f" "ff273289c0452adb25c59db120fb920c69cf24e02f0f44a427ffd0582acc5db8", kill_on_drop: false }`
[INFO] [stdout] ff273289c0452adb25c59db120fb920c69cf24e02f0f44a427ffd0582acc5db8
[INFO] running `Command { std: "docker" "create" "-v" "/var/lib/crater-agent-workspace/builds/worker-7-tc1/target:/opt/rustwide/target:rw,Z" "-v" "/var/lib/crater-agent-workspace/builds/worker-7-tc1/source:/opt/rustwide/workdir:ro,Z" "-v" "/var/lib/crater-agent-workspace/cargo-home:/opt/rustwide/cargo-home:ro,Z" "-v" "/var/lib/crater-agent-workspace/rustup-home:/opt/rustwide/rustup-home:ro,Z" "-e" "SOURCE_DIR=/opt/rustwide/workdir" "-e" "CARGO_TARGET_DIR=/opt/rustwide/target" "-e" "CARGO_INCREMENTAL=0" "-e" "RUST_BACKTRACE=full" "-e" "RUSTFLAGS=--cap-lints=warn" "-e" "RUSTDOCFLAGS=--cap-lints=warn" "-e" "CARGO_HOME=/opt/rustwide/cargo-home" "-e" "RUSTUP_HOME=/opt/rustwide/rustup-home" "-w" "/opt/rustwide/workdir" "-m" "1610612736" "--user" "0:0" "--network" "none" "ghcr.io/rust-lang/crates-build-env/linux@sha256:5ff2268d62e97bff2cde7d5815dd6ed5b47097566f13b8d0ca110b04b60e07ed" "/opt/rustwide/cargo-home/bin/cargo" "+1.69.0" "build" "--frozen" "--message-format=json", kill_on_drop: false }`
[INFO] [stdout] 9025812c273e0047351d4f0dd4eea0b257c69ce9894bc5da442efb721cdae458
[INFO] running `Command { std: "docker" "start" "-a" "9025812c273e0047351d4f0dd4eea0b257c69ce9894bc5da442efb721cdae458", kill_on_drop: false }`
[INFO] [stderr]    Compiling once_cell v1.17.1
[INFO] [stderr]    Compiling tokio v1.28.0
[INFO] [stderr]    Compiling ring v0.16.20
[INFO] [stderr]    Compiling parking_lot_core v0.9.7
[INFO] [stderr]    Compiling num_cpus v1.15.0
[INFO] [stderr]    Compiling socket2 v0.4.9
[INFO] [stderr]    Compiling signal-hook-registry v1.4.1
[INFO] [stderr]    Compiling mio v0.8.6
[INFO] [stderr]    Compiling syn v2.0.15
[INFO] [stderr]    Compiling futures-util v0.3.28
[INFO] [stderr]    Compiling getrandom v0.2.9
[INFO] [stderr]    Compiling futures-channel v0.3.28
[INFO] [stderr]    Compiling rustls v0.20.8
[INFO] [stderr]    Compiling crossbeam-utils v0.8.15
[INFO] [stderr]    Compiling syn v1.0.109
[INFO] [stderr]    Compiling digest v0.10.6
[INFO] [stderr]    Compiling parking_lot v0.12.1
[INFO] [stderr]    Compiling tracing-core v0.1.30
[INFO] [stderr]    Compiling rand_core v0.6.4
[INFO] [stderr]    Compiling sha1 v0.10.5
[INFO] [stderr]    Compiling luau0-src v0.5.6+luau573
[INFO] [stderr]    Compiling erased-serde v0.3.25
[INFO] [stderr]    Compiling event-listener v2.5.3
[INFO] [stderr]    Compiling winnow v0.4.4
[INFO] [stderr]    Compiling rand_chacha v0.3.1
[INFO] [stderr]    Compiling mlua v0.8.8
[INFO] [stderr]    Compiling parking v2.1.0
[INFO] [stderr]    Compiling futures-io v0.3.28
[INFO] [stderr]    Compiling concurrent-queue v2.2.0
[INFO] [stderr]    Compiling waker-fn v1.1.0
[INFO] [stderr]    Compiling console v0.15.5
[INFO] [stderr]    Compiling tracing v0.1.37
[INFO] [stderr]    Compiling async-lock v2.7.0
[INFO] [stderr]    Compiling futures-lite v1.13.0
[INFO] [stderr]    Compiling rand v0.8.5
[INFO] [stderr]    Compiling async-channel v1.8.0
[INFO] [stderr]    Compiling rustls-pemfile v1.0.2
[INFO] [stderr]    Compiling bstr v0.2.17
[INFO] [stderr]    Compiling dirs-sys v0.3.7
[INFO] [stderr]    Compiling unsafe-libyaml v0.2.8
[INFO] [stderr]    Compiling zeroize v1.6.0
[INFO] [stderr]    Compiling atomic-waker v1.1.1
[INFO] [stderr]    Compiling rustc-hash v1.1.0
[INFO] [stderr]    Compiling shell-words v1.1.0
[INFO] [stderr]    Compiling async-task v4.4.0
[INFO] [stderr]    Compiling directories v4.0.1
[INFO] [stderr]    Compiling dialoguer v0.10.4
[INFO] [stderr]    Compiling os_str_bytes v6.5.0
[INFO] [stderr]    Compiling dunce v1.0.4
[INFO] [stderr]    Compiling blocking v1.3.1
[INFO] [stderr]    Compiling serde_derive v1.0.160
[INFO] [stderr]    Compiling tokio-macros v2.1.0
[INFO] [stderr]    Compiling futures-macro v0.3.28
[INFO] [stderr]    Compiling thiserror-impl v1.0.40
[INFO] [stderr]    Compiling async-trait v0.1.68
[INFO] [stderr]    Compiling webpki v0.22.0
[INFO] [stderr]    Compiling sct v0.7.0
[INFO] [stderr]    Compiling webpki-roots v0.22.6
[INFO] [stderr]    Compiling pin-project-internal v1.0.12
[INFO] [stderr]    Compiling thiserror v1.0.40
[INFO] [stderr]    Compiling tungstenite v0.18.0
[INFO] [stderr]    Compiling pin-project v1.0.12
[INFO] [stderr]    Compiling serde v1.0.160
[INFO] [stderr]    Compiling tokio-util v0.7.8
[INFO] [stderr]    Compiling tokio-rustls v0.23.4
[INFO] [stderr]    Compiling tokio-tungstenite v0.18.0
[INFO] [stderr]    Compiling toml_datetime v0.6.1
[INFO] [stderr]    Compiling serde_spanned v0.6.1
[INFO] [stderr]    Compiling serde_urlencoded v0.7.1
[INFO] [stderr]    Compiling serde_yaml v0.9.21
[INFO] [stderr]    Compiling serde_json v1.0.96
[INFO] [stderr]    Compiling h2 v0.3.18
[INFO] [stderr]    Compiling toml_edit v0.19.8
[INFO] [stderr]    Compiling toml v0.7.3
[INFO] [stderr]    Compiling hyper v0.14.26
[INFO] [stderr]    Compiling hyper-rustls v0.23.2
[INFO] [stderr]    Compiling hyper-tungstenite v0.9.0
[INFO] [stderr]    Compiling reqwest v0.11.17
[INFO] [stderr]    Compiling lune v0.5.5 (/opt/rustwide/workdir)
[INFO] [stderr]     Finished dev [unoptimized + debuginfo] target(s) in 23.48s
[INFO] running `Command { std: "docker" "inspect" "9025812c273e0047351d4f0dd4eea0b257c69ce9894bc5da442efb721cdae458", kill_on_drop: false }`
[INFO] running `Command { std: "docker" "rm" "-f" "9025812c273e0047351d4f0dd4eea0b257c69ce9894bc5da442efb721cdae458", kill_on_drop: false }`
[INFO] [stdout] 9025812c273e0047351d4f0dd4eea0b257c69ce9894bc5da442efb721cdae458
[INFO] running `Command { std: "docker" "create" "-v" "/var/lib/crater-agent-workspace/builds/worker-7-tc1/target:/opt/rustwide/target:rw,Z" "-v" "/var/lib/crater-agent-workspace/builds/worker-7-tc1/source:/opt/rustwide/workdir:ro,Z" "-v" "/var/lib/crater-agent-workspace/cargo-home:/opt/rustwide/cargo-home:ro,Z" "-v" "/var/lib/crater-agent-workspace/rustup-home:/opt/rustwide/rustup-home:ro,Z" "-e" "SOURCE_DIR=/opt/rustwide/workdir" "-e" "CARGO_TARGET_DIR=/opt/rustwide/target" "-e" "CARGO_INCREMENTAL=0" "-e" "RUST_BACKTRACE=full" "-e" "RUSTFLAGS=--cap-lints=warn" "-e" "RUSTDOCFLAGS=--cap-lints=warn" "-e" "CARGO_HOME=/opt/rustwide/cargo-home" "-e" "RUSTUP_HOME=/opt/rustwide/rustup-home" "-w" "/opt/rustwide/workdir" "-m" "1610612736" "--user" "0:0" "--network" "none" "ghcr.io/rust-lang/crates-build-env/linux@sha256:5ff2268d62e97bff2cde7d5815dd6ed5b47097566f13b8d0ca110b04b60e07ed" "/opt/rustwide/cargo-home/bin/cargo" "+1.69.0" "test" "--frozen" "--no-run" "--message-format=json", kill_on_drop: false }`
[INFO] [stdout] 3c029bddda48d965ca00f7221ac3065714e3f15bdb9362beb236c1ceb0d66e19
[INFO] running `Command { std: "docker" "start" "-a" "3c029bddda48d965ca00f7221ac3065714e3f15bdb9362beb236c1ceb0d66e19", kill_on_drop: false }`
[INFO] [stderr]    Compiling lune v0.5.5 (/opt/rustwide/workdir)
[INFO] [stderr]     Finished test [unoptimized + debuginfo] target(s) in 7.47s
[INFO] running `Command { std: "docker" "inspect" "3c029bddda48d965ca00f7221ac3065714e3f15bdb9362beb236c1ceb0d66e19", kill_on_drop: false }`
[INFO] running `Command { std: "docker" "rm" "-f" "3c029bddda48d965ca00f7221ac3065714e3f15bdb9362beb236c1ceb0d66e19", kill_on_drop: false }`
[INFO] [stdout] 3c029bddda48d965ca00f7221ac3065714e3f15bdb9362beb236c1ceb0d66e19
[INFO] running `Command { std: "docker" "create" "-v" "/var/lib/crater-agent-workspace/builds/worker-7-tc1/target:/opt/rustwide/target:rw,Z" "-v" "/var/lib/crater-agent-workspace/builds/worker-7-tc1/source:/opt/rustwide/workdir:ro,Z" "-v" "/var/lib/crater-agent-workspace/cargo-home:/opt/rustwide/cargo-home:ro,Z" "-v" "/var/lib/crater-agent-workspace/rustup-home:/opt/rustwide/rustup-home:ro,Z" "-e" "SOURCE_DIR=/opt/rustwide/workdir" "-e" "CARGO_TARGET_DIR=/opt/rustwide/target" "-e" "CARGO_INCREMENTAL=0" "-e" "RUST_BACKTRACE=full" "-e" "RUSTFLAGS=--cap-lints=warn" "-e" "RUSTDOCFLAGS=--cap-lints=warn" "-e" "CARGO_HOME=/opt/rustwide/cargo-home" "-e" "RUSTUP_HOME=/opt/rustwide/rustup-home" "-w" "/opt/rustwide/workdir" "-m" "1610612736" "--user" "0:0" "--network" "none" "ghcr.io/rust-lang/crates-build-env/linux@sha256:5ff2268d62e97bff2cde7d5815dd6ed5b47097566f13b8d0ca110b04b60e07ed" "/opt/rustwide/cargo-home/bin/cargo" "+1.69.0" "test" "--frozen", kill_on_drop: false }`
[INFO] [stdout] 9fbaa08c61d0172566b2af7e57e7137170220b6f65c98afb8693269095467517
[INFO] running `Command { std: "docker" "start" "-a" "9fbaa08c61d0172566b2af7e57e7137170220b6f65c98afb8693269095467517", kill_on_drop: false }`
[INFO] [stderr]     Finished test [unoptimized + debuginfo] target(s) in 0.10s
[INFO] [stderr]      Running unittests src/lib.rs (/opt/rustwide/target/debug/deps/lune-00b109a6c869f7c4)
[INFO] [stdout] 
[INFO] [stdout] running 34 tests
[INFO] [stdout] test tests::fs_files ... FAILED
[INFO] [stdout] test tests::fs_move ... FAILED
[INFO] [stdout] test tests::net_json_encode ... FAILED
[INFO] [stdout] test tests::net_request_redirect ... FAILED
[INFO] [stdout] test tests::net_request_codes ... FAILED
[INFO] [stdout] test tests::net_request_methods ... FAILED
[INFO] [stdout] test tests::net_serve_requests ... FAILED
[INFO] [stdout] test tests::global_typeof ... FAILED
[INFO] [stdout] test tests::fs_dirs ... FAILED
[INFO] [stdout] test tests::global_pcall ... FAILED
[INFO] [stdout] test tests::net_json_decode ... FAILED
[INFO] [stdout] test tests::net_request_query ... FAILED
[INFO] [stdout] test tests::global_type ... FAILED
[INFO] [stdout] test tests::net_serve_websockets ... FAILED
[INFO] [stdout] test tests::process_cwd ... FAILED
[INFO] [stdout] test tests::process_spawn ... FAILED
[INFO] [stdout] test tests::process_env ... FAILED
[INFO] [stdout] test tests::process_args ... FAILED
[INFO] [stdout] test tests::require_children ... FAILED
[INFO] [stdout] test tests::require_invalid ... FAILED
[INFO] [stdout] test tests::task_cancel ... FAILED
[INFO] [stdout] test tests::process_exit ... FAILED
[INFO] [stdout] test tests::require_nested ... FAILED
[INFO] [stdout] test tests::stdio_write ... FAILED
[INFO] [stdout] test tests::stdio_style ... FAILED
[INFO] [stdout] test tests::stdio_ewrite ... FAILED
[INFO] [stdout] test tests::stdio_color ... FAILED
[INFO] [stdout] test tests::task_defer ... FAILED
[INFO] [stdout] test tests::require_siblings ... FAILED
[INFO] [stdout] test tests::stdio_format ... FAILED
[INFO] [stdout] test tests::require_parents ... FAILED
[INFO] [stdout] test tests::task_delay ... FAILED
[INFO] [stdout] test tests::task_spawn ... FAILED
[INFO] [stdout] test tests::task_wait ... FAILED
[INFO] [stdout] 
[INFO] [stdout] failures:
[INFO] [stdout] 
[INFO] [stdout] ---- tests::fs_files stdout ----
[INFO] [stdout] Error: No such file or directory (os error 2)
[INFO] [stdout] 
[INFO] [stdout] ---- tests::fs_move stdout ----
[INFO] [stdout] Error: No such file or directory (os error 2)
[INFO] [stdout] 
[INFO] [stdout] ---- tests::net_json_encode stdout ----
[INFO] [stdout] Error: No such file or directory (os error 2)
[INFO] [stdout] 
[INFO] [stdout] ---- tests::net_request_redirect stdout ----
[INFO] [stdout] Error: No such file or directory (os error 2)
[INFO] [stdout] 
[INFO] [stdout] ---- tests::net_request_codes stdout ----
[INFO] [stdout] Error: No such file or directory (os error 2)
[INFO] [stdout] 
[INFO] [stdout] ---- tests::net_request_methods stdout ----
[INFO] [stdout] Error: No such file or directory (os error 2)
[INFO] [stdout] 
[INFO] [stdout] ---- tests::net_serve_requests stdout ----
[INFO] [stdout] Error: No such file or directory (os error 2)
[INFO] [stdout] 
[INFO] [stdout] ---- tests::global_typeof stdout ----
[INFO] [stdout] Error: No such file or directory (os error 2)
[INFO] [stdout] 
[INFO] [stdout] ---- tests::fs_dirs stdout ----
[INFO] [stdout] Error: No such file or directory (os error 2)
[INFO] [stdout] 
[INFO] [stdout] ---- tests::global_pcall stdout ----
[INFO] [stdout] Error: No such file or directory (os error 2)
[INFO] [stdout] 
[INFO] [stdout] ---- tests::net_json_decode stdout ----
[INFO] [stdout] Error: No such file or directory (os error 2)
[INFO] [stdout] 
[INFO] [stdout] ---- tests::net_request_query stdout ----
[INFO] [stdout] Error: No such file or directory (os error 2)
[INFO] [stdout] 
[INFO] [stdout] ---- tests::global_type stdout ----
[INFO] [stdout] Error: No such file or directory (os error 2)
[INFO] [stdout] 
[INFO] [stdout] ---- tests::net_serve_websockets stdout ----
[INFO] [stdout] Error: No such file or directory (os error 2)
[INFO] [stdout] 
[INFO] [stdout] ---- tests::process_cwd stdout ----
[INFO] [stdout] Error: No such file or directory (os error 2)
[INFO] [stdout] 
[INFO] [stdout] ---- tests::process_spawn stdout ----
[INFO] [stdout] Error: No such file or directory (os error 2)
[INFO] [stdout] 
[INFO] [stdout] ---- tests::process_env stdout ----
[INFO] [stdout] Error: No such file or directory (os error 2)
[INFO] [stdout] 
[INFO] [stdout] ---- tests::process_args stdout ----
[INFO] [stdout] Error: No such file or directory (os error 2)
[INFO] [stdout] 
[INFO] [stdout] ---- tests::require_children stdout ----
[INFO] [stdout] Error: No such file or directory (os error 2)
[INFO] [stdout] 
[INFO] [stdout] ---- tests::require_invalid stdout ----
[INFO] [stdout] Error: No such file or directory (os error 2)
[INFO] [stdout] 
[INFO] [stdout] ---- tests::task_cancel stdout ----
[INFO] [stdout] Error: No such file or directory (os error 2)
[INFO] [stdout] 
[INFO] [stdout] ---- tests::process_exit stdout ----
[INFO] [stdout] Error: No such file or directory (os error 2)
[INFO] [stdout] 
[INFO] [stdout] ---- tests::require_nested stdout ----
[INFO] [stdout] Error: No such file or directory (os error 2)
[INFO] [stdout] 
[INFO] [stdout] ---- tests::stdio_write stdout ----
[INFO] [stdout] Error: No such file or directory (os error 2)
[INFO] [stdout] 
[INFO] [stdout] ---- tests::stdio_style stdout ----
[INFO] [stdout] Error: No such file or directory (os error 2)
[INFO] [stdout] 
[INFO] [stdout] ---- tests::stdio_ewrite stdout ----
[INFO] [stdout] Error: No such file or directory (os error 2)
[INFO] [stdout] 
[INFO] [stdout] ---- tests::stdio_color stdout ----
[INFO] [stdout] Error: No such file or directory (os error 2)
[INFO] [stdout] 
[INFO] [stdout] ---- tests::task_defer stdout ----
[INFO] [stdout] Error: No such file or directory (os error 2)
[INFO] [stdout] 
[INFO] [stdout] ---- tests::require_siblings stdout ----
[INFO] [stdout] Error: No such file or directory (os error 2)
[INFO] [stdout] 
[INFO] [stdout] ---- tests::stdio_format stdout ----
[INFO] [stdout] Error: No such file or directory (os error 2)
[INFO] [stdout] 
[INFO] [stdout] ---- tests::require_parents stdout ----
[INFO] [stdout] Error: No such file or directory (os error 2)
[INFO] [stdout] 
[INFO] [stdout] ---- tests::task_delay stdout ----
[INFO] [stdout] Error: No such file or directory (os error 2)
[INFO] [stdout] 
[INFO] [stdout] ---- tests::task_spawn stdout ----
[INFO] [stdout] Error: No such file or directory (os error 2)
[INFO] [stdout] 
[INFO] [stdout] ---- tests::task_wait stdout ----
[INFO] [stdout] Error: No such file or directory (os error 2)
[INFO] [stdout] 
[INFO] [stdout] 
[INFO] [stdout] failures:
[INFO] [stdout]     tests::fs_dirs
[INFO] [stdout]     tests::fs_files
[INFO] [stdout]     tests::fs_move
[INFO] [stdout]     tests::global_pcall
[INFO] [stdout]     tests::global_type
[INFO] [stdout]     tests::global_typeof
[INFO] [stdout]     tests::net_json_decode
[INFO] [stdout]     tests::net_json_encode
[INFO] [stdout]     tests::net_request_codes
[INFO] [stdout]     tests::net_request_methods
[INFO] [stdout]     tests::net_request_query
[INFO] [stdout]     tests::net_request_redirect
[INFO] [stdout]     tests::net_serve_requests
[INFO] [stdout]     tests::net_serve_websockets
[INFO] [stdout]     tests::process_args
[INFO] [stdout]     tests::process_cwd
[INFO] [stdout]     tests::process_env
[INFO] [stdout]     tests::process_exit
[INFO] [stdout]     tests::process_spawn
[INFO] [stdout]     tests::require_children
[INFO] [stdout]     tests::require_invalid
[INFO] [stdout]     tests::require_nested
[INFO] [stdout]     tests::require_parents
[INFO] [stdout]     tests::require_siblings
[INFO] [stdout]     tests::stdio_color
[INFO] [stdout]     tests::stdio_ewrite
[INFO] [stdout]     tests::stdio_format
[INFO] [stdout]     tests::stdio_style
[INFO] [stdout]     tests::stdio_write
[INFO] [stdout]     tests::task_cancel
[INFO] [stdout]     tests::task_defer
[INFO] [stdout]     tests::task_delay
[INFO] [stdout]     tests::task_spawn
[INFO] [stdout]     tests::task_wait
[INFO] [stdout] 
[INFO] [stdout] test result: FAILED. 0 passed; 34 failed; 0 ignored; 0 measured; 0 filtered out; finished in 0.07s
[INFO] [stdout] 
[INFO] [stderr] error: test failed, to rerun pass `--lib`
[INFO] running `Command { std: "docker" "inspect" "9fbaa08c61d0172566b2af7e57e7137170220b6f65c98afb8693269095467517", kill_on_drop: false }`
[INFO] running `Command { std: "docker" "rm" "-f" "9fbaa08c61d0172566b2af7e57e7137170220b6f65c98afb8693269095467517", kill_on_drop: false }`
[INFO] [stdout] 9fbaa08c61d0172566b2af7e57e7137170220b6f65c98afb8693269095467517
