[INFO] fetching crate lrwn 4.3.2...
[INFO] testing lrwn-4.3.2 against 1.69.0 for beta-1.70-1
[INFO] extracting crate lrwn 4.3.2 into /workspace/builds/worker-6-tc1/source
[INFO] validating manifest of crates.io crate lrwn 4.3.2 on toolchain 1.69.0
[INFO] running `Command { std: CARGO_HOME="/workspace/cargo-home" RUSTUP_HOME="/workspace/rustup-home" "/workspace/cargo-home/bin/cargo" "+1.69.0" "metadata" "--manifest-path" "Cargo.toml" "--no-deps", kill_on_drop: false }`
[INFO] started tweaking crates.io crate lrwn 4.3.2
[INFO] finished tweaking crates.io crate lrwn 4.3.2
[INFO] tweaked toml for crates.io crate lrwn 4.3.2 written to /workspace/builds/worker-6-tc1/source/Cargo.toml
[INFO] running `Command { std: CARGO_HOME="/workspace/cargo-home" RUSTUP_HOME="/workspace/rustup-home" __CARGO_TEST_CHANNEL_OVERRIDE_DO_NOT_USE_THIS="nightly" "/workspace/cargo-home/bin/cargo" "+1.69.0" "generate-lockfile" "--manifest-path" "Cargo.toml" "-Zno-index-update", kill_on_drop: false }`
[INFO] running `Command { std: CARGO_HOME="/workspace/cargo-home" RUSTUP_HOME="/workspace/rustup-home" "/workspace/cargo-home/bin/cargo" "+1.69.0" "fetch" "--manifest-path" "Cargo.toml", kill_on_drop: false }`
[INFO] running `Command { std: "docker" "create" "-v" "/var/lib/crater-agent-workspace/builds/worker-6-tc1/target:/opt/rustwide/target:rw,Z" "-v" "/var/lib/crater-agent-workspace/builds/worker-6-tc1/source:/opt/rustwide/workdir:ro,Z" "-v" "/var/lib/crater-agent-workspace/cargo-home:/opt/rustwide/cargo-home:ro,Z" "-v" "/var/lib/crater-agent-workspace/rustup-home:/opt/rustwide/rustup-home:ro,Z" "-e" "SOURCE_DIR=/opt/rustwide/workdir" "-e" "CARGO_TARGET_DIR=/opt/rustwide/target" "-e" "CARGO_HOME=/opt/rustwide/cargo-home" "-e" "RUSTUP_HOME=/opt/rustwide/rustup-home" "-w" "/opt/rustwide/workdir" "-m" "1610612736" "--user" "0:0" "--network" "none" "ghcr.io/rust-lang/crates-build-env/linux@sha256:5ff2268d62e97bff2cde7d5815dd6ed5b47097566f13b8d0ca110b04b60e07ed" "/opt/rustwide/cargo-home/bin/cargo" "+1.69.0" "metadata" "--no-deps" "--format-version=1", kill_on_drop: false }`
[INFO] [stdout] 5ea51ab87be13f5a7f08ef9622ce38b10607f0ab6e86e69b43c126761fe16de3
[INFO] running `Command { std: "docker" "start" "-a" "5ea51ab87be13f5a7f08ef9622ce38b10607f0ab6e86e69b43c126761fe16de3", kill_on_drop: false }`
[INFO] running `Command { std: "docker" "inspect" "5ea51ab87be13f5a7f08ef9622ce38b10607f0ab6e86e69b43c126761fe16de3", kill_on_drop: false }`
[INFO] running `Command { std: "docker" "rm" "-f" "5ea51ab87be13f5a7f08ef9622ce38b10607f0ab6e86e69b43c126761fe16de3", kill_on_drop: false }`
[INFO] [stdout] 5ea51ab87be13f5a7f08ef9622ce38b10607f0ab6e86e69b43c126761fe16de3
[INFO] running `Command { std: "docker" "create" "-v" "/var/lib/crater-agent-workspace/builds/worker-6-tc1/target:/opt/rustwide/target:rw,Z" "-v" "/var/lib/crater-agent-workspace/builds/worker-6-tc1/source:/opt/rustwide/workdir:ro,Z" "-v" "/var/lib/crater-agent-workspace/cargo-home:/opt/rustwide/cargo-home:ro,Z" "-v" "/var/lib/crater-agent-workspace/rustup-home:/opt/rustwide/rustup-home:ro,Z" "-e" "SOURCE_DIR=/opt/rustwide/workdir" "-e" "CARGO_TARGET_DIR=/opt/rustwide/target" "-e" "CARGO_INCREMENTAL=0" "-e" "RUST_BACKTRACE=full" "-e" "RUSTFLAGS=--cap-lints=warn" "-e" "RUSTDOCFLAGS=--cap-lints=warn" "-e" "CARGO_HOME=/opt/rustwide/cargo-home" "-e" "RUSTUP_HOME=/opt/rustwide/rustup-home" "-w" "/opt/rustwide/workdir" "-m" "1610612736" "--user" "0:0" "--network" "none" "ghcr.io/rust-lang/crates-build-env/linux@sha256:5ff2268d62e97bff2cde7d5815dd6ed5b47097566f13b8d0ca110b04b60e07ed" "/opt/rustwide/cargo-home/bin/cargo" "+1.69.0" "build" "--frozen" "--message-format=json", kill_on_drop: false }`
[INFO] [stdout] aefbadf07754d7e6408bbeb08274038f6b988f262710e82cc3f594b2f6bb02a2
[INFO] running `Command { std: "docker" "start" "-a" "aefbadf07754d7e6408bbeb08274038f6b988f262710e82cc3f594b2f6bb02a2", kill_on_drop: false }`
[INFO] [stderr]    Compiling anyhow v1.0.71
[INFO] [stderr]    Compiling thiserror v1.0.40
[INFO] [stderr]    Compiling hex v0.4.3
[INFO] [stderr]    Compiling syn v2.0.15
[INFO] [stderr]    Compiling thiserror-impl v1.0.40
[INFO] [stderr]    Compiling lrwn v4.3.2 (/opt/rustwide/workdir)
[INFO] [stderr]     Finished dev [unoptimized + debuginfo] target(s) in 3.17s
[INFO] running `Command { std: "docker" "inspect" "aefbadf07754d7e6408bbeb08274038f6b988f262710e82cc3f594b2f6bb02a2", kill_on_drop: false }`
[INFO] running `Command { std: "docker" "rm" "-f" "aefbadf07754d7e6408bbeb08274038f6b988f262710e82cc3f594b2f6bb02a2", kill_on_drop: false }`
[INFO] [stdout] aefbadf07754d7e6408bbeb08274038f6b988f262710e82cc3f594b2f6bb02a2
[INFO] running `Command { std: "docker" "create" "-v" "/var/lib/crater-agent-workspace/builds/worker-6-tc1/target:/opt/rustwide/target:rw,Z" "-v" "/var/lib/crater-agent-workspace/builds/worker-6-tc1/source:/opt/rustwide/workdir:ro,Z" "-v" "/var/lib/crater-agent-workspace/cargo-home:/opt/rustwide/cargo-home:ro,Z" "-v" "/var/lib/crater-agent-workspace/rustup-home:/opt/rustwide/rustup-home:ro,Z" "-e" "SOURCE_DIR=/opt/rustwide/workdir" "-e" "CARGO_TARGET_DIR=/opt/rustwide/target" "-e" "CARGO_INCREMENTAL=0" "-e" "RUST_BACKTRACE=full" "-e" "RUSTFLAGS=--cap-lints=warn" "-e" "RUSTDOCFLAGS=--cap-lints=warn" "-e" "CARGO_HOME=/opt/rustwide/cargo-home" "-e" "RUSTUP_HOME=/opt/rustwide/rustup-home" "-w" "/opt/rustwide/workdir" "-m" "1610612736" "--user" "0:0" "--network" "none" "ghcr.io/rust-lang/crates-build-env/linux@sha256:5ff2268d62e97bff2cde7d5815dd6ed5b47097566f13b8d0ca110b04b60e07ed" "/opt/rustwide/cargo-home/bin/cargo" "+1.69.0" "test" "--frozen" "--no-run" "--message-format=json", kill_on_drop: false }`
[INFO] [stdout] c2ec81e3e95a31121e74dc9222fd948507d4b99abcbede37b5603bcb57cd59bc
[INFO] running `Command { std: "docker" "start" "-a" "c2ec81e3e95a31121e74dc9222fd948507d4b99abcbede37b5603bcb57cd59bc", kill_on_drop: false }`
[INFO] [stderr]    Compiling lrwn v4.3.2 (/opt/rustwide/workdir)
[INFO] [stderr]     Finished test [unoptimized + debuginfo] target(s) in 1.13s
[INFO] running `Command { std: "docker" "inspect" "c2ec81e3e95a31121e74dc9222fd948507d4b99abcbede37b5603bcb57cd59bc", kill_on_drop: false }`
[INFO] running `Command { std: "docker" "rm" "-f" "c2ec81e3e95a31121e74dc9222fd948507d4b99abcbede37b5603bcb57cd59bc", kill_on_drop: false }`
[INFO] [stdout] c2ec81e3e95a31121e74dc9222fd948507d4b99abcbede37b5603bcb57cd59bc
[INFO] running `Command { std: "docker" "create" "-v" "/var/lib/crater-agent-workspace/builds/worker-6-tc1/target:/opt/rustwide/target:rw,Z" "-v" "/var/lib/crater-agent-workspace/builds/worker-6-tc1/source:/opt/rustwide/workdir:ro,Z" "-v" "/var/lib/crater-agent-workspace/cargo-home:/opt/rustwide/cargo-home:ro,Z" "-v" "/var/lib/crater-agent-workspace/rustup-home:/opt/rustwide/rustup-home:ro,Z" "-e" "SOURCE_DIR=/opt/rustwide/workdir" "-e" "CARGO_TARGET_DIR=/opt/rustwide/target" "-e" "CARGO_INCREMENTAL=0" "-e" "RUST_BACKTRACE=full" "-e" "RUSTFLAGS=--cap-lints=warn" "-e" "RUSTDOCFLAGS=--cap-lints=warn" "-e" "CARGO_HOME=/opt/rustwide/cargo-home" "-e" "RUSTUP_HOME=/opt/rustwide/rustup-home" "-w" "/opt/rustwide/workdir" "-m" "1610612736" "--user" "0:0" "--network" "none" "ghcr.io/rust-lang/crates-build-env/linux@sha256:5ff2268d62e97bff2cde7d5815dd6ed5b47097566f13b8d0ca110b04b60e07ed" "/opt/rustwide/cargo-home/bin/cargo" "+1.69.0" "test" "--frozen", kill_on_drop: false }`
[INFO] [stdout] 25b4c48814982732db31f1901fae6cd76603dc7d5fba42de7323546699783ed3
[INFO] running `Command { std: "docker" "start" "-a" "25b4c48814982732db31f1901fae6cd76603dc7d5fba42de7323546699783ed3", kill_on_drop: false }`
[INFO] [stderr]     Finished test [unoptimized + debuginfo] target(s) in 0.01s
[INFO] [stderr]      Running unittests src/lib.rs (/opt/rustwide/target/debug/deps/lrwn-6636ad7ecddc19fa)
[INFO] [stdout] 
[INFO] [stdout] running 34 tests
[INFO] [stdout] test aes128::tests::test_from_str ... ok
[INFO] [stdout] test aes128::tests::test_to_string ... ok
[INFO] [stdout] test cflist::tests::test_from_bytes ... ok
[INFO] [stdout] test cflist::tests::test_to_bytes ... ok
[INFO] [stdout] test devaddr::tests::test_dev_addr_from_le_bytes ... ok
[INFO] [stdout] test devaddr::tests::test_dev_addr_netid_type ... ok
[INFO] [stdout] test devaddr::tests::test_dev_addr_nwkid ... ok
[INFO] [stdout] test devaddr::tests::test_dev_addr_prefix ... ok
[INFO] [stdout] test devaddr::tests::test_dev_addr_set_addr_prefix ... ok
[INFO] [stdout] test devaddr::tests::test_dev_addr_string ... ok
[INFO] [stdout] test devaddr::tests::test_dev_addr_to_le_bytes ... ok
[INFO] [stdout] test dl_settings::tests::test_dl_settings ... ok
[INFO] [stdout] test eui64::tests::test_from_le_bytes ... ok
[INFO] [stdout] test eui64::tests::test_from_str ... ok
[INFO] [stdout] test eui64::tests::test_to_le_bytes ... ok
[INFO] [stdout] test eui64::tests::test_to_string ... ok
[INFO] [stdout] test fhdr::tests::test_f_ctrl ... ok
[INFO] [stdout] test mhdr::tests::test_from_le_bytes ... ok
[INFO] [stdout] test mhdr::tests::test_to_le_bytes ... ok
[INFO] [stdout] test netid::tests::test_dev_addr_prefix ... ok
[INFO] [stdout] test netid::tests::test_from_le_bytes ... ok
[INFO] [stdout] test netid::tests::test_from_str ... ok
[INFO] [stdout] test netid::tests::test_id ... ok
[INFO] [stdout] test maccommand::test::test_maccommand_set ... ok
[INFO] [stdout] test netid::tests::test_netid_type ... ok
[INFO] [stdout] test netid::tests::test_to_le_bytes ... ok
[INFO] [stdout] test payload::tests::test_join_accept_payload ... ok
[INFO] [stdout] test netid::tests::test_display ... ok
[INFO] [stdout] test payload::tests::test_proprietary ... ok
[INFO] [stdout] test phy_payload::tests::test_non_proprietary ... ok
[INFO] [stdout] test payload::tests::test_mac_payload ... ok
[INFO] [stdout] test payload::tests::test_rejoin_request ... ok
[INFO] [stdout] test payload::tests::test_join_request_payload ... ok
[INFO] [stdout] test phy_payload::tests::test_proprietary ... ok
[INFO] [stdout] 
[INFO] [stdout] test result: ok. 34 passed; 0 failed; 0 ignored; 0 measured; 0 filtered out; finished in 0.00s
[INFO] [stdout] 
[INFO] [stderr]    Doc-tests lrwn
[INFO] [stdout] 
[INFO] [stdout] running 6 tests
[INFO] [stdout] test src/phy_payload.rs - phy_payload::PhyPayload (line 33) ... FAILED
[INFO] [stdout] test src/phy_payload.rs - phy_payload::PhyPayload (line 126) ... FAILED
[INFO] [stdout] test src/phy_payload.rs - phy_payload::PhyPayload (line 188) ... FAILED
[INFO] [stdout] test src/phy_payload.rs - phy_payload::PhyPayload (line 64) ... FAILED
[INFO] [stdout] test src/phy_payload.rs - phy_payload::PhyPayload (line 241) ... FAILED
[INFO] [stdout] test src/phy_payload.rs - phy_payload::PhyPayload (line 304) ... ok
[INFO] [stdout] 
[INFO] [stdout] failures:
[INFO] [stdout] 
[INFO] [stdout] ---- src/phy_payload.rs - phy_payload::PhyPayload (line 33) stdout ----
[INFO] [stdout] error[E0599]: no method named `set_join_request_mic` found for struct `lrwn::PhyPayload` in the current scope
[INFO] [stdout]   --> src/phy_payload.rs:52:5
[INFO] [stdout]    |
[INFO] [stdout] 22 | phy.set_join_request_mic(&app_key).unwrap();
[INFO] [stdout]    |     ^^^^^^^^^^^^^^^^^^^^ method not found in `PhyPayload`
[INFO] [stdout] 
[INFO] [stdout] error[E0599]: no method named `validate_join_request_mic` found for struct `lrwn::PhyPayload` in the current scope
[INFO] [stdout]   --> src/phy_payload.rs:60:30
[INFO] [stdout]    |
[INFO] [stdout] 30 | assert_eq!(true, phy_decoded.validate_join_request_mic(&app_key).unwrap());
[INFO] [stdout]    |                              ^^^^^^^^^^^^^^^^^^^^^^^^^ method not found in `PhyPayload`
[INFO] [stdout] 
[INFO] [stdout] error: aborting due to 2 previous errors
[INFO] [stdout] 
[INFO] [stdout] For more information about this error, try `rustc --explain E0599`.
[INFO] [stdout] Couldn't compile the test.
[INFO] [stdout] ---- src/phy_payload.rs - phy_payload::PhyPayload (line 126) stdout ----
[INFO] [stdout] error[E0599]: no method named `set_join_accept_mic` found for struct `lrwn::PhyPayload` in the current scope
[INFO] [stdout]   --> src/phy_payload.rs:154:5
[INFO] [stdout]    |
[INFO] [stdout] 31 | phy.set_join_accept_mic(JoinType::Join, &join_eui, dev_nonce, &app_key).unwrap();
[INFO] [stdout]    |     ^^^^^^^^^^^^^^^^^^^ method not found in `PhyPayload`
[INFO] [stdout] 
[INFO] [stdout] error[E0599]: no method named `encrypt_join_accept_payload` found for struct `lrwn::PhyPayload` in the current scope
[INFO] [stdout]   --> src/phy_payload.rs:157:5
[INFO] [stdout]    |
[INFO] [stdout] 34 | phy.encrypt_join_accept_payload(&app_key).unwrap();
[INFO] [stdout]    |     ^^^^^^^^^^^^^^^^^^^^^^^^^^^ method not found in `PhyPayload`
[INFO] [stdout] 
[INFO] [stdout] error[E0599]: no method named `decrypt_join_accept_payload` found for struct `lrwn::PhyPayload` in the current scope
[INFO] [stdout]   --> src/phy_payload.rs:163:13
[INFO] [stdout]    |
[INFO] [stdout] 40 | phy_decoded.decrypt_join_accept_payload(&app_key).unwrap();
[INFO] [stdout]    |             ^^^^^^^^^^^^^^^^^^^^^^^^^^^ method not found in `PhyPayload`
[INFO] [stdout] 
[INFO] [stdout] error[E0599]: no method named `validate_join_accept_mic` found for struct `lrwn::PhyPayload` in the current scope
[INFO] [stdout]   --> src/phy_payload.rs:164:30
[INFO] [stdout]    |
[INFO] [stdout] 41 | assert_eq!(true, phy_decoded.validate_join_accept_mic(JoinType::Join, &join_eui, dev_nonce, &app_key).unwrap());
[INFO] [stdout]    |                              ^^^^^^^^^^^^^^^^^^^^^^^^ method not found in `PhyPayload`
[INFO] [stdout] 
[INFO] [stdout] error: aborting due to 4 previous errors
[INFO] [stdout] 
[INFO] [stdout] For more information about this error, try `rustc --explain E0599`.
[INFO] [stdout] Couldn't compile the test.
[INFO] [stdout] ---- src/phy_payload.rs - phy_payload::PhyPayload (line 188) stdout ----
[INFO] [stdout] error[E0599]: no method named `encrypt_frm_payload` found for struct `lrwn::PhyPayload` in the current scope
[INFO] [stdout]   --> src/phy_payload.rs:218:5
[INFO] [stdout]    |
[INFO] [stdout] 33 | phy.encrypt_frm_payload(&app_s_key).unwrap();
[INFO] [stdout]    |     ^^^^^^^^^^^^^^^^^^^ method not found in `PhyPayload`
[INFO] [stdout] 
[INFO] [stdout] error[E0599]: no method named `set_uplink_data_mic` found for struct `lrwn::PhyPayload` in the current scope
[INFO] [stdout]   --> src/phy_payload.rs:219:5
[INFO] [stdout]    |
[INFO] [stdout] 34 | phy.set_uplink_data_mic(MACVersion::LoRaWAN1_0, 0, 0, 0, &nwk_s_key, &nwk_s_key);
[INFO] [stdout]    |     ^^^^^^^^^^^^^^^^^^^ method not found in `PhyPayload`
[INFO] [stdout] 
[INFO] [stdout] error[E0599]: no method named `validate_uplink_data_mic` found for struct `lrwn::PhyPayload` in the current scope
[INFO] [stdout]   --> src/phy_payload.rs:225:30
[INFO] [stdout]    |
[INFO] [stdout] 40 | assert_eq!(true, phy_decoded.validate_uplink_data_mic(MACVersion::LoRaWAN1_0, 0, 0, 0, &nwk_s_key, &nwk_s_key).unwrap());
[INFO] [stdout]    |                              ^^^^^^^^^^^^^^^^^^^^^^^^ method not found in `PhyPayload`
[INFO] [stdout] 
[INFO] [stdout] error[E0599]: no method named `decrypt_frm_payload` found for struct `lrwn::PhyPayload` in the current scope
[INFO] [stdout]   --> src/phy_payload.rs:227:13
[INFO] [stdout]    |
[INFO] [stdout] 42 | phy_decoded.decrypt_frm_payload(&app_s_key).unwrap();
[INFO] [stdout]    |             ^^^^^^^^^^^^^^^^^^^ method not found in `PhyPayload`
[INFO] [stdout] 
[INFO] [stdout] error: aborting due to 4 previous errors
[INFO] [stdout] 
[INFO] [stdout] For more information about this error, try `rustc --explain E0599`.
[INFO] [stdout] Couldn't compile the test.
[INFO] [stdout] ---- src/phy_payload.rs - phy_payload::PhyPayload (line 64) stdout ----
[INFO] [stdout] error[E0599]: no method named `set_join_accept_mic` found for struct `lrwn::PhyPayload` in the current scope
[INFO] [stdout]   --> src/phy_payload.rs:92:5
[INFO] [stdout]    |
[INFO] [stdout] 31 | phy.set_join_accept_mic(JoinType::Join, &join_eui, dev_nonce, &app_key).unwrap();
[INFO] [stdout]    |     ^^^^^^^^^^^^^^^^^^^ method not found in `PhyPayload`
[INFO] [stdout] 
[INFO] [stdout] error[E0599]: no method named `encrypt_join_accept_payload` found for struct `lrwn::PhyPayload` in the current scope
[INFO] [stdout]   --> src/phy_payload.rs:95:5
[INFO] [stdout]    |
[INFO] [stdout] 34 | phy.encrypt_join_accept_payload(&app_key).unwrap();
[INFO] [stdout]    |     ^^^^^^^^^^^^^^^^^^^^^^^^^^^ method not found in `PhyPayload`
[INFO] [stdout] 
[INFO] [stdout] error[E0599]: no method named `decrypt_join_accept_payload` found for struct `lrwn::PhyPayload` in the current scope
[INFO] [stdout]   --> src/phy_payload.rs:101:13
[INFO] [stdout]    |
[INFO] [stdout] 40 | phy_decoded.decrypt_join_accept_payload(&app_key).unwrap();
[INFO] [stdout]    |             ^^^^^^^^^^^^^^^^^^^^^^^^^^^ method not found in `PhyPayload`
[INFO] [stdout] 
[INFO] [stdout] error[E0599]: no method named `validate_join_accept_mic` found for struct `lrwn::PhyPayload` in the current scope
[INFO] [stdout]   --> src/phy_payload.rs:102:30
[INFO] [stdout]    |
[INFO] [stdout] 41 | assert_eq!(true, phy_decoded.validate_join_accept_mic(JoinType::Join, &join_eui, dev_nonce, &app_key).unwrap());
[INFO] [stdout]    |                              ^^^^^^^^^^^^^^^^^^^^^^^^ method not found in `PhyPayload`
[INFO] [stdout] 
[INFO] [stdout] error: aborting due to 4 previous errors
[INFO] [stdout] 
[INFO] [stdout] For more information about this error, try `rustc --explain E0599`.
[INFO] [stdout] Couldn't compile the test.
[INFO] [stdout] ---- src/phy_payload.rs - phy_payload::PhyPayload (line 241) stdout ----
[INFO] [stdout] error[E0599]: no method named `encrypt_f_opts` found for struct `lrwn::PhyPayload` in the current scope
[INFO] [stdout]   --> src/phy_payload.rs:272:5
[INFO] [stdout]    |
[INFO] [stdout] 34 | phy.encrypt_f_opts(&nwk_s_enc_key).unwrap();
[INFO] [stdout]    |     ^^^^^^^^^^^^^^ method not found in `PhyPayload`
[INFO] [stdout] 
[INFO] [stdout] error[E0599]: no method named `encrypt_frm_payload` found for struct `lrwn::PhyPayload` in the current scope
[INFO] [stdout]   --> src/phy_payload.rs:273:5
[INFO] [stdout]    |
[INFO] [stdout] 35 | phy.encrypt_frm_payload(&app_s_key).unwrap();
[INFO] [stdout]    |     ^^^^^^^^^^^^^^^^^^^ method not found in `PhyPayload`
[INFO] [stdout] 
[INFO] [stdout] error[E0599]: no method named `set_downlink_data_mic` found for struct `lrwn::PhyPayload` in the current scope
[INFO] [stdout]   --> src/phy_payload.rs:274:5
[INFO] [stdout]    |
[INFO] [stdout] 36 | phy.set_downlink_data_mic(MACVersion::LoRaWAN1_1, 0, &s_nwk_s_int_key).unwrap();
[INFO] [stdout]    |     ^^^^^^^^^^^^^^^^^^^^^ method not found in `PhyPayload`
[INFO] [stdout] 
[INFO] [stdout] error[E0599]: no method named `validate_downlink_data_mic` found for struct `lrwn::PhyPayload` in the current scope
[INFO] [stdout]   --> src/phy_payload.rs:280:30
[INFO] [stdout]    |
[INFO] [stdout] 42 | assert_eq!(true, phy_decoded.validate_downlink_data_mic(MACVersion::LoRaWAN1_1, 0, &s_nwk_s_int_key).unwrap());
[INFO] [stdout]    |                              ^^^^^^^^^^^^^^^^^^^^^^^^^^ method not found in `PhyPayload`
[INFO] [stdout] 
[INFO] [stdout] error[E0599]: no method named `decrypt_f_opts` found for struct `lrwn::PhyPayload` in the current scope
[INFO] [stdout]   --> src/phy_payload.rs:282:13
[INFO] [stdout]    |
[INFO] [stdout] 44 | phy_decoded.decrypt_f_opts(&nwk_s_enc_key).unwrap();
[INFO] [stdout]    |             ^^^^^^^^^^^^^^ method not found in `PhyPayload`
[INFO] [stdout] 
[INFO] [stdout] error[E0599]: no method named `decrypt_frm_payload` found for struct `lrwn::PhyPayload` in the current scope
[INFO] [stdout]   --> src/phy_payload.rs:283:13
[INFO] [stdout]    |
[INFO] [stdout] 45 | phy_decoded.decrypt_frm_payload(&app_s_key).unwrap();
[INFO] [stdout]    |             ^^^^^^^^^^^^^^^^^^^ method not found in `PhyPayload`
[INFO] [stdout] 
[INFO] [stdout] error: aborting due to 6 previous errors
[INFO] [stdout] 
[INFO] [stdout] For more information about this error, try `rustc --explain E0599`.
[INFO] [stdout] Couldn't compile the test.
[INFO] [stdout] 
[INFO] [stdout] failures:
[INFO] [stdout]     src/phy_payload.rs - phy_payload::PhyPayload (line 126)
[INFO] [stdout]     src/phy_payload.rs - phy_payload::PhyPayload (line 188)
[INFO] [stdout]     src/phy_payload.rs - phy_payload::PhyPayload (line 241)
[INFO] [stdout]     src/phy_payload.rs - phy_payload::PhyPayload (line 33)
[INFO] [stdout]     src/phy_payload.rs - phy_payload::PhyPayload (line 64)
[INFO] [stdout] 
[INFO] [stdout] test result: FAILED. 1 passed; 5 failed; 0 ignored; 0 measured; 0 filtered out; finished in 0.22s
[INFO] [stdout] 
[INFO] [stderr] error: doctest failed, to rerun pass `--doc`
[INFO] running `Command { std: "docker" "inspect" "25b4c48814982732db31f1901fae6cd76603dc7d5fba42de7323546699783ed3", kill_on_drop: false }`
[INFO] running `Command { std: "docker" "rm" "-f" "25b4c48814982732db31f1901fae6cd76603dc7d5fba42de7323546699783ed3", kill_on_drop: false }`
[INFO] [stdout] 25b4c48814982732db31f1901fae6cd76603dc7d5fba42de7323546699783ed3
