[INFO] fetching crate logisheets_controller 0.3.0...
[INFO] testing logisheets_controller-0.3.0 against 1.69.0 for beta-1.70-1
[INFO] extracting crate logisheets_controller 0.3.0 into /workspace/builds/worker-6-tc1/source
[INFO] validating manifest of crates.io crate logisheets_controller 0.3.0 on toolchain 1.69.0
[INFO] running `Command { std: CARGO_HOME="/workspace/cargo-home" RUSTUP_HOME="/workspace/rustup-home" "/workspace/cargo-home/bin/cargo" "+1.69.0" "metadata" "--manifest-path" "Cargo.toml" "--no-deps", kill_on_drop: false }`
[INFO] started tweaking crates.io crate logisheets_controller 0.3.0
[INFO] finished tweaking crates.io crate logisheets_controller 0.3.0
[INFO] tweaked toml for crates.io crate logisheets_controller 0.3.0 written to /workspace/builds/worker-6-tc1/source/Cargo.toml
[INFO] running `Command { std: CARGO_HOME="/workspace/cargo-home" RUSTUP_HOME="/workspace/rustup-home" __CARGO_TEST_CHANNEL_OVERRIDE_DO_NOT_USE_THIS="nightly" "/workspace/cargo-home/bin/cargo" "+1.69.0" "generate-lockfile" "--manifest-path" "Cargo.toml" "-Zno-index-update", kill_on_drop: false }`
[INFO] running `Command { std: CARGO_HOME="/workspace/cargo-home" RUSTUP_HOME="/workspace/rustup-home" "/workspace/cargo-home/bin/cargo" "+1.69.0" "fetch" "--manifest-path" "Cargo.toml", kill_on_drop: false }`
[INFO] [stderr]  Downloading crates ...
[INFO] [stderr]   Downloaded logisheets_derives v0.3.0
[INFO] [stderr]   Downloaded ts-rs v6.2.1
[INFO] [stderr]   Downloaded logisheets_workbook_derives v0.3.0
[INFO] [stderr]   Downloaded xmlserde v0.3.0
[INFO] [stderr]   Downloaded colorsys v0.6.7
[INFO] [stderr]   Downloaded logisheets_base v0.3.0
[INFO] [stderr]   Downloaded logisheets_workbook v0.3.0
[INFO] [stderr]   Downloaded ts-rs-macros v6.2.0
[INFO] [stderr]   Downloaded logisheets_lexer v0.3.0
[INFO] [stderr]   Downloaded logisheets_parser v0.3.0
[INFO] running `Command { std: "docker" "create" "-v" "/var/lib/crater-agent-workspace/builds/worker-6-tc1/target:/opt/rustwide/target:rw,Z" "-v" "/var/lib/crater-agent-workspace/builds/worker-6-tc1/source:/opt/rustwide/workdir:ro,Z" "-v" "/var/lib/crater-agent-workspace/cargo-home:/opt/rustwide/cargo-home:ro,Z" "-v" "/var/lib/crater-agent-workspace/rustup-home:/opt/rustwide/rustup-home:ro,Z" "-e" "SOURCE_DIR=/opt/rustwide/workdir" "-e" "CARGO_TARGET_DIR=/opt/rustwide/target" "-e" "CARGO_HOME=/opt/rustwide/cargo-home" "-e" "RUSTUP_HOME=/opt/rustwide/rustup-home" "-w" "/opt/rustwide/workdir" "-m" "1610612736" "--user" "0:0" "--network" "none" "ghcr.io/rust-lang/crates-build-env/linux@sha256:5ff2268d62e97bff2cde7d5815dd6ed5b47097566f13b8d0ca110b04b60e07ed" "/opt/rustwide/cargo-home/bin/cargo" "+1.69.0" "metadata" "--no-deps" "--format-version=1", kill_on_drop: false }`
[INFO] [stdout] 971a9ecf0e13bc95ff0f4665e65dd5372ce4bccfe2e6993fef280b4092a37502
[INFO] running `Command { std: "docker" "start" "-a" "971a9ecf0e13bc95ff0f4665e65dd5372ce4bccfe2e6993fef280b4092a37502", kill_on_drop: false }`
[INFO] running `Command { std: "docker" "inspect" "971a9ecf0e13bc95ff0f4665e65dd5372ce4bccfe2e6993fef280b4092a37502", kill_on_drop: false }`
[INFO] running `Command { std: "docker" "rm" "-f" "971a9ecf0e13bc95ff0f4665e65dd5372ce4bccfe2e6993fef280b4092a37502", kill_on_drop: false }`
[INFO] [stdout] 971a9ecf0e13bc95ff0f4665e65dd5372ce4bccfe2e6993fef280b4092a37502
[INFO] running `Command { std: "docker" "create" "-v" "/var/lib/crater-agent-workspace/builds/worker-6-tc1/target:/opt/rustwide/target:rw,Z" "-v" "/var/lib/crater-agent-workspace/builds/worker-6-tc1/source:/opt/rustwide/workdir:ro,Z" "-v" "/var/lib/crater-agent-workspace/cargo-home:/opt/rustwide/cargo-home:ro,Z" "-v" "/var/lib/crater-agent-workspace/rustup-home:/opt/rustwide/rustup-home:ro,Z" "-e" "SOURCE_DIR=/opt/rustwide/workdir" "-e" "CARGO_TARGET_DIR=/opt/rustwide/target" "-e" "CARGO_INCREMENTAL=0" "-e" "RUST_BACKTRACE=full" "-e" "RUSTFLAGS=--cap-lints=warn" "-e" "RUSTDOCFLAGS=--cap-lints=warn" "-e" "CARGO_HOME=/opt/rustwide/cargo-home" "-e" "RUSTUP_HOME=/opt/rustwide/rustup-home" "-w" "/opt/rustwide/workdir" "-m" "1610612736" "--user" "0:0" "--network" "none" "ghcr.io/rust-lang/crates-build-env/linux@sha256:5ff2268d62e97bff2cde7d5815dd6ed5b47097566f13b8d0ca110b04b60e07ed" "/opt/rustwide/cargo-home/bin/cargo" "+1.69.0" "build" "--frozen" "--message-format=json", kill_on_drop: false }`
[INFO] [stdout] 8566dc2a5afc4266c1519d5c58ff369b51b5b1668a89a4c023e65d4769c69881
[INFO] running `Command { std: "docker" "start" "-a" "8566dc2a5afc4266c1519d5c58ff369b51b5b1668a89a4c023e65d4769c69881", kill_on_drop: false }`
[INFO] [stderr]    Compiling libm v0.2.6
[INFO] [stderr]    Compiling num-traits v0.2.15
[INFO] [stderr]    Compiling syn v1.0.109
[INFO] [stderr]    Compiling memchr v2.5.0
[INFO] [stderr]    Compiling num-integer v0.1.45
[INFO] [stderr]    Compiling paste v1.0.12
[INFO] [stderr]    Compiling futures-core v0.3.28
[INFO] [stderr]    Compiling futures-task v0.3.28
[INFO] [stderr]    Compiling futures-channel v0.3.28
[INFO] [stderr]    Compiling num-bigint v0.4.3
[INFO] [stderr]    Compiling futures-sink v0.3.28
[INFO] [stderr]    Compiling futures-util v0.3.28
[INFO] [stderr]    Compiling ucd-trie v0.1.5
[INFO] [stderr]    Compiling thiserror-impl v1.0.40
[INFO] [stderr]    Compiling Inflector v0.11.4
[INFO] [stderr]    Compiling serde v1.0.160
[INFO] [stderr]    Compiling futures-macro v0.3.28
[INFO] [stderr]    Compiling num-rational v0.4.1
[INFO] [stderr]    Compiling futures-io v0.3.28
[INFO] [stderr]    Compiling regex-syntax v0.7.1
[INFO] [stderr]    Compiling pin-project-lite v0.2.9
[INFO] [stderr]    Compiling im v15.1.0
[INFO] [stderr]    Compiling flate2 v1.0.26
[INFO] [stderr]    Compiling serde_repr v0.1.12
[INFO] [stderr]    Compiling bitmaps v2.1.0
[INFO] [stderr]    Compiling matrixmultiply v0.3.4
[INFO] [stderr]    Compiling rand_xoshiro v0.6.0
[INFO] [stderr]    Compiling num-iter v0.1.43
[INFO] [stderr]    Compiling aho-corasick v1.0.1
[INFO] [stderr]    Compiling rawpointer v0.2.1
[INFO] [stderr]    Compiling zip v0.6.4
[INFO] [stderr]    Compiling unicode-segmentation v1.10.1
[INFO] [stderr]    Compiling colorsys v0.6.7
[INFO] [stderr]    Compiling sized-chunks v0.6.5
[INFO] [stderr]    Compiling num-complex v0.4.3
[INFO] [stderr]    Compiling approx v0.5.1
[INFO] [stderr]    Compiling thiserror v1.0.40
[INFO] [stderr]    Compiling rand_distr v0.4.3
[INFO] [stderr]    Compiling pest v2.6.0
[INFO] [stderr]    Compiling chrono v0.4.24
[INFO] [stderr]    Compiling regex v1.8.1
[INFO] [stderr]    Compiling simba v0.5.1
[INFO] [stderr]    Compiling serde_json v1.0.96
[INFO] [stderr]    Compiling linked-hash-map v0.5.6
[INFO] [stderr]    Compiling quick-xml v0.22.0
[INFO] [stderr]    Compiling pest_meta v2.6.0
[INFO] [stderr]    Compiling pest_generator v2.6.0
[INFO] [stderr]    Compiling num v0.4.0
[INFO] [stderr]    Compiling futures-executor v0.3.28
[INFO] [stderr]    Compiling pest_derive v2.6.0
[INFO] [stderr]    Compiling futures v0.3.28
[INFO] [stderr]    Compiling logisheets_lexer v0.3.0
[INFO] [stderr]    Compiling ts-rs-macros v6.2.0
[INFO] [stderr]    Compiling logisheets_derives v0.3.0
[INFO] [stderr]    Compiling logisheets_workbook_derives v0.3.0
[INFO] [stderr]    Compiling nalgebra-macros v0.1.0
[INFO] [stderr]    Compiling ts-rs v6.2.1
[INFO] [stderr]    Compiling xmlserde v0.3.0
[INFO] [stderr]    Compiling logisheets_workbook v0.3.0
[INFO] [stderr]    Compiling nalgebra v0.27.1
[INFO] [stderr]    Compiling logisheets_base v0.3.0
[INFO] [stderr]    Compiling logisheets_parser v0.3.0
[INFO] [stderr]    Compiling statrs v0.15.0
[INFO] [stderr]    Compiling logisheets_controller v0.3.0 (/opt/rustwide/workdir)
[INFO] [stdout] warning: use of deprecated method `chrono::DateTime::<Tz>::date`: Use `date_naive()` instead
[INFO] [stdout]   --> src/calc_engine/calculator/funcs/datetime/now.rs:10:25
[INFO] [stdout]    |
[INFO] [stdout] 10 |     let date = datetime.date();
[INFO] [stdout]    |                         ^^^^
[INFO] [stdout]    |
[INFO] [stdout]    = note: `#[warn(deprecated)]` on by default
[INFO] [stdout] 
[INFO] [stdout] 
[INFO] [stdout] warning: use of deprecated method `chrono::DateTime::<Tz>::date`: Use `date_naive()` instead
[INFO] [stdout]   --> src/calc_engine/calculator/funcs/datetime/today.rs:10:25
[INFO] [stdout]    |
[INFO] [stdout] 10 |     let date = datetime.date();
[INFO] [stdout]    |                         ^^^^
[INFO] [stdout] 
[INFO] [stdout] 
[INFO] [stdout] warning: 2 warnings emitted
[INFO] [stdout] 
[INFO] [stdout] 
[INFO] [stderr]     Finished dev [unoptimized + debuginfo] target(s) in 34.41s
[INFO] [stderr] warning: the following packages contain code that will be rejected by a future version of Rust: nalgebra v0.27.1, quick-xml v0.22.0
[INFO] [stderr] note: to see what the problems were, use the option `--future-incompat-report`, or run `cargo report future-incompatibilities --id 4`
[INFO] running `Command { std: "docker" "inspect" "8566dc2a5afc4266c1519d5c58ff369b51b5b1668a89a4c023e65d4769c69881", kill_on_drop: false }`
[INFO] running `Command { std: "docker" "rm" "-f" "8566dc2a5afc4266c1519d5c58ff369b51b5b1668a89a4c023e65d4769c69881", kill_on_drop: false }`
[INFO] [stdout] 8566dc2a5afc4266c1519d5c58ff369b51b5b1668a89a4c023e65d4769c69881
[INFO] running `Command { std: "docker" "create" "-v" "/var/lib/crater-agent-workspace/builds/worker-6-tc1/target:/opt/rustwide/target:rw,Z" "-v" "/var/lib/crater-agent-workspace/builds/worker-6-tc1/source:/opt/rustwide/workdir:ro,Z" "-v" "/var/lib/crater-agent-workspace/cargo-home:/opt/rustwide/cargo-home:ro,Z" "-v" "/var/lib/crater-agent-workspace/rustup-home:/opt/rustwide/rustup-home:ro,Z" "-e" "SOURCE_DIR=/opt/rustwide/workdir" "-e" "CARGO_TARGET_DIR=/opt/rustwide/target" "-e" "CARGO_INCREMENTAL=0" "-e" "RUST_BACKTRACE=full" "-e" "RUSTFLAGS=--cap-lints=warn" "-e" "RUSTDOCFLAGS=--cap-lints=warn" "-e" "CARGO_HOME=/opt/rustwide/cargo-home" "-e" "RUSTUP_HOME=/opt/rustwide/rustup-home" "-w" "/opt/rustwide/workdir" "-m" "1610612736" "--user" "0:0" "--network" "none" "ghcr.io/rust-lang/crates-build-env/linux@sha256:5ff2268d62e97bff2cde7d5815dd6ed5b47097566f13b8d0ca110b04b60e07ed" "/opt/rustwide/cargo-home/bin/cargo" "+1.69.0" "test" "--frozen" "--no-run" "--message-format=json", kill_on_drop: false }`
[INFO] [stdout] 106b71a849d028ae3705f6fe151d2e40ce632f986294c23f8d3ce4e9acdafd9a
[INFO] running `Command { std: "docker" "start" "-a" "106b71a849d028ae3705f6fe151d2e40ce632f986294c23f8d3ce4e9acdafd9a", kill_on_drop: false }`
[INFO] [stdout] warning: use of deprecated method `chrono::DateTime::<Tz>::date`: Use `date_naive()` instead
[INFO] [stdout]   --> src/calc_engine/calculator/funcs/datetime/now.rs:10:25
[INFO] [stdout]    |
[INFO] [stdout] 10 |     let date = datetime.date();
[INFO] [stdout]    |                         ^^^^
[INFO] [stdout]    |
[INFO] [stdout]    = note: `#[warn(deprecated)]` on by default
[INFO] [stdout] 
[INFO] [stdout] 
[INFO] [stdout] warning: use of deprecated method `chrono::DateTime::<Tz>::date`: Use `date_naive()` instead
[INFO] [stdout]   --> src/calc_engine/calculator/funcs/datetime/today.rs:10:25
[INFO] [stdout]    |
[INFO] [stdout] 10 |     let date = datetime.date();
[INFO] [stdout]    |                         ^^^^
[INFO] [stdout] 
[INFO] [stdout] 
[INFO] [stdout] warning: 2 warnings emitted
[INFO] [stdout] 
[INFO] [stdout] 
[INFO] [stderr]    Compiling logisheets_controller v0.3.0 (/opt/rustwide/workdir)
[INFO] [stdout] warning: use of deprecated method `chrono::DateTime::<Tz>::date`: Use `date_naive()` instead
[INFO] [stdout]   --> src/calc_engine/calculator/funcs/datetime/now.rs:10:25
[INFO] [stdout]    |
[INFO] [stdout] 10 |     let date = datetime.date();
[INFO] [stdout]    |                         ^^^^
[INFO] [stdout]    |
[INFO] [stdout]    = note: `#[warn(deprecated)]` on by default
[INFO] [stdout] 
[INFO] [stdout] 
[INFO] [stdout] warning: use of deprecated method `chrono::DateTime::<Tz>::date`: Use `date_naive()` instead
[INFO] [stdout]   --> src/calc_engine/calculator/funcs/datetime/today.rs:10:25
[INFO] [stdout]    |
[INFO] [stdout] 10 |     let date = datetime.date();
[INFO] [stdout]    |                         ^^^^
[INFO] [stdout] 
[INFO] [stdout] 
[INFO] [stdout] warning: 2 warnings emitted
[INFO] [stdout] 
[INFO] [stdout] 
[INFO] [stderr]     Finished test [unoptimized + debuginfo] target(s) in 12.57s
[INFO] [stderr] warning: the following packages contain code that will be rejected by a future version of Rust: nalgebra v0.27.1, quick-xml v0.22.0
[INFO] [stderr] note: to see what the problems were, use the option `--future-incompat-report`, or run `cargo report future-incompatibilities --id 4`
[INFO] running `Command { std: "docker" "inspect" "106b71a849d028ae3705f6fe151d2e40ce632f986294c23f8d3ce4e9acdafd9a", kill_on_drop: false }`
[INFO] running `Command { std: "docker" "rm" "-f" "106b71a849d028ae3705f6fe151d2e40ce632f986294c23f8d3ce4e9acdafd9a", kill_on_drop: false }`
[INFO] [stdout] 106b71a849d028ae3705f6fe151d2e40ce632f986294c23f8d3ce4e9acdafd9a
[INFO] running `Command { std: "docker" "create" "-v" "/var/lib/crater-agent-workspace/builds/worker-6-tc1/target:/opt/rustwide/target:rw,Z" "-v" "/var/lib/crater-agent-workspace/builds/worker-6-tc1/source:/opt/rustwide/workdir:ro,Z" "-v" "/var/lib/crater-agent-workspace/cargo-home:/opt/rustwide/cargo-home:ro,Z" "-v" "/var/lib/crater-agent-workspace/rustup-home:/opt/rustwide/rustup-home:ro,Z" "-e" "SOURCE_DIR=/opt/rustwide/workdir" "-e" "CARGO_TARGET_DIR=/opt/rustwide/target" "-e" "CARGO_INCREMENTAL=0" "-e" "RUST_BACKTRACE=full" "-e" "RUSTFLAGS=--cap-lints=warn" "-e" "RUSTDOCFLAGS=--cap-lints=warn" "-e" "CARGO_HOME=/opt/rustwide/cargo-home" "-e" "RUSTUP_HOME=/opt/rustwide/rustup-home" "-w" "/opt/rustwide/workdir" "-m" "1610612736" "--user" "0:0" "--network" "none" "ghcr.io/rust-lang/crates-build-env/linux@sha256:5ff2268d62e97bff2cde7d5815dd6ed5b47097566f13b8d0ca110b04b60e07ed" "/opt/rustwide/cargo-home/bin/cargo" "+1.69.0" "test" "--frozen", kill_on_drop: false }`
[INFO] [stdout] a64088e04af62d32442b3d7a7819168a0e050d90da7ef246c330038bd59b221e
[INFO] running `Command { std: "docker" "start" "-a" "a64088e04af62d32442b3d7a7819168a0e050d90da7ef246c330038bd59b221e", kill_on_drop: false }`
[INFO] [stderr] warning: use of deprecated method `chrono::DateTime::<Tz>::date`: Use `date_naive()` instead
[INFO] [stderr]   --> src/calc_engine/calculator/funcs/datetime/now.rs:10:25
[INFO] [stderr]    |
[INFO] [stderr] 10 |     let date = datetime.date();
[INFO] [stderr]    |                         ^^^^
[INFO] [stderr]    |
[INFO] [stderr]    = note: `#[warn(deprecated)]` on by default
[INFO] [stderr] 
[INFO] [stderr] warning: use of deprecated method `chrono::DateTime::<Tz>::date`: Use `date_naive()` instead
[INFO] [stderr]   --> src/calc_engine/calculator/funcs/datetime/today.rs:10:25
[INFO] [stderr]    |
[INFO] [stderr] 10 |     let date = datetime.date();
[INFO] [stderr]    |                         ^^^^
[INFO] [stderr] 
[INFO] [stderr] warning: `logisheets_controller` (lib) generated 2 warnings
[INFO] [stderr] warning: `logisheets_controller` (lib test) generated 2 warnings (2 duplicates)
[INFO] [stderr]     Finished test [unoptimized + debuginfo] target(s) in 0.07s
[INFO] [stderr] warning: the following packages contain code that will be rejected by a future version of Rust: nalgebra v0.27.1, quick-xml v0.22.0
[INFO] [stderr] note: to see what the problems were, use the option `--future-incompat-report`, or run `cargo report future-incompatibilities --id 4`
[INFO] [stderr]      Running unittests src/lib.rs (/opt/rustwide/target/debug/deps/logisheets_controller-1a1b0d70b2582881)
[INFO] [stdout] 
[INFO] [stdout] running 118 tests
[INFO] [stdout] test calc_engine::calc_order::tests::order_set ... ok
[INFO] [stdout] test calc_engine::calc_order::tests::node_test1 ... ok
[INFO] [stdout] test calc_engine::calc_order::tests::node_order_test ... ok
[INFO] [stdout] test calc_engine::calc_order::tests::node_test3 ... ok
[INFO] [stdout] test calc_engine::calc_order::tests::node_test4 ... ok
[INFO] [stdout] test calc_engine::calc_order::tests::cycle_test ... ok
[INFO] [stdout] test calc_engine::calc_order::tests::node_test2 ... ok
[INFO] [stdout] test calc_engine::calc_order::tests::node_order_test2 ... ok
[INFO] [stdout] test calc_engine::calculator::funcs::and::tests::and_error ... ok
[INFO] [stdout] test calc_engine::calculator::funcs::condition::tests::match_condition_test1 ... ok
[INFO] [stdout] test calc_engine::calculator::funcs::and::tests::and_test ... ok
[INFO] [stdout] test calc_engine::calculator::funcs::condition::tests::parse_number_condition_test1 ... ok
[INFO] [stdout] test calc_engine::calculator::funcs::condition::tests::parse_number_condition_test2 ... ok
[INFO] [stdout] test calc_engine::calculator::funcs::condition::tests::parse_number_condition_test3 ... ok
[INFO] [stdout] test calc_engine::calculator::funcs::condition::tests::parse_number_condition_test4 ... ok
[INFO] [stdout] test calc_engine::calculator::funcs::count::tests::count_test ... ok
[INFO] [stdout] test calc_engine::calculator::funcs::sum::tests::sum_error ... ok
[INFO] [stdout] test calc_engine::calculator::funcs::sum::tests::sum_test ... ok
[INFO] [stdout] test calc_engine::calculator::funcs::switch::tests::default_value ... ok
[INFO] [stdout] test calc_engine::calculator::funcs::condition::tests::parse_number_condition_test6 ... ok
[INFO] [stdout] test calc_engine::calculator::funcs::condition::tests::parse_number_condition_test5 ... ok
[INFO] [stdout] test calc_engine::calculator::funcs::len::tests::lenb_test ... ok
[INFO] [stdout] test calc_engine::calculator::funcs::len::tests::len_test ... ok
[INFO] [stdout] test calc_engine::calculator::infix::intersect::tests::col_range_test ... ok
[INFO] [stdout] test calc_engine::calculator::infix::intersect::tests::prefix ... ok
[INFO] [stdout] test calc_engine::calculator::funcs::switch::tests::unmatch ... ok
[INFO] [stdout] test calc_engine::calculator::infix::intersect::tests::addr_test ... ok
[INFO] [stdout] test calc_engine::calculator::infix::intersect::tests::range_test ... ok
[INFO] [stdout] test calc_engine::calculator::infix::range::tests::col_range_test ... ok
[INFO] [stdout] test calc_engine::calculator::infix::range::tests::prefix_test ... ok
[INFO] [stdout] test calc_engine::calculator::infix::range::tests::range_test ... ok
[INFO] [stdout] test calc_engine::calculator::infix::range::tests::row_range_test ... ok
[INFO] [stdout] test calc_engine::calculator::math::bits::tests::bitlshift_test ... ok
[INFO] [stdout] test calc_engine::calculator::math::bits::tests::bitrshift_test ... ok
[INFO] [stdout] test calc_engine::calculator::funcs::switch::tests::match_value ... ok
[INFO] [stdout] test calc_engine::calculator::infix::range::tests::addr_test ... ok
[INFO] [stdout] test calc_engine::calculator::infix::intersect::tests::row_range_test ... ok
[INFO] [stdout] test calc_engine::calculator::math::bits::tests::bin2dec_test ... ok
[INFO] [stdout] test calc_engine::calculator::math::bits::tests::dec2hex_places_is_none_test ... ok
[INFO] [stdout] test calc_engine::calculator::math::bits::tests::dec2oct_with_places_test ... ok
[INFO] [stdout] test calc_engine::calculator::math::bits::tests::hex2dec_test ... ok
[INFO] [stdout] test calc_engine::calculator::math::bits::tests::dec2hex_with_places_test ... ok
[INFO] [stdout] test calc_engine::calculator::math::effect::tests::effect_test ... ok
[INFO] [stdout] test calc_engine::calculator::math::bits::tests::dec2oct_places_is_none_test ... ok
[INFO] [stdout] test calc_engine::calculator::math::fact::tests::fact_test ... ok
[INFO] [stdout] test calc_engine::calculator::math::bits::tests::oct2dec_test ... ok
[INFO] [stdout] test calc_engine::calculator::math::fv::tests::fv_works_with_zero_rate ... ok
[INFO] [stdout] test calc_engine::calculator::math::complex::tests::build_test ... ok
[INFO] [stdout] test calc_engine::calculator::math::fv::tests::fv_works_when_pmt_at_end_of_period ... ok
[INFO] [stdout] test calc_engine::calculator::math::fv::tests::fv_dummy ... ok
[INFO] [stdout] test calc_engine::calculator::math::fv::tests::fv_works_with_pmt_only ... ok
[INFO] [stdout] test calc_engine::calculator::math::fv::tests::fv_works_when_pmt_at_beginning ... ok
[INFO] [stdout] test calc_engine::calculator::math::irr::tests::irr_test1 ... ok
[INFO] [stdout] test calc_engine::calculator::math::npv::tests::npv_test ... ok
[INFO] [stdout] test calc_engine::calculator::math::npv::tests::npv_test2 ... ok
[INFO] [stdout] test calc_engine::calculator::math::pmt::tests::pmt_test1 ... ok
[INFO] [stdout] test calc_engine::calculator::math::pv::tests::pv_works_when_pmt_at_beginning ... ok
[INFO] [stdout] test calc_engine::calculator::math::pv::tests::pv_works_when_pmt_at_end_of_period ... ok
[INFO] [stdout] test calc_engine::calculator::math::gcd::tests::gcd_test ... ok
[INFO] [stdout] test calc_engine::calculator::math::pv::tests::pv_works_with_pmt_only ... ok
[INFO] [stdout] test calc_engine::calculator::math::fact::tests::factdouble_test ... ok
[INFO] [stdout] test calc_engine::calculator::math::gcd::tests::multi_gcd_test ... ok
[INFO] [stdout] test calc_engine::calculator::math::lcm::tests::lcm_test ... ok
[INFO] [stdout] test calc_engine::calculator::math::pv::tests::pv_works_with_zero_rate ... ok
[INFO] [stdout] test calc_engine::calculator::funcs::condition::tests::match_text_pattern_test1 ... ok
[INFO] [stdout] test controller::display::export_bindings_mergecell ... ok
[INFO] [stdout] test controller::display::export_bindings_comment ... ok
[INFO] [stdout] test controller::display::export_bindings_sheetrowinfo ... ok
[INFO] [stdout] test controller::display::export_bindings_sheetnames ... ok
[INFO] [stdout] test controller::display::export_bindings_sheetcolinfo ... ok
[INFO] [stdout] test controller::display::export_bindings_displayresponse ... ok
[INFO] [stdout] test controller::display::export_bindings_sheetcomments ... ok
[INFO] [stdout] test controller::display::export_bindings_colinfo ... ok
[INFO] [stdout] test controller::display::export_bindings_sheetblocks ... ok
[INFO] [stdout] test controller::display::export_bindings_displayrequest ... ok
[INFO] [stdout] test controller::display::export_bindings_rowinfo ... ok
[INFO] [stdout] test controller::display::export_bindings_cellformulavalue ... ok
[INFO] [stdout] test controller::display::export_bindings_displaypatch ... ok
[INFO] [stdout] test controller::display::export_bindings_cellstyle ... ok
[INFO] [stdout] test controller::display::export_bindings_sheetstyles ... ok
[INFO] [stdout] test controller::display::export_bindings_value ... ok
[INFO] [stdout] test controller::display::export_bindings_blockinfo ... ok
[INFO] [stdout] test controller::display::export_bindings_sheetmergecells ... ok
[INFO] [stdout] test controller::edit_action::export_bindings_blockinput ... ok
[INFO] [stdout] test controller::display::export_bindings_sheetvalues ... ok
[INFO] [stdout] test controller::edit_action::export_bindings_cellinput ... ok
[INFO] [stdout] test controller::edit_action::export_bindings_blockstyleupdate ... ok
[INFO] [stdout] test controller::edit_action::export_bindings_createblock ... ok
[INFO] [stdout] test controller::edit_action::export_bindings_colshift ... ok
[INFO] [stdout] test controller::edit_action::export_bindings_editaction ... ok
[INFO] [stdout] test controller::edit_action::export_bindings_lineshiftinblock ... ok
[INFO] [stdout] test controller::edit_action::export_bindings_moveblock ... ok
[INFO] [stdout] test controller::edit_action::export_bindings_rowshift ... ok
[INFO] [stdout] test controller::edit_action::export_bindings_editpayload ... ok
[INFO] [stdout] test controller::edit_action::export_bindings_payloadsaction ... ok
[INFO] [stdout] test controller::edit_action::export_bindings_setcolwidth ... ok
[INFO] [stdout] test controller::edit_action::export_bindings_setrowheight ... ok
[INFO] [stdout] test controller::edit_action::export_bindings_sheetrename ... ok
[INFO] [stdout] test controller::edit_action::export_bindings_setvisible ... ok
[INFO] [stdout] test controller::edit_action::style_payload::export_bindings_styleupdate ... ok
[INFO] [stdout] test controller::style::export_bindings_border ... ok
[INFO] [stdout] test controller::style::export_bindings_color ... ok
[INFO] [stdout] test controller::style::export_bindings_fill ... ok
[INFO] [stdout] test controller::style::export_bindings_gradientstop ... ok
[INFO] [stdout] test controller::style::tests::test_from_hex_str ... ok
[INFO] [stdout] test controller::style::export_bindings_style ... ok
[INFO] [stdout] test vertex_manager::graph::tests::delete_vertex_in_graph ... ok
[INFO] [stdout] test vertex_manager::graph::tests::convert_vertex_in_graph ... ok
[INFO] [stdout] test vertex_manager::graph::tests::convert_vertex_in_graph2 ... ok
[INFO] [stdout] test navigator::executor::tests::delete_col_test ... ok
[INFO] [stdout] test vertex_manager::graph::tests::convert_vertext_has_existed ... ok
[INFO] [stdout] test navigator::executor::tests::delete_row_test ... ok
[INFO] [stdout] test controller::tests::controller_default_test ... ok
[INFO] [stdout] test file_loader2::utils::tests::parse_cell_test ... ok
[INFO] [stdout] test file_loader2::utils::tests::parse_range_test ... ok
[INFO] [stdout] test data_executor::tests::test_move_block ... ok
[INFO] [stdout] test controller::tests::controller_input_formula ... ok
[INFO] [stdout] test controller::tests::from_file_test ... FAILED
[INFO] [stdout] 
[INFO] [stdout] failures:
[INFO] [stdout] 
[INFO] [stdout] ---- controller::tests::from_file_test stdout ----
[INFO] [stdout] thread 'controller::tests::from_file_test' panicked at 'called `Result::unwrap()` on an `Err` value: Os { code: 2, kind: NotFound, message: "No such file or directory" }', src/controller/mod.rs:210:50
[INFO] [stdout] stack backtrace:
[INFO] [stdout]    0:     0x564a7119d79a - std::backtrace_rs::backtrace::libunwind::trace::ha9053a9a07ca49cb
[INFO] [stdout]                                at /rustc/84c898d65adf2f39a5a98507f1fe0ce10a2b8dbc/library/std/src/../../backtrace/src/backtrace/libunwind.rs:93:5
[INFO] [stdout]    1:     0x564a7119d79a - std::backtrace_rs::backtrace::trace_unsynchronized::h9c2852a457ad564e
[INFO] [stdout]                                at /rustc/84c898d65adf2f39a5a98507f1fe0ce10a2b8dbc/library/std/src/../../backtrace/src/backtrace/mod.rs:66:5
[INFO] [stdout]    2:     0x564a7119d79a - std::sys_common::backtrace::_print_fmt::h457936fbfaa0070f
[INFO] [stdout]                                at /rustc/84c898d65adf2f39a5a98507f1fe0ce10a2b8dbc/library/std/src/sys_common/backtrace.rs:65:5
[INFO] [stdout]    3:     0x564a7119d79a - <std::sys_common::backtrace::_print::DisplayBacktrace as core::fmt::Display>::fmt::h5779d7bf7f70cb0c
[INFO] [stdout]                                at /rustc/84c898d65adf2f39a5a98507f1fe0ce10a2b8dbc/library/std/src/sys_common/backtrace.rs:44:22
[INFO] [stdout]    4:     0x564a711c3fee - core::fmt::write::h5a4baaff1bcd3eb5
[INFO] [stdout]                                at /rustc/84c898d65adf2f39a5a98507f1fe0ce10a2b8dbc/library/core/src/fmt/mod.rs:1232:17
[INFO] [stdout]    5:     0x564a7119a615 - std::io::Write::write_fmt::h478f79c628ef31d1
[INFO] [stdout]                                at /rustc/84c898d65adf2f39a5a98507f1fe0ce10a2b8dbc/library/std/src/io/mod.rs:1684:15
[INFO] [stdout]    6:     0x564a7119d565 - std::sys_common::backtrace::_print::h5fcdc36060f177e8
[INFO] [stdout]                                at /rustc/84c898d65adf2f39a5a98507f1fe0ce10a2b8dbc/library/std/src/sys_common/backtrace.rs:47:5
[INFO] [stdout]    7:     0x564a7119d565 - std::sys_common::backtrace::print::h54ca9458b876c8bf
[INFO] [stdout]                                at /rustc/84c898d65adf2f39a5a98507f1fe0ce10a2b8dbc/library/std/src/sys_common/backtrace.rs:34:9
[INFO] [stdout]    8:     0x564a7119f32f - std::panicking::default_hook::{{closure}}::hbe471161c7664ed6
[INFO] [stdout]                                at /rustc/84c898d65adf2f39a5a98507f1fe0ce10a2b8dbc/library/std/src/panicking.rs:271:22
[INFO] [stdout]    9:     0x564a7119efef - std::panicking::default_hook::ha3500da57aa4ac4f
[INFO] [stdout]                                at /rustc/84c898d65adf2f39a5a98507f1fe0ce10a2b8dbc/library/std/src/panicking.rs:287:9
[INFO] [stdout]   10:     0x564a70af8b57 - <alloc::boxed::Box<F,A> as core::ops::function::Fn<Args>>::call::hdf1b89dd137ece34
[INFO] [stdout]                                at /rustc/84c898d65adf2f39a5a98507f1fe0ce10a2b8dbc/library/alloc/src/boxed.rs:2001:9
[INFO] [stdout]   11:     0x564a70af8b57 - test::test_main::{{closure}}::h9081a79f20e75698
[INFO] [stdout]                                at /rustc/84c898d65adf2f39a5a98507f1fe0ce10a2b8dbc/library/test/src/lib.rs:135:21
[INFO] [stdout]   12:     0x564a7119fa5d - <alloc::boxed::Box<F,A> as core::ops::function::Fn<Args>>::call::h6507bddc3eebb4a5
[INFO] [stdout]                                at /rustc/84c898d65adf2f39a5a98507f1fe0ce10a2b8dbc/library/alloc/src/boxed.rs:2001:9
[INFO] [stdout]   13:     0x564a7119fa5d - std::panicking::rust_panic_with_hook::h50c09d000dc561d2
[INFO] [stdout]                                at /rustc/84c898d65adf2f39a5a98507f1fe0ce10a2b8dbc/library/std/src/panicking.rs:696:13
[INFO] [stdout]   14:     0x564a7119f7d9 - std::panicking::begin_panic_handler::{{closure}}::h9e2b2176e00e0d9c
[INFO] [stdout]                                at /rustc/84c898d65adf2f39a5a98507f1fe0ce10a2b8dbc/library/std/src/panicking.rs:583:13
[INFO] [stdout]   15:     0x564a7119dc06 - std::sys_common::backtrace::__rust_end_short_backtrace::h5739b8e512c09d02
[INFO] [stdout]                                at /rustc/84c898d65adf2f39a5a98507f1fe0ce10a2b8dbc/library/std/src/sys_common/backtrace.rs:150:18
[INFO] [stdout]   16:     0x564a7119f4e2 - rust_begin_unwind
[INFO] [stdout]                                at /rustc/84c898d65adf2f39a5a98507f1fe0ce10a2b8dbc/library/std/src/panicking.rs:579:5
[INFO] [stdout]   17:     0x564a706523d3 - core::panicking::panic_fmt::hf33a1475b4dc5c3e
[INFO] [stdout]                                at /rustc/84c898d65adf2f39a5a98507f1fe0ce10a2b8dbc/library/core/src/panicking.rs:64:14
[INFO] [stdout]   18:     0x564a70652883 - core::result::unwrap_failed::hdff5465d74574b44
[INFO] [stdout]                                at /rustc/84c898d65adf2f39a5a98507f1fe0ce10a2b8dbc/library/core/src/result.rs:1750:5
[INFO] [stdout]   19:     0x564a7099815c - core::result::Result<T,E>::unwrap::h72d67233bd13281f
[INFO] [stdout]                                at /rustc/84c898d65adf2f39a5a98507f1fe0ce10a2b8dbc/library/core/src/result.rs:1090:23
[INFO] [stdout]   20:     0x564a7084e784 - logisheets_controller::controller::tests::from_file_test::h9dd4801ca8876e97
[INFO] [stdout]                                at /opt/rustwide/workdir/src/controller/mod.rs:210:19
[INFO] [stdout]   21:     0x564a7084e727 - logisheets_controller::controller::tests::from_file_test::{{closure}}::had9dfaeac22a1df5
[INFO] [stdout]                                at /opt/rustwide/workdir/src/controller/mod.rs:208:25
[INFO] [stdout]   22:     0x564a7097c555 - core::ops::function::FnOnce::call_once::h915941af00c5a62a
[INFO] [stdout]                                at /rustc/84c898d65adf2f39a5a98507f1fe0ce10a2b8dbc/library/core/src/ops/function.rs:250:5
[INFO] [stdout]   23:     0x564a70afdf3f - core::ops::function::FnOnce::call_once::h7d969581be7d0075
[INFO] [stdout]                                at /rustc/84c898d65adf2f39a5a98507f1fe0ce10a2b8dbc/library/core/src/ops/function.rs:250:5
[INFO] [stdout]   24:     0x564a70afdf3f - test::__rust_begin_short_backtrace::hca25a52684e56655
[INFO] [stdout]                                at /rustc/84c898d65adf2f39a5a98507f1fe0ce10a2b8dbc/library/test/src/lib.rs:656:18
[INFO] [stdout]   25:     0x564a70acf55c - test::run_test::{{closure}}::ha8ac744c4af1a4bb
[INFO] [stdout]                                at /rustc/84c898d65adf2f39a5a98507f1fe0ce10a2b8dbc/library/test/src/lib.rs:647:30
[INFO] [stdout]   26:     0x564a70acf55c - core::ops::function::FnOnce::call_once{{vtable.shim}}::h7b411a9ed45bdecf
[INFO] [stdout]                                at /rustc/84c898d65adf2f39a5a98507f1fe0ce10a2b8dbc/library/core/src/ops/function.rs:250:5
[INFO] [stdout]   27:     0x564a70afcf06 - <alloc::boxed::Box<F,A> as core::ops::function::FnOnce<Args>>::call_once::hd05328869a8ed200
[INFO] [stdout]                                at /rustc/84c898d65adf2f39a5a98507f1fe0ce10a2b8dbc/library/alloc/src/boxed.rs:1987:9
[INFO] [stdout]   28:     0x564a70afcf06 - <core::panic::unwind_safe::AssertUnwindSafe<F> as core::ops::function::FnOnce<()>>::call_once::h0c601ce20bd5b2be
[INFO] [stdout]                                at /rustc/84c898d65adf2f39a5a98507f1fe0ce10a2b8dbc/library/core/src/panic/unwind_safe.rs:271:9
[INFO] [stdout]   29:     0x564a70afcf06 - std::panicking::try::do_call::ha4be5c164fe30854
[INFO] [stdout]                                at /rustc/84c898d65adf2f39a5a98507f1fe0ce10a2b8dbc/library/std/src/panicking.rs:487:40
[INFO] [stdout]   30:     0x564a70afcf06 - std::panicking::try::h604546f3609af05f
[INFO] [stdout]                                at /rustc/84c898d65adf2f39a5a98507f1fe0ce10a2b8dbc/library/std/src/panicking.rs:451:19
[INFO] [stdout]   31:     0x564a70afcf06 - std::panic::catch_unwind::h5bfa8afe44c9c2f9
[INFO] [stdout]                                at /rustc/84c898d65adf2f39a5a98507f1fe0ce10a2b8dbc/library/std/src/panic.rs:140:14
[INFO] [stdout]   32:     0x564a70afcf06 - test::run_test_in_process::hd50dee55dd63e6aa
[INFO] [stdout]                                at /rustc/84c898d65adf2f39a5a98507f1fe0ce10a2b8dbc/library/test/src/lib.rs:679:27
[INFO] [stdout]   33:     0x564a70afcf06 - test::run_test::run_test_inner::{{closure}}::h4aa0f433aa85cea8
[INFO] [stdout]                                at /rustc/84c898d65adf2f39a5a98507f1fe0ce10a2b8dbc/library/test/src/lib.rs:573:39
[INFO] [stdout]   34:     0x564a70ac9bd1 - test::run_test::run_test_inner::{{closure}}::had56431adf24b4d6
[INFO] [stdout]                                at /rustc/84c898d65adf2f39a5a98507f1fe0ce10a2b8dbc/library/test/src/lib.rs:600:37
[INFO] [stdout]   35:     0x564a70ac9bd1 - std::sys_common::backtrace::__rust_begin_short_backtrace::ha8d9890e0c73bf13
[INFO] [stdout]                                at /rustc/84c898d65adf2f39a5a98507f1fe0ce10a2b8dbc/library/std/src/sys_common/backtrace.rs:134:18
[INFO] [stdout]   36:     0x564a70acf5eb - std::thread::Builder::spawn_unchecked_::{{closure}}::{{closure}}::h251832bcb4a95327
[INFO] [stdout]                                at /rustc/84c898d65adf2f39a5a98507f1fe0ce10a2b8dbc/library/std/src/thread/mod.rs:560:17
[INFO] [stdout]   37:     0x564a70acf5eb - <core::panic::unwind_safe::AssertUnwindSafe<F> as core::ops::function::FnOnce<()>>::call_once::h8fdff598fa414831
[INFO] [stdout]                                at /rustc/84c898d65adf2f39a5a98507f1fe0ce10a2b8dbc/library/core/src/panic/unwind_safe.rs:271:9
[INFO] [stdout]   38:     0x564a70acf5eb - std::panicking::try::do_call::h455dd2f7764a950f
[INFO] [stdout]                                at /rustc/84c898d65adf2f39a5a98507f1fe0ce10a2b8dbc/library/std/src/panicking.rs:487:40
[INFO] [stdout]   39:     0x564a70acf5eb - std::panicking::try::had6f23b7b73ae72a
[INFO] [stdout]                                at /rustc/84c898d65adf2f39a5a98507f1fe0ce10a2b8dbc/library/std/src/panicking.rs:451:19
[INFO] [stdout]   40:     0x564a70acf5eb - std::panic::catch_unwind::ha6a5ca3915b4dad0
[INFO] [stdout]                                at /rustc/84c898d65adf2f39a5a98507f1fe0ce10a2b8dbc/library/std/src/panic.rs:140:14
[INFO] [stdout]   41:     0x564a70acf5eb - std::thread::Builder::spawn_unchecked_::{{closure}}::h883b72ef75da6231
[INFO] [stdout]                                at /rustc/84c898d65adf2f39a5a98507f1fe0ce10a2b8dbc/library/std/src/thread/mod.rs:559:30
[INFO] [stdout]   42:     0x564a70acf5eb - core::ops::function::FnOnce::call_once{{vtable.shim}}::hb7dff73dc8bd2ccb
[INFO] [stdout]                                at /rustc/84c898d65adf2f39a5a98507f1fe0ce10a2b8dbc/library/core/src/ops/function.rs:250:5
[INFO] [stdout]   43:     0x564a711a4053 - <alloc::boxed::Box<F,A> as core::ops::function::FnOnce<Args>>::call_once::h39990b24eedef2ab
[INFO] [stdout]                                at /rustc/84c898d65adf2f39a5a98507f1fe0ce10a2b8dbc/library/alloc/src/boxed.rs:1987:9
[INFO] [stdout]   44:     0x564a711a4053 - <alloc::boxed::Box<F,A> as core::ops::function::FnOnce<Args>>::call_once::h01a027258444143b
[INFO] [stdout]                                at /rustc/84c898d65adf2f39a5a98507f1fe0ce10a2b8dbc/library/alloc/src/boxed.rs:1987:9
[INFO] [stdout]   45:     0x564a711a4053 - std::sys::unix::thread::Thread::new::thread_start::ha4f1cdd9c25884ba
[INFO] [stdout]                                at /rustc/84c898d65adf2f39a5a98507f1fe0ce10a2b8dbc/library/std/src/sys/unix/thread.rs:108:17
[INFO] [stdout]   46:     0x7f7d1c919b43 - <unknown>
[INFO] [stdout]   47:     0x7f7d1c9aabb4 - __clone
[INFO] [stdout]   48:                0x0 - <unknown>
[INFO] [stdout] 
[INFO] [stdout] 
[INFO] [stdout] failures:
[INFO] [stdout]     controller::tests::from_file_test
[INFO] [stdout] 
[INFO] [stdout] test result: FAILED. 117 passed; 1 failed; 0 ignored; 0 measured; 0 filtered out; finished in 0.04s
[INFO] [stdout] 
[INFO] [stderr] error: test failed, to rerun pass `--lib`
[INFO] running `Command { std: "docker" "inspect" "a64088e04af62d32442b3d7a7819168a0e050d90da7ef246c330038bd59b221e", kill_on_drop: false }`
[INFO] running `Command { std: "docker" "rm" "-f" "a64088e04af62d32442b3d7a7819168a0e050d90da7ef246c330038bd59b221e", kill_on_drop: false }`
[INFO] [stdout] a64088e04af62d32442b3d7a7819168a0e050d90da7ef246c330038bd59b221e
