[INFO] fetching crate logind-dbus 0.1.1...
[INFO] testing logind-dbus-0.1.1 against 1.69.0 for beta-1.70-1
[INFO] extracting crate logind-dbus 0.1.1 into /workspace/builds/worker-0-tc1/source
[INFO] validating manifest of crates.io crate logind-dbus 0.1.1 on toolchain 1.69.0
[INFO] running `Command { std: CARGO_HOME="/workspace/cargo-home" RUSTUP_HOME="/workspace/rustup-home" "/workspace/cargo-home/bin/cargo" "+1.69.0" "metadata" "--manifest-path" "Cargo.toml" "--no-deps", kill_on_drop: false }`
[INFO] started tweaking crates.io crate logind-dbus 0.1.1
[INFO] finished tweaking crates.io crate logind-dbus 0.1.1
[INFO] tweaked toml for crates.io crate logind-dbus 0.1.1 written to /workspace/builds/worker-0-tc1/source/Cargo.toml
[INFO] running `Command { std: CARGO_HOME="/workspace/cargo-home" RUSTUP_HOME="/workspace/rustup-home" __CARGO_TEST_CHANNEL_OVERRIDE_DO_NOT_USE_THIS="nightly" "/workspace/cargo-home/bin/cargo" "+1.69.0" "generate-lockfile" "--manifest-path" "Cargo.toml" "-Zno-index-update", kill_on_drop: false }`
[INFO] running `Command { std: CARGO_HOME="/workspace/cargo-home" RUSTUP_HOME="/workspace/rustup-home" "/workspace/cargo-home/bin/cargo" "+1.69.0" "fetch" "--manifest-path" "Cargo.toml", kill_on_drop: false }`
[INFO] [stderr]  Downloading crates ...
[INFO] [stderr]   Downloaded dbus v0.6.5
[INFO] [stderr]   Downloaded libdbus-sys v0.2.5
[INFO] [stderr]   Downloaded cascade v0.1.4
[INFO] running `Command { std: "docker" "create" "-v" "/var/lib/crater-agent-workspace/builds/worker-0-tc1/target:/opt/rustwide/target:rw,Z" "-v" "/var/lib/crater-agent-workspace/builds/worker-0-tc1/source:/opt/rustwide/workdir:ro,Z" "-v" "/var/lib/crater-agent-workspace/cargo-home:/opt/rustwide/cargo-home:ro,Z" "-v" "/var/lib/crater-agent-workspace/rustup-home:/opt/rustwide/rustup-home:ro,Z" "-e" "SOURCE_DIR=/opt/rustwide/workdir" "-e" "CARGO_TARGET_DIR=/opt/rustwide/target" "-e" "CARGO_HOME=/opt/rustwide/cargo-home" "-e" "RUSTUP_HOME=/opt/rustwide/rustup-home" "-w" "/opt/rustwide/workdir" "-m" "1610612736" "--user" "0:0" "--network" "none" "ghcr.io/rust-lang/crates-build-env/linux@sha256:5ff2268d62e97bff2cde7d5815dd6ed5b47097566f13b8d0ca110b04b60e07ed" "/opt/rustwide/cargo-home/bin/cargo" "+1.69.0" "metadata" "--no-deps" "--format-version=1", kill_on_drop: false }`
[INFO] [stdout] e74bd92e60d239530074aa0c74966ccbdfe62d495007060d8a946f172267a108
[INFO] running `Command { std: "docker" "start" "-a" "e74bd92e60d239530074aa0c74966ccbdfe62d495007060d8a946f172267a108", kill_on_drop: false }`
[INFO] running `Command { std: "docker" "inspect" "e74bd92e60d239530074aa0c74966ccbdfe62d495007060d8a946f172267a108", kill_on_drop: false }`
[INFO] running `Command { std: "docker" "rm" "-f" "e74bd92e60d239530074aa0c74966ccbdfe62d495007060d8a946f172267a108", kill_on_drop: false }`
[INFO] [stdout] e74bd92e60d239530074aa0c74966ccbdfe62d495007060d8a946f172267a108
[INFO] running `Command { std: "docker" "create" "-v" "/var/lib/crater-agent-workspace/builds/worker-0-tc1/target:/opt/rustwide/target:rw,Z" "-v" "/var/lib/crater-agent-workspace/builds/worker-0-tc1/source:/opt/rustwide/workdir:ro,Z" "-v" "/var/lib/crater-agent-workspace/cargo-home:/opt/rustwide/cargo-home:ro,Z" "-v" "/var/lib/crater-agent-workspace/rustup-home:/opt/rustwide/rustup-home:ro,Z" "-e" "SOURCE_DIR=/opt/rustwide/workdir" "-e" "CARGO_TARGET_DIR=/opt/rustwide/target" "-e" "CARGO_INCREMENTAL=0" "-e" "RUST_BACKTRACE=full" "-e" "RUSTFLAGS=--cap-lints=warn" "-e" "RUSTDOCFLAGS=--cap-lints=warn" "-e" "CARGO_HOME=/opt/rustwide/cargo-home" "-e" "RUSTUP_HOME=/opt/rustwide/rustup-home" "-w" "/opt/rustwide/workdir" "-m" "1610612736" "--user" "0:0" "--network" "none" "ghcr.io/rust-lang/crates-build-env/linux@sha256:5ff2268d62e97bff2cde7d5815dd6ed5b47097566f13b8d0ca110b04b60e07ed" "/opt/rustwide/cargo-home/bin/cargo" "+1.69.0" "build" "--frozen" "--message-format=json", kill_on_drop: false }`
[INFO] [stdout] ffcbf713eac9508ce6db789f50feb5a51a121f08d5a62edb76d3e78dfe9d8e7c
[INFO] running `Command { std: "docker" "start" "-a" "ffcbf713eac9508ce6db789f50feb5a51a121f08d5a62edb76d3e78dfe9d8e7c", kill_on_drop: false }`
[INFO] [stderr]    Compiling libdbus-sys v0.2.5
[INFO] [stderr]    Compiling cascade v0.1.4
[INFO] [stderr]    Compiling dbus v0.6.5
[INFO] [stderr]    Compiling logind-dbus v0.1.1 (/opt/rustwide/workdir)
[INFO] [stderr]     Finished dev [unoptimized + debuginfo] target(s) in 3.46s
[INFO] running `Command { std: "docker" "inspect" "ffcbf713eac9508ce6db789f50feb5a51a121f08d5a62edb76d3e78dfe9d8e7c", kill_on_drop: false }`
[INFO] running `Command { std: "docker" "rm" "-f" "ffcbf713eac9508ce6db789f50feb5a51a121f08d5a62edb76d3e78dfe9d8e7c", kill_on_drop: false }`
[INFO] [stdout] ffcbf713eac9508ce6db789f50feb5a51a121f08d5a62edb76d3e78dfe9d8e7c
[INFO] running `Command { std: "docker" "create" "-v" "/var/lib/crater-agent-workspace/builds/worker-0-tc1/target:/opt/rustwide/target:rw,Z" "-v" "/var/lib/crater-agent-workspace/builds/worker-0-tc1/source:/opt/rustwide/workdir:ro,Z" "-v" "/var/lib/crater-agent-workspace/cargo-home:/opt/rustwide/cargo-home:ro,Z" "-v" "/var/lib/crater-agent-workspace/rustup-home:/opt/rustwide/rustup-home:ro,Z" "-e" "SOURCE_DIR=/opt/rustwide/workdir" "-e" "CARGO_TARGET_DIR=/opt/rustwide/target" "-e" "CARGO_INCREMENTAL=0" "-e" "RUST_BACKTRACE=full" "-e" "RUSTFLAGS=--cap-lints=warn" "-e" "RUSTDOCFLAGS=--cap-lints=warn" "-e" "CARGO_HOME=/opt/rustwide/cargo-home" "-e" "RUSTUP_HOME=/opt/rustwide/rustup-home" "-w" "/opt/rustwide/workdir" "-m" "1610612736" "--user" "0:0" "--network" "none" "ghcr.io/rust-lang/crates-build-env/linux@sha256:5ff2268d62e97bff2cde7d5815dd6ed5b47097566f13b8d0ca110b04b60e07ed" "/opt/rustwide/cargo-home/bin/cargo" "+1.69.0" "test" "--frozen" "--no-run" "--message-format=json", kill_on_drop: false }`
[INFO] [stdout] 298dc08052d198562f063f5f824ba2a6a8d91b3117a6d9f6bd7d2241e7c15825
[INFO] running `Command { std: "docker" "start" "-a" "298dc08052d198562f063f5f824ba2a6a8d91b3117a6d9f6bd7d2241e7c15825", kill_on_drop: false }`
[INFO] [stderr]    Compiling logind-dbus v0.1.1 (/opt/rustwide/workdir)
[INFO] [stderr]     Finished test [unoptimized + debuginfo] target(s) in 0.36s
[INFO] running `Command { std: "docker" "inspect" "298dc08052d198562f063f5f824ba2a6a8d91b3117a6d9f6bd7d2241e7c15825", kill_on_drop: false }`
[INFO] running `Command { std: "docker" "rm" "-f" "298dc08052d198562f063f5f824ba2a6a8d91b3117a6d9f6bd7d2241e7c15825", kill_on_drop: false }`
[INFO] [stdout] 298dc08052d198562f063f5f824ba2a6a8d91b3117a6d9f6bd7d2241e7c15825
[INFO] running `Command { std: "docker" "create" "-v" "/var/lib/crater-agent-workspace/builds/worker-0-tc1/target:/opt/rustwide/target:rw,Z" "-v" "/var/lib/crater-agent-workspace/builds/worker-0-tc1/source:/opt/rustwide/workdir:ro,Z" "-v" "/var/lib/crater-agent-workspace/cargo-home:/opt/rustwide/cargo-home:ro,Z" "-v" "/var/lib/crater-agent-workspace/rustup-home:/opt/rustwide/rustup-home:ro,Z" "-e" "SOURCE_DIR=/opt/rustwide/workdir" "-e" "CARGO_TARGET_DIR=/opt/rustwide/target" "-e" "CARGO_INCREMENTAL=0" "-e" "RUST_BACKTRACE=full" "-e" "RUSTFLAGS=--cap-lints=warn" "-e" "RUSTDOCFLAGS=--cap-lints=warn" "-e" "CARGO_HOME=/opt/rustwide/cargo-home" "-e" "RUSTUP_HOME=/opt/rustwide/rustup-home" "-w" "/opt/rustwide/workdir" "-m" "1610612736" "--user" "0:0" "--network" "none" "ghcr.io/rust-lang/crates-build-env/linux@sha256:5ff2268d62e97bff2cde7d5815dd6ed5b47097566f13b8d0ca110b04b60e07ed" "/opt/rustwide/cargo-home/bin/cargo" "+1.69.0" "test" "--frozen", kill_on_drop: false }`
[INFO] [stdout] 9e4a34f2656c8ffd15025a70895e6ed9c082a0bb819aa7c9ff50982b9315316e
[INFO] running `Command { std: "docker" "start" "-a" "9e4a34f2656c8ffd15025a70895e6ed9c082a0bb819aa7c9ff50982b9315316e", kill_on_drop: false }`
[INFO] [stdout] 
[INFO] [stderr]     Finished test [unoptimized + debuginfo] target(s) in 0.01s
[INFO] [stdout] running 0 tests
[INFO] [stderr]      Running unittests src/lib.rs (/opt/rustwide/target/debug/deps/logind_dbus-dfac18402908ed9c)
[INFO] [stdout] 
[INFO] [stderr]    Doc-tests logind-dbus
[INFO] [stdout] test result: ok. 0 passed; 0 failed; 0 ignored; 0 measured; 0 filtered out; finished in 0.00s
[INFO] [stdout] 
[INFO] [stdout] 
[INFO] [stdout] running 1 test
[INFO] [stdout] test src/lib.rs - (line 3) - compile ... FAILED
[INFO] [stdout] 
[INFO] [stdout] failures:
[INFO] [stdout] 
[INFO] [stdout] ---- src/lib.rs - (line 3) stdout ----
[INFO] [stdout] error[E0585]: found a documentation comment that doesn't document anything
[INFO] [stdout]  --> src/lib.rs:10:5
[INFO] [stdout]   |
[INFO] [stdout] 8 |     /// Do sensitive thing with the guarantee that suspend will not work.
[INFO] [stdout]   |     ^^^^^^^^^^^^^^^^^^^^^^^^^^^^^^^^^^^^^^^^^^^^^^^^^^^^^^^^^^^^^^^^^^^^^
[INFO] [stdout]   |
[INFO] [stdout]   = help: doc comments must come before what they document, if a comment was intended use `//`
[INFO] [stdout] 
[INFO] [stdout] error[E0433]: failed to resolve: use of undeclared crate or module `io`
[INFO] [stdout]  --> src/lib.rs:7:18
[INFO] [stdout]   |
[INFO] [stdout] 5 | pub fn main() -> io::Result<()> {
[INFO] [stdout]   |                  ^^ use of undeclared crate or module `io`
[INFO] [stdout] 
[INFO] [stdout] error[E0061]: this method takes 2 arguments but 0 arguments were supplied
[INFO] [stdout]   --> src/lib.rs:9:48
[INFO] [stdout]    |
[INFO] [stdout] 7  |     let suspend_lock = login_manager.connect().inhibit_suspend()?;
[INFO] [stdout]    |                                                ^^^^^^^^^^^^^^^-- two arguments of type `&str` and `&str` are missing
[INFO] [stdout]    |
[INFO] [stdout] note: method defined here
[INFO] [stdout]   --> /opt/rustwide/workdir/src/lib.rs:84:12
[INFO] [stdout]    |
[INFO] [stdout] 84 |     pub fn inhibit_suspend(&self, who: &str, why: &str) -> Result<dbus::OwnedFd, dbus::Error> {
[INFO] [stdout]    |            ^^^^^^^^^^^^^^^
[INFO] [stdout] help: provide the arguments
[INFO] [stdout]    |
[INFO] [stdout] 7  |     let suspend_lock = login_manager.connect().inhibit_suspend(/* &str */, /* &str */)?;
[INFO] [stdout]    |                                                               ~~~~~~~~~~~~~~~~~~~~~~~~
[INFO] [stdout] 
[INFO] [stdout] error: aborting due to 3 previous errors
[INFO] [stdout] 
[INFO] [stdout] Some errors have detailed explanations: E0061, E0433, E0585.
[INFO] [stdout] For more information about an error, try `rustc --explain E0061`.
[INFO] [stdout] Couldn't compile the test.
[INFO] [stdout] 
[INFO] [stdout] failures:
[INFO] [stdout]     src/lib.rs - (line 3)
[INFO] [stdout] 
[INFO] [stdout] test result: FAILED. 0 passed; 1 failed; 0 ignored; 0 measured; 0 filtered out; finished in 0.07s
[INFO] [stdout] 
[INFO] [stderr] error: doctest failed, to rerun pass `--doc`
[INFO] running `Command { std: "docker" "inspect" "9e4a34f2656c8ffd15025a70895e6ed9c082a0bb819aa7c9ff50982b9315316e", kill_on_drop: false }`
[INFO] running `Command { std: "docker" "rm" "-f" "9e4a34f2656c8ffd15025a70895e6ed9c082a0bb819aa7c9ff50982b9315316e", kill_on_drop: false }`
[INFO] [stdout] 9e4a34f2656c8ffd15025a70895e6ed9c082a0bb819aa7c9ff50982b9315316e
