[INFO] fetching crate loa 0.1.8...
[INFO] testing loa-0.1.8 against 1.69.0 for beta-1.70-1
[INFO] extracting crate loa 0.1.8 into /workspace/builds/worker-1-tc1/source
[INFO] validating manifest of crates.io crate loa 0.1.8 on toolchain 1.69.0
[INFO] running `Command { std: CARGO_HOME="/workspace/cargo-home" RUSTUP_HOME="/workspace/rustup-home" "/workspace/cargo-home/bin/cargo" "+1.69.0" "metadata" "--manifest-path" "Cargo.toml" "--no-deps", kill_on_drop: false }`
[INFO] started tweaking crates.io crate loa 0.1.8
[INFO] finished tweaking crates.io crate loa 0.1.8
[INFO] tweaked toml for crates.io crate loa 0.1.8 written to /workspace/builds/worker-1-tc1/source/Cargo.toml
[INFO] running `Command { std: CARGO_HOME="/workspace/cargo-home" RUSTUP_HOME="/workspace/rustup-home" __CARGO_TEST_CHANNEL_OVERRIDE_DO_NOT_USE_THIS="nightly" "/workspace/cargo-home/bin/cargo" "+1.69.0" "generate-lockfile" "--manifest-path" "Cargo.toml" "-Zno-index-update", kill_on_drop: false }`
[INFO] running `Command { std: CARGO_HOME="/workspace/cargo-home" RUSTUP_HOME="/workspace/rustup-home" "/workspace/cargo-home/bin/cargo" "+1.69.0" "fetch" "--manifest-path" "Cargo.toml", kill_on_drop: false }`
[INFO] [stderr]  Downloading crates ...
[INFO] [stderr]   Downloaded libc-print v0.1.21
[INFO] [stderr]   Downloaded fancy-regex v0.10.0
[INFO] running `Command { std: "docker" "create" "-v" "/var/lib/crater-agent-workspace/builds/worker-1-tc1/target:/opt/rustwide/target:rw,Z" "-v" "/var/lib/crater-agent-workspace/builds/worker-1-tc1/source:/opt/rustwide/workdir:ro,Z" "-v" "/var/lib/crater-agent-workspace/cargo-home:/opt/rustwide/cargo-home:ro,Z" "-v" "/var/lib/crater-agent-workspace/rustup-home:/opt/rustwide/rustup-home:ro,Z" "-e" "SOURCE_DIR=/opt/rustwide/workdir" "-e" "CARGO_TARGET_DIR=/opt/rustwide/target" "-e" "CARGO_HOME=/opt/rustwide/cargo-home" "-e" "RUSTUP_HOME=/opt/rustwide/rustup-home" "-w" "/opt/rustwide/workdir" "-m" "1610612736" "--user" "0:0" "--network" "none" "ghcr.io/rust-lang/crates-build-env/linux@sha256:5ff2268d62e97bff2cde7d5815dd6ed5b47097566f13b8d0ca110b04b60e07ed" "/opt/rustwide/cargo-home/bin/cargo" "+1.69.0" "metadata" "--no-deps" "--format-version=1", kill_on_drop: false }`
[INFO] [stdout] b865c0ec1555a281bc3f368bd12689db6c6b7f388ca85e6a1f530aedcce450d3
[INFO] running `Command { std: "docker" "start" "-a" "b865c0ec1555a281bc3f368bd12689db6c6b7f388ca85e6a1f530aedcce450d3", kill_on_drop: false }`
[INFO] running `Command { std: "docker" "inspect" "b865c0ec1555a281bc3f368bd12689db6c6b7f388ca85e6a1f530aedcce450d3", kill_on_drop: false }`
[INFO] running `Command { std: "docker" "rm" "-f" "b865c0ec1555a281bc3f368bd12689db6c6b7f388ca85e6a1f530aedcce450d3", kill_on_drop: false }`
[INFO] [stdout] b865c0ec1555a281bc3f368bd12689db6c6b7f388ca85e6a1f530aedcce450d3
[INFO] running `Command { std: "docker" "create" "-v" "/var/lib/crater-agent-workspace/builds/worker-1-tc1/target:/opt/rustwide/target:rw,Z" "-v" "/var/lib/crater-agent-workspace/builds/worker-1-tc1/source:/opt/rustwide/workdir:ro,Z" "-v" "/var/lib/crater-agent-workspace/cargo-home:/opt/rustwide/cargo-home:ro,Z" "-v" "/var/lib/crater-agent-workspace/rustup-home:/opt/rustwide/rustup-home:ro,Z" "-e" "SOURCE_DIR=/opt/rustwide/workdir" "-e" "CARGO_TARGET_DIR=/opt/rustwide/target" "-e" "CARGO_INCREMENTAL=0" "-e" "RUST_BACKTRACE=full" "-e" "RUSTFLAGS=--cap-lints=warn" "-e" "RUSTDOCFLAGS=--cap-lints=warn" "-e" "CARGO_HOME=/opt/rustwide/cargo-home" "-e" "RUSTUP_HOME=/opt/rustwide/rustup-home" "-w" "/opt/rustwide/workdir" "-m" "1610612736" "--user" "0:0" "--network" "none" "ghcr.io/rust-lang/crates-build-env/linux@sha256:5ff2268d62e97bff2cde7d5815dd6ed5b47097566f13b8d0ca110b04b60e07ed" "/opt/rustwide/cargo-home/bin/cargo" "+1.69.0" "build" "--frozen" "--message-format=json", kill_on_drop: false }`
[INFO] [stdout] 030dbdf3441191a2f8f64706f9d257acb4beade7b410c26b17e442f464ca5292
[INFO] running `Command { std: "docker" "start" "-a" "030dbdf3441191a2f8f64706f9d257acb4beade7b410c26b17e442f464ca5292", kill_on_drop: false }`
[INFO] [stderr]    Compiling libc v0.2.142
[INFO] [stderr]    Compiling bit-vec v0.6.3
[INFO] [stderr]    Compiling regex-syntax v0.7.1
[INFO] [stderr]    Compiling bit-set v0.5.3
[INFO] [stderr]    Compiling libc-print v0.1.21
[INFO] [stderr]    Compiling regex v1.8.1
[INFO] [stderr]    Compiling fancy-regex v0.10.0
[INFO] [stderr]    Compiling loa v0.1.8 (/opt/rustwide/workdir)
[INFO] [stderr]     Finished dev [unoptimized + debuginfo] target(s) in 3.67s
[INFO] running `Command { std: "docker" "inspect" "030dbdf3441191a2f8f64706f9d257acb4beade7b410c26b17e442f464ca5292", kill_on_drop: false }`
[INFO] running `Command { std: "docker" "rm" "-f" "030dbdf3441191a2f8f64706f9d257acb4beade7b410c26b17e442f464ca5292", kill_on_drop: false }`
[INFO] [stdout] 030dbdf3441191a2f8f64706f9d257acb4beade7b410c26b17e442f464ca5292
[INFO] running `Command { std: "docker" "create" "-v" "/var/lib/crater-agent-workspace/builds/worker-1-tc1/target:/opt/rustwide/target:rw,Z" "-v" "/var/lib/crater-agent-workspace/builds/worker-1-tc1/source:/opt/rustwide/workdir:ro,Z" "-v" "/var/lib/crater-agent-workspace/cargo-home:/opt/rustwide/cargo-home:ro,Z" "-v" "/var/lib/crater-agent-workspace/rustup-home:/opt/rustwide/rustup-home:ro,Z" "-e" "SOURCE_DIR=/opt/rustwide/workdir" "-e" "CARGO_TARGET_DIR=/opt/rustwide/target" "-e" "CARGO_INCREMENTAL=0" "-e" "RUST_BACKTRACE=full" "-e" "RUSTFLAGS=--cap-lints=warn" "-e" "RUSTDOCFLAGS=--cap-lints=warn" "-e" "CARGO_HOME=/opt/rustwide/cargo-home" "-e" "RUSTUP_HOME=/opt/rustwide/rustup-home" "-w" "/opt/rustwide/workdir" "-m" "1610612736" "--user" "0:0" "--network" "none" "ghcr.io/rust-lang/crates-build-env/linux@sha256:5ff2268d62e97bff2cde7d5815dd6ed5b47097566f13b8d0ca110b04b60e07ed" "/opt/rustwide/cargo-home/bin/cargo" "+1.69.0" "test" "--frozen" "--no-run" "--message-format=json", kill_on_drop: false }`
[INFO] [stdout] f195b80b53f1e70b4d27eb9026e6e8b81ad626393d36e29f6d6862119871f0cf
[INFO] running `Command { std: "docker" "start" "-a" "f195b80b53f1e70b4d27eb9026e6e8b81ad626393d36e29f6d6862119871f0cf", kill_on_drop: false }`
[INFO] [stderr]    Compiling loa v0.1.8 (/opt/rustwide/workdir)
[INFO] [stderr]     Finished test [unoptimized + debuginfo] target(s) in 0.27s
[INFO] running `Command { std: "docker" "inspect" "f195b80b53f1e70b4d27eb9026e6e8b81ad626393d36e29f6d6862119871f0cf", kill_on_drop: false }`
[INFO] running `Command { std: "docker" "rm" "-f" "f195b80b53f1e70b4d27eb9026e6e8b81ad626393d36e29f6d6862119871f0cf", kill_on_drop: false }`
[INFO] [stdout] f195b80b53f1e70b4d27eb9026e6e8b81ad626393d36e29f6d6862119871f0cf
[INFO] running `Command { std: "docker" "create" "-v" "/var/lib/crater-agent-workspace/builds/worker-1-tc1/target:/opt/rustwide/target:rw,Z" "-v" "/var/lib/crater-agent-workspace/builds/worker-1-tc1/source:/opt/rustwide/workdir:ro,Z" "-v" "/var/lib/crater-agent-workspace/cargo-home:/opt/rustwide/cargo-home:ro,Z" "-v" "/var/lib/crater-agent-workspace/rustup-home:/opt/rustwide/rustup-home:ro,Z" "-e" "SOURCE_DIR=/opt/rustwide/workdir" "-e" "CARGO_TARGET_DIR=/opt/rustwide/target" "-e" "CARGO_INCREMENTAL=0" "-e" "RUST_BACKTRACE=full" "-e" "RUSTFLAGS=--cap-lints=warn" "-e" "RUSTDOCFLAGS=--cap-lints=warn" "-e" "CARGO_HOME=/opt/rustwide/cargo-home" "-e" "RUSTUP_HOME=/opt/rustwide/rustup-home" "-w" "/opt/rustwide/workdir" "-m" "1610612736" "--user" "0:0" "--network" "none" "ghcr.io/rust-lang/crates-build-env/linux@sha256:5ff2268d62e97bff2cde7d5815dd6ed5b47097566f13b8d0ca110b04b60e07ed" "/opt/rustwide/cargo-home/bin/cargo" "+1.69.0" "test" "--frozen", kill_on_drop: false }`
[INFO] [stdout] 27b0e987656531560ae811df58af60d8ae3046cb718496aa68b45d0a528dd6f5
[INFO] running `Command { std: "docker" "start" "-a" "27b0e987656531560ae811df58af60d8ae3046cb718496aa68b45d0a528dd6f5", kill_on_drop: false }`
[INFO] [stderr]     Finished test [unoptimized + debuginfo] target(s) in 0.01s
[INFO] [stderr]      Running unittests src/lib.rs (/opt/rustwide/target/debug/deps/loa-2822cb88b62e5789)
[INFO] [stdout] 
[INFO] [stdout] running 0 tests
[INFO] [stdout] 
[INFO] [stdout] test result: ok. 0 passed; 0 failed; 0 ignored; 0 measured; 0 filtered out; finished in 0.00s
[INFO] [stdout] 
[INFO] [stderr]    Doc-tests loa
[INFO] [stdout] 
[INFO] [stdout] running 7 tests
[INFO] [stdout] test src/lib.rs - parse::get_elements_by_class_name (line 182) ... ignored
[INFO] [stdout] test src/lib.rs - parse::get_first_element_by_class_name (line 354) ... ignored
[INFO] [stdout] test src/lib.rs - traits::String::inner_text (line 22) ... FAILED
[INFO] [stdout] test src/lib.rs - parse::get_elements_by_tag_name (line 120) ... ok
[INFO] [stdout] test src/lib.rs - parse::get_first_element_by_tag_name (line 157) ... ok
[INFO] [stdout] test src/lib.rs - traits::String::get_attribute (line 51) ... ok
[INFO] [stdout] test src/lib.rs - parse::get_all_a_hrefs (line 378) ... ok
[INFO] [stdout] 
[INFO] [stdout] failures:
[INFO] [stdout] 
[INFO] [stdout] ---- src/lib.rs - traits::String::inner_text (line 22) stdout ----
[INFO] [stdout] error[E0425]: cannot find function `get_first_element_by_tag_name` in this scope
[INFO] [stdout]  --> src/lib.rs:27:15
[INFO] [stdout]   |
[INFO] [stdout] 7 |    let body = get_first_element_by_tag_name(html, "head").unwrap();
[INFO] [stdout]   |               ^^^^^^^^^^^^^^^^^^^^^^^^^^^^^ not found in this scope
[INFO] [stdout]   |
[INFO] [stdout] help: consider importing this function
[INFO] [stdout]   |
[INFO] [stdout] 2 | use loa::get_first_element_by_tag_name;
[INFO] [stdout]   |
[INFO] [stdout] 
[INFO] [stdout] error: aborting due to previous error
[INFO] [stdout] 
[INFO] [stdout] For more information about this error, try `rustc --explain E0425`.
[INFO] [stdout] Couldn't compile the test.
[INFO] [stdout] 
[INFO] [stdout] failures:
[INFO] [stdout]     src/lib.rs - traits::String::inner_text (line 22)
[INFO] [stdout] 
[INFO] [stdout] test result: FAILED. 4 passed; 1 failed; 2 ignored; 0 measured; 0 filtered out; finished in 0.80s
[INFO] [stdout] 
[INFO] [stderr] error: doctest failed, to rerun pass `--doc`
[INFO] running `Command { std: "docker" "inspect" "27b0e987656531560ae811df58af60d8ae3046cb718496aa68b45d0a528dd6f5", kill_on_drop: false }`
[INFO] running `Command { std: "docker" "rm" "-f" "27b0e987656531560ae811df58af60d8ae3046cb718496aa68b45d0a528dd6f5", kill_on_drop: false }`
[INFO] [stdout] 27b0e987656531560ae811df58af60d8ae3046cb718496aa68b45d0a528dd6f5
