[INFO] fetching crate liquid-json 0.2.0...
[INFO] testing liquid-json-0.2.0 against 1.69.0 for beta-1.70-1
[INFO] extracting crate liquid-json 0.2.0 into /workspace/builds/worker-6-tc1/source
[INFO] validating manifest of crates.io crate liquid-json 0.2.0 on toolchain 1.69.0
[INFO] running `Command { std: CARGO_HOME="/workspace/cargo-home" RUSTUP_HOME="/workspace/rustup-home" "/workspace/cargo-home/bin/cargo" "+1.69.0" "metadata" "--manifest-path" "Cargo.toml" "--no-deps", kill_on_drop: false }`
[INFO] started tweaking crates.io crate liquid-json 0.2.0
[INFO] finished tweaking crates.io crate liquid-json 0.2.0
[INFO] tweaked toml for crates.io crate liquid-json 0.2.0 written to /workspace/builds/worker-6-tc1/source/Cargo.toml
[INFO] running `Command { std: CARGO_HOME="/workspace/cargo-home" RUSTUP_HOME="/workspace/rustup-home" __CARGO_TEST_CHANNEL_OVERRIDE_DO_NOT_USE_THIS="nightly" "/workspace/cargo-home/bin/cargo" "+1.69.0" "generate-lockfile" "--manifest-path" "Cargo.toml" "-Zno-index-update", kill_on_drop: false }`
[INFO] running `Command { std: CARGO_HOME="/workspace/cargo-home" RUSTUP_HOME="/workspace/rustup-home" "/workspace/cargo-home/bin/cargo" "+1.69.0" "fetch" "--manifest-path" "Cargo.toml", kill_on_drop: false }`
[INFO] running `Command { std: "docker" "create" "-v" "/var/lib/crater-agent-workspace/builds/worker-6-tc1/target:/opt/rustwide/target:rw,Z" "-v" "/var/lib/crater-agent-workspace/builds/worker-6-tc1/source:/opt/rustwide/workdir:ro,Z" "-v" "/var/lib/crater-agent-workspace/cargo-home:/opt/rustwide/cargo-home:ro,Z" "-v" "/var/lib/crater-agent-workspace/rustup-home:/opt/rustwide/rustup-home:ro,Z" "-e" "SOURCE_DIR=/opt/rustwide/workdir" "-e" "CARGO_TARGET_DIR=/opt/rustwide/target" "-e" "CARGO_HOME=/opt/rustwide/cargo-home" "-e" "RUSTUP_HOME=/opt/rustwide/rustup-home" "-w" "/opt/rustwide/workdir" "-m" "1610612736" "--user" "0:0" "--network" "none" "ghcr.io/rust-lang/crates-build-env/linux@sha256:5ff2268d62e97bff2cde7d5815dd6ed5b47097566f13b8d0ca110b04b60e07ed" "/opt/rustwide/cargo-home/bin/cargo" "+1.69.0" "metadata" "--no-deps" "--format-version=1", kill_on_drop: false }`
[INFO] [stdout] 21744c11d608bbc4372e948fcaa3bd06cf5d008a80849d154d1da90bd802e8e0
[INFO] running `Command { std: "docker" "start" "-a" "21744c11d608bbc4372e948fcaa3bd06cf5d008a80849d154d1da90bd802e8e0", kill_on_drop: false }`
[INFO] running `Command { std: "docker" "inspect" "21744c11d608bbc4372e948fcaa3bd06cf5d008a80849d154d1da90bd802e8e0", kill_on_drop: false }`
[INFO] running `Command { std: "docker" "rm" "-f" "21744c11d608bbc4372e948fcaa3bd06cf5d008a80849d154d1da90bd802e8e0", kill_on_drop: false }`
[INFO] [stdout] 21744c11d608bbc4372e948fcaa3bd06cf5d008a80849d154d1da90bd802e8e0
[INFO] running `Command { std: "docker" "create" "-v" "/var/lib/crater-agent-workspace/builds/worker-6-tc1/target:/opt/rustwide/target:rw,Z" "-v" "/var/lib/crater-agent-workspace/builds/worker-6-tc1/source:/opt/rustwide/workdir:ro,Z" "-v" "/var/lib/crater-agent-workspace/cargo-home:/opt/rustwide/cargo-home:ro,Z" "-v" "/var/lib/crater-agent-workspace/rustup-home:/opt/rustwide/rustup-home:ro,Z" "-e" "SOURCE_DIR=/opt/rustwide/workdir" "-e" "CARGO_TARGET_DIR=/opt/rustwide/target" "-e" "CARGO_INCREMENTAL=0" "-e" "RUST_BACKTRACE=full" "-e" "RUSTFLAGS=--cap-lints=warn" "-e" "RUSTDOCFLAGS=--cap-lints=warn" "-e" "CARGO_HOME=/opt/rustwide/cargo-home" "-e" "RUSTUP_HOME=/opt/rustwide/rustup-home" "-w" "/opt/rustwide/workdir" "-m" "1610612736" "--user" "0:0" "--network" "none" "ghcr.io/rust-lang/crates-build-env/linux@sha256:5ff2268d62e97bff2cde7d5815dd6ed5b47097566f13b8d0ca110b04b60e07ed" "/opt/rustwide/cargo-home/bin/cargo" "+1.69.0" "build" "--frozen" "--message-format=json", kill_on_drop: false }`
[INFO] [stdout] 70a29a26ff71a8f3fb0578790705f3da3a7ad96da8babd6b3e6a975581fe6d08
[INFO] running `Command { std: "docker" "start" "-a" "70a29a26ff71a8f3fb0578790705f3da3a7ad96da8babd6b3e6a975581fe6d08", kill_on_drop: false }`
[INFO] [stderr]    Compiling proc-macro-hack v0.5.20+deprecated
[INFO] [stderr]    Compiling ucd-trie v0.1.5
[INFO] [stderr]    Compiling time-core v0.1.0
[INFO] [stderr]    Compiling regex-syntax v0.7.1
[INFO] [stderr]    Compiling anymap2 v0.13.0
[INFO] [stderr]    Compiling doc-comment v0.3.3
[INFO] [stderr]    Compiling unicode-segmentation v1.10.1
[INFO] [stderr]    Compiling aho-corasick v1.0.1
[INFO] [stderr]    Compiling kstring v2.0.0
[INFO] [stderr]    Compiling serde_json v1.0.96
[INFO] [stderr]    Compiling time-macros v0.2.8
[INFO] [stderr]    Compiling pest v2.6.0
[INFO] [stderr]    Compiling proc-quote-impl v0.3.2
[INFO] [stderr]    Compiling time v0.3.20
[INFO] [stderr]    Compiling pest_meta v2.6.0
[INFO] [stderr]    Compiling proc-quote v0.4.0
[INFO] [stderr]    Compiling liquid-derive v0.26.1
[INFO] [stderr]    Compiling pest_generator v2.6.0
[INFO] [stderr]    Compiling regex v1.8.1
[INFO] [stderr]    Compiling pest_derive v2.6.0
[INFO] [stderr]    Compiling liquid-core v0.26.1
[INFO] [stderr]    Compiling liquid-lib v0.26.1
[INFO] [stderr]    Compiling liquid v0.26.1
[INFO] [stderr]    Compiling liquid-json v0.2.0 (/opt/rustwide/workdir)
[INFO] [stderr]     Finished dev [unoptimized + debuginfo] target(s) in 7.54s
[INFO] running `Command { std: "docker" "inspect" "70a29a26ff71a8f3fb0578790705f3da3a7ad96da8babd6b3e6a975581fe6d08", kill_on_drop: false }`
[INFO] running `Command { std: "docker" "rm" "-f" "70a29a26ff71a8f3fb0578790705f3da3a7ad96da8babd6b3e6a975581fe6d08", kill_on_drop: false }`
[INFO] [stdout] 70a29a26ff71a8f3fb0578790705f3da3a7ad96da8babd6b3e6a975581fe6d08
[INFO] running `Command { std: "docker" "create" "-v" "/var/lib/crater-agent-workspace/builds/worker-6-tc1/target:/opt/rustwide/target:rw,Z" "-v" "/var/lib/crater-agent-workspace/builds/worker-6-tc1/source:/opt/rustwide/workdir:ro,Z" "-v" "/var/lib/crater-agent-workspace/cargo-home:/opt/rustwide/cargo-home:ro,Z" "-v" "/var/lib/crater-agent-workspace/rustup-home:/opt/rustwide/rustup-home:ro,Z" "-e" "SOURCE_DIR=/opt/rustwide/workdir" "-e" "CARGO_TARGET_DIR=/opt/rustwide/target" "-e" "CARGO_INCREMENTAL=0" "-e" "RUST_BACKTRACE=full" "-e" "RUSTFLAGS=--cap-lints=warn" "-e" "RUSTDOCFLAGS=--cap-lints=warn" "-e" "CARGO_HOME=/opt/rustwide/cargo-home" "-e" "RUSTUP_HOME=/opt/rustwide/rustup-home" "-w" "/opt/rustwide/workdir" "-m" "1610612736" "--user" "0:0" "--network" "none" "ghcr.io/rust-lang/crates-build-env/linux@sha256:5ff2268d62e97bff2cde7d5815dd6ed5b47097566f13b8d0ca110b04b60e07ed" "/opt/rustwide/cargo-home/bin/cargo" "+1.69.0" "test" "--frozen" "--no-run" "--message-format=json", kill_on_drop: false }`
[INFO] [stdout] 9d312f37b8202b2f7396f7d1cbacd6b18dbf917d78c20d2ec2eb298d395ea891
[INFO] running `Command { std: "docker" "start" "-a" "9d312f37b8202b2f7396f7d1cbacd6b18dbf917d78c20d2ec2eb298d395ea891", kill_on_drop: false }`
[INFO] [stderr]    Compiling syn v1.0.109
[INFO] [stderr]    Compiling futures-core v0.3.28
[INFO] [stderr]    Compiling semver v1.0.17
[INFO] [stderr]    Compiling slab v0.4.8
[INFO] [stderr]    Compiling futures-channel v0.3.28
[INFO] [stderr]    Compiling futures-task v0.3.28
[INFO] [stderr]    Compiling futures-util v0.3.28
[INFO] [stderr]    Compiling futures-sink v0.3.28
[INFO] [stderr]    Compiling syn v2.0.15
[INFO] [stderr]    Compiling futures-io v0.3.28
[INFO] [stderr]    Compiling anyhow v1.0.71
[INFO] [stderr]    Compiling futures-timer v3.0.2
[INFO] [stderr]    Compiling rustc_version v0.4.0
[INFO] [stderr]    Compiling rstest_macros v0.17.0
[INFO] [stderr]    Compiling thiserror-impl v1.0.40
[INFO] [stderr]    Compiling serde_derive v1.0.160
[INFO] [stderr]    Compiling futures-macro v0.3.28
[INFO] [stderr]    Compiling proc-quote v0.4.0
[INFO] [stderr]    Compiling thiserror v1.0.40
[INFO] [stderr]    Compiling pest v2.6.0
[INFO] [stderr]    Compiling liquid-derive v0.26.1
[INFO] [stderr]    Compiling pest_meta v2.6.0
[INFO] [stderr]    Compiling serde v1.0.160
[INFO] [stderr]    Compiling pest_generator v2.6.0
[INFO] [stderr]    Compiling pest_derive v2.6.0
[INFO] [stderr]    Compiling futures-executor v0.3.28
[INFO] [stderr]    Compiling futures v0.3.28
[INFO] [stderr]    Compiling rstest v0.17.0
[INFO] [stderr]    Compiling kstring v2.0.0
[INFO] [stderr]    Compiling serde_json v1.0.96
[INFO] [stderr]    Compiling liquid-core v0.26.1
[INFO] [stderr]    Compiling liquid-lib v0.26.1
[INFO] [stderr]    Compiling liquid v0.26.1
[INFO] [stderr]    Compiling liquid-json v0.2.0 (/opt/rustwide/workdir)
[INFO] [stderr]     Finished test [unoptimized + debuginfo] target(s) in 13.70s
[INFO] running `Command { std: "docker" "inspect" "9d312f37b8202b2f7396f7d1cbacd6b18dbf917d78c20d2ec2eb298d395ea891", kill_on_drop: false }`
[INFO] running `Command { std: "docker" "rm" "-f" "9d312f37b8202b2f7396f7d1cbacd6b18dbf917d78c20d2ec2eb298d395ea891", kill_on_drop: false }`
[INFO] [stdout] 9d312f37b8202b2f7396f7d1cbacd6b18dbf917d78c20d2ec2eb298d395ea891
[INFO] running `Command { std: "docker" "create" "-v" "/var/lib/crater-agent-workspace/builds/worker-6-tc1/target:/opt/rustwide/target:rw,Z" "-v" "/var/lib/crater-agent-workspace/builds/worker-6-tc1/source:/opt/rustwide/workdir:ro,Z" "-v" "/var/lib/crater-agent-workspace/cargo-home:/opt/rustwide/cargo-home:ro,Z" "-v" "/var/lib/crater-agent-workspace/rustup-home:/opt/rustwide/rustup-home:ro,Z" "-e" "SOURCE_DIR=/opt/rustwide/workdir" "-e" "CARGO_TARGET_DIR=/opt/rustwide/target" "-e" "CARGO_INCREMENTAL=0" "-e" "RUST_BACKTRACE=full" "-e" "RUSTFLAGS=--cap-lints=warn" "-e" "RUSTDOCFLAGS=--cap-lints=warn" "-e" "CARGO_HOME=/opt/rustwide/cargo-home" "-e" "RUSTUP_HOME=/opt/rustwide/rustup-home" "-w" "/opt/rustwide/workdir" "-m" "1610612736" "--user" "0:0" "--network" "none" "ghcr.io/rust-lang/crates-build-env/linux@sha256:5ff2268d62e97bff2cde7d5815dd6ed5b47097566f13b8d0ca110b04b60e07ed" "/opt/rustwide/cargo-home/bin/cargo" "+1.69.0" "test" "--frozen", kill_on_drop: false }`
[INFO] [stdout] 8b265ae64e2c79e28d089eeebabe2e9d6a7b02777f195fa4349779810f412a75
[INFO] running `Command { std: "docker" "start" "-a" "8b265ae64e2c79e28d089eeebabe2e9d6a7b02777f195fa4349779810f412a75", kill_on_drop: false }`
[INFO] [stderr]     Finished test [unoptimized + debuginfo] target(s) in 0.04s
[INFO] [stderr]      Running unittests src/lib.rs (/opt/rustwide/target/debug/deps/liquid_json-5f8cbb204f9d0488)
[INFO] [stdout] 
[INFO] [stdout] running 4 tests
[INFO] [stdout] test liquid_json::tests::basic::case_1 ... ok
[INFO] [stdout] test liquid_json::tests::basic::case_3 ... ok
[INFO] [stdout] test liquid_json::tests::basic::case_2 ... ok
[INFO] [stdout] test liquid_json::tests::basic::case_4 ... ok
[INFO] [stdout] 
[INFO] [stdout] test result: ok. 4 passed; 0 failed; 0 ignored; 0 measured; 0 filtered out; finished in 0.00s
[INFO] [stdout] 
[INFO] [stderr]    Doc-tests liquid-json
[INFO] [stdout] 
[INFO] [stdout] running 2 tests
[INFO] [stdout] test src/lib.rs - (line 25) ... FAILED
[INFO] [stdout] test src/lib.rs - (line 10) ... ok
[INFO] [stdout] 
[INFO] [stdout] failures:
[INFO] [stdout] 
[INFO] [stdout] ---- src/lib.rs - (line 25) stdout ----
[INFO] [stdout] error[E0412]: cannot find type `LiquidJsonValue` in crate `liquid_json`
[INFO] [stdout]  --> src/lib.rs:29:32
[INFO] [stdout]   |
[INFO] [stdout] 7 |     inner_liquid: liquid_json::LiquidJsonValue,
[INFO] [stdout]   |                                ^^^^^^^^^^^^^^^ help: a struct with a similar name exists: `LiquidJson`
[INFO] [stdout]   |
[INFO] [stdout]  ::: /opt/rustwide/workdir/src/liquid_json.rs:6:1
[INFO] [stdout]   |
[INFO] [stdout] 6 | pub struct LiquidJson {
[INFO] [stdout]   | --------------------- similarly named struct `LiquidJson` defined here
[INFO] [stdout] 
[INFO] [stdout] error: aborting due to previous error
[INFO] [stdout] 
[INFO] [stdout] For more information about this error, try `rustc --explain E0412`.
[INFO] [stdout] Couldn't compile the test.
[INFO] [stdout] 
[INFO] [stdout] failures:
[INFO] [stdout]     src/lib.rs - (line 25)
[INFO] [stdout] 
[INFO] [stdout] test result: FAILED. 1 passed; 1 failed; 0 ignored; 0 measured; 0 filtered out; finished in 0.99s
[INFO] [stdout] 
[INFO] [stderr] error: doctest failed, to rerun pass `--doc`
[INFO] running `Command { std: "docker" "inspect" "8b265ae64e2c79e28d089eeebabe2e9d6a7b02777f195fa4349779810f412a75", kill_on_drop: false }`
[INFO] running `Command { std: "docker" "rm" "-f" "8b265ae64e2c79e28d089eeebabe2e9d6a7b02777f195fa4349779810f412a75", kill_on_drop: false }`
[INFO] [stdout] 8b265ae64e2c79e28d089eeebabe2e9d6a7b02777f195fa4349779810f412a75
