[INFO] fetching crate linkspace-common 0.1.1...
[INFO] testing linkspace-common-0.1.1 against 1.69.0 for beta-1.70-1
[INFO] extracting crate linkspace-common 0.1.1 into /workspace/builds/worker-6-tc1/source
[INFO] validating manifest of crates.io crate linkspace-common 0.1.1 on toolchain 1.69.0
[INFO] running `Command { std: CARGO_HOME="/workspace/cargo-home" RUSTUP_HOME="/workspace/rustup-home" "/workspace/cargo-home/bin/cargo" "+1.69.0" "metadata" "--manifest-path" "Cargo.toml" "--no-deps", kill_on_drop: false }`
[INFO] started tweaking crates.io crate linkspace-common 0.1.1
[INFO] finished tweaking crates.io crate linkspace-common 0.1.1
[INFO] tweaked toml for crates.io crate linkspace-common 0.1.1 written to /workspace/builds/worker-6-tc1/source/Cargo.toml
[INFO] running `Command { std: CARGO_HOME="/workspace/cargo-home" RUSTUP_HOME="/workspace/rustup-home" __CARGO_TEST_CHANNEL_OVERRIDE_DO_NOT_USE_THIS="nightly" "/workspace/cargo-home/bin/cargo" "+1.69.0" "generate-lockfile" "--manifest-path" "Cargo.toml" "-Zno-index-update", kill_on_drop: false }`
[INFO] running `Command { std: CARGO_HOME="/workspace/cargo-home" RUSTUP_HOME="/workspace/rustup-home" "/workspace/cargo-home/bin/cargo" "+1.69.0" "fetch" "--manifest-path" "Cargo.toml", kill_on_drop: false }`
[INFO] [stderr]  Downloading crates ...
[INFO] [stderr]   Downloaded lmdb-rkv v0.14.0
[INFO] [stderr]   Downloaded tracing-test v0.2.4
[INFO] [stderr]   Downloaded fslock v0.2.1
[INFO] [stderr]   Downloaded parse-display-derive v0.6.0
[INFO] [stderr]   Downloaded parse-display v0.6.0
[INFO] [stderr]   Downloaded ipcbus v0.1.0
[INFO] [stderr]   Downloaded tracing-test-macro v0.2.4
[INFO] [stderr]   Downloaded send_wrapper v0.4.0
[INFO] [stderr]   Downloaded async_executors v0.6.0
[INFO] [stderr]   Downloaded blanket v0.2.0
[INFO] [stderr]   Downloaded archery v0.4.0
[INFO] [stderr]   Downloaded lmdb-rkv-sys v0.11.2
[INFO] [stderr]   Downloaded ruint-macro v1.0.2
[INFO] [stderr]   Downloaded rpds v0.12.0
[INFO] [stderr]   Downloaded ruint v1.8.0
[INFO] [stderr]   Downloaded linkspace-argon2-identity v0.1.0
[INFO] [stderr]   Downloaded byte-fmt v0.1.0
[INFO] [stderr]   Downloaded linkspace-cryptography v0.1.0
[INFO] [stderr]   Downloaded linkspace-pkt v0.1.1
[INFO] [stderr]   Downloaded abe v0.1.0
[INFO] [stderr]   Downloaded linkspace-core v0.1.1
[INFO] running `Command { std: "docker" "create" "-v" "/var/lib/crater-agent-workspace/builds/worker-6-tc1/target:/opt/rustwide/target:rw,Z" "-v" "/var/lib/crater-agent-workspace/builds/worker-6-tc1/source:/opt/rustwide/workdir:ro,Z" "-v" "/var/lib/crater-agent-workspace/cargo-home:/opt/rustwide/cargo-home:ro,Z" "-v" "/var/lib/crater-agent-workspace/rustup-home:/opt/rustwide/rustup-home:ro,Z" "-e" "SOURCE_DIR=/opt/rustwide/workdir" "-e" "CARGO_TARGET_DIR=/opt/rustwide/target" "-e" "CARGO_HOME=/opt/rustwide/cargo-home" "-e" "RUSTUP_HOME=/opt/rustwide/rustup-home" "-w" "/opt/rustwide/workdir" "-m" "1610612736" "--user" "0:0" "--network" "none" "ghcr.io/rust-lang/crates-build-env/linux@sha256:5ff2268d62e97bff2cde7d5815dd6ed5b47097566f13b8d0ca110b04b60e07ed" "/opt/rustwide/cargo-home/bin/cargo" "+1.69.0" "metadata" "--no-deps" "--format-version=1", kill_on_drop: false }`
[INFO] [stdout] 8efbbe8dab7991cee9759b6a2e4902916ef8153fa78a0fbc75f00330f26602a3
[INFO] running `Command { std: "docker" "start" "-a" "8efbbe8dab7991cee9759b6a2e4902916ef8153fa78a0fbc75f00330f26602a3", kill_on_drop: false }`
[INFO] running `Command { std: "docker" "inspect" "8efbbe8dab7991cee9759b6a2e4902916ef8153fa78a0fbc75f00330f26602a3", kill_on_drop: false }`
[INFO] running `Command { std: "docker" "rm" "-f" "8efbbe8dab7991cee9759b6a2e4902916ef8153fa78a0fbc75f00330f26602a3", kill_on_drop: false }`
[INFO] [stdout] 8efbbe8dab7991cee9759b6a2e4902916ef8153fa78a0fbc75f00330f26602a3
[INFO] running `Command { std: "docker" "create" "-v" "/var/lib/crater-agent-workspace/builds/worker-6-tc1/target:/opt/rustwide/target:rw,Z" "-v" "/var/lib/crater-agent-workspace/builds/worker-6-tc1/source:/opt/rustwide/workdir:ro,Z" "-v" "/var/lib/crater-agent-workspace/cargo-home:/opt/rustwide/cargo-home:ro,Z" "-v" "/var/lib/crater-agent-workspace/rustup-home:/opt/rustwide/rustup-home:ro,Z" "-e" "SOURCE_DIR=/opt/rustwide/workdir" "-e" "CARGO_TARGET_DIR=/opt/rustwide/target" "-e" "CARGO_INCREMENTAL=0" "-e" "RUST_BACKTRACE=full" "-e" "RUSTFLAGS=--cap-lints=warn" "-e" "RUSTDOCFLAGS=--cap-lints=warn" "-e" "CARGO_HOME=/opt/rustwide/cargo-home" "-e" "RUSTUP_HOME=/opt/rustwide/rustup-home" "-w" "/opt/rustwide/workdir" "-m" "1610612736" "--user" "0:0" "--network" "none" "ghcr.io/rust-lang/crates-build-env/linux@sha256:5ff2268d62e97bff2cde7d5815dd6ed5b47097566f13b8d0ca110b04b60e07ed" "/opt/rustwide/cargo-home/bin/cargo" "+1.69.0" "build" "--frozen" "--message-format=json", kill_on_drop: false }`
[INFO] [stdout] c8d8b63106e7dd5f92d5400cf8e4fe4c5b1d7d7e3aab2f099adab7ab5f28b120
[INFO] running `Command { std: "docker" "start" "-a" "c8d8b63106e7dd5f92d5400cf8e4fe4c5b1d7d7e3aab2f099adab7ab5f28b120", kill_on_drop: false }`
[INFO] [stderr]    Compiling syn v1.0.109
[INFO] [stderr]    Compiling subtle v2.4.1
[INFO] [stderr]    Compiling serde v1.0.160
[INFO] [stderr]    Compiling zeroize v1.6.0
[INFO] [stderr]    Compiling semver v1.0.17
[INFO] [stderr]    Compiling wasm-bindgen-shared v0.2.84
[INFO] [stderr]    Compiling const-oid v0.9.2
[INFO] [stderr]    Compiling getrandom v0.2.9
[INFO] [stderr]    Compiling base64ct v1.6.0
[INFO] [stderr]    Compiling bumpalo v3.12.1
[INFO] [stderr]    Compiling crypto-common v0.1.6
[INFO] [stderr]    Compiling event-listener v2.5.3
[INFO] [stderr]    Compiling base16ct v0.1.1
[INFO] [stderr]    Compiling futures-io v0.3.28
[INFO] [stderr]    Compiling tracing-core v0.1.30
[INFO] [stderr]    Compiling wasm-bindgen v0.2.84
[INFO] [stderr]    Compiling rand_core v0.6.4
[INFO] [stderr]    Compiling digest v0.10.6
[INFO] [stderr]    Compiling der v0.6.1
[INFO] [stderr]    Compiling futures-sink v0.3.28
[INFO] [stderr]    Compiling blake3 v1.3.3
[INFO] [stderr]    Compiling rustix v0.37.18
[INFO] [stderr]    Compiling regex-syntax v0.6.29
[INFO] [stderr]    Compiling futures-task v0.3.28
[INFO] [stderr]    Compiling ff v0.12.1
[INFO] [stderr]    Compiling crypto-bigint v0.4.9
[INFO] [stderr]    Compiling futures-channel v0.3.28
[INFO] [stderr]    Compiling tracing v0.1.37
[INFO] [stderr]    Compiling group v0.12.1
[INFO] [stderr]    Compiling hmac v0.12.1
[INFO] [stderr]    Compiling signature v1.6.4
[INFO] [stderr]    Compiling sha2 v0.10.6
[INFO] [stderr]    Compiling rand_chacha v0.3.1
[INFO] [stderr]    Compiling anyhow v1.0.71
[INFO] [stderr]    Compiling concurrent-queue v2.2.0
[INFO] [stderr]    Compiling parking v2.1.0
[INFO] [stderr]    Compiling waker-fn v1.1.0
[INFO] [stderr]    Compiling rustc_version v0.4.0
[INFO] [stderr]    Compiling futures-util v0.3.28
[INFO] [stderr]    Compiling futures-lite v1.13.0
[INFO] [stderr]    Compiling rand v0.8.5
[INFO] [stderr]    Compiling lmdb-rkv-sys v0.11.2
[INFO] [stderr]    Compiling spki v0.6.0
[INFO] [stderr]    Compiling ruint v1.8.0
[INFO] [stderr]    Compiling proc-macro-error-attr v1.0.4
[INFO] [stderr]    Compiling pkcs8 v0.9.0
[INFO] [stderr]    Compiling sec1 v0.3.0
[INFO] [stderr]    Compiling rfc6979 v0.3.1
[INFO] [stderr]    Compiling async-lock v2.7.0
[INFO] [stderr]    Compiling futures-macro v0.3.28
[INFO] [stderr]    Compiling ruint-macro v1.0.2
[INFO] [stderr]    Compiling async-task v4.4.0
[INFO] [stderr]    Compiling hex v0.4.3
[INFO] [stderr]    Compiling elliptic-curve v0.12.3
[INFO] [stderr]    Compiling async-channel v1.8.0
[INFO] [stderr]    Compiling atomic-waker v1.1.1
[INFO] [stderr]    Compiling stable_deref_trait v1.2.0
[INFO] [stderr]    Compiling async-executor v1.5.1
[INFO] [stderr]    Compiling nix v0.24.3
[INFO] [stderr]    Compiling async_executors v0.6.0
[INFO] [stderr]    Compiling inotify-sys v0.1.5
[INFO] [stderr]    Compiling fslock v0.2.1
[INFO] [stderr]    Compiling blocking v1.3.1
[INFO] [stderr]    Compiling ecdsa v0.14.8
[INFO] [stderr]    Compiling overload v0.1.1
[INFO] [stderr]    Compiling send_wrapper v0.4.0
[INFO] [stderr]    Compiling constant_time_eq v0.1.5
[INFO] [stderr]    Compiling regex-automata v0.1.10
[INFO] [stderr]    Compiling time-core v0.1.0
[INFO] [stderr]    Compiling nu-ansi-term v0.46.0
[INFO] [stderr]    Compiling time v0.3.20
[INFO] [stderr]    Compiling async-global-executor v2.3.1
[INFO] [stderr]    Compiling k256 v0.11.6
[INFO] [stderr]    Compiling is-terminal v0.4.7
[INFO] [stderr]    Compiling inotify v0.9.6
[INFO] [stderr]    Compiling sharded-slab v0.1.4
[INFO] [stderr]    Compiling anstream v0.3.1
[INFO] [stderr]    Compiling tracing-log v0.1.3
[INFO] [stderr]    Compiling lmdb-rkv v0.14.0
[INFO] [stderr]    Compiling mio v0.8.6
[INFO] [stderr]    Compiling clap_builder v4.2.5
[INFO] [stderr]    Compiling matchers v0.1.0
[INFO] [stderr]    Compiling rtoolbox v0.0.1
[INFO] [stderr]    Compiling filetime v0.2.21
[INFO] [stderr]    Compiling thread_local v1.1.7
[INFO] [stderr]    Compiling dunce v1.0.4
[INFO] [stderr]    Compiling rpassword v7.2.0
[INFO] [stderr]    Compiling memmap2 v0.5.10
[INFO] [stderr]    Compiling notify v5.1.0
[INFO] [stderr]    Compiling tracing-subscriber v0.3.17
[INFO] [stderr]    Compiling arrayvec v0.7.2
[INFO] [stderr]    Compiling serde_bytes v0.11.9
[INFO] [stderr]    Compiling triomphe v0.1.8
[INFO] [stderr]    Compiling either v1.8.1
[INFO] [stderr]    Compiling abe v0.1.0
[INFO] [stderr]    Compiling blake2b_simd v1.0.1
[INFO] [stderr]    Compiling wasm-bindgen-backend v0.2.84
[INFO] [stderr]    Compiling proc-macro-error v1.0.4
[INFO] [stdout] error[E0554]: `#![feature]` may not be used on the stable release channel
[INFO] [stdout]   --> /opt/rustwide/cargo-home/registry/src/github.com-1ecc6299db9ec823/abe-0.1.0/src/lib.rs:6:1
[INFO] [stdout]    |
[INFO] [stdout] 6  | / #![feature(
[INFO] [stdout] 7  | |     split_as_slice,
[INFO] [stdout] 8  | |     split_array,
[INFO] [stdout] 9  | |     try_trait_v2,
[INFO] [stdout] ...  |
[INFO] [stdout] 14 | |     bigint_helper_methods
[INFO] [stdout] 15 | | )]
[INFO] [stdout]    | |__^
[INFO] [stdout] 
[INFO] [stdout] 
[INFO] [stdout] error[E0554]: `#![feature]` may not be used on the stable release channel
[INFO] [stdout]  --> /opt/rustwide/cargo-home/registry/src/github.com-1ecc6299db9ec823/abe-0.1.0/src/lib.rs:7:5
[INFO] [stdout]   |
[INFO] [stdout] 7 |     split_as_slice,
[INFO] [stdout]   |     ^^^^^^^^^^^^^^
[INFO] [stdout] 
[INFO] [stdout] 
[INFO] [stdout] error[E0554]: `#![feature]` may not be used on the stable release channel
[INFO] [stdout]  --> /opt/rustwide/cargo-home/registry/src/github.com-1ecc6299db9ec823/abe-0.1.0/src/lib.rs:8:5
[INFO] [stdout]   |
[INFO] [stdout] 8 |     split_array,
[INFO] [stdout]   |     ^^^^^^^^^^^
[INFO] [stdout] 
[INFO] [stdout] 
[INFO] [stdout] error[E0554]: `#![feature]` may not be used on the stable release channel
[INFO] [stdout]  --> /opt/rustwide/cargo-home/registry/src/github.com-1ecc6299db9ec823/abe-0.1.0/src/lib.rs:9:5
[INFO] [stdout]   |
[INFO] [stdout] 9 |     try_trait_v2,
[INFO] [stdout]   |     ^^^^^^^^^^^^
[INFO] [stdout] 
[INFO] [stdout] 
[INFO] [stdout] error[E0554]: `#![feature]` may not be used on the stable release channel
[INFO] [stdout]   --> /opt/rustwide/cargo-home/registry/src/github.com-1ecc6299db9ec823/abe-0.1.0/src/lib.rs:10:5
[INFO] [stdout]    |
[INFO] [stdout] 10 |     iterator_try_collect,
[INFO] [stdout]    |     ^^^^^^^^^^^^^^^^^^^^
[INFO] [stdout] 
[INFO] [stdout] 
[INFO] [stdout] error[E0554]: `#![feature]` may not be used on the stable release channel
[INFO] [stdout]   --> /opt/rustwide/cargo-home/registry/src/github.com-1ecc6299db9ec823/abe-0.1.0/src/lib.rs:11:5
[INFO] [stdout]    |
[INFO] [stdout] 11 |     array_chunks,
[INFO] [stdout]    |     ^^^^^^^^^^^^
[INFO] [stdout] 
[INFO] [stdout] 
[INFO] [stdout] error[E0554]: `#![feature]` may not be used on the stable release channel
[INFO] [stdout]   --> /opt/rustwide/cargo-home/registry/src/github.com-1ecc6299db9ec823/abe-0.1.0/src/lib.rs:14:5
[INFO] [stdout]    |
[INFO] [stdout] 14 |     bigint_helper_methods
[INFO] [stdout]    |     ^^^^^^^^^^^^^^^^^^^^^
[INFO] [stdout] 
[INFO] [stdout] 
[INFO] [stderr]    Compiling linkspace-cryptography v0.1.0
[INFO] [stdout] error: aborting due to 7 previous errors
[INFO] [stdout] 
[INFO] [stdout] 
[INFO] [stdout] For more information about this error, try `rustc --explain E0554`.
[INFO] [stdout] 
[INFO] [stderr] error: could not compile `abe` due to 8 previous errors
[INFO] [stderr] warning: build failed, waiting for other jobs to finish...
[INFO] running `Command { std: "docker" "inspect" "c8d8b63106e7dd5f92d5400cf8e4fe4c5b1d7d7e3aab2f099adab7ab5f28b120", kill_on_drop: false }`
[INFO] running `Command { std: "docker" "rm" "-f" "c8d8b63106e7dd5f92d5400cf8e4fe4c5b1d7d7e3aab2f099adab7ab5f28b120", kill_on_drop: false }`
[INFO] [stdout] c8d8b63106e7dd5f92d5400cf8e4fe4c5b1d7d7e3aab2f099adab7ab5f28b120
