[INFO] fetching crate lightgbm2 0.3.0...
[INFO] testing lightgbm2-0.3.0 against 1.69.0 for beta-1.70-1
[INFO] extracting crate lightgbm2 0.3.0 into /workspace/builds/worker-1-tc1/source
[INFO] validating manifest of crates.io crate lightgbm2 0.3.0 on toolchain 1.69.0
[INFO] running `Command { std: CARGO_HOME="/workspace/cargo-home" RUSTUP_HOME="/workspace/rustup-home" "/workspace/cargo-home/bin/cargo" "+1.69.0" "metadata" "--manifest-path" "Cargo.toml" "--no-deps", kill_on_drop: false }`
[INFO] started tweaking crates.io crate lightgbm2 0.3.0
[INFO] finished tweaking crates.io crate lightgbm2 0.3.0
[INFO] tweaked toml for crates.io crate lightgbm2 0.3.0 written to /workspace/builds/worker-1-tc1/source/Cargo.toml
[INFO] running `Command { std: CARGO_HOME="/workspace/cargo-home" RUSTUP_HOME="/workspace/rustup-home" __CARGO_TEST_CHANNEL_OVERRIDE_DO_NOT_USE_THIS="nightly" "/workspace/cargo-home/bin/cargo" "+1.69.0" "generate-lockfile" "--manifest-path" "Cargo.toml" "-Zno-index-update", kill_on_drop: false }`
[INFO] running `Command { std: CARGO_HOME="/workspace/cargo-home" RUSTUP_HOME="/workspace/rustup-home" "/workspace/cargo-home/bin/cargo" "+1.69.0" "fetch" "--manifest-path" "Cargo.toml", kill_on_drop: false }`
[INFO] [stderr]  Downloading crates ...
[INFO] [stderr]   Downloaded polars v0.26.1
[INFO] [stderr]   Downloaded now v0.1.3
[INFO] [stderr]   Downloaded polars-arrow v0.26.1
[INFO] [stderr]   Downloaded ethnum v1.3.2
[INFO] [stderr]   Downloaded foreign_vec v0.1.0
[INFO] [stderr]   Downloaded polars-utils v0.26.1
[INFO] [stderr]   Downloaded polars-lazy v0.26.1
[INFO] [stderr]   Downloaded enum_dispatch v0.3.11
[INFO] [stderr]   Downloaded strength_reduce v0.2.4
[INFO] [stderr]   Downloaded polars-time v0.26.1
[INFO] [stderr]   Downloaded polars-pipe v0.26.1
[INFO] [stderr]   Downloaded polars-ops v0.26.1
[INFO] [stderr]   Downloaded polars-io v0.26.1
[INFO] [stderr]   Downloaded polars-plan v0.26.1
[INFO] [stderr]   Downloaded polars-core v0.26.1
[INFO] [stderr]   Downloaded arrow2 v0.15.0
[INFO] [stderr]   Downloaded lightgbm2-sys v0.3.0
[INFO] running `Command { std: "docker" "create" "-v" "/var/lib/crater-agent-workspace/builds/worker-1-tc1/target:/opt/rustwide/target:rw,Z" "-v" "/var/lib/crater-agent-workspace/builds/worker-1-tc1/source:/opt/rustwide/workdir:ro,Z" "-v" "/var/lib/crater-agent-workspace/cargo-home:/opt/rustwide/cargo-home:ro,Z" "-v" "/var/lib/crater-agent-workspace/rustup-home:/opt/rustwide/rustup-home:ro,Z" "-e" "SOURCE_DIR=/opt/rustwide/workdir" "-e" "CARGO_TARGET_DIR=/opt/rustwide/target" "-e" "CARGO_HOME=/opt/rustwide/cargo-home" "-e" "RUSTUP_HOME=/opt/rustwide/rustup-home" "-w" "/opt/rustwide/workdir" "-m" "1610612736" "--user" "0:0" "--network" "none" "ghcr.io/rust-lang/crates-build-env/linux@sha256:97d61d7686bf65f8ecb15491ab51835e82dc9176a96a831f143a431b191fc501" "/opt/rustwide/cargo-home/bin/cargo" "+1.69.0" "metadata" "--no-deps" "--format-version=1", kill_on_drop: false }`
[INFO] [stdout] 3762a6a7a3a30cc06d084790a37e5056ad763fe5b3669440a595dc5b75a516a9
[INFO] running `Command { std: "docker" "start" "-a" "3762a6a7a3a30cc06d084790a37e5056ad763fe5b3669440a595dc5b75a516a9", kill_on_drop: false }`
[INFO] running `Command { std: "docker" "inspect" "3762a6a7a3a30cc06d084790a37e5056ad763fe5b3669440a595dc5b75a516a9", kill_on_drop: false }`
[INFO] running `Command { std: "docker" "rm" "-f" "3762a6a7a3a30cc06d084790a37e5056ad763fe5b3669440a595dc5b75a516a9", kill_on_drop: false }`
[INFO] [stdout] 3762a6a7a3a30cc06d084790a37e5056ad763fe5b3669440a595dc5b75a516a9
[INFO] running `Command { std: "docker" "create" "-v" "/var/lib/crater-agent-workspace/builds/worker-1-tc1/target:/opt/rustwide/target:rw,Z" "-v" "/var/lib/crater-agent-workspace/builds/worker-1-tc1/source:/opt/rustwide/workdir:ro,Z" "-v" "/var/lib/crater-agent-workspace/cargo-home:/opt/rustwide/cargo-home:ro,Z" "-v" "/var/lib/crater-agent-workspace/rustup-home:/opt/rustwide/rustup-home:ro,Z" "-e" "SOURCE_DIR=/opt/rustwide/workdir" "-e" "CARGO_TARGET_DIR=/opt/rustwide/target" "-e" "CARGO_INCREMENTAL=0" "-e" "RUST_BACKTRACE=full" "-e" "RUSTFLAGS=--cap-lints=warn" "-e" "RUSTDOCFLAGS=--cap-lints=warn" "-e" "CARGO_HOME=/opt/rustwide/cargo-home" "-e" "RUSTUP_HOME=/opt/rustwide/rustup-home" "-w" "/opt/rustwide/workdir" "-m" "1610612736" "--user" "0:0" "--network" "none" "ghcr.io/rust-lang/crates-build-env/linux@sha256:97d61d7686bf65f8ecb15491ab51835e82dc9176a96a831f143a431b191fc501" "/opt/rustwide/cargo-home/bin/cargo" "+1.69.0" "build" "--frozen" "--message-format=json", kill_on_drop: false }`
[INFO] [stdout] 314d691813b55605230f96ccded1e489d9afbe99d7921aaac02a7116aa74eb17
[INFO] running `Command { std: "docker" "start" "-a" "314d691813b55605230f96ccded1e489d9afbe99d7921aaac02a7116aa74eb17", kill_on_drop: false }`
[INFO] [stderr]    Compiling syn v1.0.109
[INFO] [stderr]    Compiling cfg-if v1.0.0
[INFO] [stderr]    Compiling fnv v1.0.7
[INFO] [stderr]    Compiling bindgen v0.63.0
[INFO] [stderr]    Compiling regex-syntax v0.7.1
[INFO] [stderr]    Compiling either v1.8.1
[INFO] [stderr]    Compiling clang-sys v1.6.1
[INFO] [stderr]    Compiling log v0.4.17
[INFO] [stderr]    Compiling bitflags v1.3.2
[INFO] [stderr]    Compiling cmake v0.1.50
[INFO] [stderr]    Compiling serde v1.0.160
[INFO] [stderr]    Compiling libloading v0.7.4
[INFO] [stderr]    Compiling which v4.4.0
[INFO] [stderr]    Compiling regex v1.8.1
[INFO] [stderr]    Compiling serde_json v1.0.96
[INFO] [stderr]    Compiling darling_core v0.14.4
[INFO] [stderr]    Compiling darling_macro v0.14.4
[INFO] [stderr]    Compiling darling v0.14.4
[INFO] [stderr]    Compiling derive_builder_core v0.12.0
[INFO] [stderr]    Compiling derive_builder_macro v0.12.0
[INFO] [stderr]    Compiling derive_builder v0.12.0
[INFO] [stderr]    Compiling lightgbm2-sys v0.3.0
[INFO] [stderr] error: failed to run custom build command for `lightgbm2-sys v0.3.0`
[INFO] [stderr] note: To improve backtraces for build dependencies, set the CARGO_PROFILE_DEV_BUILD_OVERRIDE_DEBUG=true environment variable to enable debug information generation.
[INFO] [stderr] 
[INFO] [stderr] Caused by:
[INFO] [stderr]   process didn't exit successfully: `/opt/rustwide/target/debug/build/lightgbm2-sys-da3e64b8c8a7f787/build-script-build` (exit status: 101)
[INFO] [stderr]   --- stdout
[INFO] [stderr]   CMAKE_TOOLCHAIN_FILE_x86_64-unknown-linux-gnu = None
[INFO] [stderr]   CMAKE_TOOLCHAIN_FILE_x86_64_unknown_linux_gnu = None
[INFO] [stderr]   HOST_CMAKE_TOOLCHAIN_FILE = None
[INFO] [stderr]   CMAKE_TOOLCHAIN_FILE = None
[INFO] [stderr]   CMAKE_GENERATOR_x86_64-unknown-linux-gnu = None
[INFO] [stderr]   CMAKE_GENERATOR_x86_64_unknown_linux_gnu = None
[INFO] [stderr]   HOST_CMAKE_GENERATOR = None
[INFO] [stderr]   CMAKE_GENERATOR = None
[INFO] [stderr]   CMAKE_PREFIX_PATH_x86_64-unknown-linux-gnu = None
[INFO] [stderr]   CMAKE_PREFIX_PATH_x86_64_unknown_linux_gnu = None
[INFO] [stderr]   HOST_CMAKE_PREFIX_PATH = None
[INFO] [stderr]   CMAKE_PREFIX_PATH = None
[INFO] [stderr]   CMAKE_x86_64-unknown-linux-gnu = None
[INFO] [stderr]   CMAKE_x86_64_unknown_linux_gnu = None
[INFO] [stderr]   HOST_CMAKE = None
[INFO] [stderr]   CMAKE = None
[INFO] [stderr]   running: cd "/opt/rustwide/target/debug/build/lightgbm2-sys-79b38d0060bf5c2b/out/build" && CMAKE_PREFIX_PATH="" "cmake" "/opt/rustwide/target/debug/build/lightgbm2-sys-79b38d0060bf5c2b/out/lightgbm" "-DBUILD_STATIC_LIB=ON" "-DCMAKE_INSTALL_PREFIX=/opt/rustwide/target/debug/build/lightgbm2-sys-79b38d0060bf5c2b/out" "-DCMAKE_C_FLAGS= -ffunction-sections -fdata-sections -fPIC -m64" "-DCMAKE_C_COMPILER=/usr/bin/cc" "-DCMAKE_CXX_FLAGS= -ffunction-sections -fdata-sections -fPIC -m64" "-DCMAKE_CXX_COMPILER=/usr/bin/c++" "-DCMAKE_ASM_FLAGS= -ffunction-sections -fdata-sections -fPIC -m64" "-DCMAKE_ASM_COMPILER=/usr/bin/cc" "-DCMAKE_BUILD_TYPE=Release"
[INFO] [stderr]   -- The C compiler identification is GNU 11.3.0
[INFO] [stderr]   -- The CXX compiler identification is GNU 11.3.0
[INFO] [stderr]   -- Detecting C compiler ABI info
[INFO] [stderr]   -- Detecting C compiler ABI info - done
[INFO] [stderr]   -- Check for working C compiler: /usr/bin/cc - skipped
[INFO] [stderr]   -- Detecting C compile features
[INFO] [stderr]   -- Detecting C compile features - done
[INFO] [stderr]   -- Detecting CXX compiler ABI info
[INFO] [stderr]   -- Detecting CXX compiler ABI info - done
[INFO] [stderr]   -- Check for working CXX compiler: /usr/bin/c++ - skipped
[INFO] [stderr]   -- Detecting CXX compile features
[INFO] [stderr]   -- Detecting CXX compile features - done
[INFO] [stderr]   -- Found OpenMP_C: -fopenmp (found version "4.5") 
[INFO] [stderr]   -- Found OpenMP_CXX: -fopenmp (found version "4.5") 
[INFO] [stderr]   -- Found OpenMP: TRUE (found version "4.5")  
[INFO] [stderr]   -- Performing Test MM_PREFETCH
[INFO] [stderr]   -- Performing Test MM_PREFETCH - Success
[INFO] [stderr]   -- Using _mm_prefetch
[INFO] [stderr]   -- Performing Test MM_MALLOC
[INFO] [stderr]   -- Performing Test MM_MALLOC - Success
[INFO] [stderr]   -- Using _mm_malloc
[INFO] [stderr]   -- Configuring done
[INFO] [stderr]   -- Generating done
[INFO] [stderr]   -- Build files have been written to: /opt/rustwide/target/debug/build/lightgbm2-sys-79b38d0060bf5c2b/out/build
[INFO] [stderr]   running: cd "/opt/rustwide/target/debug/build/lightgbm2-sys-79b38d0060bf5c2b/out/build" && MAKEFLAGS="-j --jobserver-fds=6,7 --jobserver-auth=6,7" "cmake" "--build" "." "--target" "install" "--config" "Release"
[INFO] [stderr]   [  1%] Building CXX object CMakeFiles/lightgbm.dir/src/application/application.cpp.o
[INFO] [stderr]   [  2%] Building CXX object CMakeFiles/lightgbm.dir/src/main.cpp.o
[INFO] [stderr]   [  4%] Building CXX object CMakeFiles/_lightgbm.dir/src/boosting/boosting.cpp.o
[INFO] [stderr]   [  5%] Building CXX object CMakeFiles/lightgbm.dir/src/boosting/gbdt.cpp.o
[INFO] [stderr]   [  7%] Building CXX object CMakeFiles/lightgbm.dir/src/boosting/boosting.cpp.o
[INFO] [stderr]   [  8%] Building CXX object CMakeFiles/lightgbm.dir/src/boosting/gbdt_model_text.cpp.o
[INFO] [stderr]   [ 10%] Building CXX object CMakeFiles/_lightgbm.dir/src/boosting/gbdt.cpp.o
[INFO] [stderr]   [ 11%] Building CXX object CMakeFiles/lightgbm.dir/src/boosting/gbdt_prediction.cpp.o
[INFO] [stderr]   [ 13%] Building CXX object CMakeFiles/_lightgbm.dir/src/boosting/gbdt_model_text.cpp.o
[INFO] [stderr]   [ 14%] Building CXX object CMakeFiles/_lightgbm.dir/src/boosting/prediction_early_stop.cpp.o
[INFO] [stderr]   [ 15%] Building CXX object CMakeFiles/_lightgbm.dir/src/boosting/gbdt_prediction.cpp.o
[INFO] [stderr]   [ 17%] Building CXX object CMakeFiles/_lightgbm.dir/src/io/bin.cpp.o
[INFO] [stderr]   [ 18%] Building CXX object CMakeFiles/lightgbm.dir/src/boosting/prediction_early_stop.cpp.o
[INFO] [stderr]   [ 20%] Building CXX object CMakeFiles/lightgbm.dir/src/io/bin.cpp.o
[INFO] [stderr]   [ 21%] Building CXX object CMakeFiles/_lightgbm.dir/src/io/config.cpp.o
[INFO] [stderr]   [ 23%] Building CXX object CMakeFiles/_lightgbm.dir/src/io/config_auto.cpp.o
[INFO] [stderr]   [ 24%] Building CXX object CMakeFiles/_lightgbm.dir/src/io/dataset.cpp.o
[INFO] [stderr]   [ 26%] Building CXX object CMakeFiles/lightgbm.dir/src/io/config.cpp.o
[INFO] [stderr]   [ 27%] Building CXX object CMakeFiles/lightgbm.dir/src/io/config_auto.cpp.o
[INFO] [stderr]   [ 28%] Building CXX object CMakeFiles/lightgbm.dir/src/io/dataset.cpp.o
[INFO] [stderr]   [ 30%] Building CXX object CMakeFiles/lightgbm.dir/src/io/dataset_loader.cpp.o
[INFO] [stderr]   [ 31%] Building CXX object CMakeFiles/lightgbm.dir/src/io/file_io.cpp.o
[INFO] [stderr] 
[INFO] [stderr]   --- stderr
[INFO] [stderr]   CMake Warning:
[INFO] [stderr]     Manually-specified variables were not used by the project:
[INFO] [stderr] 
[INFO] [stderr]       CMAKE_ASM_COMPILER
[INFO] [stderr]       CMAKE_ASM_FLAGS
[INFO] [stderr] 
[INFO] [stderr] 
[INFO] [stderr]   c++: fatal error: Killed signal terminated program cc1plus
[INFO] [stderr]   compilation terminated.
[INFO] [stderr]   gmake[2]: *** [CMakeFiles/_lightgbm.dir/build.make:118: CMakeFiles/_lightgbm.dir/src/boosting/gbdt_prediction.cpp.o] Error 1
[INFO] [stderr]   gmake[2]: *** Waiting for unfinished jobs....
[INFO] [stderr]   c++: fatal error: Killed signal terminated program cc1plus
[INFO] [stderr]   compilation terminated.
[INFO] [stderr]   gmake[2]: *** [CMakeFiles/_lightgbm.dir/build.make:146: CMakeFiles/_lightgbm.dir/src/io/bin.cpp.o] Error 1
[INFO] [stderr]   c++: fatal error: Killed signal terminated program cc1plus
[INFO] [stderr]   compilation terminated.
[INFO] [stderr]   gmake[2]: *** [CMakeFiles/_lightgbm.dir/build.make:174: CMakeFiles/_lightgbm.dir/src/io/config_auto.cpp.o] Error 1
[INFO] [stderr]   c++: fatal error: Killed signal terminated program cc1plus
[INFO] [stderr]   compilation terminated.
[INFO] [stderr]   gmake[2]: *** [CMakeFiles/_lightgbm.dir/build.make:104: CMakeFiles/_lightgbm.dir/src/boosting/gbdt_model_text.cpp.o] Error 1
[INFO] [stderr]   c++: fatal error: Killed signal terminated program cc1plus
[INFO] [stderr]   compilation terminated.
[INFO] [stderr]   gmake[2]: *** [CMakeFiles/lightgbm.dir/build.make:146: CMakeFiles/lightgbm.dir/src/boosting/gbdt_prediction.cpp.o] Error 1
[INFO] [stderr]   gmake[2]: *** Waiting for unfinished jobs....
[INFO] [stderr]   c++: fatal error: Killed signal terminated program cc1plus
[INFO] [stderr]   compilation terminated.
[INFO] [stderr]   gmake[2]: *** [CMakeFiles/lightgbm.dir/build.make:118: CMakeFiles/lightgbm.dir/src/boosting/gbdt.cpp.o] Error 1
[INFO] [stderr]   c++: fatal error: Killed signal terminated program cc1plus
[INFO] [stderr]   compilation terminated.
[INFO] [stderr]   gmake[2]: *** [CMakeFiles/lightgbm.dir/build.make:90: CMakeFiles/lightgbm.dir/src/application/application.cpp.o] Error 1
[INFO] [stderr]   c++: fatal error: Killed signal terminated program cc1plus
[INFO] [stderr]   compilation terminated.
[INFO] [stderr]   gmake[2]: *** [CMakeFiles/lightgbm.dir/build.make:132: CMakeFiles/lightgbm.dir/src/boosting/gbdt_model_text.cpp.o] Error 1
[INFO] [stderr]   c++: fatal error: Killed signal terminated program cc1plus
[INFO] [stderr]   compilation terminated.
[INFO] [stderr]   gmake[2]: *** [CMakeFiles/_lightgbm.dir/build.make:76: CMakeFiles/_lightgbm.dir/src/boosting/boosting.cpp.o] Error 1
[INFO] [stderr]   c++: fatal error: Killed signal terminated program cc1plus
[INFO] [stderr]   compilation terminated.
[INFO] [stderr]   gmake[2]: *** [CMakeFiles/lightgbm.dir/build.make:174: CMakeFiles/lightgbm.dir/src/io/bin.cpp.o] Error 1
[INFO] [stderr]   c++: fatal error: Killed signal terminated program cc1plus
[INFO] [stderr]   compilation terminated.
[INFO] [stderr]   gmake[2]: *** [CMakeFiles/_lightgbm.dir/build.make:90: CMakeFiles/_lightgbm.dir/src/boosting/gbdt.cpp.o] Error 1
[INFO] [stderr]   c++: fatal error: Killed signal terminated program cc1plus
[INFO] [stderr]   compilation terminated.
[INFO] [stderr]   gmake[2]: *** [CMakeFiles/lightgbm.dir/build.make:104: CMakeFiles/lightgbm.dir/src/boosting/boosting.cpp.o] Error 1
[INFO] [stderr]   gmake[1]: *** [CMakeFiles/Makefile2:111: CMakeFiles/_lightgbm.dir/all] Error 2
[INFO] [stderr]   gmake[1]: *** Waiting for unfinished jobs....
[INFO] [stderr]   gmake[1]: *** [CMakeFiles/Makefile2:85: CMakeFiles/lightgbm.dir/all] Error 2
[INFO] [stderr]   gmake: *** [Makefile:136: all] Error 2
[INFO] [stderr]   thread 'main' panicked at '
[INFO] [stderr]   command did not execute successfully, got: exit status: 2
[INFO] [stderr] 
[INFO] [stderr]   build script failed, must exit now', /opt/rustwide/cargo-home/registry/src/github.com-1ecc6299db9ec823/cmake-0.1.50/src/lib.rs:1098:5
[INFO] [stderr]   stack backtrace:
[INFO] [stderr]      0:     0x560efdcd224a - std::backtrace_rs::backtrace::libunwind::trace::ha9053a9a07ca49cb
[INFO] [stderr]                                  at /rustc/84c898d65adf2f39a5a98507f1fe0ce10a2b8dbc/library/std/src/../../backtrace/src/backtrace/libunwind.rs:93:5
[INFO] [stderr]      1:     0x560efdcd224a - std::backtrace_rs::backtrace::trace_unsynchronized::h9c2852a457ad564e
[INFO] [stderr]                                  at /rustc/84c898d65adf2f39a5a98507f1fe0ce10a2b8dbc/library/std/src/../../backtrace/src/backtrace/mod.rs:66:5
[INFO] [stderr]      2:     0x560efdcd224a - std::sys_common::backtrace::_print_fmt::h457936fbfaa0070f
[INFO] [stderr]                                  at /rustc/84c898d65adf2f39a5a98507f1fe0ce10a2b8dbc/library/std/src/sys_common/backtrace.rs:65:5
[INFO] [stderr]      3:     0x560efdcd224a - <std::sys_common::backtrace::_print::DisplayBacktrace as core::fmt::Display>::fmt::h5779d7bf7f70cb0c
[INFO] [stderr]                                  at /rustc/84c898d65adf2f39a5a98507f1fe0ce10a2b8dbc/library/std/src/sys_common/backtrace.rs:44:22
[INFO] [stderr]      4:     0x560efdcf84ae - core::fmt::write::h5a4baaff1bcd3eb5
[INFO] [stderr]                                  at /rustc/84c898d65adf2f39a5a98507f1fe0ce10a2b8dbc/library/core/src/fmt/mod.rs:1232:17
[INFO] [stderr]      5:     0x560efdcceee5 - std::io::Write::write_fmt::h4bc1f301cb9e9cce
[INFO] [stderr]                                  at /rustc/84c898d65adf2f39a5a98507f1fe0ce10a2b8dbc/library/std/src/io/mod.rs:1684:15
[INFO] [stderr]      6:     0x560efdcd2015 - std::sys_common::backtrace::_print::h5fcdc36060f177e8
[INFO] [stderr]                                  at /rustc/84c898d65adf2f39a5a98507f1fe0ce10a2b8dbc/library/std/src/sys_common/backtrace.rs:47:5
[INFO] [stderr]      7:     0x560efdcd2015 - std::sys_common::backtrace::print::h54ca9458b876c8bf
[INFO] [stderr]                                  at /rustc/84c898d65adf2f39a5a98507f1fe0ce10a2b8dbc/library/std/src/sys_common/backtrace.rs:34:9
[INFO] [stderr]      8:     0x560efdcd39ef - std::panicking::default_hook::{{closure}}::hbe471161c7664ed6
[INFO] [stderr]                                  at /rustc/84c898d65adf2f39a5a98507f1fe0ce10a2b8dbc/library/std/src/panicking.rs:271:22
[INFO] [stderr]      9:     0x560efdcd372b - std::panicking::default_hook::ha3500da57aa4ac4f
[INFO] [stderr]                                  at /rustc/84c898d65adf2f39a5a98507f1fe0ce10a2b8dbc/library/std/src/panicking.rs:290:9
[INFO] [stderr]     10:     0x560efdcd3f98 - std::panicking::rust_panic_with_hook::h50c09d000dc561d2
[INFO] [stderr]                                  at /rustc/84c898d65adf2f39a5a98507f1fe0ce10a2b8dbc/library/std/src/panicking.rs:692:13
[INFO] [stderr]     11:     0x560efdcd3e99 - std::panicking::begin_panic_handler::{{closure}}::h9e2b2176e00e0d9c
[INFO] [stderr]                                  at /rustc/84c898d65adf2f39a5a98507f1fe0ce10a2b8dbc/library/std/src/panicking.rs:583:13
[INFO] [stderr]     12:     0x560efdcd26b6 - std::sys_common::backtrace::__rust_end_short_backtrace::h5739b8e512c09d02
[INFO] [stderr]                                  at /rustc/84c898d65adf2f39a5a98507f1fe0ce10a2b8dbc/library/std/src/sys_common/backtrace.rs:150:18
[INFO] [stderr]     13:     0x560efdcd3ba2 - rust_begin_unwind
[INFO] [stderr]                                  at /rustc/84c898d65adf2f39a5a98507f1fe0ce10a2b8dbc/library/std/src/panicking.rs:579:5
[INFO] [stderr]     14:     0x560efd74f7d3 - core::panicking::panic_fmt::hf33a1475b4dc5c3e
[INFO] [stderr]                                  at /rustc/84c898d65adf2f39a5a98507f1fe0ce10a2b8dbc/library/core/src/panicking.rs:64:14
[INFO] [stderr]     15:     0x560efd75c67f - cmake::fail::he523feb31d426beb
[INFO] [stderr]     16:     0x560efd75c173 - cmake::run::h28b9026df7e93e8d
[INFO] [stderr]     17:     0x560efd758ca3 - cmake::Config::build::h36ec1f0187cbfcd5
[INFO] [stderr]     18:     0x560efd751691 - build_script_build::main::h989bc9e6147e6ce9
[INFO] [stderr]     19:     0x560efd752cf3 - core::ops::function::FnOnce::call_once::h6483912f72ad7556
[INFO] [stderr]     20:     0x560efd750789 - std::sys_common::backtrace::__rust_begin_short_backtrace::hc81a074a8d2800c2
[INFO] [stderr]     21:     0x560efd753329 - std::rt::lang_start::{{closure}}::hbd741114831ff906
[INFO] [stderr]     22:     0x560efdccaa0c - core::ops::function::impls::<impl core::ops::function::FnOnce<A> for &F>::call_once::hd6efcd3bec896f2c
[INFO] [stderr]                                  at /rustc/84c898d65adf2f39a5a98507f1fe0ce10a2b8dbc/library/core/src/ops/function.rs:287:13
[INFO] [stderr]     23:     0x560efdccaa0c - std::panicking::try::do_call::hce04e543bb1f4cbb
[INFO] [stderr]                                  at /rustc/84c898d65adf2f39a5a98507f1fe0ce10a2b8dbc/library/std/src/panicking.rs:487:40
[INFO] [stderr]     24:     0x560efdccaa0c - std::panicking::try::h3342dd4e1f680968
[INFO] [stderr]                                  at /rustc/84c898d65adf2f39a5a98507f1fe0ce10a2b8dbc/library/std/src/panicking.rs:451:19
[INFO] [stderr]     25:     0x560efdccaa0c - std::panic::catch_unwind::h148ce1e59ac0cee7
[INFO] [stderr]                                  at /rustc/84c898d65adf2f39a5a98507f1fe0ce10a2b8dbc/library/std/src/panic.rs:140:14
[INFO] [stderr]     26:     0x560efdccaa0c - std::rt::lang_start_internal::{{closure}}::h25f9dda2057a67fe
[INFO] [stderr]                                  at /rustc/84c898d65adf2f39a5a98507f1fe0ce10a2b8dbc/library/std/src/rt.rs:148:48
[INFO] [stderr]     27:     0x560efdccaa0c - std::panicking::try::do_call::h7caaaeaf9401650b
[INFO] [stderr]                                  at /rustc/84c898d65adf2f39a5a98507f1fe0ce10a2b8dbc/library/std/src/panicking.rs:487:40
[INFO] [stderr]     28:     0x560efdccaa0c - std::panicking::try::he7d15285746cbbc2
[INFO] [stderr]                                  at /rustc/84c898d65adf2f39a5a98507f1fe0ce10a2b8dbc/library/std/src/panicking.rs:451:19
[INFO] [stderr]     29:     0x560efdccaa0c - std::panic::catch_unwind::h89fb4f50c0301fe0
[INFO] [stderr]                                  at /rustc/84c898d65adf2f39a5a98507f1fe0ce10a2b8dbc/library/std/src/panic.rs:140:14
[INFO] [stderr]     30:     0x560efdccaa0c - std::rt::lang_start_internal::h078acd489417d3c1
[INFO] [stderr]                                  at /rustc/84c898d65adf2f39a5a98507f1fe0ce10a2b8dbc/library/std/src/rt.rs:148:20
[INFO] [stderr]     31:     0x560efd753307 - std::rt::lang_start::h2afacca634668a8a
[INFO] [stderr]     32:     0x560efd751fe5 - main
[INFO] [stderr]     33:     0x7f39f6b5dd90 - <unknown>
[INFO] [stderr]     34:     0x7f39f6b5de40 - __libc_start_main
[INFO] [stderr]     35:     0x560efd74fe65 - _start
[INFO] [stderr]     36:                0x0 - <unknown>
[INFO] running `Command { std: "docker" "inspect" "314d691813b55605230f96ccded1e489d9afbe99d7921aaac02a7116aa74eb17", kill_on_drop: false }`
[INFO] running `Command { std: "docker" "rm" "-f" "314d691813b55605230f96ccded1e489d9afbe99d7921aaac02a7116aa74eb17", kill_on_drop: false }`
[INFO] [stdout] 314d691813b55605230f96ccded1e489d9afbe99d7921aaac02a7116aa74eb17
