[INFO] fetching crate ligen-c-core 0.1.2...
[INFO] testing ligen-c-core-0.1.2 against 1.69.0 for beta-1.70-1
[INFO] extracting crate ligen-c-core 0.1.2 into /workspace/builds/worker-1-tc1/source
[INFO] validating manifest of crates.io crate ligen-c-core 0.1.2 on toolchain 1.69.0
[INFO] running `Command { std: CARGO_HOME="/workspace/cargo-home" RUSTUP_HOME="/workspace/rustup-home" "/workspace/cargo-home/bin/cargo" "+1.69.0" "metadata" "--manifest-path" "Cargo.toml" "--no-deps", kill_on_drop: false }`
[INFO] started tweaking crates.io crate ligen-c-core 0.1.2
[INFO] finished tweaking crates.io crate ligen-c-core 0.1.2
[INFO] tweaked toml for crates.io crate ligen-c-core 0.1.2 written to /workspace/builds/worker-1-tc1/source/Cargo.toml
[INFO] running `Command { std: CARGO_HOME="/workspace/cargo-home" RUSTUP_HOME="/workspace/rustup-home" __CARGO_TEST_CHANNEL_OVERRIDE_DO_NOT_USE_THIS="nightly" "/workspace/cargo-home/bin/cargo" "+1.69.0" "generate-lockfile" "--manifest-path" "Cargo.toml" "-Zno-index-update", kill_on_drop: false }`
[INFO] running `Command { std: CARGO_HOME="/workspace/cargo-home" RUSTUP_HOME="/workspace/rustup-home" "/workspace/cargo-home/bin/cargo" "+1.69.0" "fetch" "--manifest-path" "Cargo.toml", kill_on_drop: false }`
[INFO] [stderr]  Downloading crates ...
[INFO] [stderr]   Downloaded ligen v0.1.16
[INFO] [stderr]   Downloaded ligen-macro v0.1.16
[INFO] [stderr]   Downloaded ligen-core v0.1.16
[INFO] [stderr]   Downloaded shrinkwraprs v0.3.0
[INFO] running `Command { std: "docker" "create" "-v" "/var/lib/crater-agent-workspace/builds/worker-1-tc1/target:/opt/rustwide/target:rw,Z" "-v" "/var/lib/crater-agent-workspace/builds/worker-1-tc1/source:/opt/rustwide/workdir:ro,Z" "-v" "/var/lib/crater-agent-workspace/cargo-home:/opt/rustwide/cargo-home:ro,Z" "-v" "/var/lib/crater-agent-workspace/rustup-home:/opt/rustwide/rustup-home:ro,Z" "-e" "SOURCE_DIR=/opt/rustwide/workdir" "-e" "CARGO_TARGET_DIR=/opt/rustwide/target" "-e" "CARGO_HOME=/opt/rustwide/cargo-home" "-e" "RUSTUP_HOME=/opt/rustwide/rustup-home" "-w" "/opt/rustwide/workdir" "-m" "1610612736" "--user" "0:0" "--network" "none" "ghcr.io/rust-lang/crates-build-env/linux@sha256:5ff2268d62e97bff2cde7d5815dd6ed5b47097566f13b8d0ca110b04b60e07ed" "/opt/rustwide/cargo-home/bin/cargo" "+1.69.0" "metadata" "--no-deps" "--format-version=1", kill_on_drop: false }`
[INFO] [stdout] 7039d3527298a3c4cc68751037172374de90a35e77b5cc4c35a3277635090c45
[INFO] running `Command { std: "docker" "start" "-a" "7039d3527298a3c4cc68751037172374de90a35e77b5cc4c35a3277635090c45", kill_on_drop: false }`
[INFO] running `Command { std: "docker" "inspect" "7039d3527298a3c4cc68751037172374de90a35e77b5cc4c35a3277635090c45", kill_on_drop: false }`
[INFO] running `Command { std: "docker" "rm" "-f" "7039d3527298a3c4cc68751037172374de90a35e77b5cc4c35a3277635090c45", kill_on_drop: false }`
[INFO] [stdout] 7039d3527298a3c4cc68751037172374de90a35e77b5cc4c35a3277635090c45
[INFO] running `Command { std: "docker" "create" "-v" "/var/lib/crater-agent-workspace/builds/worker-1-tc1/target:/opt/rustwide/target:rw,Z" "-v" "/var/lib/crater-agent-workspace/builds/worker-1-tc1/source:/opt/rustwide/workdir:ro,Z" "-v" "/var/lib/crater-agent-workspace/cargo-home:/opt/rustwide/cargo-home:ro,Z" "-v" "/var/lib/crater-agent-workspace/rustup-home:/opt/rustwide/rustup-home:ro,Z" "-e" "SOURCE_DIR=/opt/rustwide/workdir" "-e" "CARGO_TARGET_DIR=/opt/rustwide/target" "-e" "CARGO_INCREMENTAL=0" "-e" "RUST_BACKTRACE=full" "-e" "RUSTFLAGS=--cap-lints=warn" "-e" "RUSTDOCFLAGS=--cap-lints=warn" "-e" "CARGO_HOME=/opt/rustwide/cargo-home" "-e" "RUSTUP_HOME=/opt/rustwide/rustup-home" "-w" "/opt/rustwide/workdir" "-m" "1610612736" "--user" "0:0" "--network" "none" "ghcr.io/rust-lang/crates-build-env/linux@sha256:5ff2268d62e97bff2cde7d5815dd6ed5b47097566f13b8d0ca110b04b60e07ed" "/opt/rustwide/cargo-home/bin/cargo" "+1.69.0" "build" "--frozen" "--message-format=json", kill_on_drop: false }`
[INFO] [stdout] e7d2c41fcb87082db271eaa00654463a1b23be24178fb5b83dd998f3bbc37e5a
[INFO] running `Command { std: "docker" "start" "-a" "e7d2c41fcb87082db271eaa00654463a1b23be24178fb5b83dd998f3bbc37e5a", kill_on_drop: false }`
[INFO] [stderr]    Compiling proc-macro2 v1.0.56
[INFO] [stderr]    Compiling unicode-ident v1.0.8
[INFO] [stderr]    Compiling either v1.8.1
[INFO] [stderr]    Compiling quote v1.0.26
[INFO] [stderr]    Compiling syn v1.0.109
[INFO] [stderr]    Compiling libloading v0.7.4
[INFO] [stderr]    Compiling itertools v0.8.2
[INFO] [stderr]    Compiling syn v2.0.15
[INFO] [stderr]    Compiling serde_derive v1.0.160
[INFO] [stderr]    Compiling shrinkwraprs v0.3.0
[INFO] [stderr]    Compiling serde v1.0.160
[INFO] [stderr]    Compiling serde_json v1.0.96
[INFO] [stderr]    Compiling ligen-core v0.1.16
[INFO] [stderr]    Compiling ligen-macro v0.1.16
[INFO] [stderr]    Compiling ligen v0.1.16
[INFO] [stderr]    Compiling ligen-c-core v0.1.2 (/opt/rustwide/workdir)
[INFO] [stdout] error[E0609]: no field `name` on type `ligen::ir::Type`
[INFO] [stdout]   --> src/generator/files.rs:20:80
[INFO] [stdout]    |
[INFO] [stdout] 20 |     PathBuf::from("include").join(format!("{}.h", implementation.current.self_.name))
[INFO] [stdout]    |                                                                                ^^^^
[INFO] [stdout] 
[INFO] [stdout] 
[INFO] [stdout] error[E0609]: no field `name` on type `ligen::ir::Type`
[INFO] [stdout]   --> src/generator/files.rs:38:83
[INFO] [stdout]    |
[INFO] [stdout] 38 |         file.writeln(format!("typedef struct Struct_{} {{", visitor.current.self_.name));
[INFO] [stdout]    |                                                                                   ^^^^
[INFO] [stdout] 
[INFO] [stdout] 
[INFO] [stdout] error[E0609]: no field `name` on type `ligen::ir::Type`
[INFO] [stdout]   --> src/generator/files.rs:40:62
[INFO] [stdout]    |
[INFO] [stdout] 40 |         file.writeln(format!("}} {};", visitor.current.self_.name));
[INFO] [stdout]    |                                                              ^^^^
[INFO] [stdout] 
[INFO] [stdout] 
[INFO] [stdout] error[E0609]: no field `name` on type `ligen::ir::Type`
[INFO] [stdout]   --> src/generator/files.rs:47:50
[INFO] [stdout]    |
[INFO] [stdout] 47 |         let object_name = &visitor.current.self_.name;
[INFO] [stdout]    |                                                  ^^^^
[INFO] [stdout] 
[INFO] [stdout] 
[INFO] [stdout] error[E0609]: no field `name` on type `ligen::ir::Type`
[INFO] [stdout]   --> src/generator/files.rs:62:56
[INFO] [stdout]    |
[INFO] [stdout] 62 |         format!("{}_{}", &visitor.parent.current.self_.name, &visitor.current.identifier.name)
[INFO] [stdout]    |                                                        ^^^^
[INFO] [stdout] 
[INFO] [stdout] 
[INFO] [stdout] error: aborting due to 5 previous errors
[INFO] [stdout] 
[INFO] [stdout] 
[INFO] [stdout] For more information about this error, try `rustc --explain E0609`.
[INFO] [stdout] 
[INFO] [stderr] error: could not compile `ligen-c-core` due to 6 previous errors
[INFO] running `Command { std: "docker" "inspect" "e7d2c41fcb87082db271eaa00654463a1b23be24178fb5b83dd998f3bbc37e5a", kill_on_drop: false }`
[INFO] running `Command { std: "docker" "rm" "-f" "e7d2c41fcb87082db271eaa00654463a1b23be24178fb5b83dd998f3bbc37e5a", kill_on_drop: false }`
[INFO] [stdout] e7d2c41fcb87082db271eaa00654463a1b23be24178fb5b83dd998f3bbc37e5a
