[INFO] fetching crate libts 0.1.1...
[INFO] testing libts-0.1.1 against 1.69.0 for beta-1.70-1
[INFO] extracting crate libts 0.1.1 into /workspace/builds/worker-5-tc1/source
[INFO] validating manifest of crates.io crate libts 0.1.1 on toolchain 1.69.0
[INFO] running `Command { std: CARGO_HOME="/workspace/cargo-home" RUSTUP_HOME="/workspace/rustup-home" "/workspace/cargo-home/bin/cargo" "+1.69.0" "metadata" "--manifest-path" "Cargo.toml" "--no-deps", kill_on_drop: false }`
[INFO] started tweaking crates.io crate libts 0.1.1
[INFO] finished tweaking crates.io crate libts 0.1.1
[INFO] tweaked toml for crates.io crate libts 0.1.1 written to /workspace/builds/worker-5-tc1/source/Cargo.toml
[INFO] running `Command { std: CARGO_HOME="/workspace/cargo-home" RUSTUP_HOME="/workspace/rustup-home" __CARGO_TEST_CHANNEL_OVERRIDE_DO_NOT_USE_THIS="nightly" "/workspace/cargo-home/bin/cargo" "+1.69.0" "generate-lockfile" "--manifest-path" "Cargo.toml" "-Zno-index-update", kill_on_drop: false }`
[INFO] running `Command { std: CARGO_HOME="/workspace/cargo-home" RUSTUP_HOME="/workspace/rustup-home" "/workspace/cargo-home/bin/cargo" "+1.69.0" "fetch" "--manifest-path" "Cargo.toml", kill_on_drop: false }`
[INFO] [stderr]  Downloading crates ...
[INFO] [stderr]   Downloaded bencher v0.1.5
[INFO] running `Command { std: "docker" "create" "-v" "/var/lib/crater-agent-workspace/builds/worker-5-tc1/target:/opt/rustwide/target:rw,Z" "-v" "/var/lib/crater-agent-workspace/builds/worker-5-tc1/source:/opt/rustwide/workdir:ro,Z" "-v" "/var/lib/crater-agent-workspace/cargo-home:/opt/rustwide/cargo-home:ro,Z" "-v" "/var/lib/crater-agent-workspace/rustup-home:/opt/rustwide/rustup-home:ro,Z" "-e" "SOURCE_DIR=/opt/rustwide/workdir" "-e" "CARGO_TARGET_DIR=/opt/rustwide/target" "-e" "CARGO_HOME=/opt/rustwide/cargo-home" "-e" "RUSTUP_HOME=/opt/rustwide/rustup-home" "-w" "/opt/rustwide/workdir" "-m" "1610612736" "--user" "0:0" "--network" "none" "ghcr.io/rust-lang/crates-build-env/linux@sha256:5ff2268d62e97bff2cde7d5815dd6ed5b47097566f13b8d0ca110b04b60e07ed" "/opt/rustwide/cargo-home/bin/cargo" "+1.69.0" "metadata" "--no-deps" "--format-version=1", kill_on_drop: false }`
[INFO] [stdout] a7694c9ea76642c26b18e19c120584dbd9e89289c23f8a502f71ab0e06d68db3
[INFO] running `Command { std: "docker" "start" "-a" "a7694c9ea76642c26b18e19c120584dbd9e89289c23f8a502f71ab0e06d68db3", kill_on_drop: false }`
[INFO] running `Command { std: "docker" "inspect" "a7694c9ea76642c26b18e19c120584dbd9e89289c23f8a502f71ab0e06d68db3", kill_on_drop: false }`
[INFO] running `Command { std: "docker" "rm" "-f" "a7694c9ea76642c26b18e19c120584dbd9e89289c23f8a502f71ab0e06d68db3", kill_on_drop: false }`
[INFO] [stdout] a7694c9ea76642c26b18e19c120584dbd9e89289c23f8a502f71ab0e06d68db3
[INFO] running `Command { std: "docker" "create" "-v" "/var/lib/crater-agent-workspace/builds/worker-5-tc1/target:/opt/rustwide/target:rw,Z" "-v" "/var/lib/crater-agent-workspace/builds/worker-5-tc1/source:/opt/rustwide/workdir:ro,Z" "-v" "/var/lib/crater-agent-workspace/cargo-home:/opt/rustwide/cargo-home:ro,Z" "-v" "/var/lib/crater-agent-workspace/rustup-home:/opt/rustwide/rustup-home:ro,Z" "-e" "SOURCE_DIR=/opt/rustwide/workdir" "-e" "CARGO_TARGET_DIR=/opt/rustwide/target" "-e" "CARGO_INCREMENTAL=0" "-e" "RUST_BACKTRACE=full" "-e" "RUSTFLAGS=--cap-lints=warn" "-e" "RUSTDOCFLAGS=--cap-lints=warn" "-e" "CARGO_HOME=/opt/rustwide/cargo-home" "-e" "RUSTUP_HOME=/opt/rustwide/rustup-home" "-w" "/opt/rustwide/workdir" "-m" "1610612736" "--user" "0:0" "--network" "none" "ghcr.io/rust-lang/crates-build-env/linux@sha256:5ff2268d62e97bff2cde7d5815dd6ed5b47097566f13b8d0ca110b04b60e07ed" "/opt/rustwide/cargo-home/bin/cargo" "+1.69.0" "build" "--frozen" "--message-format=json", kill_on_drop: false }`
[INFO] [stdout] 6f68d270f17623b788f850917347d9fd52b177ffb5ff4e92f8d576b886c8c799
[INFO] running `Command { std: "docker" "start" "-a" "6f68d270f17623b788f850917347d9fd52b177ffb5ff4e92f8d576b886c8c799", kill_on_drop: false }`
[INFO] [stderr]    Compiling libc v0.2.142
[INFO] [stderr]    Compiling time-core v0.1.0
[INFO] [stderr]    Compiling log v0.4.17
[INFO] [stderr]    Compiling lazy_static v1.4.0
[INFO] [stderr]    Compiling serde v1.0.160
[INFO] [stderr]    Compiling cfg-if v1.0.0
[INFO] [stderr]    Compiling num_threads v0.1.6
[INFO] [stderr]    Compiling itoa v1.0.6
[INFO] [stderr]    Compiling time-macros v0.2.8
[INFO] [stderr]    Compiling atty v0.2.14
[INFO] [stderr]    Compiling colored v2.0.0
[INFO] [stderr]    Compiling time v0.3.20
[INFO] [stderr]    Compiling simple_logger v2.3.0
[INFO] [stderr]    Compiling libts v0.1.1 (/opt/rustwide/workdir)
[INFO] [stdout] warning: the type `[u8; 64]` does not permit being left uninitialized
[INFO] [stdout]   --> src/mdcache.rs:43:32
[INFO] [stdout]    |
[INFO] [stdout] 43 |         let mut buf = unsafe { MaybeUninit::<[u8; 64]>::uninit().assume_init() };
[INFO] [stdout]    |                                ^^^^^^^^^^^^^^^^^^^^^^^^^^^^^^^^^^^^^^^^^^^^^^^
[INFO] [stdout]    |                                |
[INFO] [stdout]    |                                this code causes undefined behavior when executed
[INFO] [stdout]    |                                help: use `MaybeUninit<T>` instead, and only call `assume_init` after initialization is done
[INFO] [stdout]    |
[INFO] [stdout]    = note: integers must be initialized
[INFO] [stdout]    = note: `#[warn(invalid_value)]` on by default
[INFO] [stdout] 
[INFO] [stdout] 
[INFO] [stdout] warning: the type `timespec` does not permit being left uninitialized
[INFO] [stdout]    --> src/timestamp.rs:263:26
[INFO] [stdout]     |
[INFO] [stdout] 263 |             let mut tp = MaybeUninit::<timespec>::uninit().assume_init();
[INFO] [stdout]     |                          ^^^^^^^^^^^^^^^^^^^^^^^^^^^^^^^^^^^^^^^^^^^^^^^
[INFO] [stdout]     |                          |
[INFO] [stdout]     |                          this code causes undefined behavior when executed
[INFO] [stdout]     |                          help: use `MaybeUninit<T>` instead, and only call `assume_init` after initialization is done
[INFO] [stdout]     |
[INFO] [stdout]     = note: integers must be initialized
[INFO] [stdout] 
[INFO] [stdout] 
[INFO] [stdout] warning: the type `timespec` does not permit being left uninitialized
[INFO] [stdout]    --> src/timestamp.rs:287:26
[INFO] [stdout]     |
[INFO] [stdout] 287 |             let mut tp = MaybeUninit::<timespec>::uninit().assume_init();
[INFO] [stdout]     |                          ^^^^^^^^^^^^^^^^^^^^^^^^^^^^^^^^^^^^^^^^^^^^^^^
[INFO] [stdout]     |                          |
[INFO] [stdout]     |                          this code causes undefined behavior when executed
[INFO] [stdout]     |                          help: use `MaybeUninit<T>` instead, and only call `assume_init` after initialization is done
[INFO] [stdout]     |
[INFO] [stdout]     = note: integers must be initialized
[INFO] [stdout] 
[INFO] [stdout] 
[INFO] [stdout] warning: the type `timespec` does not permit being left uninitialized
[INFO] [stdout]    --> src/unix_time.rs:171:26
[INFO] [stdout]     |
[INFO] [stdout] 171 |             let mut tp = MaybeUninit::<timespec>::uninit().assume_init();
[INFO] [stdout]     |                          ^^^^^^^^^^^^^^^^^^^^^^^^^^^^^^^^^^^^^^^^^^^^^^^
[INFO] [stdout]     |                          |
[INFO] [stdout]     |                          this code causes undefined behavior when executed
[INFO] [stdout]     |                          help: use `MaybeUninit<T>` instead, and only call `assume_init` after initialization is done
[INFO] [stdout]     |
[INFO] [stdout]     = note: integers must be initialized
[INFO] [stdout] 
[INFO] [stdout] 
[INFO] [stdout] warning: 4 warnings emitted
[INFO] [stdout] 
[INFO] [stdout] 
[INFO] [stderr]     Finished dev [optimized + debuginfo] target(s) in 10.36s
[INFO] running `Command { std: "docker" "inspect" "6f68d270f17623b788f850917347d9fd52b177ffb5ff4e92f8d576b886c8c799", kill_on_drop: false }`
[INFO] running `Command { std: "docker" "rm" "-f" "6f68d270f17623b788f850917347d9fd52b177ffb5ff4e92f8d576b886c8c799", kill_on_drop: false }`
[INFO] [stdout] 6f68d270f17623b788f850917347d9fd52b177ffb5ff4e92f8d576b886c8c799
[INFO] running `Command { std: "docker" "create" "-v" "/var/lib/crater-agent-workspace/builds/worker-5-tc1/target:/opt/rustwide/target:rw,Z" "-v" "/var/lib/crater-agent-workspace/builds/worker-5-tc1/source:/opt/rustwide/workdir:ro,Z" "-v" "/var/lib/crater-agent-workspace/cargo-home:/opt/rustwide/cargo-home:ro,Z" "-v" "/var/lib/crater-agent-workspace/rustup-home:/opt/rustwide/rustup-home:ro,Z" "-e" "SOURCE_DIR=/opt/rustwide/workdir" "-e" "CARGO_TARGET_DIR=/opt/rustwide/target" "-e" "CARGO_INCREMENTAL=0" "-e" "RUST_BACKTRACE=full" "-e" "RUSTFLAGS=--cap-lints=warn" "-e" "RUSTDOCFLAGS=--cap-lints=warn" "-e" "CARGO_HOME=/opt/rustwide/cargo-home" "-e" "RUSTUP_HOME=/opt/rustwide/rustup-home" "-w" "/opt/rustwide/workdir" "-m" "1610612736" "--user" "0:0" "--network" "none" "ghcr.io/rust-lang/crates-build-env/linux@sha256:5ff2268d62e97bff2cde7d5815dd6ed5b47097566f13b8d0ca110b04b60e07ed" "/opt/rustwide/cargo-home/bin/cargo" "+1.69.0" "test" "--frozen" "--no-run" "--message-format=json", kill_on_drop: false }`
[INFO] [stdout] 9d021816234c60850e0b405a6d2fde2ce826ae594fd16b3e96d32a746d3c35f7
[INFO] running `Command { std: "docker" "start" "-a" "9d021816234c60850e0b405a6d2fde2ce826ae594fd16b3e96d32a746d3c35f7", kill_on_drop: false }`
[INFO] [stderr]    Compiling rand v0.4.6
[INFO] [stderr]    Compiling bencher v0.1.5
[INFO] [stdout] warning: the type `[u8; 64]` does not permit being left uninitialized
[INFO] [stdout]   --> src/mdcache.rs:43:32
[INFO] [stdout]    |
[INFO] [stdout] 43 |         let mut buf = unsafe { MaybeUninit::<[u8; 64]>::uninit().assume_init() };
[INFO] [stdout]    |                                ^^^^^^^^^^^^^^^^^^^^^^^^^^^^^^^^^^^^^^^^^^^^^^^
[INFO] [stdout]    |                                |
[INFO] [stdout]    |                                this code causes undefined behavior when executed
[INFO] [stdout]    |                                help: use `MaybeUninit<T>` instead, and only call `assume_init` after initialization is done
[INFO] [stdout]    |
[INFO] [stdout]    = note: integers must be initialized
[INFO] [stdout]    = note: `#[warn(invalid_value)]` on by default
[INFO] [stdout] 
[INFO] [stdout] 
[INFO] [stdout] warning: the type `timespec` does not permit being left uninitialized
[INFO] [stdout]    --> src/timestamp.rs:263:26
[INFO] [stdout]     |
[INFO] [stdout] 263 |             let mut tp = MaybeUninit::<timespec>::uninit().assume_init();
[INFO] [stdout]     |                          ^^^^^^^^^^^^^^^^^^^^^^^^^^^^^^^^^^^^^^^^^^^^^^^
[INFO] [stdout]     |                          |
[INFO] [stdout]     |                          this code causes undefined behavior when executed
[INFO] [stdout]     |                          help: use `MaybeUninit<T>` instead, and only call `assume_init` after initialization is done
[INFO] [stdout]     |
[INFO] [stdout]     = note: integers must be initialized
[INFO] [stdout] 
[INFO] [stdout] 
[INFO] [stdout] warning: the type `timespec` does not permit being left uninitialized
[INFO] [stdout]    --> src/timestamp.rs:287:26
[INFO] [stdout]     |
[INFO] [stdout] 287 |             let mut tp = MaybeUninit::<timespec>::uninit().assume_init();
[INFO] [stdout]     |                          ^^^^^^^^^^^^^^^^^^^^^^^^^^^^^^^^^^^^^^^^^^^^^^^
[INFO] [stdout]     |                          |
[INFO] [stdout]     |                          this code causes undefined behavior when executed
[INFO] [stdout]     |                          help: use `MaybeUninit<T>` instead, and only call `assume_init` after initialization is done
[INFO] [stdout]     |
[INFO] [stdout]     = note: integers must be initialized
[INFO] [stdout] 
[INFO] [stdout] 
[INFO] [stdout] warning: the type `timespec` does not permit being left uninitialized
[INFO] [stdout]    --> src/unix_time.rs:171:26
[INFO] [stdout]     |
[INFO] [stdout] 171 |             let mut tp = MaybeUninit::<timespec>::uninit().assume_init();
[INFO] [stdout]     |                          ^^^^^^^^^^^^^^^^^^^^^^^^^^^^^^^^^^^^^^^^^^^^^^^
[INFO] [stdout]     |                          |
[INFO] [stdout]     |                          this code causes undefined behavior when executed
[INFO] [stdout]     |                          help: use `MaybeUninit<T>` instead, and only call `assume_init` after initialization is done
[INFO] [stdout]     |
[INFO] [stdout]     = note: integers must be initialized
[INFO] [stdout] 
[INFO] [stdout] 
[INFO] [stdout] warning: 4 warnings emitted
[INFO] [stdout] 
[INFO] [stdout] 
[INFO] [stderr]    Compiling libts v0.1.1 (/opt/rustwide/workdir)
[INFO] [stdout] warning: the type `[u8; 64]` does not permit being left uninitialized
[INFO] [stdout]   --> src/mdcache.rs:43:32
[INFO] [stdout]    |
[INFO] [stdout] 43 |         let mut buf = unsafe { MaybeUninit::<[u8; 64]>::uninit().assume_init() };
[INFO] [stdout]    |                                ^^^^^^^^^^^^^^^^^^^^^^^^^^^^^^^^^^^^^^^^^^^^^^^
[INFO] [stdout]    |                                |
[INFO] [stdout]    |                                this code causes undefined behavior when executed
[INFO] [stdout]    |                                help: use `MaybeUninit<T>` instead, and only call `assume_init` after initialization is done
[INFO] [stdout]    |
[INFO] [stdout]    = note: integers must be initialized
[INFO] [stdout]    = note: `#[warn(invalid_value)]` on by default
[INFO] [stdout] 
[INFO] [stdout] 
[INFO] [stdout] warning: the type `timespec` does not permit being left uninitialized
[INFO] [stdout]    --> src/timestamp.rs:263:26
[INFO] [stdout]     |
[INFO] [stdout] 263 |             let mut tp = MaybeUninit::<timespec>::uninit().assume_init();
[INFO] [stdout]     |                          ^^^^^^^^^^^^^^^^^^^^^^^^^^^^^^^^^^^^^^^^^^^^^^^
[INFO] [stdout]     |                          |
[INFO] [stdout]     |                          this code causes undefined behavior when executed
[INFO] [stdout]     |                          help: use `MaybeUninit<T>` instead, and only call `assume_init` after initialization is done
[INFO] [stdout]     |
[INFO] [stdout]     = note: integers must be initialized
[INFO] [stdout] 
[INFO] [stdout] 
[INFO] [stdout] warning: the type `timespec` does not permit being left uninitialized
[INFO] [stdout]    --> src/timestamp.rs:287:26
[INFO] [stdout]     |
[INFO] [stdout] 287 |             let mut tp = MaybeUninit::<timespec>::uninit().assume_init();
[INFO] [stdout]     |                          ^^^^^^^^^^^^^^^^^^^^^^^^^^^^^^^^^^^^^^^^^^^^^^^
[INFO] [stdout]     |                          |
[INFO] [stdout]     |                          this code causes undefined behavior when executed
[INFO] [stdout]     |                          help: use `MaybeUninit<T>` instead, and only call `assume_init` after initialization is done
[INFO] [stdout]     |
[INFO] [stdout]     = note: integers must be initialized
[INFO] [stdout] 
[INFO] [stdout] 
[INFO] [stdout] warning: the type `timespec` does not permit being left uninitialized
[INFO] [stdout]    --> src/unix_time.rs:171:26
[INFO] [stdout]     |
[INFO] [stdout] 171 |             let mut tp = MaybeUninit::<timespec>::uninit().assume_init();
[INFO] [stdout]     |                          ^^^^^^^^^^^^^^^^^^^^^^^^^^^^^^^^^^^^^^^^^^^^^^^
[INFO] [stdout]     |                          |
[INFO] [stdout]     |                          this code causes undefined behavior when executed
[INFO] [stdout]     |                          help: use `MaybeUninit<T>` instead, and only call `assume_init` after initialization is done
[INFO] [stdout]     |
[INFO] [stdout]     = note: integers must be initialized
[INFO] [stdout] 
[INFO] [stdout] 
[INFO] [stdout] warning: 4 warnings emitted
[INFO] [stdout] 
[INFO] [stdout] 
[INFO] [stderr]     Finished test [optimized + debuginfo] target(s) in 5.09s
[INFO] running `Command { std: "docker" "inspect" "9d021816234c60850e0b405a6d2fde2ce826ae594fd16b3e96d32a746d3c35f7", kill_on_drop: false }`
[INFO] running `Command { std: "docker" "rm" "-f" "9d021816234c60850e0b405a6d2fde2ce826ae594fd16b3e96d32a746d3c35f7", kill_on_drop: false }`
[INFO] [stdout] 9d021816234c60850e0b405a6d2fde2ce826ae594fd16b3e96d32a746d3c35f7
[INFO] running `Command { std: "docker" "create" "-v" "/var/lib/crater-agent-workspace/builds/worker-5-tc1/target:/opt/rustwide/target:rw,Z" "-v" "/var/lib/crater-agent-workspace/builds/worker-5-tc1/source:/opt/rustwide/workdir:ro,Z" "-v" "/var/lib/crater-agent-workspace/cargo-home:/opt/rustwide/cargo-home:ro,Z" "-v" "/var/lib/crater-agent-workspace/rustup-home:/opt/rustwide/rustup-home:ro,Z" "-e" "SOURCE_DIR=/opt/rustwide/workdir" "-e" "CARGO_TARGET_DIR=/opt/rustwide/target" "-e" "CARGO_INCREMENTAL=0" "-e" "RUST_BACKTRACE=full" "-e" "RUSTFLAGS=--cap-lints=warn" "-e" "RUSTDOCFLAGS=--cap-lints=warn" "-e" "CARGO_HOME=/opt/rustwide/cargo-home" "-e" "RUSTUP_HOME=/opt/rustwide/rustup-home" "-w" "/opt/rustwide/workdir" "-m" "1610612736" "--user" "0:0" "--network" "none" "ghcr.io/rust-lang/crates-build-env/linux@sha256:5ff2268d62e97bff2cde7d5815dd6ed5b47097566f13b8d0ca110b04b60e07ed" "/opt/rustwide/cargo-home/bin/cargo" "+1.69.0" "test" "--frozen", kill_on_drop: false }`
[INFO] [stdout] 88c066a22793fac02162e3b7de4b73c474ad8390734dc5ab9d595a3aaf720def
[INFO] running `Command { std: "docker" "start" "-a" "88c066a22793fac02162e3b7de4b73c474ad8390734dc5ab9d595a3aaf720def", kill_on_drop: false }`
[INFO] [stderr] warning: the type `[u8; 64]` does not permit being left uninitialized
[INFO] [stderr]   --> src/mdcache.rs:43:32
[INFO] [stderr]    |
[INFO] [stderr] 43 |         let mut buf = unsafe { MaybeUninit::<[u8; 64]>::uninit().assume_init() };
[INFO] [stderr]    |                                ^^^^^^^^^^^^^^^^^^^^^^^^^^^^^^^^^^^^^^^^^^^^^^^
[INFO] [stderr]    |                                |
[INFO] [stderr]    |                                this code causes undefined behavior when executed
[INFO] [stderr]    |                                help: use `MaybeUninit<T>` instead, and only call `assume_init` after initialization is done
[INFO] [stderr]    |
[INFO] [stderr]    = note: integers must be initialized
[INFO] [stderr]    = note: `#[warn(invalid_value)]` on by default
[INFO] [stderr] 
[INFO] [stderr] warning: the type `timespec` does not permit being left uninitialized
[INFO] [stderr]    --> src/timestamp.rs:263:26
[INFO] [stderr]     |
[INFO] [stderr] 263 |             let mut tp = MaybeUninit::<timespec>::uninit().assume_init();
[INFO] [stderr]     |                          ^^^^^^^^^^^^^^^^^^^^^^^^^^^^^^^^^^^^^^^^^^^^^^^
[INFO] [stderr]     |                          |
[INFO] [stderr]     |                          this code causes undefined behavior when executed
[INFO] [stderr]     |                          help: use `MaybeUninit<T>` instead, and only call `assume_init` after initialization is done
[INFO] [stderr]     |
[INFO] [stderr]     = note: integers must be initialized
[INFO] [stderr] 
[INFO] [stderr] warning: the type `timespec` does not permit being left uninitialized
[INFO] [stderr]    --> src/timestamp.rs:287:26
[INFO] [stderr]     |
[INFO] [stderr] 287 |             let mut tp = MaybeUninit::<timespec>::uninit().assume_init();
[INFO] [stderr]     |                          ^^^^^^^^^^^^^^^^^^^^^^^^^^^^^^^^^^^^^^^^^^^^^^^
[INFO] [stderr]     |                          |
[INFO] [stderr]     |                          this code causes undefined behavior when executed
[INFO] [stderr]     |                          help: use `MaybeUninit<T>` instead, and only call `assume_init` after initialization is done
[INFO] [stderr]     |
[INFO] [stderr]     = note: integers must be initialized
[INFO] [stderr] 
[INFO] [stderr] warning: the type `timespec` does not permit being left uninitialized
[INFO] [stderr]    --> src/unix_time.rs:171:26
[INFO] [stderr]     |
[INFO] [stderr] 171 |             let mut tp = MaybeUninit::<timespec>::uninit().assume_init();
[INFO] [stderr]     |                          ^^^^^^^^^^^^^^^^^^^^^^^^^^^^^^^^^^^^^^^^^^^^^^^
[INFO] [stderr]     |                          |
[INFO] [stderr]     |                          this code causes undefined behavior when executed
[INFO] [stderr]     |                          help: use `MaybeUninit<T>` instead, and only call `assume_init` after initialization is done
[INFO] [stderr]     |
[INFO] [stderr]     = note: integers must be initialized
[INFO] [stderr] 
[INFO] [stderr] warning: `libts` (lib) generated 4 warnings
[INFO] [stderr] warning: `libts` (lib test) generated 4 warnings (4 duplicates)
[INFO] [stderr]     Finished test [optimized + debuginfo] target(s) in 0.04s
[INFO] [stderr]      Running unittests src/lib.rs (/opt/rustwide/target/debug/deps/libts-cf7c7c7a007b9cf2)
[INFO] [stdout] 
[INFO] [stdout] running 39 tests
[INFO] [stdout] test mdcache::tests::bench_md_pitch ... ignored
[INFO] [stdout] test julian::tests::test_date ... ok
[INFO] [stdout] test julian::tests::test_epoch ... ok
[INFO] [stdout] test mdcache::tests::test_hp_path ... ok
[INFO] [stdout] test datetime::tests::test_datetime ... ok
[INFO] [stdout] test mdcache::tests::test_mdcache ... ok
[INFO] [stdout] test mdcache::tests::test_md_pitch ... ok
[INFO] [stdout] test mmap::tests::test_exist ... ok
[INFO] [stdout] test measure::measure::tests::test_measure_display ... ok
[INFO] [stdout] test mmap::tests::test_mmap ... ok
[INFO] [stdout] test mmap::tests::test_hp_path ... ok
[INFO] [stdout] test pitch::pitch::tests::test_from_bytes ... ok
[INFO] [stdout] test pitch::pitch::tests::test_to_bytes ... ok
[INFO] [stdout] test msg::tests::test_sizeof_msg ... ok
[INFO] [stdout] test pitch::proto::tests::test_event ... ok
[INFO] [stdout] test pitch::proto::tests::test_reason ... ok
[INFO] [stdout] test msg::tests::test_convert ... ok
[INFO] [stdout] test pitch::proto::tests::test_side ... ok
[INFO] [stdout] test pitch::proto::tests::test_state ... ok
[INFO] [stdout] test pitch::proto::tests::test_symboldir ... ok
[INFO] [stdout] test pitch::proto::tests::test_cross_type ... ok
[INFO] [stdout] test mdcache::tests::test_mmap ... FAILED
[INFO] [stdout] test price_type::tests::test_string ... ok
[INFO] [stdout] test tests::u256_works ... ok
[INFO] [stdout] test serde::ser::tests::test_struct ... ok
[INFO] [stdout] test price_type::tests::test_double ... ok
[INFO] [stdout] test serde::de::test_struct ... ok
[INFO] [stdout] test timestamp::tests::test_timestamp ... ok
[INFO] [stdout] test timestamp::tests::test_sysclock ... ok
[INFO] [stdout] test u64::tests::test_u64_subc ... ok
[INFO] [stdout] test unix_time::tests::test_local ... ok
[INFO] [stdout] test u64::tests::test_u64_sub ... ok
[INFO] [stdout] test unix_time::tests::test_unixtime ... ok
[INFO] [stdout] test timestamp::tests::test_nsleep ... ok
[INFO] [stdout] test x86::tests::test_x86cpu ... ok
[INFO] [stdout] test measure::macros::tests::test_measure_macro ... ok
[INFO] [stdout] test measure::measure::tests::test_measure ... ok
[INFO] [stdout] test measure::measure::tests::test_measure_this ... ok
[INFO] [stdout] test measure::measure::tests::test_measure_tsc ... ok
[INFO] [stdout] 
[INFO] [stdout] failures:
[INFO] [stdout] 
[INFO] [stdout] ---- mdcache::tests::test_mmap stdout ----
[INFO] [stdout] overlay mount / type overlay, running within container
[INFO] [stdout] thread 'mdcache::tests::test_mmap' panicked at 'MdHeader::new()', src/mdcache.rs:119:13
[INFO] [stdout] stack backtrace:
[INFO] [stdout]    0:     0x563fdaba9dba - std::backtrace_rs::backtrace::libunwind::trace::ha9053a9a07ca49cb
[INFO] [stdout]                                at /rustc/84c898d65adf2f39a5a98507f1fe0ce10a2b8dbc/library/std/src/../../backtrace/src/backtrace/libunwind.rs:93:5
[INFO] [stdout]    1:     0x563fdaba9dba - std::backtrace_rs::backtrace::trace_unsynchronized::h9c2852a457ad564e
[INFO] [stdout]                                at /rustc/84c898d65adf2f39a5a98507f1fe0ce10a2b8dbc/library/std/src/../../backtrace/src/backtrace/mod.rs:66:5
[INFO] [stdout]    2:     0x563fdaba9dba - std::sys_common::backtrace::_print_fmt::h457936fbfaa0070f
[INFO] [stdout]                                at /rustc/84c898d65adf2f39a5a98507f1fe0ce10a2b8dbc/library/std/src/sys_common/backtrace.rs:65:5
[INFO] [stdout]    3:     0x563fdaba9dba - <std::sys_common::backtrace::_print::DisplayBacktrace as core::fmt::Display>::fmt::h5779d7bf7f70cb0c
[INFO] [stdout]                                at /rustc/84c898d65adf2f39a5a98507f1fe0ce10a2b8dbc/library/std/src/sys_common/backtrace.rs:44:22
[INFO] [stdout]    4:     0x563fdabce01e - core::fmt::write::h5a4baaff1bcd3eb5
[INFO] [stdout]                                at /rustc/84c898d65adf2f39a5a98507f1fe0ce10a2b8dbc/library/core/src/fmt/mod.rs:1232:17
[INFO] [stdout]    5:     0x563fdaba7235 - std::io::Write::write_fmt::h478f79c628ef31d1
[INFO] [stdout]                                at /rustc/84c898d65adf2f39a5a98507f1fe0ce10a2b8dbc/library/std/src/io/mod.rs:1684:15
[INFO] [stdout]    6:     0x563fdaba9b85 - std::sys_common::backtrace::_print::h5fcdc36060f177e8
[INFO] [stdout]                                at /rustc/84c898d65adf2f39a5a98507f1fe0ce10a2b8dbc/library/std/src/sys_common/backtrace.rs:47:5
[INFO] [stdout]    7:     0x563fdaba9b85 - std::sys_common::backtrace::print::h54ca9458b876c8bf
[INFO] [stdout]                                at /rustc/84c898d65adf2f39a5a98507f1fe0ce10a2b8dbc/library/std/src/sys_common/backtrace.rs:34:9
[INFO] [stdout]    8:     0x563fdabab94f - std::panicking::default_hook::{{closure}}::hbe471161c7664ed6
[INFO] [stdout]                                at /rustc/84c898d65adf2f39a5a98507f1fe0ce10a2b8dbc/library/std/src/panicking.rs:271:22
[INFO] [stdout]    9:     0x563fdabab60f - std::panicking::default_hook::ha3500da57aa4ac4f
[INFO] [stdout]                                at /rustc/84c898d65adf2f39a5a98507f1fe0ce10a2b8dbc/library/std/src/panicking.rs:287:9
[INFO] [stdout]   10:     0x563fdab7e037 - <alloc::boxed::Box<F,A> as core::ops::function::Fn<Args>>::call::hdf1b89dd137ece34
[INFO] [stdout]                                at /rustc/84c898d65adf2f39a5a98507f1fe0ce10a2b8dbc/library/alloc/src/boxed.rs:2001:9
[INFO] [stdout]   11:     0x563fdab7e037 - test::test_main::{{closure}}::h9081a79f20e75698
[INFO] [stdout]                                at /rustc/84c898d65adf2f39a5a98507f1fe0ce10a2b8dbc/library/test/src/lib.rs:135:21
[INFO] [stdout]   12:     0x563fdabac07d - <alloc::boxed::Box<F,A> as core::ops::function::Fn<Args>>::call::h6507bddc3eebb4a5
[INFO] [stdout]                                at /rustc/84c898d65adf2f39a5a98507f1fe0ce10a2b8dbc/library/alloc/src/boxed.rs:2001:9
[INFO] [stdout]   13:     0x563fdabac07d - std::panicking::rust_panic_with_hook::h50c09d000dc561d2
[INFO] [stdout]                                at /rustc/84c898d65adf2f39a5a98507f1fe0ce10a2b8dbc/library/std/src/panicking.rs:696:13
[INFO] [stdout]   14:     0x563fdababdb2 - std::panicking::begin_panic_handler::{{closure}}::h9e2b2176e00e0d9c
[INFO] [stdout]                                at /rustc/84c898d65adf2f39a5a98507f1fe0ce10a2b8dbc/library/std/src/panicking.rs:581:13
[INFO] [stdout]   15:     0x563fdabaa226 - std::sys_common::backtrace::__rust_end_short_backtrace::h5739b8e512c09d02
[INFO] [stdout]                                at /rustc/84c898d65adf2f39a5a98507f1fe0ce10a2b8dbc/library/std/src/sys_common/backtrace.rs:150:18
[INFO] [stdout]   16:     0x563fdababb02 - rust_begin_unwind
[INFO] [stdout]                                at /rustc/84c898d65adf2f39a5a98507f1fe0ce10a2b8dbc/library/std/src/panicking.rs:579:5
[INFO] [stdout]   17:     0x563fdab3e773 - core::panicking::panic_fmt::hf33a1475b4dc5c3e
[INFO] [stdout]                                at /rustc/84c898d65adf2f39a5a98507f1fe0ce10a2b8dbc/library/core/src/panicking.rs:64:14
[INFO] [stdout]   18:     0x563fdab4ca45 - libts::mdcache::tests::test_mmap::h9cf5e61f64ce5e0a
[INFO] [stdout]                                at /opt/rustwide/workdir/src/mdcache.rs:119:13
[INFO] [stdout]   19:     0x563fdab46aa9 - libts::mdcache::tests::test_mmap::{{closure}}::hd4357f87fc3bb853
[INFO] [stdout]                                at /opt/rustwide/workdir/src/mdcache.rs:107:20
[INFO] [stdout]   20:     0x563fdab46aa9 - core::ops::function::FnOnce::call_once::h83e8608ad189a43c
[INFO] [stdout]                                at /rustc/84c898d65adf2f39a5a98507f1fe0ce10a2b8dbc/library/core/src/ops/function.rs:250:5
[INFO] [stdout]   21:     0x563fdab8341f - core::ops::function::FnOnce::call_once::h7d969581be7d0075
[INFO] [stdout]                                at /rustc/84c898d65adf2f39a5a98507f1fe0ce10a2b8dbc/library/core/src/ops/function.rs:250:5
[INFO] [stdout]   22:     0x563fdab8341f - test::__rust_begin_short_backtrace::hca25a52684e56655
[INFO] [stdout]                                at /rustc/84c898d65adf2f39a5a98507f1fe0ce10a2b8dbc/library/test/src/lib.rs:656:18
[INFO] [stdout]   23:     0x563fdab54a3c - test::run_test::{{closure}}::ha8ac744c4af1a4bb
[INFO] [stdout]                                at /rustc/84c898d65adf2f39a5a98507f1fe0ce10a2b8dbc/library/test/src/lib.rs:647:30
[INFO] [stdout]   24:     0x563fdab54a3c - core::ops::function::FnOnce::call_once{{vtable.shim}}::h7b411a9ed45bdecf
[INFO] [stdout]                                at /rustc/84c898d65adf2f39a5a98507f1fe0ce10a2b8dbc/library/core/src/ops/function.rs:250:5
[INFO] [stdout]   25:     0x563fdab823e6 - <alloc::boxed::Box<F,A> as core::ops::function::FnOnce<Args>>::call_once::hd05328869a8ed200
[INFO] [stdout]                                at /rustc/84c898d65adf2f39a5a98507f1fe0ce10a2b8dbc/library/alloc/src/boxed.rs:1987:9
[INFO] [stdout]   26:     0x563fdab823e6 - <core::panic::unwind_safe::AssertUnwindSafe<F> as core::ops::function::FnOnce<()>>::call_once::h0c601ce20bd5b2be
[INFO] [stdout]                                at /rustc/84c898d65adf2f39a5a98507f1fe0ce10a2b8dbc/library/core/src/panic/unwind_safe.rs:271:9
[INFO] [stdout]   27:     0x563fdab823e6 - std::panicking::try::do_call::ha4be5c164fe30854
[INFO] [stdout]                                at /rustc/84c898d65adf2f39a5a98507f1fe0ce10a2b8dbc/library/std/src/panicking.rs:487:40
[INFO] [stdout]   28:     0x563fdab823e6 - std::panicking::try::h604546f3609af05f
[INFO] [stdout]                                at /rustc/84c898d65adf2f39a5a98507f1fe0ce10a2b8dbc/library/std/src/panicking.rs:451:19
[INFO] [stdout]   29:     0x563fdab823e6 - std::panic::catch_unwind::h5bfa8afe44c9c2f9
[INFO] [stdout]                                at /rustc/84c898d65adf2f39a5a98507f1fe0ce10a2b8dbc/library/std/src/panic.rs:140:14
[INFO] [stdout]   30:     0x563fdab823e6 - test::run_test_in_process::hd50dee55dd63e6aa
[INFO] [stdout]                                at /rustc/84c898d65adf2f39a5a98507f1fe0ce10a2b8dbc/library/test/src/lib.rs:679:27
[INFO] [stdout]   31:     0x563fdab823e6 - test::run_test::run_test_inner::{{closure}}::h4aa0f433aa85cea8
[INFO] [stdout]                                at /rustc/84c898d65adf2f39a5a98507f1fe0ce10a2b8dbc/library/test/src/lib.rs:573:39
[INFO] [stdout]   32:     0x563fdab4f0b1 - test::run_test::run_test_inner::{{closure}}::had56431adf24b4d6
[INFO] [stdout]                                at /rustc/84c898d65adf2f39a5a98507f1fe0ce10a2b8dbc/library/test/src/lib.rs:600:37
[INFO] [stdout]   33:     0x563fdab4f0b1 - std::sys_common::backtrace::__rust_begin_short_backtrace::ha8d9890e0c73bf13
[INFO] [stdout]                                at /rustc/84c898d65adf2f39a5a98507f1fe0ce10a2b8dbc/library/std/src/sys_common/backtrace.rs:134:18
[INFO] [stdout]   34:     0x563fdab54acb - std::thread::Builder::spawn_unchecked_::{{closure}}::{{closure}}::h251832bcb4a95327
[INFO] [stdout]                                at /rustc/84c898d65adf2f39a5a98507f1fe0ce10a2b8dbc/library/std/src/thread/mod.rs:560:17
[INFO] [stdout]   35:     0x563fdab54acb - <core::panic::unwind_safe::AssertUnwindSafe<F> as core::ops::function::FnOnce<()>>::call_once::h8fdff598fa414831
[INFO] [stdout]                                at /rustc/84c898d65adf2f39a5a98507f1fe0ce10a2b8dbc/library/core/src/panic/unwind_safe.rs:271:9
[INFO] [stdout]   36:     0x563fdab54acb - std::panicking::try::do_call::h455dd2f7764a950f
[INFO] [stdout]                                at /rustc/84c898d65adf2f39a5a98507f1fe0ce10a2b8dbc/library/std/src/panicking.rs:487:40
[INFO] [stdout]   37:     0x563fdab54acb - std::panicking::try::had6f23b7b73ae72a
[INFO] [stdout]                                at /rustc/84c898d65adf2f39a5a98507f1fe0ce10a2b8dbc/library/std/src/panicking.rs:451:19
[INFO] [stdout]   38:     0x563fdab54acb - std::panic::catch_unwind::ha6a5ca3915b4dad0
[INFO] [stdout]                                at /rustc/84c898d65adf2f39a5a98507f1fe0ce10a2b8dbc/library/std/src/panic.rs:140:14
[INFO] [stdout]   39:     0x563fdab54acb - std::thread::Builder::spawn_unchecked_::{{closure}}::h883b72ef75da6231
[INFO] [stdout]                                at /rustc/84c898d65adf2f39a5a98507f1fe0ce10a2b8dbc/library/std/src/thread/mod.rs:559:30
[INFO] [stdout]   40:     0x563fdab54acb - core::ops::function::FnOnce::call_once{{vtable.shim}}::hb7dff73dc8bd2ccb
[INFO] [stdout]                                at /rustc/84c898d65adf2f39a5a98507f1fe0ce10a2b8dbc/library/core/src/ops/function.rs:250:5
[INFO] [stdout]   41:     0x563fdabb0403 - <alloc::boxed::Box<F,A> as core::ops::function::FnOnce<Args>>::call_once::h39990b24eedef2ab
[INFO] [stdout]                                at /rustc/84c898d65adf2f39a5a98507f1fe0ce10a2b8dbc/library/alloc/src/boxed.rs:1987:9
[INFO] [stdout]   42:     0x563fdabb0403 - <alloc::boxed::Box<F,A> as core::ops::function::FnOnce<Args>>::call_once::h01a027258444143b
[INFO] [stdout]                                at /rustc/84c898d65adf2f39a5a98507f1fe0ce10a2b8dbc/library/alloc/src/boxed.rs:1987:9
[INFO] [stdout]   43:     0x563fdabb0403 - std::sys::unix::thread::Thread::new::thread_start::ha4f1cdd9c25884ba
[INFO] [stdout]                                at /rustc/84c898d65adf2f39a5a98507f1fe0ce10a2b8dbc/library/std/src/sys/unix/thread.rs:108:17
[INFO] [stdout]   44:     0x7fdab0b6eb43 - <unknown>
[INFO] [stdout]   45:     0x7fdab0bffbb4 - __clone
[INFO] [stdout]   46:                0x0 - <unknown>
[INFO] [stdout] 
[INFO] [stdout] 
[INFO] [stdout] failures:
[INFO] [stdout]     mdcache::tests::test_mmap
[INFO] [stdout] 
[INFO] [stderr] error: test failed, to rerun pass `--lib`
[INFO] [stdout] test result: FAILED. 37 passed; 1 failed; 1 ignored; 0 measured; 0 filtered out; finished in 1.13s
[INFO] [stdout] 
[INFO] running `Command { std: "docker" "inspect" "88c066a22793fac02162e3b7de4b73c474ad8390734dc5ab9d595a3aaf720def", kill_on_drop: false }`
[INFO] running `Command { std: "docker" "rm" "-f" "88c066a22793fac02162e3b7de4b73c474ad8390734dc5ab9d595a3aaf720def", kill_on_drop: false }`
[INFO] [stdout] 88c066a22793fac02162e3b7de4b73c474ad8390734dc5ab9d595a3aaf720def
