[INFO] fetching crate librs 0.1.0...
[INFO] testing librs-0.1.0 against 1.69.0 for beta-1.70-1
[INFO] extracting crate librs 0.1.0 into /workspace/builds/worker-3-tc1/source
[INFO] validating manifest of crates.io crate librs 0.1.0 on toolchain 1.69.0
[INFO] running `Command { std: CARGO_HOME="/workspace/cargo-home" RUSTUP_HOME="/workspace/rustup-home" "/workspace/cargo-home/bin/cargo" "+1.69.0" "metadata" "--manifest-path" "Cargo.toml" "--no-deps", kill_on_drop: false }`
[INFO] started tweaking crates.io crate librs 0.1.0
[INFO] finished tweaking crates.io crate librs 0.1.0
[INFO] tweaked toml for crates.io crate librs 0.1.0 written to /workspace/builds/worker-3-tc1/source/Cargo.toml
[INFO] running `Command { std: CARGO_HOME="/workspace/cargo-home" RUSTUP_HOME="/workspace/rustup-home" __CARGO_TEST_CHANNEL_OVERRIDE_DO_NOT_USE_THIS="nightly" "/workspace/cargo-home/bin/cargo" "+1.69.0" "generate-lockfile" "--manifest-path" "Cargo.toml" "-Zno-index-update", kill_on_drop: false }`
[INFO] running `Command { std: CARGO_HOME="/workspace/cargo-home" RUSTUP_HOME="/workspace/rustup-home" "/workspace/cargo-home/bin/cargo" "+1.69.0" "fetch" "--manifest-path" "Cargo.toml", kill_on_drop: false }`
[INFO] [stderr]     Blocking waiting for file lock on package cache
[INFO] [stderr]  Downloading crates ...
[INFO] [stderr]   Downloaded const_type v0.1.3
[INFO] running `Command { std: "docker" "create" "-v" "/var/lib/crater-agent-workspace/builds/worker-3-tc1/target:/opt/rustwide/target:rw,Z" "-v" "/var/lib/crater-agent-workspace/builds/worker-3-tc1/source:/opt/rustwide/workdir:ro,Z" "-v" "/var/lib/crater-agent-workspace/cargo-home:/opt/rustwide/cargo-home:ro,Z" "-v" "/var/lib/crater-agent-workspace/rustup-home:/opt/rustwide/rustup-home:ro,Z" "-e" "SOURCE_DIR=/opt/rustwide/workdir" "-e" "CARGO_TARGET_DIR=/opt/rustwide/target" "-e" "CARGO_HOME=/opt/rustwide/cargo-home" "-e" "RUSTUP_HOME=/opt/rustwide/rustup-home" "-w" "/opt/rustwide/workdir" "-m" "1610612736" "--user" "0:0" "--network" "none" "ghcr.io/rust-lang/crates-build-env/linux@sha256:5ff2268d62e97bff2cde7d5815dd6ed5b47097566f13b8d0ca110b04b60e07ed" "/opt/rustwide/cargo-home/bin/cargo" "+1.69.0" "metadata" "--no-deps" "--format-version=1", kill_on_drop: false }`
[INFO] [stdout] bd9962485ebf3feca906441546a92104249b54a522942d701ce03ec07acf3700
[INFO] running `Command { std: "docker" "start" "-a" "bd9962485ebf3feca906441546a92104249b54a522942d701ce03ec07acf3700", kill_on_drop: false }`
[INFO] running `Command { std: "docker" "inspect" "bd9962485ebf3feca906441546a92104249b54a522942d701ce03ec07acf3700", kill_on_drop: false }`
[INFO] running `Command { std: "docker" "rm" "-f" "bd9962485ebf3feca906441546a92104249b54a522942d701ce03ec07acf3700", kill_on_drop: false }`
[INFO] [stdout] bd9962485ebf3feca906441546a92104249b54a522942d701ce03ec07acf3700
[INFO] running `Command { std: "docker" "create" "-v" "/var/lib/crater-agent-workspace/builds/worker-3-tc1/target:/opt/rustwide/target:rw,Z" "-v" "/var/lib/crater-agent-workspace/builds/worker-3-tc1/source:/opt/rustwide/workdir:ro,Z" "-v" "/var/lib/crater-agent-workspace/cargo-home:/opt/rustwide/cargo-home:ro,Z" "-v" "/var/lib/crater-agent-workspace/rustup-home:/opt/rustwide/rustup-home:ro,Z" "-e" "SOURCE_DIR=/opt/rustwide/workdir" "-e" "CARGO_TARGET_DIR=/opt/rustwide/target" "-e" "CARGO_INCREMENTAL=0" "-e" "RUST_BACKTRACE=full" "-e" "RUSTFLAGS=--cap-lints=warn" "-e" "RUSTDOCFLAGS=--cap-lints=warn" "-e" "CARGO_HOME=/opt/rustwide/cargo-home" "-e" "RUSTUP_HOME=/opt/rustwide/rustup-home" "-w" "/opt/rustwide/workdir" "-m" "1610612736" "--user" "0:0" "--network" "none" "ghcr.io/rust-lang/crates-build-env/linux@sha256:5ff2268d62e97bff2cde7d5815dd6ed5b47097566f13b8d0ca110b04b60e07ed" "/opt/rustwide/cargo-home/bin/cargo" "+1.69.0" "build" "--frozen" "--message-format=json", kill_on_drop: false }`
[INFO] [stdout] 85f2dbbc2e597709413ab1b3a2535c51ca825b8cab4b53bc61e5ae0d4a0bfb6b
[INFO] running `Command { std: "docker" "start" "-a" "85f2dbbc2e597709413ab1b3a2535c51ca825b8cab4b53bc61e5ae0d4a0bfb6b", kill_on_drop: false }`
[INFO] [stderr]     Blocking waiting for file lock on package cache
[INFO] [stderr]     Blocking waiting for file lock on package cache
[INFO] [stderr]    Compiling const_type v0.1.3
[INFO] [stderr]    Compiling librs v0.1.0 (/opt/rustwide/workdir)
[INFO] [stdout] error: cannot find macro `asm` in this scope
[INFO] [stdout]   --> source/linux/syscall/amd64/caller.rs:37:5
[INFO] [stdout]    |
[INFO] [stdout] 37 |     asm!
[INFO] [stdout]    |     ^^^
[INFO] [stdout]    |
[INFO] [stdout]    = help: consider importing this macro:
[INFO] [stdout]            core::arch::asm
[INFO] [stdout] 
[INFO] [stdout] 
[INFO] [stdout] error: cannot find macro `asm` in this scope
[INFO] [stdout]   --> source/linux/syscall/amd64/caller.rs:72:5
[INFO] [stdout]    |
[INFO] [stdout] 72 |     asm!
[INFO] [stdout]    |     ^^^
[INFO] [stdout]    |
[INFO] [stdout]    = help: consider importing this macro:
[INFO] [stdout]            core::arch::asm
[INFO] [stdout] 
[INFO] [stdout] 
[INFO] [stdout] error: cannot find macro `asm` in this scope
[INFO] [stdout]    --> source/linux/syscall/amd64/caller.rs:109:5
[INFO] [stdout]     |
[INFO] [stdout] 109 |     asm!
[INFO] [stdout]     |     ^^^
[INFO] [stdout]     |
[INFO] [stdout]     = help: consider importing this macro:
[INFO] [stdout]             core::arch::asm
[INFO] [stdout] 
[INFO] [stdout] 
[INFO] [stdout] error: cannot find macro `asm` in this scope
[INFO] [stdout]    --> source/linux/syscall/amd64/caller.rs:148:5
[INFO] [stdout]     |
[INFO] [stdout] 148 |     asm!
[INFO] [stdout]     |     ^^^
[INFO] [stdout]     |
[INFO] [stdout]     = help: consider importing this macro:
[INFO] [stdout]             core::arch::asm
[INFO] [stdout] 
[INFO] [stdout] 
[INFO] [stdout] error: cannot find macro `asm` in this scope
[INFO] [stdout]    --> source/linux/syscall/amd64/caller.rs:189:5
[INFO] [stdout]     |
[INFO] [stdout] 189 |     asm!
[INFO] [stdout]     |     ^^^
[INFO] [stdout]     |
[INFO] [stdout]     = help: consider importing this macro:
[INFO] [stdout]             core::arch::asm
[INFO] [stdout] 
[INFO] [stdout] 
[INFO] [stdout] error: cannot find macro `asm` in this scope
[INFO] [stdout]    --> source/linux/syscall/amd64/caller.rs:232:5
[INFO] [stdout]     |
[INFO] [stdout] 232 |     asm!
[INFO] [stdout]     |     ^^^
[INFO] [stdout]     |
[INFO] [stdout]     = help: consider importing this macro:
[INFO] [stdout]             core::arch::asm
[INFO] [stdout] 
[INFO] [stdout] 
[INFO] [stdout] error: cannot find macro `asm` in this scope
[INFO] [stdout]    --> source/linux/syscall/amd64/caller.rs:277:5
[INFO] [stdout]     |
[INFO] [stdout] 277 |     asm!
[INFO] [stdout]     |     ^^^
[INFO] [stdout]     |
[INFO] [stdout]     = help: consider importing this macro:
[INFO] [stdout]             core::arch::asm
[INFO] [stdout] 
[INFO] [stdout] 
[INFO] [stdout] error[E0554]: `#![feature]` may not be used on the stable release channel
[INFO] [stdout]   --> source/lib.rs:12:1
[INFO] [stdout]    |
[INFO] [stdout] 12 | #![feature(asm)]
[INFO] [stdout]    | ^^^^^^^^^^^^^^^^
[INFO] [stdout] 
[INFO] [stdout] 
[INFO] [stdout] error[E0554]: `#![feature]` may not be used on the stable release channel
[INFO] [stdout]   --> source/lib.rs:13:1
[INFO] [stdout]    |
[INFO] [stdout] 13 | #![feature(never_type)]
[INFO] [stdout]    | ^^^^^^^^^^^^^^^^^^^^^^^
[INFO] [stdout] 
[INFO] [stdout] 
[INFO] [stdout] error[E0554]: `#![feature]` may not be used on the stable release channel
[INFO] [stdout]   --> source/lib.rs:12:12
[INFO] [stdout]    |
[INFO] [stdout] 12 | #![feature(asm)]
[INFO] [stdout]    |            ^^^
[INFO] [stdout] 
[INFO] [stdout] 
[INFO] [stdout] warning: the feature `asm` has been stable since 1.59.0 and no longer requires an attribute to enable
[INFO] [stdout]   --> source/lib.rs:12:12
[INFO] [stdout]    |
[INFO] [stdout] 12 | #![feature(asm)]
[INFO] [stdout]    |            ^^^
[INFO] [stdout]    |
[INFO] [stdout]    = note: `#[warn(stable_features)]` on by default
[INFO] [stdout] 
[INFO] [stdout] 
[INFO] [stdout] error: aborting due to 10 previous errors; 1 warning emitted
[INFO] [stdout] 
[INFO] [stdout] 
[INFO] [stdout] For more information about this error, try `rustc --explain E0554`.
[INFO] [stdout] 
[INFO] [stderr] error: could not compile `librs` due to 11 previous errors; 1 warning emitted
[INFO] running `Command { std: "docker" "inspect" "85f2dbbc2e597709413ab1b3a2535c51ca825b8cab4b53bc61e5ae0d4a0bfb6b", kill_on_drop: false }`
[INFO] running `Command { std: "docker" "rm" "-f" "85f2dbbc2e597709413ab1b3a2535c51ca825b8cab4b53bc61e5ae0d4a0bfb6b", kill_on_drop: false }`
[INFO] [stdout] 85f2dbbc2e597709413ab1b3a2535c51ca825b8cab4b53bc61e5ae0d4a0bfb6b
