[INFO] fetching crate libpulse-binding 2.27.1...
[INFO] testing libpulse-binding-2.27.1 against 1.69.0 for beta-1.70-1
[INFO] extracting crate libpulse-binding 2.27.1 into /workspace/builds/worker-6-tc1/source
[INFO] validating manifest of crates.io crate libpulse-binding 2.27.1 on toolchain 1.69.0
[INFO] running `Command { std: CARGO_HOME="/workspace/cargo-home" RUSTUP_HOME="/workspace/rustup-home" "/workspace/cargo-home/bin/cargo" "+1.69.0" "metadata" "--manifest-path" "Cargo.toml" "--no-deps", kill_on_drop: false }`
[INFO] started tweaking crates.io crate libpulse-binding 2.27.1
[INFO] finished tweaking crates.io crate libpulse-binding 2.27.1
[INFO] tweaked toml for crates.io crate libpulse-binding 2.27.1 written to /workspace/builds/worker-6-tc1/source/Cargo.toml
[INFO] running `Command { std: CARGO_HOME="/workspace/cargo-home" RUSTUP_HOME="/workspace/rustup-home" __CARGO_TEST_CHANNEL_OVERRIDE_DO_NOT_USE_THIS="nightly" "/workspace/cargo-home/bin/cargo" "+1.69.0" "generate-lockfile" "--manifest-path" "Cargo.toml" "-Zno-index-update", kill_on_drop: false }`
[INFO] running `Command { std: CARGO_HOME="/workspace/cargo-home" RUSTUP_HOME="/workspace/rustup-home" "/workspace/cargo-home/bin/cargo" "+1.69.0" "fetch" "--manifest-path" "Cargo.toml", kill_on_drop: false }`
[INFO] [stderr]  Downloading crates ...
[INFO] [stderr]   Downloaded libpulse-sys v1.20.1
[INFO] running `Command { std: "docker" "create" "-v" "/var/lib/crater-agent-workspace/builds/worker-6-tc1/target:/opt/rustwide/target:rw,Z" "-v" "/var/lib/crater-agent-workspace/builds/worker-6-tc1/source:/opt/rustwide/workdir:ro,Z" "-v" "/var/lib/crater-agent-workspace/cargo-home:/opt/rustwide/cargo-home:ro,Z" "-v" "/var/lib/crater-agent-workspace/rustup-home:/opt/rustwide/rustup-home:ro,Z" "-e" "SOURCE_DIR=/opt/rustwide/workdir" "-e" "CARGO_TARGET_DIR=/opt/rustwide/target" "-e" "CARGO_HOME=/opt/rustwide/cargo-home" "-e" "RUSTUP_HOME=/opt/rustwide/rustup-home" "-w" "/opt/rustwide/workdir" "-m" "1610612736" "--user" "0:0" "--network" "none" "ghcr.io/rust-lang/crates-build-env/linux@sha256:5ff2268d62e97bff2cde7d5815dd6ed5b47097566f13b8d0ca110b04b60e07ed" "/opt/rustwide/cargo-home/bin/cargo" "+1.69.0" "metadata" "--no-deps" "--format-version=1", kill_on_drop: false }`
[INFO] [stdout] 1f8910f9ac53c4ac4d31520d4d97d75515e051d764a8c0362461a5f8ef73f6d6
[INFO] running `Command { std: "docker" "start" "-a" "1f8910f9ac53c4ac4d31520d4d97d75515e051d764a8c0362461a5f8ef73f6d6", kill_on_drop: false }`
[INFO] running `Command { std: "docker" "inspect" "1f8910f9ac53c4ac4d31520d4d97d75515e051d764a8c0362461a5f8ef73f6d6", kill_on_drop: false }`
[INFO] running `Command { std: "docker" "rm" "-f" "1f8910f9ac53c4ac4d31520d4d97d75515e051d764a8c0362461a5f8ef73f6d6", kill_on_drop: false }`
[INFO] [stdout] 1f8910f9ac53c4ac4d31520d4d97d75515e051d764a8c0362461a5f8ef73f6d6
[INFO] running `Command { std: "docker" "create" "-v" "/var/lib/crater-agent-workspace/builds/worker-6-tc1/target:/opt/rustwide/target:rw,Z" "-v" "/var/lib/crater-agent-workspace/builds/worker-6-tc1/source:/opt/rustwide/workdir:ro,Z" "-v" "/var/lib/crater-agent-workspace/cargo-home:/opt/rustwide/cargo-home:ro,Z" "-v" "/var/lib/crater-agent-workspace/rustup-home:/opt/rustwide/rustup-home:ro,Z" "-e" "SOURCE_DIR=/opt/rustwide/workdir" "-e" "CARGO_TARGET_DIR=/opt/rustwide/target" "-e" "CARGO_INCREMENTAL=0" "-e" "RUST_BACKTRACE=full" "-e" "RUSTFLAGS=--cap-lints=warn" "-e" "RUSTDOCFLAGS=--cap-lints=warn" "-e" "CARGO_HOME=/opt/rustwide/cargo-home" "-e" "RUSTUP_HOME=/opt/rustwide/rustup-home" "-w" "/opt/rustwide/workdir" "-m" "1610612736" "--user" "0:0" "--network" "none" "ghcr.io/rust-lang/crates-build-env/linux@sha256:5ff2268d62e97bff2cde7d5815dd6ed5b47097566f13b8d0ca110b04b60e07ed" "/opt/rustwide/cargo-home/bin/cargo" "+1.69.0" "build" "--frozen" "--message-format=json", kill_on_drop: false }`
[INFO] [stdout] f17956f0154d190fd62fe7d49f3a0c4401204b9b584774c527075e8381c4e80c
[INFO] running `Command { std: "docker" "start" "-a" "f17956f0154d190fd62fe7d49f3a0c4401204b9b584774c527075e8381c4e80c", kill_on_drop: false }`
[INFO] [stderr]    Compiling syn v1.0.109
[INFO] [stderr]    Compiling pkg-config v0.3.26
[INFO] [stderr]    Compiling libc v0.2.142
[INFO] [stderr]    Compiling bitflags v1.3.2
[INFO] [stderr]    Compiling num-traits v0.2.15
[INFO] [stderr]    Compiling libpulse-sys v1.20.1
[INFO] [stderr]    Compiling num-derive v0.3.3
[INFO] [stderr]    Compiling libpulse-binding v2.27.1 (/opt/rustwide/workdir)
[INFO] [stderr]     Finished dev [unoptimized + debuginfo] target(s) in 6.34s
[INFO] running `Command { std: "docker" "inspect" "f17956f0154d190fd62fe7d49f3a0c4401204b9b584774c527075e8381c4e80c", kill_on_drop: false }`
[INFO] running `Command { std: "docker" "rm" "-f" "f17956f0154d190fd62fe7d49f3a0c4401204b9b584774c527075e8381c4e80c", kill_on_drop: false }`
[INFO] [stdout] f17956f0154d190fd62fe7d49f3a0c4401204b9b584774c527075e8381c4e80c
[INFO] running `Command { std: "docker" "create" "-v" "/var/lib/crater-agent-workspace/builds/worker-6-tc1/target:/opt/rustwide/target:rw,Z" "-v" "/var/lib/crater-agent-workspace/builds/worker-6-tc1/source:/opt/rustwide/workdir:ro,Z" "-v" "/var/lib/crater-agent-workspace/cargo-home:/opt/rustwide/cargo-home:ro,Z" "-v" "/var/lib/crater-agent-workspace/rustup-home:/opt/rustwide/rustup-home:ro,Z" "-e" "SOURCE_DIR=/opt/rustwide/workdir" "-e" "CARGO_TARGET_DIR=/opt/rustwide/target" "-e" "CARGO_INCREMENTAL=0" "-e" "RUST_BACKTRACE=full" "-e" "RUSTFLAGS=--cap-lints=warn" "-e" "RUSTDOCFLAGS=--cap-lints=warn" "-e" "CARGO_HOME=/opt/rustwide/cargo-home" "-e" "RUSTUP_HOME=/opt/rustwide/rustup-home" "-w" "/opt/rustwide/workdir" "-m" "1610612736" "--user" "0:0" "--network" "none" "ghcr.io/rust-lang/crates-build-env/linux@sha256:5ff2268d62e97bff2cde7d5815dd6ed5b47097566f13b8d0ca110b04b60e07ed" "/opt/rustwide/cargo-home/bin/cargo" "+1.69.0" "test" "--frozen" "--no-run" "--message-format=json", kill_on_drop: false }`
[INFO] [stdout] dc891866991b84a233abba03917ece4517719b872a88e9a0ed3559d7068672ff
[INFO] running `Command { std: "docker" "start" "-a" "dc891866991b84a233abba03917ece4517719b872a88e9a0ed3559d7068672ff", kill_on_drop: false }`
[INFO] [stderr]    Compiling libpulse-binding v2.27.1 (/opt/rustwide/workdir)
[INFO] [stderr]     Finished test [unoptimized + debuginfo] target(s) in 2.03s
[INFO] running `Command { std: "docker" "inspect" "dc891866991b84a233abba03917ece4517719b872a88e9a0ed3559d7068672ff", kill_on_drop: false }`
[INFO] running `Command { std: "docker" "rm" "-f" "dc891866991b84a233abba03917ece4517719b872a88e9a0ed3559d7068672ff", kill_on_drop: false }`
[INFO] [stdout] dc891866991b84a233abba03917ece4517719b872a88e9a0ed3559d7068672ff
[INFO] running `Command { std: "docker" "create" "-v" "/var/lib/crater-agent-workspace/builds/worker-6-tc1/target:/opt/rustwide/target:rw,Z" "-v" "/var/lib/crater-agent-workspace/builds/worker-6-tc1/source:/opt/rustwide/workdir:ro,Z" "-v" "/var/lib/crater-agent-workspace/cargo-home:/opt/rustwide/cargo-home:ro,Z" "-v" "/var/lib/crater-agent-workspace/rustup-home:/opt/rustwide/rustup-home:ro,Z" "-e" "SOURCE_DIR=/opt/rustwide/workdir" "-e" "CARGO_TARGET_DIR=/opt/rustwide/target" "-e" "CARGO_INCREMENTAL=0" "-e" "RUST_BACKTRACE=full" "-e" "RUSTFLAGS=--cap-lints=warn" "-e" "RUSTDOCFLAGS=--cap-lints=warn" "-e" "CARGO_HOME=/opt/rustwide/cargo-home" "-e" "RUSTUP_HOME=/opt/rustwide/rustup-home" "-w" "/opt/rustwide/workdir" "-m" "1610612736" "--user" "0:0" "--network" "none" "ghcr.io/rust-lang/crates-build-env/linux@sha256:5ff2268d62e97bff2cde7d5815dd6ed5b47097566f13b8d0ca110b04b60e07ed" "/opt/rustwide/cargo-home/bin/cargo" "+1.69.0" "test" "--frozen", kill_on_drop: false }`
[INFO] [stdout] a923d17098357995f40a58b7f808d39202a243bc26050eb16bb34d0dc795261a
[INFO] running `Command { std: "docker" "start" "-a" "a923d17098357995f40a58b7f808d39202a243bc26050eb16bb34d0dc795261a", kill_on_drop: false }`
[INFO] [stderr]     Finished test [unoptimized + debuginfo] target(s) in 0.02s
[INFO] [stderr]      Running unittests src/lib.rs (/opt/rustwide/target/debug/deps/libpulse_binding-619ce8a1ad90836d)
[INFO] [stdout] 
[INFO] [stdout] running 23 tests
[INFO] [stdout] test def::bufferattr_compare_capi ... ok
[INFO] [stdout] test def::spawnapi_compare_capi ... ok
[INFO] [stdout] test def::sink_state_compare_capi ... ok
[INFO] [stdout] test def::source_state_compare_capi ... ok
[INFO] [stdout] test channelmap::pos_compare_capi ... ok
[INFO] [stdout] test channelmap::map_compare_capi ... ok
[INFO] [stdout] test context::state_compare_capi ... ok
[INFO] [stdout] test format::enc_compare_capi ... ok
[INFO] [stdout] test def::timinginfo_compare_capi ... ok
[INFO] [stdout] test proplist::tests::proplist_iter_lifetime_conv ... ok
[INFO] [stdout] test sample::format_compare_capi ... ok
[INFO] [stdout] test sample::spec_compare_capi ... ok
[INFO] [stdout] test error::code_compare_capi ... ok
[INFO] [stdout] test stream::state_compare_capi ... ok
[INFO] [stdout] test format::info_compare_capi ... ok
[INFO] [stdout] test mainloop::api::api_compare_capi ... ok
[INFO] [stdout] test version::test_lib_ver_not_too_old ... ok
[INFO] [stdout] test volume::set_compare_capi ... ok
[INFO] [stdout] test error::check_code_paerr_conversions ... ok
[INFO] [stdout] test version::test_getting_pa_version ... ok
[INFO] [stdout] test version::test_ver_str_to_num ... ok
[INFO] [stdout] test time::convert::tests ... ok
[INFO] [stdout] test version::test_comparing_pa_version ... ok
[INFO] [stdout] 
[INFO] [stdout] test result: ok. 23 passed; 0 failed; 0 ignored; 0 measured; 0 filtered out; finished in 0.07s
[INFO] [stdout] 
[INFO] [stderr]      Running tests/time_micros.rs (/opt/rustwide/target/debug/deps/time_micros-472473b21ef1053d)
[INFO] [stdout] 
[INFO] [stdout] running 9 tests
[INFO] [stdout] test duration_math ... ok
[INFO] [stdout] test math ... ok
[INFO] [stdout] test duration_add_overflow_to_duration - should panic ... ok
[INFO] [stdout] test duration_sub_overflow_to_duration - should panic ... ok
[INFO] [stdout] test primitives ... ok
[INFO] [stdout] test add_overflow - should panic ... ok
[INFO] [stdout] test duration_add_overflow_to_micros - should panic ... ok
[INFO] [stderr]    Doc-tests libpulse-binding
[INFO] [stdout] test duration_sub_overflow_to_micros - should panic ... ok
[INFO] [stdout] test sub_overflow - should panic ... ok
[INFO] [stdout] 
[INFO] [stdout] test result: ok. 9 passed; 0 failed; 0 ignored; 0 measured; 0 filtered out; finished in 0.04s
[INFO] [stdout] 
[INFO] [stdout] 
[INFO] [stdout] running 63 tests
[INFO] [stdout] test src/context/mod.rs - context::Context::get_tile_size (line 600) ... ignored
[INFO] [stdout] test src/context/mod.rs - context::Context::rttime_new (line 552) ... ignored
[INFO] [stdout] test src/context/scache.rs - context::scache (line 34) ... ignored
[INFO] [stdout] test src/context/subscribe.rs - context::subscribe (line 38) ... ignored
[INFO] [stdout] test src/mainloop/api.rs - mainloop::api::Mainloop::new_timer_event (line 193) ... ignored
[INFO] [stdout] test src/mainloop/api.rs - mainloop::api::Mainloop::new_timer_event_rt (line 237) ... ignored
[INFO] [stdout] test src/mainloop/threaded.rs - mainloop::threaded (line 97) - compile ... ok
[INFO] [stdout] test src/mainloop/threaded.rs - mainloop::threaded (line 59) - compile ... ok
[INFO] [stdout] test src/mainloop/threaded.rs - mainloop::threaded (line 149) - compile ... ok
[INFO] [stdout] test src/time/microseconds.rs - time::microseconds::MicroSeconds::as_secs_f32 (line 308) ... ok
[INFO] [stdout] test src/time/microseconds.rs - time::microseconds::MicroSeconds::MAX (line 84) ... ok
[INFO] [stdout] test src/time/microseconds.rs - time::microseconds::MicroSeconds::ZERO (line 62) ... ok
[INFO] [stdout] test src/time/microseconds.rs - time::microseconds::MicroSeconds::MILLISECOND (line 52) ... ok
[INFO] [stdout] test src/time/microseconds.rs - time::microseconds::MicroSeconds::SECOND (line 42) ... ok
[INFO] [stdout] test src/time/microseconds.rs - time::microseconds::MicroSeconds::checked_add (line 323) ... ok
[INFO] [stdout] test src/time/microseconds.rs - time::microseconds::MicroSeconds::as_millis (line 202) ... ok
[INFO] [stdout] test src/mainloop/standard.rs - mainloop::standard (line 56) ... FAILED
[INFO] [stdout] test src/time/microseconds.rs - time::microseconds::MicroSeconds::as_secs_f64 (line 294) ... ok
[INFO] [stdout] test src/time/microseconds.rs - time::microseconds::MicroSeconds::checked_div (line 421) ... ok
[INFO] [stdout] test src/mainloop/threaded.rs - mainloop::threaded (line 231) ... FAILED
[INFO] [stdout] test src/time/microseconds.rs - time::microseconds::MicroSeconds::MIN (line 72) ... ok
[INFO] [stdout] test src/time/microseconds.rs - time::microseconds::MicroSeconds::as_secs (line 188) ... ok
[INFO] [stdout] test src/proplist.rs - proplist::Proplist::iter (line 398) ... ok
[INFO] [stdout] test src/time/microseconds.rs - time::microseconds::MicroSeconds::checked_add_duration (line 342) ... ok
[INFO] [stdout] test src/time/microseconds.rs - time::microseconds::MicroSeconds::INVALID (line 32) ... ok
[INFO] [stdout] test src/time/microseconds.rs - time::microseconds::MicroSeconds::checked_mul (line 403) ... ok
[INFO] [stdout] test src/time/microseconds.rs - time::microseconds::MicroSeconds::checked_rem (line 439) ... ok
[INFO] [stdout] test src/time/microseconds.rs - time::microseconds::MicroSeconds::checked_sub (line 363) ... ok
[INFO] [stdout] test src/time/microseconds.rs - time::microseconds::MicroSeconds::checked_sub_duration (line 382) ... ok
[INFO] [stdout] test src/time/microseconds.rs - time::microseconds::MicroSeconds::div_f32 (line 610) ... ok
[INFO] [stdout] test src/time/microseconds.rs - time::microseconds::MicroSeconds::from_millis (line 155) ... ok
[INFO] [stdout] test src/time/microseconds.rs - time::microseconds::MicroSeconds::diff (line 169) ... ok
[INFO] [stdout] test src/time/microseconds.rs - time::microseconds::MicroSeconds::div_f32 (line 605) ... ok
[INFO] [stdout] test src/time/microseconds.rs - time::microseconds::MicroSeconds::div_f32 (line 595) ... ok
[INFO] [stdout] test src/time/microseconds.rs - time::microseconds::MicroSeconds::div_f64 (line 570) ... ok
[INFO] [stdout] test src/time/microseconds.rs - time::microseconds::MicroSeconds::div_f32 (line 615) ... ok
[INFO] [stdout] test src/time/microseconds.rs - time::microseconds::MicroSeconds::div_f64 (line 555) ... ok
[INFO] [stdout] test src/time/microseconds.rs - time::microseconds::MicroSeconds::from_secs_f32 (line 265) ... ok
[INFO] [stdout] test src/time/microseconds.rs - time::microseconds::MicroSeconds::from_secs (line 140) ... ok
[INFO] [stdout] test src/time/microseconds.rs - time::microseconds::MicroSeconds::div_f64 (line 575) ... ok
[INFO] [stdout] test src/time/microseconds.rs - time::microseconds::MicroSeconds::from_secs_f32 (line 270) ... ok
[INFO] [stdout] test src/time/microseconds.rs - time::microseconds::MicroSeconds::div_f64 (line 565) ... ok
[INFO] [stdout] test src/time/microseconds.rs - time::microseconds::MicroSeconds::from_secs_f64 (line 218) ... ok
[INFO] [stdout] test src/time/microseconds.rs - time::microseconds::MicroSeconds::from_secs_f32 (line 280) ... ok
[INFO] [stdout] test src/time/microseconds.rs - time::microseconds::MicroSeconds::from_secs_f64 (line 236) ... ok
[INFO] [stdout] test src/time/microseconds.rs - time::microseconds::MicroSeconds::from_secs_f32 (line 275) ... ok
[INFO] [stdout] test src/time/microseconds.rs - time::microseconds::MicroSeconds::from_secs_f64 (line 226) ... ok
[INFO] [stdout] test src/time/microseconds.rs - time::microseconds::MicroSeconds::is_valid (line 107) ... ok
[INFO] [stdout] test src/time/microseconds.rs - time::microseconds::MicroSeconds::mul_f32 (line 534) ... ok
[INFO] [stdout] test src/time/microseconds.rs - time::microseconds::MicroSeconds::mul_f32 (line 519) ... ok
[INFO] [stdout] test src/time/microseconds.rs - time::microseconds::MicroSeconds::from_secs_f32 (line 257) ... ok
[INFO] [stdout] test src/time/microseconds.rs - time::microseconds::MicroSeconds::inner (line 94) ... ok
[INFO] [stdout] test src/time/microseconds.rs - time::microseconds::MicroSeconds::from_secs_f64 (line 231) ... ok
[INFO] [stdout] test src/time/microseconds.rs - time::microseconds::MicroSeconds::from_secs_f64 (line 241) ... ok
[INFO] [stdout] test src/time/microseconds.rs - time::microseconds::MicroSeconds::mul_f32 (line 529) ... ok
[INFO] [stdout] test src/time/microseconds.rs - time::microseconds::MicroSeconds::mul_f32 (line 524) ... ok
[INFO] [stdout] test src/time/microseconds.rs - time::microseconds::MicroSeconds::mul_f32 (line 508) ... ok
[INFO] [stdout] test src/time/microseconds.rs - time::microseconds::MicroSeconds::is_zero (line 124) ... ok
[INFO] [stdout] test src/time/microseconds.rs - time::microseconds::MicroSeconds::mul_f64 (line 477) ... ok
[INFO] [stdout] test src/time/microseconds.rs - time::microseconds::MicroSeconds::mul_f64 (line 482) ... ok
[INFO] [stdout] test src/time/microseconds.rs - time::microseconds::MicroSeconds::mul_f64 (line 462) ... ok
[INFO] [stdout] test src/time/microseconds.rs - time::microseconds::MicroSeconds::mul_f64 (line 472) ... ok
[INFO] [stdout] test src/time/microseconds.rs - time::microseconds::MicroSeconds::mul_f64 (line 487) ... ok
[INFO] [stdout] 
[INFO] [stdout] failures:
[INFO] [stdout] 
[INFO] [stdout] ---- src/mainloop/standard.rs - mainloop::standard (line 56) stdout ----
[INFO] [stdout] Test executable failed (exit status: 101).
[INFO] [stdout] 
[INFO] [stdout] stderr:
[INFO] [stdout] thread 'main' panicked at 'Failed to connect context: PAErr(-1)', src/mainloop/standard.rs:38:10
[INFO] [stdout] stack backtrace:
[INFO] [stdout]    0:     0x558409ecef0a - std::backtrace_rs::backtrace::libunwind::trace::ha9053a9a07ca49cb
[INFO] [stdout]                                at /rustc/84c898d65adf2f39a5a98507f1fe0ce10a2b8dbc/library/std/src/../../backtrace/src/backtrace/libunwind.rs:93:5
[INFO] [stdout]    1:     0x558409ecef0a - std::backtrace_rs::backtrace::trace_unsynchronized::h9c2852a457ad564e
[INFO] [stdout]                                at /rustc/84c898d65adf2f39a5a98507f1fe0ce10a2b8dbc/library/std/src/../../backtrace/src/backtrace/mod.rs:66:5
[INFO] [stdout]    2:     0x558409ecef0a - std::sys_common::backtrace::_print_fmt::h457936fbfaa0070f
[INFO] [stdout]                                at /rustc/84c898d65adf2f39a5a98507f1fe0ce10a2b8dbc/library/std/src/sys_common/backtrace.rs:65:5
[INFO] [stdout]    3:     0x558409ecef0a - <std::sys_common::backtrace::_print::DisplayBacktrace as core::fmt::Display>::fmt::h5779d7bf7f70cb0c
[INFO] [stdout]                                at /rustc/84c898d65adf2f39a5a98507f1fe0ce10a2b8dbc/library/std/src/sys_common/backtrace.rs:44:22
[INFO] [stdout]    4:     0x558409ee8bae - core::fmt::write::h5a4baaff1bcd3eb5
[INFO] [stdout]                                at /rustc/84c898d65adf2f39a5a98507f1fe0ce10a2b8dbc/library/core/src/fmt/mod.rs:1232:17
[INFO] [stdout]    5:     0x558409eccfe5 - std::io::Write::write_fmt::h4bc1f301cb9e9cce
[INFO] [stdout]                                at /rustc/84c898d65adf2f39a5a98507f1fe0ce10a2b8dbc/library/std/src/io/mod.rs:1684:15
[INFO] [stdout]    6:     0x558409ececd5 - std::sys_common::backtrace::_print::h5fcdc36060f177e8
[INFO] [stdout]                                at /rustc/84c898d65adf2f39a5a98507f1fe0ce10a2b8dbc/library/std/src/sys_common/backtrace.rs:47:5
[INFO] [stdout]    7:     0x558409ececd5 - std::sys_common::backtrace::print::h54ca9458b876c8bf
[INFO] [stdout]                                at /rustc/84c898d65adf2f39a5a98507f1fe0ce10a2b8dbc/library/std/src/sys_common/backtrace.rs:34:9
[INFO] [stdout]    8:     0x558409ed032f - std::panicking::default_hook::{{closure}}::hbe471161c7664ed6
[INFO] [stdout]                                at /rustc/84c898d65adf2f39a5a98507f1fe0ce10a2b8dbc/library/std/src/panicking.rs:271:22
[INFO] [stdout]    9:     0x558409ed006b - std::panicking::default_hook::ha3500da57aa4ac4f
[INFO] [stdout]                                at /rustc/84c898d65adf2f39a5a98507f1fe0ce10a2b8dbc/library/std/src/panicking.rs:290:9
[INFO] [stdout]   10:     0x558409ed08d8 - std::panicking::rust_panic_with_hook::h50c09d000dc561d2
[INFO] [stdout]                                at /rustc/84c898d65adf2f39a5a98507f1fe0ce10a2b8dbc/library/std/src/panicking.rs:692:13
[INFO] [stdout]   11:     0x558409ed07d9 - std::panicking::begin_panic_handler::{{closure}}::h9e2b2176e00e0d9c
[INFO] [stdout]                                at /rustc/84c898d65adf2f39a5a98507f1fe0ce10a2b8dbc/library/std/src/panicking.rs:583:13
[INFO] [stdout]   12:     0x558409ecf376 - std::sys_common::backtrace::__rust_end_short_backtrace::h5739b8e512c09d02
[INFO] [stdout]                                at /rustc/84c898d65adf2f39a5a98507f1fe0ce10a2b8dbc/library/std/src/sys_common/backtrace.rs:150:18
[INFO] [stdout]   13:     0x558409ed04e2 - rust_begin_unwind
[INFO] [stdout]                                at /rustc/84c898d65adf2f39a5a98507f1fe0ce10a2b8dbc/library/std/src/panicking.rs:579:5
[INFO] [stdout]   14:     0x558409eaaf33 - core::panicking::panic_fmt::hf33a1475b4dc5c3e
[INFO] [stdout]                                at /rustc/84c898d65adf2f39a5a98507f1fe0ce10a2b8dbc/library/core/src/panicking.rs:64:14
[INFO] [stdout]   15:     0x558409eab323 - core::result::unwrap_failed::hdff5465d74574b44
[INFO] [stdout]                                at /rustc/84c898d65adf2f39a5a98507f1fe0ce10a2b8dbc/library/core/src/result.rs:1750:5
[INFO] [stdout]   16:     0x558409eace64 - core::result::Result<T,E>::expect::ha83e97faf1cd38c1
[INFO] [stdout]   17:     0x558409eae516 - rust_out::main::h045d0fd74ed7290e
[INFO] [stdout]   18:     0x558409eabb03 - core::ops::function::FnOnce::call_once::h5b89dea722ea21ad
[INFO] [stdout]   19:     0x558409eab889 - std::sys_common::backtrace::__rust_begin_short_backtrace::hc178e4cfacf1803d
[INFO] [stdout]   20:     0x558409eab8d9 - std::rt::lang_start::{{closure}}::he8c5d60628d06093
[INFO] [stdout]   21:     0x558409ecac1c - core::ops::function::impls::<impl core::ops::function::FnOnce<A> for &F>::call_once::hd6efcd3bec896f2c
[INFO] [stdout]                                at /rustc/84c898d65adf2f39a5a98507f1fe0ce10a2b8dbc/library/core/src/ops/function.rs:287:13
[INFO] [stdout]   22:     0x558409ecac1c - std::panicking::try::do_call::hce04e543bb1f4cbb
[INFO] [stdout]                                at /rustc/84c898d65adf2f39a5a98507f1fe0ce10a2b8dbc/library/std/src/panicking.rs:487:40
[INFO] [stdout]   23:     0x558409ecac1c - std::panicking::try::h3342dd4e1f680968
[INFO] [stdout]                                at /rustc/84c898d65adf2f39a5a98507f1fe0ce10a2b8dbc/library/std/src/panicking.rs:451:19
[INFO] [stdout]   24:     0x558409ecac1c - std::panic::catch_unwind::h148ce1e59ac0cee7
[INFO] [stdout]                                at /rustc/84c898d65adf2f39a5a98507f1fe0ce10a2b8dbc/library/std/src/panic.rs:140:14
[INFO] [stdout]   25:     0x558409ecac1c - std::rt::lang_start_internal::{{closure}}::h25f9dda2057a67fe
[INFO] [stdout]                                at /rustc/84c898d65adf2f39a5a98507f1fe0ce10a2b8dbc/library/std/src/rt.rs:148:48
[INFO] [stdout]   26:     0x558409ecac1c - std::panicking::try::do_call::h7caaaeaf9401650b
[INFO] [stdout]                                at /rustc/84c898d65adf2f39a5a98507f1fe0ce10a2b8dbc/library/std/src/panicking.rs:487:40
[INFO] [stdout]   27:     0x558409ecac1c - std::panicking::try::he7d15285746cbbc2
[INFO] [stdout]                                at /rustc/84c898d65adf2f39a5a98507f1fe0ce10a2b8dbc/library/std/src/panicking.rs:451:19
[INFO] [stdout]   28:     0x558409ecac1c - std::panic::catch_unwind::h89fb4f50c0301fe0
[INFO] [stdout]                                at /rustc/84c898d65adf2f39a5a98507f1fe0ce10a2b8dbc/library/std/src/panic.rs:140:14
[INFO] [stdout]   29:     0x558409ecac1c - std::rt::lang_start_internal::h078acd489417d3c1
[INFO] [stdout]                                at /rustc/84c898d65adf2f39a5a98507f1fe0ce10a2b8dbc/library/std/src/rt.rs:148:20
[INFO] [stdout]   30:     0x558409eab8b7 - std::rt::lang_start::h335d6166ecad8ac7
[INFO] [stdout]   31:     0x558409eaf8d5 - main
[INFO] [stdout]   32:     0x7f1c41f69d90 - <unknown>
[INFO] [stdout]   33:     0x7f1c41f69e40 - __libc_start_main
[INFO] [stdout]   34:     0x558409eab465 - _start
[INFO] [stdout]   35:                0x0 - <unknown>
[INFO] [stdout] 
[INFO] [stdout] 
[INFO] [stdout] ---- src/mainloop/threaded.rs - mainloop::threaded (line 231) stdout ----
[INFO] [stdout] Test executable failed (exit status: 101).
[INFO] [stdout] 
[INFO] [stdout] stderr:
[INFO] [stdout] thread 'main' panicked at 'Failed to connect context: PAErr(-1)', src/mainloop/threaded.rs:53:10
[INFO] [stdout] stack backtrace:
[INFO] [stdout]    0:     0x5600c880043a - std::backtrace_rs::backtrace::libunwind::trace::ha9053a9a07ca49cb
[INFO] [stdout]                                at /rustc/84c898d65adf2f39a5a98507f1fe0ce10a2b8dbc/library/std/src/../../backtrace/src/backtrace/libunwind.rs:93:5
[INFO] [stdout]    1:     0x5600c880043a - std::backtrace_rs::backtrace::trace_unsynchronized::h9c2852a457ad564e
[INFO] [stdout]                                at /rustc/84c898d65adf2f39a5a98507f1fe0ce10a2b8dbc/library/std/src/../../backtrace/src/backtrace/mod.rs:66:5
[INFO] [stdout]    2:     0x5600c880043a - std::sys_common::backtrace::_print_fmt::h457936fbfaa0070f
[INFO] [stdout]                                at /rustc/84c898d65adf2f39a5a98507f1fe0ce10a2b8dbc/library/std/src/sys_common/backtrace.rs:65:5
[INFO] [stdout]    3:     0x5600c880043a - <std::sys_common::backtrace::_print::DisplayBacktrace as core::fmt::Display>::fmt::h5779d7bf7f70cb0c
[INFO] [stdout]                                at /rustc/84c898d65adf2f39a5a98507f1fe0ce10a2b8dbc/library/std/src/sys_common/backtrace.rs:44:22
[INFO] [stdout]    4:     0x5600c881a0de - core::fmt::write::h5a4baaff1bcd3eb5
[INFO] [stdout]                                at /rustc/84c898d65adf2f39a5a98507f1fe0ce10a2b8dbc/library/core/src/fmt/mod.rs:1232:17
[INFO] [stdout]    5:     0x5600c87fe515 - std::io::Write::write_fmt::h4bc1f301cb9e9cce
[INFO] [stdout]                                at /rustc/84c898d65adf2f39a5a98507f1fe0ce10a2b8dbc/library/std/src/io/mod.rs:1684:15
[INFO] [stdout]    6:     0x5600c8800205 - std::sys_common::backtrace::_print::h5fcdc36060f177e8
[INFO] [stdout]                                at /rustc/84c898d65adf2f39a5a98507f1fe0ce10a2b8dbc/library/std/src/sys_common/backtrace.rs:47:5
[INFO] [stdout]    7:     0x5600c8800205 - std::sys_common::backtrace::print::h54ca9458b876c8bf
[INFO] [stdout]                                at /rustc/84c898d65adf2f39a5a98507f1fe0ce10a2b8dbc/library/std/src/sys_common/backtrace.rs:34:9
[INFO] [stdout]    8:     0x5600c880185f - std::panicking::default_hook::{{closure}}::hbe471161c7664ed6
[INFO] [stdout]                                at /rustc/84c898d65adf2f39a5a98507f1fe0ce10a2b8dbc/library/std/src/panicking.rs:271:22
[INFO] [stdout]    9:     0x5600c880159b - std::panicking::default_hook::ha3500da57aa4ac4f
[INFO] [stdout]                                at /rustc/84c898d65adf2f39a5a98507f1fe0ce10a2b8dbc/library/std/src/panicking.rs:290:9
[INFO] [stdout]   10:     0x5600c8801e08 - std::panicking::rust_panic_with_hook::h50c09d000dc561d2
[INFO] [stdout]                                at /rustc/84c898d65adf2f39a5a98507f1fe0ce10a2b8dbc/library/std/src/panicking.rs:692:13
[INFO] [stdout]   11:     0x5600c8801d09 - std::panicking::begin_panic_handler::{{closure}}::h9e2b2176e00e0d9c
[INFO] [stdout]                                at /rustc/84c898d65adf2f39a5a98507f1fe0ce10a2b8dbc/library/std/src/panicking.rs:583:13
[INFO] [stdout]   12:     0x5600c88008a6 - std::sys_common::backtrace::__rust_end_short_backtrace::h5739b8e512c09d02
[INFO] [stdout]                                at /rustc/84c898d65adf2f39a5a98507f1fe0ce10a2b8dbc/library/std/src/sys_common/backtrace.rs:150:18
[INFO] [stdout]   13:     0x5600c8801a12 - rust_begin_unwind
[INFO] [stdout]                                at /rustc/84c898d65adf2f39a5a98507f1fe0ce10a2b8dbc/library/std/src/panicking.rs:579:5
[INFO] [stdout]   14:     0x5600c87daf33 - core::panicking::panic_fmt::hf33a1475b4dc5c3e
[INFO] [stdout]                                at /rustc/84c898d65adf2f39a5a98507f1fe0ce10a2b8dbc/library/core/src/panicking.rs:64:14
[INFO] [stdout]   15:     0x5600c87db323 - core::result::unwrap_failed::hdff5465d74574b44
[INFO] [stdout]                                at /rustc/84c898d65adf2f39a5a98507f1fe0ce10a2b8dbc/library/core/src/result.rs:1750:5
[INFO] [stdout]   16:     0x5600c87dcef4 - core::result::Result<T,E>::expect::ha83e97faf1cd38c1
[INFO] [stdout]   17:     0x5600c87de7eb - rust_out::main::h045d0fd74ed7290e
[INFO] [stdout]   18:     0x5600c87dbbc3 - core::ops::function::FnOnce::call_once::h5b89dea722ea21ad
[INFO] [stdout]   19:     0x5600c87db969 - std::sys_common::backtrace::__rust_begin_short_backtrace::hc178e4cfacf1803d
[INFO] [stdout]   20:     0x5600c87db9b9 - std::rt::lang_start::{{closure}}::he8c5d60628d06093
[INFO] [stdout]   21:     0x5600c87fc14c - core::ops::function::impls::<impl core::ops::function::FnOnce<A> for &F>::call_once::hd6efcd3bec896f2c
[INFO] [stdout]                                at /rustc/84c898d65adf2f39a5a98507f1fe0ce10a2b8dbc/library/core/src/ops/function.rs:287:13
[INFO] [stdout]   22:     0x5600c87fc14c - std::panicking::try::do_call::hce04e543bb1f4cbb
[INFO] [stdout]                                at /rustc/84c898d65adf2f39a5a98507f1fe0ce10a2b8dbc/library/std/src/panicking.rs:487:40
[INFO] [stdout]   23:     0x5600c87fc14c - std::panicking::try::h3342dd4e1f680968
[INFO] [stdout]                                at /rustc/84c898d65adf2f39a5a98507f1fe0ce10a2b8dbc/library/std/src/panicking.rs:451:19
[INFO] [stdout]   24:     0x5600c87fc14c - std::panic::catch_unwind::h148ce1e59ac0cee7
[INFO] [stdout]                                at /rustc/84c898d65adf2f39a5a98507f1fe0ce10a2b8dbc/library/std/src/panic.rs:140:14
[INFO] [stdout]   25:     0x5600c87fc14c - std::rt::lang_start_internal::{{closure}}::h25f9dda2057a67fe
[INFO] [stdout]                                at /rustc/84c898d65adf2f39a5a98507f1fe0ce10a2b8dbc/library/std/src/rt.rs:148:48
[INFO] [stdout]   26:     0x5600c87fc14c - std::panicking::try::do_call::h7caaaeaf9401650b
[INFO] [stdout]                                at /rustc/84c898d65adf2f39a5a98507f1fe0ce10a2b8dbc/library/std/src/panicking.rs:487:40
[INFO] [stdout]   27:     0x5600c87fc14c - std::panicking::try::he7d15285746cbbc2
[INFO] [stdout]                                at /rustc/84c898d65adf2f39a5a98507f1fe0ce10a2b8dbc/library/std/src/panicking.rs:451:19
[INFO] [stdout]   28:     0x5600c87fc14c - std::panic::catch_unwind::h89fb4f50c0301fe0
[INFO] [stdout]                                at /rustc/84c898d65adf2f39a5a98507f1fe0ce10a2b8dbc/library/std/src/panic.rs:140:14
[INFO] [stdout]   29:     0x5600c87fc14c - std::rt::lang_start_internal::h078acd489417d3c1
[INFO] [stdout]                                at /rustc/84c898d65adf2f39a5a98507f1fe0ce10a2b8dbc/library/std/src/rt.rs:148:20
[INFO] [stdout]   30:     0x5600c87db997 - std::rt::lang_start::h335d6166ecad8ac7
[INFO] [stdout]   31:     0x5600c87e03f5 - main
[INFO] [stdout]   32:     0x7fdd0142ad90 - <unknown>
[INFO] [stdout]   33:     0x7fdd0142ae40 - __libc_start_main
[INFO] [stdout]   34:     0x5600c87db465 - _start
[INFO] [stdout]   35:                0x0 - <unknown>
[INFO] [stdout] 
[INFO] [stdout] 
[INFO] [stdout] 
[INFO] [stdout] failures:
[INFO] [stdout]     src/mainloop/standard.rs - mainloop::standard (line 56)
[INFO] [stdout]     src/mainloop/threaded.rs - mainloop::threaded (line 231)
[INFO] [stdout] 
[INFO] [stdout] test result: FAILED. 55 passed; 2 failed; 6 ignored; 0 measured; 0 filtered out; finished in 3.28s
[INFO] [stdout] 
[INFO] [stderr] error: doctest failed, to rerun pass `--doc`
[INFO] running `Command { std: "docker" "inspect" "a923d17098357995f40a58b7f808d39202a243bc26050eb16bb34d0dc795261a", kill_on_drop: false }`
[INFO] running `Command { std: "docker" "rm" "-f" "a923d17098357995f40a58b7f808d39202a243bc26050eb16bb34d0dc795261a", kill_on_drop: false }`
[INFO] [stdout] a923d17098357995f40a58b7f808d39202a243bc26050eb16bb34d0dc795261a
