[INFO] fetching crate libp2p-mplex 0.39.0...
[INFO] testing libp2p-mplex-0.39.0 against 1.69.0 for beta-1.70-1
[INFO] extracting crate libp2p-mplex 0.39.0 into /workspace/builds/worker-1-tc1/source
[INFO] validating manifest of crates.io crate libp2p-mplex 0.39.0 on toolchain 1.69.0
[INFO] running `Command { std: CARGO_HOME="/workspace/cargo-home" RUSTUP_HOME="/workspace/rustup-home" "/workspace/cargo-home/bin/cargo" "+1.69.0" "metadata" "--manifest-path" "Cargo.toml" "--no-deps", kill_on_drop: false }`
[INFO] started tweaking crates.io crate libp2p-mplex 0.39.0
[INFO] finished tweaking crates.io crate libp2p-mplex 0.39.0
[INFO] tweaked toml for crates.io crate libp2p-mplex 0.39.0 written to /workspace/builds/worker-1-tc1/source/Cargo.toml
[INFO] running `Command { std: CARGO_HOME="/workspace/cargo-home" RUSTUP_HOME="/workspace/rustup-home" __CARGO_TEST_CHANNEL_OVERRIDE_DO_NOT_USE_THIS="nightly" "/workspace/cargo-home/bin/cargo" "+1.69.0" "generate-lockfile" "--manifest-path" "Cargo.toml" "-Zno-index-update", kill_on_drop: false }`
[INFO] running `Command { std: CARGO_HOME="/workspace/cargo-home" RUSTUP_HOME="/workspace/rustup-home" "/workspace/cargo-home/bin/cargo" "+1.69.0" "fetch" "--manifest-path" "Cargo.toml", kill_on_drop: false }`
[INFO] running `Command { std: "docker" "create" "-v" "/var/lib/crater-agent-workspace/builds/worker-1-tc1/target:/opt/rustwide/target:rw,Z" "-v" "/var/lib/crater-agent-workspace/builds/worker-1-tc1/source:/opt/rustwide/workdir:ro,Z" "-v" "/var/lib/crater-agent-workspace/cargo-home:/opt/rustwide/cargo-home:ro,Z" "-v" "/var/lib/crater-agent-workspace/rustup-home:/opt/rustwide/rustup-home:ro,Z" "-e" "SOURCE_DIR=/opt/rustwide/workdir" "-e" "CARGO_TARGET_DIR=/opt/rustwide/target" "-e" "CARGO_HOME=/opt/rustwide/cargo-home" "-e" "RUSTUP_HOME=/opt/rustwide/rustup-home" "-w" "/opt/rustwide/workdir" "-m" "1610612736" "--user" "0:0" "--network" "none" "ghcr.io/rust-lang/crates-build-env/linux@sha256:5ff2268d62e97bff2cde7d5815dd6ed5b47097566f13b8d0ca110b04b60e07ed" "/opt/rustwide/cargo-home/bin/cargo" "+1.69.0" "metadata" "--no-deps" "--format-version=1", kill_on_drop: false }`
[INFO] [stdout] 59afaa2a3803909d077888ceea4e1d5e334bcd944a854d86ab13164add4a3ed2
[INFO] running `Command { std: "docker" "start" "-a" "59afaa2a3803909d077888ceea4e1d5e334bcd944a854d86ab13164add4a3ed2", kill_on_drop: false }`
[INFO] running `Command { std: "docker" "inspect" "59afaa2a3803909d077888ceea4e1d5e334bcd944a854d86ab13164add4a3ed2", kill_on_drop: false }`
[INFO] running `Command { std: "docker" "rm" "-f" "59afaa2a3803909d077888ceea4e1d5e334bcd944a854d86ab13164add4a3ed2", kill_on_drop: false }`
[INFO] [stdout] 59afaa2a3803909d077888ceea4e1d5e334bcd944a854d86ab13164add4a3ed2
[INFO] running `Command { std: "docker" "create" "-v" "/var/lib/crater-agent-workspace/builds/worker-1-tc1/target:/opt/rustwide/target:rw,Z" "-v" "/var/lib/crater-agent-workspace/builds/worker-1-tc1/source:/opt/rustwide/workdir:ro,Z" "-v" "/var/lib/crater-agent-workspace/cargo-home:/opt/rustwide/cargo-home:ro,Z" "-v" "/var/lib/crater-agent-workspace/rustup-home:/opt/rustwide/rustup-home:ro,Z" "-e" "SOURCE_DIR=/opt/rustwide/workdir" "-e" "CARGO_TARGET_DIR=/opt/rustwide/target" "-e" "CARGO_INCREMENTAL=0" "-e" "RUST_BACKTRACE=full" "-e" "RUSTFLAGS=--cap-lints=warn" "-e" "RUSTDOCFLAGS=--cap-lints=warn" "-e" "CARGO_HOME=/opt/rustwide/cargo-home" "-e" "RUSTUP_HOME=/opt/rustwide/rustup-home" "-w" "/opt/rustwide/workdir" "-m" "1610612736" "--user" "0:0" "--network" "none" "ghcr.io/rust-lang/crates-build-env/linux@sha256:5ff2268d62e97bff2cde7d5815dd6ed5b47097566f13b8d0ca110b04b60e07ed" "/opt/rustwide/cargo-home/bin/cargo" "+1.69.0" "build" "--frozen" "--message-format=json", kill_on_drop: false }`
[INFO] [stdout] e12438a61fff0ef7c0cbd6c57142c250a3b120fa08334aa74684a759890b266c
[INFO] running `Command { std: "docker" "start" "-a" "e12438a61fff0ef7c0cbd6c57142c250a3b120fa08334aa74684a759890b266c", kill_on_drop: false }`
[INFO] [stderr]     Blocking waiting for file lock on package cache
[INFO] [stderr]    Compiling syn v1.0.109
[INFO] [stderr]    Compiling typenum v1.16.0
[INFO] [stderr]    Compiling futures-core v0.3.28
[INFO] [stderr]    Compiling futures-channel v0.3.28
[INFO] [stderr]    Compiling futures-task v0.3.28
[INFO] [stderr]    Compiling futures-util v0.3.28
[INFO] [stderr]    Compiling futures-sink v0.3.28
[INFO] [stderr]    Compiling generic-array v0.14.7
[INFO] [stderr]    Compiling futures-io v0.3.28
[INFO] [stderr]    Compiling getrandom v0.1.16
[INFO] [stderr]    Compiling syn v2.0.15
[INFO] [stderr]    Compiling bytes v1.4.0
[INFO] [stderr]    Compiling cpufeatures v0.2.7
[INFO] [stderr]    Compiling proc-macro-error-attr v1.0.4
[INFO] [stderr]    Compiling toml v0.5.11
[INFO] [stderr]    Compiling data-encoding v2.3.3
[INFO] [stderr]    Compiling byteorder v1.4.3
[INFO] [stderr]    Compiling unicode-xid v0.2.4
[INFO] [stderr]    Compiling anyhow v1.0.71
[INFO] [stderr]    Compiling getrandom v0.2.9
[INFO] [stderr]    Compiling percent-encoding v2.2.0
[INFO] [stderr]    Compiling either v1.8.1
[INFO] [stderr]    Compiling rand_core v0.6.4
[INFO] [stderr]    Compiling itertools v0.10.5
[INFO] [stderr]    Compiling form_urlencoded v1.1.0
[INFO] [stderr]    Compiling rand_core v0.5.1
[INFO] [stderr]    Compiling idna v0.3.0
[INFO] [stderr]    Compiling core2 v0.4.0
[INFO] [stderr]    Compiling parking_lot_core v0.9.7
[INFO] [stderr]    Compiling base-x v0.2.11
[INFO] [stderr]    Compiling opaque-debug v0.3.0
[INFO] [stderr]    Compiling rand_chacha v0.2.2
[INFO] [stderr]    Compiling subtle v2.5.0
[INFO] [stderr]    Compiling signature v1.6.4
[INFO] [stderr]    Compiling rand_chacha v0.3.1
[INFO] [stderr]    Compiling arrayref v0.3.7
[INFO] [stderr]    Compiling ed25519 v1.5.3
[INFO] [stderr]    Compiling quick-protobuf v0.8.1
[INFO] [stderr]    Compiling bs58 v0.4.0
[INFO] [stderr]    Compiling instant v0.1.12
[INFO] [stderr]    Compiling void v1.0.2
[INFO] [stderr]    Compiling url v2.3.1
[INFO] [stderr]    Compiling rand v0.7.3
[INFO] [stderr]    Compiling rand v0.8.5
[INFO] [stderr]    Compiling parking_lot v0.12.1
[INFO] [stderr]    Compiling futures-timer v3.0.2
[INFO] [stderr]    Compiling nohash-hasher v0.2.0
[INFO] [stderr]    Compiling block-buffer v0.10.4
[INFO] [stderr]    Compiling crypto-common v0.1.6
[INFO] [stderr]    Compiling digest v0.9.0
[INFO] [stderr]    Compiling block-buffer v0.9.0
[INFO] [stderr]    Compiling digest v0.10.6
[INFO] [stderr]    Compiling sha2 v0.9.9
[INFO] [stderr]    Compiling sha2 v0.10.6
[INFO] [stderr]    Compiling futures-macro v0.3.28
[INFO] [stderr]    Compiling thiserror-impl v1.0.40
[INFO] [stderr]    Compiling zeroize_derive v1.4.2
[INFO] [stderr]    Compiling proc-macro-error v1.0.4
[INFO] [stderr]    Compiling synstructure v0.12.6
[INFO] [stderr]    Compiling zeroize v1.3.0
[INFO] [stderr]    Compiling data-encoding-macro-internal v0.1.10
[INFO] [stderr]    Compiling pin-project-internal v1.0.12
[INFO] [stderr]    Compiling prost-derive v0.11.9
[INFO] [stderr]    Compiling curve25519-dalek v3.2.1
[INFO] [stderr]    Compiling thiserror v1.0.40
[INFO] [stderr]    Compiling proc-macro-crate v1.1.3
[INFO] [stderr]    Compiling data-encoding-macro v0.1.12
[INFO] [stderr]    Compiling multibase v0.9.1
[INFO] [stderr]    Compiling ed25519-dalek v1.0.1
[INFO] [stderr]    Compiling multihash-derive v0.8.1
[INFO] [stderr]    Compiling pin-project v1.0.12
[INFO] [stderr]    Compiling prost v0.11.9
[INFO] [stderr]    Compiling asynchronous-codec v0.6.1
[INFO] [stderr]    Compiling futures-executor v0.3.28
[INFO] [stderr]    Compiling unsigned-varint v0.7.1
[INFO] [stderr]    Compiling futures v0.3.28
[INFO] [stderr]    Compiling rw-stream-sink v0.3.0
[INFO] [stderr]    Compiling multihash v0.17.0
[INFO] [stderr]    Compiling multistream-select v0.12.1
[INFO] [stderr]    Compiling multiaddr v0.17.1
[INFO] [stderr]    Compiling libp2p-identity v0.1.1
[INFO] [stderr]    Compiling libp2p-core v0.39.1
[INFO] [stderr]    Compiling libp2p-mplex v0.39.0 (/opt/rustwide/workdir)
[INFO] [stderr]     Finished dev [unoptimized + debuginfo] target(s) in 17.70s
[INFO] running `Command { std: "docker" "inspect" "e12438a61fff0ef7c0cbd6c57142c250a3b120fa08334aa74684a759890b266c", kill_on_drop: false }`
[INFO] running `Command { std: "docker" "rm" "-f" "e12438a61fff0ef7c0cbd6c57142c250a3b120fa08334aa74684a759890b266c", kill_on_drop: false }`
[INFO] [stdout] e12438a61fff0ef7c0cbd6c57142c250a3b120fa08334aa74684a759890b266c
[INFO] running `Command { std: "docker" "create" "-v" "/var/lib/crater-agent-workspace/builds/worker-1-tc1/target:/opt/rustwide/target:rw,Z" "-v" "/var/lib/crater-agent-workspace/builds/worker-1-tc1/source:/opt/rustwide/workdir:ro,Z" "-v" "/var/lib/crater-agent-workspace/cargo-home:/opt/rustwide/cargo-home:ro,Z" "-v" "/var/lib/crater-agent-workspace/rustup-home:/opt/rustwide/rustup-home:ro,Z" "-e" "SOURCE_DIR=/opt/rustwide/workdir" "-e" "CARGO_TARGET_DIR=/opt/rustwide/target" "-e" "CARGO_INCREMENTAL=0" "-e" "RUST_BACKTRACE=full" "-e" "RUSTFLAGS=--cap-lints=warn" "-e" "RUSTDOCFLAGS=--cap-lints=warn" "-e" "CARGO_HOME=/opt/rustwide/cargo-home" "-e" "RUSTUP_HOME=/opt/rustwide/rustup-home" "-w" "/opt/rustwide/workdir" "-m" "1610612736" "--user" "0:0" "--network" "none" "ghcr.io/rust-lang/crates-build-env/linux@sha256:5ff2268d62e97bff2cde7d5815dd6ed5b47097566f13b8d0ca110b04b60e07ed" "/opt/rustwide/cargo-home/bin/cargo" "+1.69.0" "test" "--frozen" "--no-run" "--message-format=json", kill_on_drop: false }`
[INFO] [stdout] c7cacddcf47959ce7acbe873c643eb9e8b6a10cfff970170d9cac9ffa1234808
[INFO] running `Command { std: "docker" "start" "-a" "c7cacddcf47959ce7acbe873c643eb9e8b6a10cfff970170d9cac9ffa1234808", kill_on_drop: false }`
[INFO] [stderr]    Compiling libc v0.2.142
[INFO] [stderr]    Compiling futures-core v0.3.28
[INFO] [stderr]    Compiling futures-io v0.3.28
[INFO] [stderr]    Compiling crossbeam-utils v0.8.15
[INFO] [stderr]    Compiling value-bag v1.0.0-alpha.9
[INFO] [stderr]    Compiling log v0.4.17
[INFO] [stderr]    Compiling serde v1.0.160
[INFO] [stderr]    Compiling ctor v0.1.26
[INFO] [stderr]    Compiling serde_derive v1.0.160
[INFO] [stderr]    Compiling io-lifetimes v1.0.10
[INFO] [stderr]    Compiling memoffset v0.8.0
[INFO] [stderr]    Compiling event-listener v2.5.3
[INFO] [stderr]    Compiling rustix v0.37.18
[INFO] [stderr]    Compiling crossbeam-epoch v0.9.14
[INFO] [stderr]    Compiling parking v2.1.0
[INFO] [stderr]    Compiling linux-raw-sys v0.3.6
[INFO] [stderr]    Compiling fastrand v1.9.0
[INFO] [stderr]    Compiling waker-fn v1.1.0
[INFO] [stderr]    Compiling async-lock v2.7.0
[INFO] [stderr]    Compiling polling v2.8.0
[INFO] [stderr]    Compiling indexmap v1.9.3
[INFO] [stderr]    Compiling async-io v1.13.0
[INFO] [stderr]    Compiling futures-channel v0.3.28
[INFO] [stderr]    Compiling serde_json v1.0.96
[INFO] [stderr]    Compiling async-task v4.4.0
[INFO] [stderr]    Compiling rayon-core v1.11.0
[INFO] [stderr]    Compiling futures-lite v1.13.0
[INFO] [stderr]    Compiling aho-corasick v1.0.1
[INFO] [stderr]    Compiling os_str_bytes v6.5.0
[INFO] [stderr]    Compiling futures-util v0.3.28
[INFO] [stderr]    Compiling plotters-backend v0.3.4
[INFO] [stderr]    Compiling regex-syntax v0.7.1
[INFO] [stderr]    Compiling concurrent-queue v2.2.0
[INFO] [stderr]    Compiling crossbeam-channel v0.5.8
[INFO] [stderr]    Compiling hashbrown v0.12.3
[INFO] [stderr]    Compiling ciborium-io v0.2.0
[INFO] [stderr]    Compiling async-channel v1.8.0
[INFO] [stderr]    Compiling crossbeam-deque v0.8.3
[INFO] [stderr]    Compiling atomic-waker v1.1.1
[INFO] [stderr]    Compiling half v1.8.2
[INFO] [stderr]    Compiling plotters-svg v0.3.3
[INFO] [stderr]    Compiling ciborium-ll v0.2.0
[INFO] [stderr]    Compiling clap_lex v0.2.4
[INFO] [stderr]    Compiling itertools v0.10.5
[INFO] [stderr]    Compiling textwrap v0.16.0
[INFO] [stderr]    Compiling cast v0.3.0
[INFO] [stderr]    Compiling num_cpus v1.15.0
[INFO] [stderr]    Compiling getrandom v0.1.16
[INFO] [stderr]    Compiling getrandom v0.2.9
[INFO] [stderr]    Compiling parking_lot_core v0.9.7
[INFO] [stderr]    Compiling rand_core v0.5.1
[INFO] [stderr]    Compiling rand_core v0.6.4
[INFO] [stderr]    Compiling socket2 v0.4.9
[INFO] [stderr]    Compiling rand_chacha v0.2.2
[INFO] [stderr]    Compiling curve25519-dalek v3.2.1
[INFO] [stderr]    Compiling parking_lot v0.12.1
[INFO] [stderr]    Compiling rand_chacha v0.3.1
[INFO] [stderr]    Compiling rand v0.7.3
[INFO] [stderr]    Compiling regex v1.8.1
[INFO] [stderr]    Compiling blocking v1.3.1
[INFO] [stderr]    Compiling rand v0.8.5
[INFO] [stderr]    Compiling async-executor v1.5.1
[INFO] [stderr]    Compiling walkdir v2.3.3
[INFO] [stderr]    Compiling criterion-plot v0.5.0
[INFO] [stderr]    Compiling asynchronous-codec v0.6.1
[INFO] [stderr]    Compiling futures-executor v0.3.28
[INFO] [stderr]    Compiling rayon v1.7.0
[INFO] [stderr]    Compiling unsigned-varint v0.7.1
[INFO] [stderr]    Compiling futures v0.3.28
[INFO] [stderr]    Compiling rw-stream-sink v0.3.0
[INFO] [stderr]    Compiling clap v3.2.25
[INFO] [stderr]    Compiling kv-log-macro v1.0.7
[INFO] [stderr]    Compiling atty v0.2.14
[INFO] [stderr]    Compiling plotters v0.3.4
[INFO] [stderr]    Compiling async-attributes v1.1.2
[INFO] [stderr]    Compiling anes v0.1.6
[INFO] [stderr]    Compiling oorandom v11.1.3
[INFO] [stderr]    Compiling multistream-select v0.12.1
[INFO] [stderr]    Compiling is-terminal v0.4.7
[INFO] [stderr]    Compiling toml v0.5.11
[INFO] [stderr]    Compiling env_logger v0.10.0
[INFO] [stderr]    Compiling async-global-executor v2.3.1
[INFO] [stderr]    Compiling async-std v1.12.0
[INFO] [stderr]    Compiling proc-macro-crate v1.1.3
[INFO] [stderr]    Compiling multihash-derive v0.8.1
[INFO] [stderr]    Compiling multihash v0.17.0
[INFO] [stderr]    Compiling ed25519-dalek v1.0.1
[INFO] [stderr]    Compiling multiaddr v0.17.1
[INFO] [stderr]    Compiling ciborium v0.2.0
[INFO] [stderr]    Compiling libp2p-identity v0.1.1
[INFO] [stderr]    Compiling libp2p-core v0.39.1
[INFO] [stderr]    Compiling tinytemplate v1.2.1
[INFO] [stderr]    Compiling criterion v0.4.0
[INFO] [stderr]    Compiling libp2p-mplex v0.39.0 (/opt/rustwide/workdir)
[INFO] [stdout] error[E0432]: unresolved import `quickcheck`
[INFO] [stdout]     --> src/io.rs:1107:9
[INFO] [stdout]      |
[INFO] [stdout] 1107 |     use quickcheck::*;
[INFO] [stdout]      |         ^^^^^^^^^^ use of undeclared crate or module `quickcheck`
[INFO] [stdout] 
[INFO] [stdout] 
[INFO] [stdout] error[E0405]: cannot find trait `Arbitrary` in this scope
[INFO] [stdout]     --> src/io.rs:1113:10
[INFO] [stdout]      |
[INFO] [stdout] 1113 |     impl Arbitrary for MaxBufferBehaviour {
[INFO] [stdout]      |          ^^^^^^^^^ not found in this scope
[INFO] [stdout] 
[INFO] [stdout] 
[INFO] [stdout] error[E0412]: cannot find type `Gen` in this scope
[INFO] [stdout]     --> src/io.rs:1114:30
[INFO] [stdout]      |
[INFO] [stdout] 1114 |         fn arbitrary(g: &mut Gen) -> MaxBufferBehaviour {
[INFO] [stdout]      |                              ^^^ not found in this scope
[INFO] [stdout] 
[INFO] [stdout] 
[INFO] [stdout] error[E0405]: cannot find trait `Arbitrary` in this scope
[INFO] [stdout]     --> src/io.rs:1120:10
[INFO] [stdout]      |
[INFO] [stdout] 1120 |     impl Arbitrary for MplexConfig {
[INFO] [stdout]      |          ^^^^^^^^^ not found in this scope
[INFO] [stdout] 
[INFO] [stdout] 
[INFO] [stdout] error[E0412]: cannot find type `Gen` in this scope
[INFO] [stdout]     --> src/io.rs:1121:30
[INFO] [stdout]      |
[INFO] [stdout] 1121 |         fn arbitrary(g: &mut Gen) -> MplexConfig {
[INFO] [stdout]      |                              ^^^ not found in this scope
[INFO] [stdout] 
[INFO] [stdout] 
[INFO] [stdout] error[E0433]: failed to resolve: use of undeclared crate or module `libp2p_muxer_test_harness`
[INFO] [stdout]  --> tests/compliance.rs:6:9
[INFO] [stdout]   |
[INFO] [stdout] 6 |         libp2p_muxer_test_harness::connected_muxers_on_memory_transport::<MplexConfig, _, _>()
[INFO] [stdout]   |         ^^^^^^^^^^^^^^^^^^^^^^^^^ use of undeclared crate or module `libp2p_muxer_test_harness`
[INFO] [stdout] 
[INFO] [stdout] 
[INFO] [stdout] error[E0433]: failed to resolve: use of undeclared crate or module `libp2p_muxer_test_harness`
[INFO] [stdout]  --> tests/compliance.rs:9:5
[INFO] [stdout]   |
[INFO] [stdout] 9 |     libp2p_muxer_test_harness::close_implies_flush(alice, bob).await;
[INFO] [stdout]   |     ^^^^^^^^^^^^^^^^^^^^^^^^^ use of undeclared crate or module `libp2p_muxer_test_harness`
[INFO] [stdout] 
[INFO] [stdout] 
[INFO] [stdout] error[E0433]: failed to resolve: use of undeclared crate or module `libp2p_muxer_test_harness`
[INFO] [stdout]   --> tests/compliance.rs:15:9
[INFO] [stdout]    |
[INFO] [stdout] 15 |         libp2p_muxer_test_harness::connected_muxers_on_memory_transport::<MplexConfig, _, _>()
[INFO] [stdout]    |         ^^^^^^^^^^^^^^^^^^^^^^^^^ use of undeclared crate or module `libp2p_muxer_test_harness`
[INFO] [stdout] 
[INFO] [stdout] 
[INFO] [stdout] error[E0433]: failed to resolve: use of undeclared crate or module `libp2p_muxer_test_harness`
[INFO] [stdout]   --> tests/compliance.rs:18:5
[INFO] [stdout]    |
[INFO] [stdout] 18 |     libp2p_muxer_test_harness::read_after_close(alice, bob).await;
[INFO] [stdout]    |     ^^^^^^^^^^^^^^^^^^^^^^^^^ use of undeclared crate or module `libp2p_muxer_test_harness`
[INFO] [stdout] 
[INFO] [stdout] 
[INFO] [stdout] error: aborting due to 4 previous errors
[INFO] [stdout] 
[INFO] [stdout] 
[INFO] [stdout] For more information about this error, try `rustc --explain E0433`.
[INFO] [stdout] 
[INFO] [stderr] error: could not compile `libp2p-mplex` due to 5 previous errors
[INFO] [stderr] warning: build failed, waiting for other jobs to finish...
[INFO] [stdout] error[E0425]: cannot find function `quickcheck` in this scope
[INFO] [stdout]     --> src/io.rs:1313:9
[INFO] [stdout]      |
[INFO] [stdout] 1313 |         quickcheck(prop as fn(_, _))
[INFO] [stdout]      |         ^^^^^^^^^^ not found in this scope
[INFO] [stdout] 
[INFO] [stdout] 
[INFO] [stdout] error[E0425]: cannot find function `quickcheck` in this scope
[INFO] [stdout]     --> src/io.rs:1357:9
[INFO] [stdout]      |
[INFO] [stdout] 1357 |         quickcheck(prop as fn(_, _))
[INFO] [stdout]      |         ^^^^^^^^^^ not found in this scope
[INFO] [stdout] 
[INFO] [stdout] 
[INFO] [stdout] error: aborting due to 7 previous errors
[INFO] [stdout] 
[INFO] [stdout] 
[INFO] [stdout] Some errors have detailed explanations: E0405, E0412, E0425, E0432.
[INFO] [stdout] 
[INFO] [stdout] For more information about an error, try `rustc --explain E0405`.
[INFO] [stdout] 
[INFO] [stderr] error: could not compile `libp2p-mplex` due to 8 previous errors
[INFO] running `Command { std: "docker" "inspect" "c7cacddcf47959ce7acbe873c643eb9e8b6a10cfff970170d9cac9ffa1234808", kill_on_drop: false }`
[INFO] running `Command { std: "docker" "rm" "-f" "c7cacddcf47959ce7acbe873c643eb9e8b6a10cfff970170d9cac9ffa1234808", kill_on_drop: false }`
[INFO] [stdout] c7cacddcf47959ce7acbe873c643eb9e8b6a10cfff970170d9cac9ffa1234808
