[INFO] fetching crate libp2p-autonat 0.10.2...
[INFO] testing libp2p-autonat-0.10.2 against 1.69.0 for beta-1.70-1
[INFO] extracting crate libp2p-autonat 0.10.2 into /workspace/builds/worker-3-tc1/source
[INFO] validating manifest of crates.io crate libp2p-autonat 0.10.2 on toolchain 1.69.0
[INFO] running `Command { std: CARGO_HOME="/workspace/cargo-home" RUSTUP_HOME="/workspace/rustup-home" "/workspace/cargo-home/bin/cargo" "+1.69.0" "metadata" "--manifest-path" "Cargo.toml" "--no-deps", kill_on_drop: false }`
[INFO] started tweaking crates.io crate libp2p-autonat 0.10.2
[INFO] finished tweaking crates.io crate libp2p-autonat 0.10.2
[INFO] tweaked toml for crates.io crate libp2p-autonat 0.10.2 written to /workspace/builds/worker-3-tc1/source/Cargo.toml
[INFO] running `Command { std: CARGO_HOME="/workspace/cargo-home" RUSTUP_HOME="/workspace/rustup-home" __CARGO_TEST_CHANNEL_OVERRIDE_DO_NOT_USE_THIS="nightly" "/workspace/cargo-home/bin/cargo" "+1.69.0" "generate-lockfile" "--manifest-path" "Cargo.toml" "-Zno-index-update", kill_on_drop: false }`
[INFO] running `Command { std: CARGO_HOME="/workspace/cargo-home" RUSTUP_HOME="/workspace/rustup-home" "/workspace/cargo-home/bin/cargo" "+1.69.0" "fetch" "--manifest-path" "Cargo.toml", kill_on_drop: false }`
[INFO] [stderr]  Downloading crates ...
[INFO] [stderr]   Downloaded libp2p-request-response v0.24.0
[INFO] [stderr]   Downloaded libp2p-identity v0.1.1
[INFO] [stderr]   Downloaded multiaddr v0.17.1
[INFO] [stderr]   Downloaded libp2p-swarm v0.42.1
[INFO] [stderr]   Downloaded libp2p-core v0.39.1
[INFO] running `Command { std: "docker" "create" "-v" "/var/lib/crater-agent-workspace/builds/worker-3-tc1/target:/opt/rustwide/target:rw,Z" "-v" "/var/lib/crater-agent-workspace/builds/worker-3-tc1/source:/opt/rustwide/workdir:ro,Z" "-v" "/var/lib/crater-agent-workspace/cargo-home:/opt/rustwide/cargo-home:ro,Z" "-v" "/var/lib/crater-agent-workspace/rustup-home:/opt/rustwide/rustup-home:ro,Z" "-e" "SOURCE_DIR=/opt/rustwide/workdir" "-e" "CARGO_TARGET_DIR=/opt/rustwide/target" "-e" "CARGO_HOME=/opt/rustwide/cargo-home" "-e" "RUSTUP_HOME=/opt/rustwide/rustup-home" "-w" "/opt/rustwide/workdir" "-m" "1610612736" "--user" "0:0" "--network" "none" "ghcr.io/rust-lang/crates-build-env/linux@sha256:5ff2268d62e97bff2cde7d5815dd6ed5b47097566f13b8d0ca110b04b60e07ed" "/opt/rustwide/cargo-home/bin/cargo" "+1.69.0" "metadata" "--no-deps" "--format-version=1", kill_on_drop: false }`
[INFO] [stdout] b48aaf2e244aa26cf31038ba025d29fac50915b94af5bc94de13de1ec37f470a
[INFO] running `Command { std: "docker" "start" "-a" "b48aaf2e244aa26cf31038ba025d29fac50915b94af5bc94de13de1ec37f470a", kill_on_drop: false }`
[INFO] running `Command { std: "docker" "inspect" "b48aaf2e244aa26cf31038ba025d29fac50915b94af5bc94de13de1ec37f470a", kill_on_drop: false }`
[INFO] running `Command { std: "docker" "rm" "-f" "b48aaf2e244aa26cf31038ba025d29fac50915b94af5bc94de13de1ec37f470a", kill_on_drop: false }`
[INFO] [stdout] b48aaf2e244aa26cf31038ba025d29fac50915b94af5bc94de13de1ec37f470a
[INFO] running `Command { std: "docker" "create" "-v" "/var/lib/crater-agent-workspace/builds/worker-3-tc1/target:/opt/rustwide/target:rw,Z" "-v" "/var/lib/crater-agent-workspace/builds/worker-3-tc1/source:/opt/rustwide/workdir:ro,Z" "-v" "/var/lib/crater-agent-workspace/cargo-home:/opt/rustwide/cargo-home:ro,Z" "-v" "/var/lib/crater-agent-workspace/rustup-home:/opt/rustwide/rustup-home:ro,Z" "-e" "SOURCE_DIR=/opt/rustwide/workdir" "-e" "CARGO_TARGET_DIR=/opt/rustwide/target" "-e" "CARGO_INCREMENTAL=0" "-e" "RUST_BACKTRACE=full" "-e" "RUSTFLAGS=--cap-lints=warn" "-e" "RUSTDOCFLAGS=--cap-lints=warn" "-e" "CARGO_HOME=/opt/rustwide/cargo-home" "-e" "RUSTUP_HOME=/opt/rustwide/rustup-home" "-w" "/opt/rustwide/workdir" "-m" "1610612736" "--user" "0:0" "--network" "none" "ghcr.io/rust-lang/crates-build-env/linux@sha256:5ff2268d62e97bff2cde7d5815dd6ed5b47097566f13b8d0ca110b04b60e07ed" "/opt/rustwide/cargo-home/bin/cargo" "+1.69.0" "build" "--frozen" "--message-format=json", kill_on_drop: false }`
[INFO] [stdout] abd30eca87c55957730121769459ef7afaf6fc136996061c8fd9ea353868d4c4
[INFO] running `Command { std: "docker" "start" "-a" "abd30eca87c55957730121769459ef7afaf6fc136996061c8fd9ea353868d4c4", kill_on_drop: false }`
[INFO] [stderr]    Compiling proc-macro2 v1.0.56
[INFO] [stderr]    Compiling unicode-ident v1.0.8
[INFO] [stderr]    Compiling quote v1.0.26
[INFO] [stderr]    Compiling version_check v0.9.4
[INFO] [stderr]    Compiling libc v0.2.142
[INFO] [stderr]    Compiling cfg-if v1.0.0
[INFO] [stderr]    Compiling syn v1.0.109
[INFO] [stderr]    Compiling autocfg v1.1.0
[INFO] [stderr]    Compiling typenum v1.16.0
[INFO] [stderr]    Compiling memchr v2.5.0
[INFO] [stderr]    Compiling futures-core v0.3.28
[INFO] [stderr]    Compiling futures-channel v0.3.28
[INFO] [stderr]    Compiling futures-task v0.3.28
[INFO] [stderr]    Compiling futures-sink v0.3.28
[INFO] [stderr]    Compiling futures-util v0.3.28
[INFO] [stderr]    Compiling pin-utils v0.1.0
[INFO] [stderr]    Compiling serde v1.0.160
[INFO] [stderr]    Compiling pin-project-lite v0.2.9
[INFO] [stderr]    Compiling futures-io v0.3.28
[INFO] [stderr]    Compiling getrandom v0.1.16
[INFO] [stderr]    Compiling thiserror v1.0.40
[INFO] [stderr]    Compiling ppv-lite86 v0.2.17
[INFO] [stderr]    Compiling cpufeatures v0.2.7
[INFO] [stderr]    Compiling tinyvec_macros v0.1.1
[INFO] [stderr]    Compiling generic-array v0.14.7
[INFO] [stderr]    Compiling proc-macro-error-attr v1.0.4
[INFO] [stderr]    Compiling proc-macro-error v1.0.4
[INFO] [stderr]    Compiling tinyvec v1.6.0
[INFO] [stderr]    Compiling slab v0.4.8
[INFO] [stderr]    Compiling data-encoding v2.3.3
[INFO] [stderr]    Compiling log v0.4.17
[INFO] [stderr]    Compiling unicode-xid v0.2.4
[INFO] [stderr]    Compiling anyhow v1.0.71
[INFO] [stderr]    Compiling byteorder v1.4.3
[INFO] [stderr]    Compiling either v1.8.1
[INFO] [stderr]    Compiling unicode-bidi v0.3.13
[INFO] [stderr]    Compiling percent-encoding v2.2.0
[INFO] [stderr]    Compiling lock_api v0.4.9
[INFO] [stderr]    Compiling form_urlencoded v1.1.0
[INFO] [stderr]    Compiling itertools v0.10.5
[INFO] [stderr]    Compiling core2 v0.4.0
[INFO] [stderr]    Compiling static_assertions v1.1.0
[INFO] [stderr]    Compiling syn v2.0.15
[INFO] [stderr]    Compiling getrandom v0.2.9
[INFO] [stderr]    Compiling num_cpus v1.15.0
[INFO] [stderr]    Compiling unicode-normalization v0.1.22
[INFO] [stderr]    Compiling smallvec v1.10.0
[INFO] [stderr]    Compiling parking_lot_core v0.9.7
[INFO] [stderr]    Compiling rand_core v0.5.1
[INFO] [stderr]    Compiling rand_core v0.6.4
[INFO] [stderr]    Compiling signature v1.6.4
[INFO] [stderr]    Compiling opaque-debug v0.3.0
[INFO] [stderr]    Compiling base-x v0.2.11
[INFO] [stderr]    Compiling bytes v1.4.0
[INFO] [stderr]    Compiling subtle v2.5.0
[INFO] [stderr]    Compiling rand_chacha v0.2.2
[INFO] [stderr]    Compiling rand_chacha v0.3.1
[INFO] [stderr]    Compiling idna v0.3.0
[INFO] [stderr]    Compiling ed25519 v1.5.3
[INFO] [stderr]    Compiling scopeguard v1.1.0
[INFO] [stderr]    Compiling rand v0.7.3
[INFO] [stderr]    Compiling arrayref v0.3.7
[INFO] [stderr]    Compiling rand v0.8.5
[INFO] [stderr]    Compiling crypto-common v0.1.6
[INFO] [stderr]    Compiling block-buffer v0.10.4
[INFO] [stderr]    Compiling digest v0.9.0
[INFO] [stderr]    Compiling block-buffer v0.9.0
[INFO] [stderr]    Compiling digest v0.10.6
[INFO] [stderr]    Compiling url v2.3.1
[INFO] [stderr]    Compiling sha2 v0.9.9
[INFO] [stderr]    Compiling quick-protobuf v0.8.1
[INFO] [stderr]    Compiling bs58 v0.4.0
[INFO] [stderr]    Compiling sha2 v0.10.6
[INFO] [stderr]    Compiling parking_lot v0.12.1
[INFO] [stderr]    Compiling instant v0.1.12
[INFO] [stderr]    Compiling async-trait v0.1.68
[INFO] [stderr]    Compiling futures-timer v3.0.2
[INFO] [stderr]    Compiling once_cell v1.17.1
[INFO] [stderr]    Compiling void v1.0.2
[INFO] [stderr]    Compiling fnv v1.0.7
[INFO] [stderr]    Compiling toml v0.5.11
[INFO] [stderr]    Compiling synstructure v0.12.6
[INFO] [stderr]    Compiling futures-macro v0.3.28
[INFO] [stderr]    Compiling thiserror-impl v1.0.40
[INFO] [stderr]    Compiling zeroize_derive v1.4.2
[INFO] [stderr]    Compiling data-encoding-macro-internal v0.1.10
[INFO] [stderr]    Compiling pin-project-internal v1.0.12
[INFO] [stderr]    Compiling prost-derive v0.11.9
[INFO] [stderr]    Compiling data-encoding-macro v0.1.12
[INFO] [stderr]    Compiling multibase v0.9.1
[INFO] [stderr]    Compiling zeroize v1.3.0
[INFO] [stderr]    Compiling curve25519-dalek v3.2.1
[INFO] [stderr]    Compiling pin-project v1.0.12
[INFO] [stderr]    Compiling proc-macro-crate v1.1.3
[INFO] [stderr]    Compiling multihash-derive v0.8.1
[INFO] [stderr]    Compiling prost v0.11.9
[INFO] [stderr]    Compiling ed25519-dalek v1.0.1
[INFO] [stderr]    Compiling unsigned-varint v0.7.1
[INFO] [stderr]    Compiling futures-executor v0.3.28
[INFO] [stderr]    Compiling multihash v0.17.0
[INFO] [stderr]    Compiling futures v0.3.28
[INFO] [stderr]    Compiling multistream-select v0.12.1
[INFO] [stderr]    Compiling rw-stream-sink v0.3.0
[INFO] [stderr]    Compiling multiaddr v0.17.1
[INFO] [stderr]    Compiling libp2p-identity v0.1.1
[INFO] [stderr]    Compiling libp2p-core v0.39.1
[INFO] [stderr]    Compiling libp2p-swarm v0.42.1
[INFO] [stderr]    Compiling libp2p-request-response v0.24.0
[INFO] [stderr]    Compiling libp2p-autonat v0.10.2 (/opt/rustwide/workdir)
[INFO] [stderr]     Finished dev [unoptimized + debuginfo] target(s) in 20.78s
[INFO] running `Command { std: "docker" "inspect" "abd30eca87c55957730121769459ef7afaf6fc136996061c8fd9ea353868d4c4", kill_on_drop: false }`
[INFO] running `Command { std: "docker" "rm" "-f" "abd30eca87c55957730121769459ef7afaf6fc136996061c8fd9ea353868d4c4", kill_on_drop: false }`
[INFO] [stdout] abd30eca87c55957730121769459ef7afaf6fc136996061c8fd9ea353868d4c4
[INFO] running `Command { std: "docker" "create" "-v" "/var/lib/crater-agent-workspace/builds/worker-3-tc1/target:/opt/rustwide/target:rw,Z" "-v" "/var/lib/crater-agent-workspace/builds/worker-3-tc1/source:/opt/rustwide/workdir:ro,Z" "-v" "/var/lib/crater-agent-workspace/cargo-home:/opt/rustwide/cargo-home:ro,Z" "-v" "/var/lib/crater-agent-workspace/rustup-home:/opt/rustwide/rustup-home:ro,Z" "-e" "SOURCE_DIR=/opt/rustwide/workdir" "-e" "CARGO_TARGET_DIR=/opt/rustwide/target" "-e" "CARGO_INCREMENTAL=0" "-e" "RUST_BACKTRACE=full" "-e" "RUSTFLAGS=--cap-lints=warn" "-e" "RUSTDOCFLAGS=--cap-lints=warn" "-e" "CARGO_HOME=/opt/rustwide/cargo-home" "-e" "RUSTUP_HOME=/opt/rustwide/rustup-home" "-w" "/opt/rustwide/workdir" "-m" "1610612736" "--user" "0:0" "--network" "none" "ghcr.io/rust-lang/crates-build-env/linux@sha256:5ff2268d62e97bff2cde7d5815dd6ed5b47097566f13b8d0ca110b04b60e07ed" "/opt/rustwide/cargo-home/bin/cargo" "+1.69.0" "test" "--frozen" "--no-run" "--message-format=json", kill_on_drop: false }`
[INFO] [stdout] 0d1b8119da50c2de8bdbd58ce04692e57fb2af3ffc2990d9ca29d390950e6f58
[INFO] running `Command { std: "docker" "start" "-a" "0d1b8119da50c2de8bdbd58ce04692e57fb2af3ffc2990d9ca29d390950e6f58", kill_on_drop: false }`
[INFO] [stderr]     Blocking waiting for file lock on package cache
[INFO] [stderr]    Compiling libc v0.2.142
[INFO] [stderr]    Compiling futures-core v0.3.28
[INFO] [stderr]    Compiling log v0.4.17
[INFO] [stderr]    Compiling value-bag v1.0.0-alpha.9
[INFO] [stderr]    Compiling ctor v0.1.26
[INFO] [stderr]    Compiling crossbeam-utils v0.8.15
[INFO] [stderr]    Compiling io-lifetimes v1.0.10
[INFO] [stderr]    Compiling event-listener v2.5.3
[INFO] [stderr]    Compiling rustix v0.37.18
[INFO] [stderr]    Compiling parking v2.1.0
[INFO] [stderr]    Compiling linux-raw-sys v0.3.6
[INFO] [stderr]    Compiling fastrand v1.9.0
[INFO] [stderr]    Compiling bitflags v1.3.2
[INFO] [stderr]    Compiling waker-fn v1.1.0
[INFO] [stderr]    Compiling polling v2.8.0
[INFO] [stderr]    Compiling async-io v1.13.0
[INFO] [stderr]    Compiling async-task v4.4.0
[INFO] [stderr]    Compiling atomic-waker v1.1.1
[INFO] [stderr]    Compiling async-lock v2.7.0
[INFO] [stderr]    Compiling aho-corasick v1.0.1
[INFO] [stderr]    Compiling regex-syntax v0.7.1
[INFO] [stderr]    Compiling async-attributes v1.1.2
[INFO] [stderr]    Compiling termcolor v1.2.0
[INFO] [stderr]    Compiling humantime v2.1.0
[INFO] [stderr]    Compiling futures-channel v0.3.28
[INFO] [stderr]    Compiling futures-lite v1.13.0
[INFO] [stderr]    Compiling futures-util v0.3.28
[INFO] [stderr]    Compiling concurrent-queue v2.2.0
[INFO] [stderr]    Compiling async-channel v1.8.0
[INFO] [stderr]    Compiling kv-log-macro v1.0.7
[INFO] [stderr]    Compiling blocking v1.3.1
[INFO] [stderr]    Compiling async-executor v1.5.1
[INFO] [stderr]    Compiling regex v1.8.1
[INFO] [stderr]    Compiling getrandom v0.1.16
[INFO] [stderr]    Compiling num_cpus v1.15.0
[INFO] [stderr]    Compiling getrandom v0.2.9
[INFO] [stderr]    Compiling parking_lot_core v0.9.7
[INFO] [stderr]    Compiling socket2 v0.4.9
[INFO] [stderr]    Compiling rand_core v0.6.4
[INFO] [stderr]    Compiling rand_core v0.5.1
[INFO] [stderr]    Compiling parking_lot v0.12.1
[INFO] [stderr]    Compiling rand_chacha v0.2.2
[INFO] [stderr]    Compiling rand_chacha v0.3.1
[INFO] [stderr]    Compiling curve25519-dalek v3.2.1
[INFO] [stderr]    Compiling rand v0.7.3
[INFO] [stderr]    Compiling rand v0.8.5
[INFO] [stderr]    Compiling ed25519-dalek v1.0.1
[INFO] [stderr]    Compiling unsigned-varint v0.7.1
[INFO] [stderr]    Compiling futures-executor v0.3.28
[INFO] [stderr]    Compiling is-terminal v0.4.7
[INFO] [stderr]    Compiling env_logger v0.10.0
[INFO] [stderr]    Compiling multihash v0.17.0
[INFO] [stderr]    Compiling futures v0.3.28
[INFO] [stderr]    Compiling rw-stream-sink v0.3.0
[INFO] [stderr]    Compiling multistream-select v0.12.1
[INFO] [stderr]    Compiling multiaddr v0.17.1
[INFO] [stderr]    Compiling libp2p-identity v0.1.1
[INFO] [stderr]    Compiling async-global-executor v2.3.1
[INFO] [stderr]    Compiling async-std v1.12.0
[INFO] [stderr]    Compiling libp2p-core v0.39.1
[INFO] [stderr]    Compiling libp2p-swarm v0.42.1
[INFO] [stderr]    Compiling libp2p-request-response v0.24.0
[INFO] [stderr]    Compiling libp2p-autonat v0.10.2 (/opt/rustwide/workdir)
[INFO] [stdout] error[E0432]: unresolved import `libp2p_swarm_test`
[INFO] [stdout]   --> tests/test_server.rs:28:5
[INFO] [stdout]    |
[INFO] [stdout] 28 | use libp2p_swarm_test::SwarmExt as _;
[INFO] [stdout]    |     ^^^^^^^^^^^^^^^^^ use of undeclared crate or module `libp2p_swarm_test`
[INFO] [stdout]    |
[INFO] [stdout] help: there is a crate or module with a similar name
[INFO] [stdout]    |
[INFO] [stdout] 28 | use libp2p_swarm::SwarmExt as _;
[INFO] [stdout]    |     ~~~~~~~~~~~~
[INFO] [stdout] 
[INFO] [stdout] 
[INFO] [stdout] error[E0432]: unresolved import `libp2p_swarm_test`
[INFO] [stdout]   --> tests/test_client.rs:28:5
[INFO] [stdout]    |
[INFO] [stdout] 28 | use libp2p_swarm_test::SwarmExt as _;
[INFO] [stdout]    |     ^^^^^^^^^^^^^^^^^ use of undeclared crate or module `libp2p_swarm_test`
[INFO] [stdout]    |
[INFO] [stdout] help: there is a crate or module with a similar name
[INFO] [stdout]    |
[INFO] [stdout] 28 | use libp2p_swarm::SwarmExt as _;
[INFO] [stdout]    |     ~~~~~~~~~~~~
[INFO] [stdout] 
[INFO] [stdout] 
[INFO] [stdout] error[E0599]: no function or associated item named `new_ephemeral` found for struct `Swarm` in the current scope
[INFO] [stdout]    --> tests/test_client.rs:454:28
[INFO] [stdout]     |
[INFO] [stdout] 454 |     let mut swarm = Swarm::new_ephemeral(|key| {
[INFO] [stdout]     |                            ^^^^^^^^^^^^^ function or associated item not found in `Swarm<_>`
[INFO] [stdout] 
[INFO] [stdout] 
[INFO] [stdout] error[E0599]: no function or associated item named `new_ephemeral` found for struct `Swarm` in the current scope
[INFO] [stdout]    --> tests/test_server.rs:348:29
[INFO] [stdout]     |
[INFO] [stdout] 348 |     let mut server = Swarm::new_ephemeral(|key| Behaviour::new(key.public().to_peer_id(), config));
[INFO] [stdout]     |                             ^^^^^^^^^^^^^ function or associated item not found in `Swarm<_>`
[INFO] [stdout] 
[INFO] [stdout] 
[INFO] [stdout] error[E0599]: no function or associated item named `new_ephemeral` found for struct `Swarm` in the current scope
[INFO] [stdout]   --> tests/test_client.rs:37:29
[INFO] [stdout]    |
[INFO] [stdout] 37 |     let mut client = Swarm::new_ephemeral(|key| {
[INFO] [stdout]    |                             ^^^^^^^^^^^^^ function or associated item not found in `Swarm<_>`
[INFO] [stdout] 
[INFO] [stdout] 
[INFO] [stdout] error[E0599]: no function or associated item named `new_ephemeral` found for struct `Swarm` in the current scope
[INFO] [stdout]    --> tests/test_server.rs:356:29
[INFO] [stdout]     |
[INFO] [stdout] 356 |     let mut client = Swarm::new_ephemeral(|key| {
[INFO] [stdout]     |                             ^^^^^^^^^^^^^ function or associated item not found in `Swarm<_>`
[INFO] [stdout] 
[INFO] [stdout] 
[INFO] [stdout] error[E0599]: no function or associated item named `new_ephemeral` found for struct `Swarm` in the current scope
[INFO] [stdout]    --> tests/test_client.rs:178:29
[INFO] [stdout]     |
[INFO] [stdout] 178 |     let mut client = Swarm::new_ephemeral(|key| {
[INFO] [stdout]     |                             ^^^^^^^^^^^^^ function or associated item not found in `Swarm<_>`
[INFO] [stdout] 
[INFO] [stdout] 
[INFO] [stdout] error[E0599]: no method named `listen` found for struct `Swarm` in the current scope
[INFO] [stdout]   --> tests/test_server.rs:35:35
[INFO] [stdout]    |
[INFO] [stdout] 35 |     let (_, client_addr) = client.listen().await;
[INFO] [stdout]    |                                   ^^^^^^ help: there is a method with a similar name: `listen_on`
[INFO] [stdout] 
[INFO] [stdout] 
[INFO] [stdout] error[E0599]: no function or associated item named `new_ephemeral` found for struct `Swarm` in the current scope
[INFO] [stdout]    --> tests/test_client.rs:262:29
[INFO] [stdout]     |
[INFO] [stdout] 262 |     let mut client = Swarm::new_ephemeral(|key| {
[INFO] [stdout]     |                             ^^^^^^^^^^^^^ function or associated item not found in `Swarm<_>`
[INFO] [stdout] 
[INFO] [stdout] 
[INFO] [stdout] error[E0599]: no function or associated item named `new_ephemeral` found for struct `Swarm` in the current scope
[INFO] [stdout]    --> tests/test_client.rs:313:29
[INFO] [stdout]     |
[INFO] [stdout] 313 |     let mut client = Swarm::new_ephemeral(|key| {
[INFO] [stdout]     |                             ^^^^^^^^^^^^^ function or associated item not found in `Swarm<_>`
[INFO] [stdout] 
[INFO] [stdout] 
[INFO] [stdout] error[E0599]: no function or associated item named `new_ephemeral` found for struct `Swarm` in the current scope
[INFO] [stdout]    --> tests/test_client.rs:351:29
[INFO] [stdout]     |
[INFO] [stdout] 351 |     let mut client = Swarm::new_ephemeral(|key| {
[INFO] [stdout]     |                             ^^^^^^^^^^^^^ function or associated item not found in `Swarm<_>`
[INFO] [stdout] 
[INFO] [stdout] 
[INFO] [stdout] error[E0599]: no method named `loop_on_next` found for struct `Swarm` in the current scope
[INFO] [stdout]   --> tests/test_server.rs:36:35
[INFO] [stdout]    |
[INFO] [stdout] 36 |     async_std::task::spawn(client.loop_on_next());
[INFO] [stdout]    |                                   ^^^^^^^^^^^^ method not found in `Swarm<Behaviour>`
[INFO] [stdout] 
[INFO] [stdout] 
[INFO] [stdout] error[E0599]: no function or associated item named `new_ephemeral` found for struct `Swarm` in the current scope
[INFO] [stdout]    --> tests/test_client.rs:420:29
[INFO] [stdout]     |
[INFO] [stdout] 420 |     let mut client = Swarm::new_ephemeral(|key| {
[INFO] [stdout]     |                             ^^^^^^^^^^^^^ function or associated item not found in `Swarm<_>`
[INFO] [stdout] 
[INFO] [stdout] 
[INFO] [stdout] error: aborting due to 8 previous errors
[INFO] [stdout] 
[INFO] [stdout] 
[INFO] [stdout] Some errors have detailed explanations: E0432, E0599.
[INFO] [stdout] 
[INFO] [stdout] For more information about an error, try `rustc --explain E0432`.
[INFO] [stdout] 
[INFO] [stdout] error[E0599]: no method named `next_swarm_event` found for struct `Swarm` in the current scope
[INFO] [stdout]   --> tests/test_server.rs:46:22
[INFO] [stdout]    |
[INFO] [stdout] 46 |         match server.next_swarm_event().await {
[INFO] [stdout]    |                      ^^^^^^^^^^^^^^^^ method not found in `Swarm<Behaviour>`
[INFO] [stdout] 
[INFO] [stdout] 
[INFO] [stderr] error: could not compile `libp2p-autonat` due to 9 previous errors
[INFO] [stderr] warning: build failed, waiting for other jobs to finish...
[INFO] [stdout] error[E0599]: no method named `next_behaviour_event` found for struct `Swarm` in the current scope
[INFO] [stdout]   --> tests/test_server.rs:73:41
[INFO] [stdout]    |
[INFO] [stdout] 73 |     let request_probe_id = match server.next_behaviour_event().await {
[INFO] [stdout]    |                                         ^^^^^^^^^^^^^^^^^^^^ help: there is a method with a similar name: `behaviour_mut`
[INFO] [stdout] 
[INFO] [stdout] 
[INFO] [stdout] error[E0599]: no method named `next_swarm_event` found for struct `Swarm` in the current scope
[INFO] [stdout]   --> tests/test_server.rs:88:22
[INFO] [stdout]    |
[INFO] [stdout] 88 |         match server.next_swarm_event().await {
[INFO] [stdout]    |                      ^^^^^^^^^^^^^^^^ method not found in `Swarm<Behaviour>`
[INFO] [stdout] 
[INFO] [stdout] 
[INFO] [stdout] error[E0599]: no method named `next_behaviour_event` found for struct `Swarm` in the current scope
[INFO] [stdout]    --> tests/test_server.rs:112:18
[INFO] [stdout]     |
[INFO] [stdout] 112 |     match server.next_behaviour_event().await {
[INFO] [stdout]     |                  ^^^^^^^^^^^^^^^^^^^^ help: there is a method with a similar name: `behaviour_mut`
[INFO] [stdout] 
[INFO] [stdout] 
[INFO] [stdout] error[E0599]: no method named `loop_on_next` found for struct `Swarm` in the current scope
[INFO] [stdout]    --> tests/test_server.rs:134:35
[INFO] [stdout]     |
[INFO] [stdout] 134 |     async_std::task::spawn(client.loop_on_next());
[INFO] [stdout]     |                                   ^^^^^^^^^^^^ method not found in `Swarm<Behaviour>`
[INFO] [stdout] 
[INFO] [stdout] 
[INFO] [stdout] error[E0599]: no method named `next_behaviour_event` found for struct `Swarm` in the current scope
[INFO] [stdout]    --> tests/test_server.rs:136:41
[INFO] [stdout]     |
[INFO] [stdout] 136 |     let request_probe_id = match server.next_behaviour_event().await {
[INFO] [stdout]     |                                         ^^^^^^^^^^^^^^^^^^^^ help: there is a method with a similar name: `behaviour_mut`
[INFO] [stdout] 
[INFO] [stdout] 
[INFO] [stdout] error[E0599]: no method named `next_swarm_event` found for struct `Swarm` in the current scope
[INFO] [stdout]    --> tests/test_server.rs:145:22
[INFO] [stdout]     |
[INFO] [stdout] 145 |         match server.next_swarm_event().await {
[INFO] [stdout]     |                      ^^^^^^^^^^^^^^^^ method not found in `Swarm<Behaviour>`
[INFO] [stdout] 
[INFO] [stdout] 
[INFO] [stdout] error[E0599]: no method named `next_behaviour_event` found for struct `Swarm` in the current scope
[INFO] [stdout]    --> tests/test_server.rs:157:18
[INFO] [stdout]     |
[INFO] [stdout] 157 |     match server.next_behaviour_event().await {
[INFO] [stdout]     |                  ^^^^^^^^^^^^^^^^^^^^ help: there is a method with a similar name: `behaviour_mut`
[INFO] [stdout] 
[INFO] [stdout] 
[INFO] [stdout] error[E0599]: no method named `listen` found for struct `Swarm` in the current scope
[INFO] [stdout]    --> tests/test_server.rs:182:16
[INFO] [stdout]     |
[INFO] [stdout] 182 |         client.listen().await;
[INFO] [stdout]     |                ^^^^^^ help: there is a method with a similar name: `listen_on`
[INFO] [stdout] 
[INFO] [stdout] 
[INFO] [stdout] error[E0599]: no method named `loop_on_next` found for struct `Swarm` in the current scope
[INFO] [stdout]    --> tests/test_server.rs:183:39
[INFO] [stdout]     |
[INFO] [stdout] 183 |         async_std::task::spawn(client.loop_on_next());
[INFO] [stdout]     |                                       ^^^^^^^^^^^^ method not found in `Swarm<Behaviour>`
[INFO] [stdout] 
[INFO] [stdout] 
[INFO] [stdout] error[E0599]: no method named `next_behaviour_event` found for struct `Swarm` in the current scope
[INFO] [stdout]    --> tests/test_server.rs:186:56
[INFO] [stdout]     |
[INFO] [stdout] 186 |     let (first_probe_id, first_peer_id) = match server.next_behaviour_event().await {
[INFO] [stdout]     |                                                        ^^^^^^^^^^^^^^^^^^^^ help: there is a method with a similar name: `behaviour_mut`
[INFO] [stdout] 
[INFO] [stdout] 
[INFO] [stdout] error[E0599]: no method named `next_behaviour_event` found for struct `Swarm` in the current scope
[INFO] [stdout]    --> tests/test_server.rs:192:22
[INFO] [stdout]     |
[INFO] [stdout] 192 |         match server.next_behaviour_event().await {
[INFO] [stdout]     |                      ^^^^^^^^^^^^^^^^^^^^ help: there is a method with a similar name: `behaviour_mut`
[INFO] [stdout] 
[INFO] [stdout] 
[INFO] [stdout] error[E0599]: no method named `listen` found for struct `Swarm` in the current scope
[INFO] [stdout]    --> tests/test_server.rs:222:12
[INFO] [stdout]     |
[INFO] [stdout] 222 |     client.listen().await;
[INFO] [stdout]     |            ^^^^^^ help: there is a method with a similar name: `listen_on`
[INFO] [stdout] 
[INFO] [stdout] 
[INFO] [stdout] error[E0599]: no method named `loop_on_next` found for struct `Swarm` in the current scope
[INFO] [stdout]    --> tests/test_server.rs:223:35
[INFO] [stdout]     |
[INFO] [stdout] 223 |     async_std::task::spawn(client.loop_on_next());
[INFO] [stdout]     |                                   ^^^^^^^^^^^^ method not found in `Swarm<Behaviour>`
[INFO] [stdout] 
[INFO] [stdout] 
[INFO] [stdout] error[E0599]: no method named `next_behaviour_event` found for struct `Swarm` in the current scope
[INFO] [stdout]    --> tests/test_server.rs:225:39
[INFO] [stdout]     |
[INFO] [stdout] 225 |     let first_probe_id = match server.next_behaviour_event().await {
[INFO] [stdout]     |                                       ^^^^^^^^^^^^^^^^^^^^ help: there is a method with a similar name: `behaviour_mut`
[INFO] [stdout] 
[INFO] [stdout] 
[INFO] [stdout] error[E0599]: no method named `next_behaviour_event` found for struct `Swarm` in the current scope
[INFO] [stdout]    --> tests/test_server.rs:233:18
[INFO] [stdout]     |
[INFO] [stdout] 233 |     match server.next_behaviour_event().await {
[INFO] [stdout]     |                  ^^^^^^^^^^^^^^^^^^^^ help: there is a method with a similar name: `behaviour_mut`
[INFO] [stdout] 
[INFO] [stdout] 
[INFO] [stdout] error[E0599]: no method named `next_behaviour_event` found for struct `Swarm` in the current scope
[INFO] [stdout]    --> tests/test_server.rs:241:18
[INFO] [stdout]     |
[INFO] [stdout] 241 |     match server.next_behaviour_event().await {
[INFO] [stdout]     |                  ^^^^^^^^^^^^^^^^^^^^ help: there is a method with a similar name: `behaviour_mut`
[INFO] [stdout] 
[INFO] [stdout] 
[INFO] [stdout] error[E0599]: no method named `listen` found for struct `Swarm` in the current scope
[INFO] [stdout]    --> tests/test_server.rs:269:12
[INFO] [stdout]     |
[INFO] [stdout] 269 |     client.listen().await;
[INFO] [stdout]     |            ^^^^^^ help: there is a method with a similar name: `listen_on`
[INFO] [stdout] 
[INFO] [stdout] 
[INFO] [stdout] error[E0599]: no method named `loop_on_next` found for struct `Swarm` in the current scope
[INFO] [stdout]    --> tests/test_server.rs:274:35
[INFO] [stdout]     |
[INFO] [stdout] 274 |     async_std::task::spawn(client.loop_on_next());
[INFO] [stdout]     |                                   ^^^^^^^^^^^^ method not found in `Swarm<Behaviour>`
[INFO] [stdout] 
[INFO] [stdout] 
[INFO] [stdout] error[E0599]: no method named `next_behaviour_event` found for struct `Swarm` in the current scope
[INFO] [stdout]    --> tests/test_server.rs:276:39
[INFO] [stdout]     |
[INFO] [stdout] 276 |     let dial_addresses = match server.next_behaviour_event().await {
[INFO] [stdout]     |                                       ^^^^^^^^^^^^^^^^^^^^ help: there is a method with a similar name: `behaviour_mut`
[INFO] [stdout] 
[INFO] [stdout] 
[INFO] [stdout] error[E0599]: no method named `next_swarm_event` found for struct `Swarm` in the current scope
[INFO] [stdout]    --> tests/test_server.rs:288:22
[INFO] [stdout]     |
[INFO] [stdout] 288 |         match server.next_swarm_event().await {
[INFO] [stdout]     |                      ^^^^^^^^^^^^^^^^ method not found in `Swarm<Behaviour>`
[INFO] [stdout] 
[INFO] [stdout] 
[INFO] [stdout] error[E0599]: no method named `listen` found for struct `Swarm` in the current scope
[INFO] [stdout]    --> tests/test_server.rs:327:12
[INFO] [stdout]     |
[INFO] [stdout] 327 |     client.listen().await;
[INFO] [stdout]     |            ^^^^^^ help: there is a method with a similar name: `listen_on`
[INFO] [stdout] 
[INFO] [stdout] 
[INFO] [stdout] error[E0599]: no method named `loop_on_next` found for struct `Swarm` in the current scope
[INFO] [stdout]    --> tests/test_server.rs:328:35
[INFO] [stdout]     |
[INFO] [stdout] 328 |     async_std::task::spawn(client.loop_on_next());
[INFO] [stdout]     |                                   ^^^^^^^^^^^^ method not found in `Swarm<Behaviour>`
[INFO] [stdout] 
[INFO] [stdout] 
[INFO] [stdout] error[E0599]: no method named `next_behaviour_event` found for struct `Swarm` in the current scope
[INFO] [stdout]    --> tests/test_server.rs:331:18
[INFO] [stdout]     |
[INFO] [stdout] 331 |     match server.next_behaviour_event().await {
[INFO] [stdout]     |                  ^^^^^^^^^^^^^^^^^^^^ help: there is a method with a similar name: `behaviour_mut`
[INFO] [stdout] 
[INFO] [stdout] 
[INFO] [stdout] error: aborting due to 29 previous errors
[INFO] [stdout] 
[INFO] [stdout] 
[INFO] [stdout] Some errors have detailed explanations: E0432, E0599.
[INFO] [stdout] 
[INFO] [stdout] For more information about an error, try `rustc --explain E0432`.
[INFO] [stdout] 
[INFO] [stderr] error: could not compile `libp2p-autonat` due to 30 previous errors
[INFO] running `Command { std: "docker" "inspect" "0d1b8119da50c2de8bdbd58ce04692e57fb2af3ffc2990d9ca29d390950e6f58", kill_on_drop: false }`
[INFO] running `Command { std: "docker" "rm" "-f" "0d1b8119da50c2de8bdbd58ce04692e57fb2af3ffc2990d9ca29d390950e6f58", kill_on_drop: false }`
[INFO] [stdout] 0d1b8119da50c2de8bdbd58ce04692e57fb2af3ffc2990d9ca29d390950e6f58
