[INFO] fetching crate libp2p-allow-block-list 0.1.0...
[INFO] testing libp2p-allow-block-list-0.1.0 against 1.69.0 for beta-1.70-1
[INFO] extracting crate libp2p-allow-block-list 0.1.0 into /workspace/builds/worker-4-tc1/source
[INFO] validating manifest of crates.io crate libp2p-allow-block-list 0.1.0 on toolchain 1.69.0
[INFO] running `Command { std: CARGO_HOME="/workspace/cargo-home" RUSTUP_HOME="/workspace/rustup-home" "/workspace/cargo-home/bin/cargo" "+1.69.0" "metadata" "--manifest-path" "Cargo.toml" "--no-deps", kill_on_drop: false }`
[INFO] started tweaking crates.io crate libp2p-allow-block-list 0.1.0
[INFO] finished tweaking crates.io crate libp2p-allow-block-list 0.1.0
[INFO] tweaked toml for crates.io crate libp2p-allow-block-list 0.1.0 written to /workspace/builds/worker-4-tc1/source/Cargo.toml
[INFO] running `Command { std: CARGO_HOME="/workspace/cargo-home" RUSTUP_HOME="/workspace/rustup-home" __CARGO_TEST_CHANNEL_OVERRIDE_DO_NOT_USE_THIS="nightly" "/workspace/cargo-home/bin/cargo" "+1.69.0" "generate-lockfile" "--manifest-path" "Cargo.toml" "-Zno-index-update", kill_on_drop: false }`
[INFO] running `Command { std: CARGO_HOME="/workspace/cargo-home" RUSTUP_HOME="/workspace/rustup-home" "/workspace/cargo-home/bin/cargo" "+1.69.0" "fetch" "--manifest-path" "Cargo.toml", kill_on_drop: false }`
[INFO] [stderr]  Downloading crates ...
[INFO] [stderr]   Downloaded multihash v0.17.0
[INFO] [stderr]   Downloaded multistream-select v0.12.1
[INFO] [stderr]   Downloaded multiaddr v0.17.1
[INFO] [stderr]   Downloaded libp2p-swarm v0.42.1
[INFO] [stderr]   Downloaded libp2p-identity v0.1.1
[INFO] [stderr]   Downloaded quick-protobuf v0.8.1
[INFO] [stderr]   Downloaded libp2p-core v0.39.1
[INFO] running `Command { std: "docker" "create" "-v" "/var/lib/crater-agent-workspace/builds/worker-4-tc1/target:/opt/rustwide/target:rw,Z" "-v" "/var/lib/crater-agent-workspace/builds/worker-4-tc1/source:/opt/rustwide/workdir:ro,Z" "-v" "/var/lib/crater-agent-workspace/cargo-home:/opt/rustwide/cargo-home:ro,Z" "-v" "/var/lib/crater-agent-workspace/rustup-home:/opt/rustwide/rustup-home:ro,Z" "-e" "SOURCE_DIR=/opt/rustwide/workdir" "-e" "CARGO_TARGET_DIR=/opt/rustwide/target" "-e" "CARGO_HOME=/opt/rustwide/cargo-home" "-e" "RUSTUP_HOME=/opt/rustwide/rustup-home" "-w" "/opt/rustwide/workdir" "-m" "1610612736" "--user" "0:0" "--network" "none" "ghcr.io/rust-lang/crates-build-env/linux@sha256:5ff2268d62e97bff2cde7d5815dd6ed5b47097566f13b8d0ca110b04b60e07ed" "/opt/rustwide/cargo-home/bin/cargo" "+1.69.0" "metadata" "--no-deps" "--format-version=1", kill_on_drop: false }`
[INFO] [stdout] 22405180b11edddf7557d75a66f034aac5d2ff9592750d4fb856b0d3bfce32c6
[INFO] running `Command { std: "docker" "start" "-a" "22405180b11edddf7557d75a66f034aac5d2ff9592750d4fb856b0d3bfce32c6", kill_on_drop: false }`
[INFO] running `Command { std: "docker" "inspect" "22405180b11edddf7557d75a66f034aac5d2ff9592750d4fb856b0d3bfce32c6", kill_on_drop: false }`
[INFO] running `Command { std: "docker" "rm" "-f" "22405180b11edddf7557d75a66f034aac5d2ff9592750d4fb856b0d3bfce32c6", kill_on_drop: false }`
[INFO] [stdout] 22405180b11edddf7557d75a66f034aac5d2ff9592750d4fb856b0d3bfce32c6
[INFO] running `Command { std: "docker" "create" "-v" "/var/lib/crater-agent-workspace/builds/worker-4-tc1/target:/opt/rustwide/target:rw,Z" "-v" "/var/lib/crater-agent-workspace/builds/worker-4-tc1/source:/opt/rustwide/workdir:ro,Z" "-v" "/var/lib/crater-agent-workspace/cargo-home:/opt/rustwide/cargo-home:ro,Z" "-v" "/var/lib/crater-agent-workspace/rustup-home:/opt/rustwide/rustup-home:ro,Z" "-e" "SOURCE_DIR=/opt/rustwide/workdir" "-e" "CARGO_TARGET_DIR=/opt/rustwide/target" "-e" "CARGO_INCREMENTAL=0" "-e" "RUST_BACKTRACE=full" "-e" "RUSTFLAGS=--cap-lints=warn" "-e" "RUSTDOCFLAGS=--cap-lints=warn" "-e" "CARGO_HOME=/opt/rustwide/cargo-home" "-e" "RUSTUP_HOME=/opt/rustwide/rustup-home" "-w" "/opt/rustwide/workdir" "-m" "1610612736" "--user" "0:0" "--network" "none" "ghcr.io/rust-lang/crates-build-env/linux@sha256:5ff2268d62e97bff2cde7d5815dd6ed5b47097566f13b8d0ca110b04b60e07ed" "/opt/rustwide/cargo-home/bin/cargo" "+1.69.0" "build" "--frozen" "--message-format=json", kill_on_drop: false }`
[INFO] [stdout] e45c56d7636383cb400746b6477e1c7624ef50ec7456becfcd81ae29de396b73
[INFO] running `Command { std: "docker" "start" "-a" "e45c56d7636383cb400746b6477e1c7624ef50ec7456becfcd81ae29de396b73", kill_on_drop: false }`
[INFO] [stderr]    Compiling generic-array v0.14.7
[INFO] [stderr]    Compiling serde v1.0.160
[INFO] [stderr]    Compiling futures-core v0.3.28
[INFO] [stderr]    Compiling syn v2.0.15
[INFO] [stderr]    Compiling syn v1.0.109
[INFO] [stderr]    Compiling futures-channel v0.3.28
[INFO] [stderr]    Compiling futures-sink v0.3.28
[INFO] [stderr]    Compiling proc-macro-error-attr v1.0.4
[INFO] [stderr]    Compiling data-encoding v2.3.3
[INFO] [stderr]    Compiling byteorder v1.4.3
[INFO] [stderr]    Compiling anyhow v1.0.71
[INFO] [stderr]    Compiling unicode-xid v0.2.4
[INFO] [stderr]    Compiling unsigned-varint v0.7.1
[INFO] [stderr]    Compiling crypto-common v0.1.6
[INFO] [stderr]    Compiling block-buffer v0.10.4
[INFO] [stderr]    Compiling digest v0.9.0
[INFO] [stderr]    Compiling digest v0.10.6
[INFO] [stderr]    Compiling itertools v0.10.5
[INFO] [stderr]    Compiling block-buffer v0.9.0
[INFO] [stderr]    Compiling sha2 v0.10.6
[INFO] [stderr]    Compiling core2 v0.4.0
[INFO] [stderr]    Compiling signature v1.6.4
[INFO] [stderr]    Compiling subtle v2.5.0
[INFO] [stderr]    Compiling base-x v0.2.11
[INFO] [stderr]    Compiling ed25519 v1.5.3
[INFO] [stderr]    Compiling sha2 v0.9.9
[INFO] [stderr]    Compiling rand v0.7.3
[INFO] [stderr]    Compiling url v2.3.1
[INFO] [stderr]    Compiling arrayref v0.3.7
[INFO] [stderr]    Compiling rand v0.8.5
[INFO] [stderr]    Compiling quick-protobuf v0.8.1
[INFO] [stderr]    Compiling bs58 v0.4.0
[INFO] [stderr]    Compiling parking_lot v0.12.1
[INFO] [stderr]    Compiling either v1.8.1
[INFO] [stderr]    Compiling futures-timer v3.0.2
[INFO] [stderr]    Compiling void v1.0.2
[INFO] [stderr]    Compiling toml v0.5.11
[INFO] [stderr]    Compiling synstructure v0.12.6
[INFO] [stderr]    Compiling proc-macro-error v1.0.4
[INFO] [stderr]    Compiling thiserror-impl v1.0.40
[INFO] [stderr]    Compiling futures-macro v0.3.28
[INFO] [stderr]    Compiling zeroize_derive v1.4.2
[INFO] [stderr]    Compiling data-encoding-macro-internal v0.1.10
[INFO] [stderr]    Compiling pin-project-internal v1.0.12
[INFO] [stderr]    Compiling prost-derive v0.11.9
[INFO] [stderr]    Compiling data-encoding-macro v0.1.12
[INFO] [stderr]    Compiling multibase v0.9.1
[INFO] [stderr]    Compiling zeroize v1.3.0
[INFO] [stderr]    Compiling futures-util v0.3.28
[INFO] [stderr]    Compiling curve25519-dalek v3.2.1
[INFO] [stderr]    Compiling thiserror v1.0.40
[INFO] [stderr]    Compiling proc-macro-crate v1.1.3
[INFO] [stderr]    Compiling pin-project v1.0.12
[INFO] [stderr]    Compiling multihash-derive v0.8.1
[INFO] [stderr]    Compiling prost v0.11.9
[INFO] [stderr]    Compiling ed25519-dalek v1.0.1
[INFO] [stderr]    Compiling multihash v0.17.0
[INFO] [stderr]    Compiling multiaddr v0.17.1
[INFO] [stderr]    Compiling libp2p-identity v0.1.1
[INFO] [stderr]    Compiling futures-executor v0.3.28
[INFO] [stderr]    Compiling futures v0.3.28
[INFO] [stderr]    Compiling rw-stream-sink v0.3.0
[INFO] [stderr]    Compiling multistream-select v0.12.1
[INFO] [stderr]    Compiling libp2p-core v0.39.1
[INFO] [stderr]    Compiling libp2p-swarm v0.42.1
[INFO] [stderr]    Compiling libp2p-allow-block-list v0.1.0 (/opt/rustwide/workdir)
[INFO] [stderr]     Finished dev [unoptimized + debuginfo] target(s) in 15.50s
[INFO] running `Command { std: "docker" "inspect" "e45c56d7636383cb400746b6477e1c7624ef50ec7456becfcd81ae29de396b73", kill_on_drop: false }`
[INFO] running `Command { std: "docker" "rm" "-f" "e45c56d7636383cb400746b6477e1c7624ef50ec7456becfcd81ae29de396b73", kill_on_drop: false }`
[INFO] [stdout] e45c56d7636383cb400746b6477e1c7624ef50ec7456becfcd81ae29de396b73
[INFO] running `Command { std: "docker" "create" "-v" "/var/lib/crater-agent-workspace/builds/worker-4-tc1/target:/opt/rustwide/target:rw,Z" "-v" "/var/lib/crater-agent-workspace/builds/worker-4-tc1/source:/opt/rustwide/workdir:ro,Z" "-v" "/var/lib/crater-agent-workspace/cargo-home:/opt/rustwide/cargo-home:ro,Z" "-v" "/var/lib/crater-agent-workspace/rustup-home:/opt/rustwide/rustup-home:ro,Z" "-e" "SOURCE_DIR=/opt/rustwide/workdir" "-e" "CARGO_TARGET_DIR=/opt/rustwide/target" "-e" "CARGO_INCREMENTAL=0" "-e" "RUST_BACKTRACE=full" "-e" "RUSTFLAGS=--cap-lints=warn" "-e" "RUSTDOCFLAGS=--cap-lints=warn" "-e" "CARGO_HOME=/opt/rustwide/cargo-home" "-e" "RUSTUP_HOME=/opt/rustwide/rustup-home" "-w" "/opt/rustwide/workdir" "-m" "1610612736" "--user" "0:0" "--network" "none" "ghcr.io/rust-lang/crates-build-env/linux@sha256:5ff2268d62e97bff2cde7d5815dd6ed5b47097566f13b8d0ca110b04b60e07ed" "/opt/rustwide/cargo-home/bin/cargo" "+1.69.0" "test" "--frozen" "--no-run" "--message-format=json", kill_on_drop: false }`
[INFO] [stdout] 8d6f92bca04c9df6856f9376257000f78d0d2865664c76a84e63b4d86813f1c4
[INFO] running `Command { std: "docker" "start" "-a" "8d6f92bca04c9df6856f9376257000f78d0d2865664c76a84e63b4d86813f1c4", kill_on_drop: false }`
[INFO] [stderr]    Compiling value-bag v1.0.0-alpha.9
[INFO] [stderr]    Compiling futures-io v0.3.28
[INFO] [stderr]    Compiling log v0.4.17
[INFO] [stderr]    Compiling ctor v0.1.26
[INFO] [stderr]    Compiling futures-channel v0.3.28
[INFO] [stderr]    Compiling event-listener v2.5.3
[INFO] [stderr]    Compiling concurrent-queue v2.2.0
[INFO] [stderr]    Compiling fastrand v1.9.0
[INFO] [stderr]    Compiling futures-util v0.3.28
[INFO] [stderr]    Compiling waker-fn v1.1.0
[INFO] [stderr]    Compiling io-lifetimes v1.0.10
[INFO] [stderr]    Compiling parking v2.1.0
[INFO] [stderr]    Compiling async-lock v2.7.0
[INFO] [stderr]    Compiling polling v2.8.0
[INFO] [stderr]    Compiling rustix v0.37.18
[INFO] [stderr]    Compiling futures-lite v1.13.0
[INFO] [stderr]    Compiling async-io v1.13.0
[INFO] [stderr]    Compiling async-task v4.4.0
[INFO] [stderr]    Compiling linux-raw-sys v0.3.6
[INFO] [stderr]    Compiling async-channel v1.8.0
[INFO] [stderr]    Compiling atomic-waker v1.1.1
[INFO] [stderr]    Compiling async-attributes v1.1.2
[INFO] [stderr]    Compiling async-executor v1.5.1
[INFO] [stderr]    Compiling multiaddr v0.17.1
[INFO] [stderr]    Compiling blocking v1.3.1
[INFO] [stderr]    Compiling libp2p-identity v0.1.1
[INFO] [stderr]    Compiling kv-log-macro v1.0.7
[INFO] [stderr]    Compiling futures-executor v0.3.28
[INFO] [stderr]    Compiling futures v0.3.28
[INFO] [stderr]    Compiling multistream-select v0.12.1
[INFO] [stderr]    Compiling rw-stream-sink v0.3.0
[INFO] [stderr]    Compiling libp2p-core v0.39.1
[INFO] [stderr]    Compiling libp2p-swarm v0.42.1
[INFO] [stderr]    Compiling async-global-executor v2.3.1
[INFO] [stderr]    Compiling async-std v1.12.0
[INFO] [stderr]    Compiling libp2p-allow-block-list v0.1.0 (/opt/rustwide/workdir)
[INFO] [stdout] error[E0432]: unresolved import `libp2p_swarm_test`
[INFO] [stdout]    --> src/lib.rs:281:9
[INFO] [stdout]     |
[INFO] [stdout] 281 |     use libp2p_swarm_test::SwarmExt;
[INFO] [stdout]     |         ^^^^^^^^^^^^^^^^^ use of undeclared crate or module `libp2p_swarm_test`
[INFO] [stdout]     |
[INFO] [stdout] help: there is a crate or module with a similar name
[INFO] [stdout]     |
[INFO] [stdout] 281 |     use libp2p_swarm::SwarmExt;
[INFO] [stdout]     |         ~~~~~~~~~~~~
[INFO] [stdout] 
[INFO] [stdout] 
[INFO] [stdout] error[E0433]: failed to resolve: use of undeclared crate or module `libp2p_swarm_derive`
[INFO] [stdout]    --> src/lib.rs:444:14
[INFO] [stdout]     |
[INFO] [stdout] 444 |     #[derive(libp2p_swarm_derive::NetworkBehaviour)]
[INFO] [stdout]     |              ^^^^^^^^^^^^^^^^^^^ use of undeclared crate or module `libp2p_swarm_derive`
[INFO] [stdout] 
[INFO] [stdout] 
[INFO] [stdout] error: cannot find attribute `behaviour` in this scope
[INFO] [stdout]    --> src/lib.rs:445:7
[INFO] [stdout]     |
[INFO] [stdout] 445 |     #[behaviour(prelude = "libp2p_swarm::derive_prelude")]
[INFO] [stdout]     |       ^^^^^^^^^
[INFO] [stdout] 
[INFO] [stdout] 
[INFO] [stdout] error[E0277]: the trait bound `tests::Behaviour<S>: NetworkBehaviour` is not satisfied
[INFO] [stdout]    --> src/lib.rs:426:22
[INFO] [stdout]     |
[INFO] [stdout] 426 |         dialer: &mut Swarm<Behaviour<S>>,
[INFO] [stdout]     |                      ^^^^^^^^^^^^^^^^^^^ the trait `NetworkBehaviour` is not implemented for `tests::Behaviour<S>`
[INFO] [stdout]     |
[INFO] [stdout]     = help: the following other types implement trait `NetworkBehaviour`:
[INFO] [stdout]               Behaviour<S>
[INFO] [stdout]               Toggle<TBehaviour>
[INFO] [stdout]               libp2p_swarm::derive_prelude::Either<L, R>
[INFO] [stdout]               libp2p_swarm::dummy::Behaviour
[INFO] [stdout]               libp2p_swarm::keep_alive::Behaviour
[INFO] [stdout] note: required by a bound in `Swarm`
[INFO] [stdout]    --> /opt/rustwide/cargo-home/registry/src/github.com-1ecc6299db9ec823/libp2p-swarm-0.42.1/src/lib.rs:325:17
[INFO] [stdout]     |
[INFO] [stdout] 325 |     TBehaviour: NetworkBehaviour,
[INFO] [stdout]     |                 ^^^^^^^^^^^^^^^^ required by this bound in `Swarm`
[INFO] [stdout] 
[INFO] [stdout] 
[INFO] [stdout] error[E0433]: failed to resolve: use of undeclared crate or module `libp2p_swarm_test`
[INFO] [stdout]    --> src/lib.rs:340:13
[INFO] [stdout]     |
[INFO] [stdout] 340 |         ) = libp2p_swarm_test::drive(&mut dialer, &mut listener).await else {
[INFO] [stdout]     |             ^^^^^^^^^^^^^^^^^ use of undeclared crate or module `libp2p_swarm_test`
[INFO] [stdout]     |
[INFO] [stdout] help: there is a crate or module with a similar name
[INFO] [stdout]     |
[INFO] [stdout] 340 |         ) = libp2p_swarm::drive(&mut dialer, &mut listener).await else {
[INFO] [stdout]     |             ~~~~~~~~~~~~
[INFO] [stdout] 
[INFO] [stdout] 
[INFO] [stdout] error[E0433]: failed to resolve: use of undeclared crate or module `libp2p_swarm_test`
[INFO] [stdout]    --> src/lib.rs:388:13
[INFO] [stdout]     |
[INFO] [stdout] 388 |         ) = libp2p_swarm_test::drive(&mut dialer, &mut listener).await else {
[INFO] [stdout]     |             ^^^^^^^^^^^^^^^^^ use of undeclared crate or module `libp2p_swarm_test`
[INFO] [stdout]     |
[INFO] [stdout] help: there is a crate or module with a similar name
[INFO] [stdout]     |
[INFO] [stdout] 388 |         ) = libp2p_swarm::drive(&mut dialer, &mut listener).await else {
[INFO] [stdout]     |             ~~~~~~~~~~~~
[INFO] [stdout] 
[INFO] [stdout] 
[INFO] [stdout] error[E0433]: failed to resolve: use of undeclared crate or module `libp2p_swarm_test`
[INFO] [stdout]    --> src/lib.rs:418:13
[INFO] [stdout]     |
[INFO] [stdout] 418 |         ) = libp2p_swarm_test::drive(&mut dialer, &mut listener).await else {
[INFO] [stdout]     |             ^^^^^^^^^^^^^^^^^ use of undeclared crate or module `libp2p_swarm_test`
[INFO] [stdout]     |
[INFO] [stdout] help: there is a crate or module with a similar name
[INFO] [stdout]     |
[INFO] [stdout] 418 |         ) = libp2p_swarm::drive(&mut dialer, &mut listener).await else {
[INFO] [stdout]     |             ~~~~~~~~~~~~
[INFO] [stdout] 
[INFO] [stdout] 
[INFO] [stdout] error: aborting due to 7 previous errors
[INFO] [stdout] 
[INFO] [stdout] 
[INFO] [stdout] Some errors have detailed explanations: E0277, E0432, E0433.
[INFO] [stdout] 
[INFO] [stdout] For more information about an error, try `rustc --explain E0277`.
[INFO] [stdout] 
[INFO] [stderr] error: could not compile `libp2p-allow-block-list` due to 8 previous errors
[INFO] running `Command { std: "docker" "inspect" "8d6f92bca04c9df6856f9376257000f78d0d2865664c76a84e63b4d86813f1c4", kill_on_drop: false }`
[INFO] running `Command { std: "docker" "rm" "-f" "8d6f92bca04c9df6856f9376257000f78d0d2865664c76a84e63b4d86813f1c4", kill_on_drop: false }`
[INFO] [stdout] 8d6f92bca04c9df6856f9376257000f78d0d2865664c76a84e63b4d86813f1c4
