[INFO] fetching crate libimagref 0.3.0...
[INFO] testing libimagref-0.3.0 against 1.69.0 for beta-1.70-1
[INFO] extracting crate libimagref 0.3.0 into /workspace/builds/worker-4-tc1/source
[INFO] validating manifest of crates.io crate libimagref 0.3.0 on toolchain 1.69.0
[INFO] running `Command { std: CARGO_HOME="/workspace/cargo-home" RUSTUP_HOME="/workspace/rustup-home" "/workspace/cargo-home/bin/cargo" "+1.69.0" "metadata" "--manifest-path" "Cargo.toml" "--no-deps", kill_on_drop: false }`
[INFO] started tweaking crates.io crate libimagref 0.3.0
[INFO] finished tweaking crates.io crate libimagref 0.3.0
[INFO] tweaked toml for crates.io crate libimagref 0.3.0 written to /workspace/builds/worker-4-tc1/source/Cargo.toml
[INFO] running `Command { std: CARGO_HOME="/workspace/cargo-home" RUSTUP_HOME="/workspace/rustup-home" __CARGO_TEST_CHANNEL_OVERRIDE_DO_NOT_USE_THIS="nightly" "/workspace/cargo-home/bin/cargo" "+1.69.0" "generate-lockfile" "--manifest-path" "Cargo.toml" "-Zno-index-update", kill_on_drop: false }`
[INFO] running `Command { std: CARGO_HOME="/workspace/cargo-home" RUSTUP_HOME="/workspace/rustup-home" "/workspace/cargo-home/bin/cargo" "+1.69.0" "fetch" "--manifest-path" "Cargo.toml", kill_on_drop: false }`
[INFO] [stderr]  Downloading crates ...
[INFO] [stderr]   Downloaded crossbeam v0.2.12
[INFO] [stderr]   Downloaded is-match v0.1.0
[INFO] [stderr]   Downloaded itertools v0.5.10
[INFO] [stderr]   Downloaded semver-parser v0.6.2
[INFO] [stderr]   Downloaded tempfile v2.2.0
[INFO] [stderr]   Downloaded semver v0.5.1
[INFO] [stderr]   Downloaded itertools v0.6.5
[INFO] [stderr]   Downloaded libimagutil v0.3.0
[INFO] [stderr]   Downloaded libimagentrylist v0.3.0
[INFO] [stderr]   Downloaded libimagerror v0.3.0
[INFO] [stderr]   Downloaded version v2.0.1
[INFO] [stderr]   Downloaded libimagstore v0.3.0
[INFO] running `Command { std: "docker" "create" "-v" "/var/lib/crater-agent-workspace/builds/worker-4-tc1/target:/opt/rustwide/target:rw,Z" "-v" "/var/lib/crater-agent-workspace/builds/worker-4-tc1/source:/opt/rustwide/workdir:ro,Z" "-v" "/var/lib/crater-agent-workspace/cargo-home:/opt/rustwide/cargo-home:ro,Z" "-v" "/var/lib/crater-agent-workspace/rustup-home:/opt/rustwide/rustup-home:ro,Z" "-e" "SOURCE_DIR=/opt/rustwide/workdir" "-e" "CARGO_TARGET_DIR=/opt/rustwide/target" "-e" "CARGO_HOME=/opt/rustwide/cargo-home" "-e" "RUSTUP_HOME=/opt/rustwide/rustup-home" "-w" "/opt/rustwide/workdir" "-m" "1610612736" "--user" "0:0" "--network" "none" "ghcr.io/rust-lang/crates-build-env/linux@sha256:5ff2268d62e97bff2cde7d5815dd6ed5b47097566f13b8d0ca110b04b60e07ed" "/opt/rustwide/cargo-home/bin/cargo" "+1.69.0" "metadata" "--no-deps" "--format-version=1", kill_on_drop: false }`
[INFO] [stdout] 38b7fd88c77009d353c6e245bac78df5481c097848fa963a0ec06c586240a478
[INFO] running `Command { std: "docker" "start" "-a" "38b7fd88c77009d353c6e245bac78df5481c097848fa963a0ec06c586240a478", kill_on_drop: false }`
[INFO] running `Command { std: "docker" "inspect" "38b7fd88c77009d353c6e245bac78df5481c097848fa963a0ec06c586240a478", kill_on_drop: false }`
[INFO] running `Command { std: "docker" "rm" "-f" "38b7fd88c77009d353c6e245bac78df5481c097848fa963a0ec06c586240a478", kill_on_drop: false }`
[INFO] [stdout] 38b7fd88c77009d353c6e245bac78df5481c097848fa963a0ec06c586240a478
[INFO] running `Command { std: "docker" "create" "-v" "/var/lib/crater-agent-workspace/builds/worker-4-tc1/target:/opt/rustwide/target:rw,Z" "-v" "/var/lib/crater-agent-workspace/builds/worker-4-tc1/source:/opt/rustwide/workdir:ro,Z" "-v" "/var/lib/crater-agent-workspace/cargo-home:/opt/rustwide/cargo-home:ro,Z" "-v" "/var/lib/crater-agent-workspace/rustup-home:/opt/rustwide/rustup-home:ro,Z" "-e" "SOURCE_DIR=/opt/rustwide/workdir" "-e" "CARGO_TARGET_DIR=/opt/rustwide/target" "-e" "CARGO_INCREMENTAL=0" "-e" "RUST_BACKTRACE=full" "-e" "RUSTFLAGS=--cap-lints=warn" "-e" "RUSTDOCFLAGS=--cap-lints=warn" "-e" "CARGO_HOME=/opt/rustwide/cargo-home" "-e" "RUSTUP_HOME=/opt/rustwide/rustup-home" "-w" "/opt/rustwide/workdir" "-m" "1610612736" "--user" "0:0" "--network" "none" "ghcr.io/rust-lang/crates-build-env/linux@sha256:5ff2268d62e97bff2cde7d5815dd6ed5b47097566f13b8d0ca110b04b60e07ed" "/opt/rustwide/cargo-home/bin/cargo" "+1.69.0" "build" "--frozen" "--message-format=json", kill_on_drop: false }`
[INFO] [stdout] 93e87941d1e6a2c07a2704767a20fdf02d42677c17df74384a9ae71c97ec221d
[INFO] running `Command { std: "docker" "start" "-a" "93e87941d1e6a2c07a2704767a20fdf02d42677c17df74384a9ae71c97ec221d", kill_on_drop: false }`
[INFO] [stderr]    Compiling libc v0.2.142
[INFO] [stderr]    Compiling winapi-build v0.1.1
[INFO] [stderr]    Compiling io-lifetimes v1.0.10
[INFO] [stderr]    Compiling winapi v0.2.8
[INFO] [stderr]    Compiling tinyvec_macros v0.1.1
[INFO] [stderr]    Compiling rustix v0.37.18
[INFO] [stderr]    Compiling proc-macro2 v1.0.56
[INFO] [stderr]    Compiling serde v1.0.160
[INFO] [stderr]    Compiling cfg-if v1.0.0
[INFO] [stderr]    Compiling bitflags v1.3.2
[INFO] [stderr]    Compiling unicode-ident v1.0.8
[INFO] [stderr]    Compiling lazy_static v0.2.11
[INFO] [stderr]    Compiling quote v1.0.26
[INFO] [stderr]    Compiling linux-raw-sys v0.3.6
[INFO] [stderr]    Compiling log v0.4.17
[INFO] [stderr]    Compiling memchr v2.5.0
[INFO] [stderr]    Compiling utf8-ranges v0.1.3
[INFO] [stderr]    Compiling tinyvec v1.6.0
[INFO] [stderr]    Compiling unicode-bidi v0.3.13
[INFO] [stderr]    Compiling matches v0.1.10
[INFO] [stderr]    Compiling lazy_static v1.4.0
[INFO] [stderr]    Compiling utf8parse v0.2.1
[INFO] [stderr]    Compiling kernel32-sys v0.2.2
[INFO] [stderr]    Compiling regex-syntax v0.3.9
[INFO] [stderr]    Compiling ucd-util v0.1.10
[INFO] [stderr]    Compiling thread_local v0.3.6
[INFO] [stderr]    Compiling anstyle-parse v0.2.0
[INFO] [stderr]    Compiling aho-corasick v0.6.10
[INFO] [stderr]    Compiling regex-syntax v0.5.6
[INFO] [stderr]    Compiling log v0.3.9
[INFO] [stderr]    Compiling regex v0.2.11
[INFO] [stderr]    Compiling utf8-ranges v1.0.5
[INFO] [stderr]    Compiling colorchoice v1.0.0
[INFO] [stderr]    Compiling either v1.8.1
[INFO] [stderr]    Compiling rustc-serialize v0.3.24
[INFO] [stderr]    Compiling percent-encoding v1.0.1
[INFO] [stderr]    Compiling serde_json v1.0.96
[INFO] [stderr]    Compiling serde_derive v1.0.160
[INFO] [stderr]    Compiling anstyle-query v1.0.0
[INFO] [stderr]    Compiling anstyle v1.0.0
[INFO] [stderr]    Compiling clap_lex v0.4.1
[INFO] [stderr]    Compiling ryu v1.0.13
[INFO] [stderr]    Compiling same-file v0.1.3
[INFO] [stderr]    Compiling itoa v1.0.6
[INFO] [stderr]    Compiling byteorder v1.4.3
[INFO] [stderr]    Compiling strsim v0.10.0
[INFO] [stderr]    Compiling ansi_term v0.9.0
[INFO] [stderr]    Compiling syn v2.0.15
[INFO] [stderr]    Compiling boolinator v2.4.0
[INFO] [stderr]    Compiling gcc v0.3.55
[INFO] [stderr]    Compiling walkdir v1.0.7
[INFO] [stderr]    Compiling unicode-normalization v0.1.22
[INFO] [stderr]    Compiling itertools v0.6.5
[INFO] [stderr]    Compiling term v0.4.6
[INFO] [stderr]    Compiling crossbeam v0.2.12
[INFO] [stderr]    Compiling version v2.0.1
[INFO] [stderr]    Compiling libimagerror v0.3.0
[INFO] [stderr]    Compiling unicode-width v0.1.10
[INFO] [stderr]    Compiling glob v0.2.11
[INFO] [stderr]    Compiling is-match v0.1.0
[INFO] [stderr]    Compiling encode_unicode v0.3.6
[INFO] [stderr]    Compiling itertools v0.5.10
[INFO] [stderr]    Compiling idna v0.1.5
[INFO] [stderr]    Compiling rust-crypto v0.2.36
[INFO] [stderr]    Compiling rand v0.4.6
[INFO] [stderr]    Compiling thread-id v2.0.0
[INFO] [stderr]    Compiling memchr v0.1.11
[INFO] [stderr]    Compiling thread_local v0.2.7
[INFO] [stderr]    Compiling memchr v1.0.2
[INFO] [stderr]    Compiling atty v0.2.14
[INFO] [stderr]    Compiling aho-corasick v0.5.3
[INFO] [stderr]    Compiling fs2 v0.4.3
[INFO] [stderr]    Compiling time v0.1.45
[INFO] [stderr]    Compiling url v1.7.2
[INFO] [stderr]    Compiling csv v0.15.0
[INFO] [stderr]    Compiling regex v0.1.80
[INFO] [stderr]    Compiling prettytable-rs v0.6.7
[INFO] [stderr]    Compiling rand v0.3.23
[INFO] [stderr]    Compiling tempfile v2.2.0
[INFO] [stderr]    Compiling libimagutil v0.3.0
[INFO] [stderr]    Compiling is-terminal v0.4.7
[INFO] [stderr]    Compiling toml v0.4.10
[INFO] [stderr]    Compiling anstream v0.3.1
[INFO] [stderr]    Compiling semver-parser v0.6.2
[INFO] [stderr]    Compiling clap_builder v4.2.5
[INFO] [stderr]    Compiling semver v0.5.1
[INFO] [stderr]    Compiling clap v4.2.5
[INFO] [stderr]    Compiling libimagstore v0.3.0
[INFO] [stderr]    Compiling libimagentrylist v0.3.0
[INFO] [stdout] error[E0432]: unresolved imports `clap::App`, `clap::SubCommand`
[INFO] [stdout]   --> /opt/rustwide/cargo-home/registry/src/github.com-1ecc6299db9ec823/libimagentrylist-0.3.0/src/cli.rs:20:29
[INFO] [stdout]    |
[INFO] [stdout] 20 | use clap::{Arg, ArgMatches, App, SubCommand};
[INFO] [stdout]    |                             ^^^  ^^^^^^^^^^
[INFO] [stdout]    |                             |    |
[INFO] [stdout]    |                             |    no `SubCommand` in the root
[INFO] [stdout]    |                             |    help: a similar name exists in the module (notice the capitalization): `Subcommand`
[INFO] [stdout]    |                             no `App` in the root
[INFO] [stdout] 
[INFO] [stdout] 
[INFO] [stdout] error[E0599]: no function or associated item named `with_name` found for struct `Arg` in the current scope
[INFO] [stdout]   --> /opt/rustwide/cargo-home/registry/src/github.com-1ecc6299db9ec823/libimagentrylist-0.3.0/src/cli.rs:36:19
[INFO] [stdout]    |
[INFO] [stdout] 36 |         .arg(Arg::with_name(list_backend_line())
[INFO] [stdout]    |                   ^^^^^^^^^ function or associated item not found in `Arg`
[INFO] [stdout] 
[INFO] [stdout] 
[INFO] [stdout] error[E0599]: no function or associated item named `with_name` found for struct `Arg` in the current scope
[INFO] [stdout]   --> /opt/rustwide/cargo-home/registry/src/github.com-1ecc6299db9ec823/libimagentrylist-0.3.0/src/cli.rs:44:19
[INFO] [stdout]    |
[INFO] [stdout] 44 |         .arg(Arg::with_name(list_backend_path())
[INFO] [stdout]    |                   ^^^^^^^^^ function or associated item not found in `Arg`
[INFO] [stdout] 
[INFO] [stdout] 
[INFO] [stdout] error[E0599]: no function or associated item named `with_name` found for struct `Arg` in the current scope
[INFO] [stdout]   --> /opt/rustwide/cargo-home/registry/src/github.com-1ecc6299db9ec823/libimagentrylist-0.3.0/src/cli.rs:52:19
[INFO] [stdout]    |
[INFO] [stdout] 52 |         .arg(Arg::with_name(list_backend_path_absolute())
[INFO] [stdout]    |                   ^^^^^^^^^ function or associated item not found in `Arg`
[INFO] [stdout] 
[INFO] [stdout] 
[INFO] [stdout] error[E0599]: no method named `is_present` found for reference `&ArgMatches` in the current scope
[INFO] [stdout]   --> /opt/rustwide/cargo-home/registry/src/github.com-1ecc6299db9ec823/libimagentrylist-0.3.0/src/cli.rs:84:20
[INFO] [stdout]    |
[INFO] [stdout] 84 |         if matches.is_present(list_backend_line()) {
[INFO] [stdout]    |                    ^^^^^^^^^^ help: there is a method with a similar name: `args_present`
[INFO] [stdout] 
[INFO] [stdout] 
[INFO] [stdout] error[E0599]: no method named `is_present` found for reference `&ArgMatches` in the current scope
[INFO] [stdout]   --> /opt/rustwide/cargo-home/registry/src/github.com-1ecc6299db9ec823/libimagentrylist-0.3.0/src/cli.rs:88:20
[INFO] [stdout]    |
[INFO] [stdout] 88 |         if matches.is_present(list_backend_path()) {
[INFO] [stdout]    |                    ^^^^^^^^^^ help: there is a method with a similar name: `args_present`
[INFO] [stdout] 
[INFO] [stdout] 
[INFO] [stdout] error[E0599]: no method named `is_present` found for reference `&ArgMatches` in the current scope
[INFO] [stdout]   --> /opt/rustwide/cargo-home/registry/src/github.com-1ecc6299db9ec823/libimagentrylist-0.3.0/src/cli.rs:93:20
[INFO] [stdout]    |
[INFO] [stdout] 93 |         if matches.is_present(list_backend_path_absolute()) {
[INFO] [stdout]    |                    ^^^^^^^^^^ help: there is a method with a similar name: `args_present`
[INFO] [stdout] 
[INFO] [stdout] 
[INFO] [stdout] error: aborting due to 7 previous errors
[INFO] [stdout] 
[INFO] [stdout] 
[INFO] [stdout] Some errors have detailed explanations: E0432, E0599.
[INFO] [stdout] 
[INFO] [stdout] For more information about an error, try `rustc --explain E0432`.
[INFO] [stdout] 
[INFO] [stderr] error: could not compile `libimagentrylist` due to 8 previous errors
[INFO] [stderr] warning: build failed, waiting for other jobs to finish...
[INFO] running `Command { std: "docker" "inspect" "93e87941d1e6a2c07a2704767a20fdf02d42677c17df74384a9ae71c97ec221d", kill_on_drop: false }`
[INFO] running `Command { std: "docker" "rm" "-f" "93e87941d1e6a2c07a2704767a20fdf02d42677c17df74384a9ae71c97ec221d", kill_on_drop: false }`
[INFO] [stdout] 93e87941d1e6a2c07a2704767a20fdf02d42677c17df74384a9ae71c97ec221d
