[INFO] fetching crate libimagentrytimetrack 0.3.0...
[INFO] testing libimagentrytimetrack-0.3.0 against 1.69.0 for beta-1.70-1
[INFO] extracting crate libimagentrytimetrack 0.3.0 into /workspace/builds/worker-4-tc1/source
[INFO] validating manifest of crates.io crate libimagentrytimetrack 0.3.0 on toolchain 1.69.0
[INFO] running `Command { std: CARGO_HOME="/workspace/cargo-home" RUSTUP_HOME="/workspace/rustup-home" "/workspace/cargo-home/bin/cargo" "+1.69.0" "metadata" "--manifest-path" "Cargo.toml" "--no-deps", kill_on_drop: false }`
[INFO] started tweaking crates.io crate libimagentrytimetrack 0.3.0
[INFO] finished tweaking crates.io crate libimagentrytimetrack 0.3.0
[INFO] tweaked toml for crates.io crate libimagentrytimetrack 0.3.0 written to /workspace/builds/worker-4-tc1/source/Cargo.toml
[INFO] running `Command { std: CARGO_HOME="/workspace/cargo-home" RUSTUP_HOME="/workspace/rustup-home" __CARGO_TEST_CHANNEL_OVERRIDE_DO_NOT_USE_THIS="nightly" "/workspace/cargo-home/bin/cargo" "+1.69.0" "generate-lockfile" "--manifest-path" "Cargo.toml" "-Zno-index-update", kill_on_drop: false }`
[INFO] running `Command { std: CARGO_HOME="/workspace/cargo-home" RUSTUP_HOME="/workspace/rustup-home" "/workspace/cargo-home/bin/cargo" "+1.69.0" "fetch" "--manifest-path" "Cargo.toml", kill_on_drop: false }`
[INFO] [stderr]     Blocking waiting for file lock on package cache
[INFO] [stderr]  Downloading crates ...
[INFO] [stderr]   Downloaded ansi_term v0.9.0
[INFO] [stderr]   Downloaded itertools v0.5.10
[INFO] [stderr]   Downloaded toml-query v0.3.1
[INFO] [stderr]   Downloaded filters v0.1.1
[INFO] [stderr]   Downloaded semver v0.5.1
[INFO] [stderr]   Downloaded version v2.0.1
[INFO] [stderr]   Downloaded libimagentrytag v0.3.0
[INFO] [stderr]   Downloaded libimagutil v0.3.0
[INFO] [stderr]   Downloaded libimagerror v0.3.0
[INFO] [stderr]   Downloaded libimagentrydatetime v0.3.0
[INFO] [stderr]   Downloaded libimagstore v0.3.0
[INFO] running `Command { std: "docker" "create" "-v" "/var/lib/crater-agent-workspace/builds/worker-4-tc1/target:/opt/rustwide/target:rw,Z" "-v" "/var/lib/crater-agent-workspace/builds/worker-4-tc1/source:/opt/rustwide/workdir:ro,Z" "-v" "/var/lib/crater-agent-workspace/cargo-home:/opt/rustwide/cargo-home:ro,Z" "-v" "/var/lib/crater-agent-workspace/rustup-home:/opt/rustwide/rustup-home:ro,Z" "-e" "SOURCE_DIR=/opt/rustwide/workdir" "-e" "CARGO_TARGET_DIR=/opt/rustwide/target" "-e" "CARGO_HOME=/opt/rustwide/cargo-home" "-e" "RUSTUP_HOME=/opt/rustwide/rustup-home" "-w" "/opt/rustwide/workdir" "-m" "1610612736" "--user" "0:0" "--network" "none" "ghcr.io/rust-lang/crates-build-env/linux@sha256:5ff2268d62e97bff2cde7d5815dd6ed5b47097566f13b8d0ca110b04b60e07ed" "/opt/rustwide/cargo-home/bin/cargo" "+1.69.0" "metadata" "--no-deps" "--format-version=1", kill_on_drop: false }`
[INFO] [stdout] abba4326fe643d0ef270d4ddecab37e648487a2f39e8409324a1770ed7edff98
[INFO] running `Command { std: "docker" "start" "-a" "abba4326fe643d0ef270d4ddecab37e648487a2f39e8409324a1770ed7edff98", kill_on_drop: false }`
[INFO] running `Command { std: "docker" "inspect" "abba4326fe643d0ef270d4ddecab37e648487a2f39e8409324a1770ed7edff98", kill_on_drop: false }`
[INFO] running `Command { std: "docker" "rm" "-f" "abba4326fe643d0ef270d4ddecab37e648487a2f39e8409324a1770ed7edff98", kill_on_drop: false }`
[INFO] [stdout] abba4326fe643d0ef270d4ddecab37e648487a2f39e8409324a1770ed7edff98
[INFO] running `Command { std: "docker" "create" "-v" "/var/lib/crater-agent-workspace/builds/worker-4-tc1/target:/opt/rustwide/target:rw,Z" "-v" "/var/lib/crater-agent-workspace/builds/worker-4-tc1/source:/opt/rustwide/workdir:ro,Z" "-v" "/var/lib/crater-agent-workspace/cargo-home:/opt/rustwide/cargo-home:ro,Z" "-v" "/var/lib/crater-agent-workspace/rustup-home:/opt/rustwide/rustup-home:ro,Z" "-e" "SOURCE_DIR=/opt/rustwide/workdir" "-e" "CARGO_TARGET_DIR=/opt/rustwide/target" "-e" "CARGO_INCREMENTAL=0" "-e" "RUST_BACKTRACE=full" "-e" "RUSTFLAGS=--cap-lints=warn" "-e" "RUSTDOCFLAGS=--cap-lints=warn" "-e" "CARGO_HOME=/opt/rustwide/cargo-home" "-e" "RUSTUP_HOME=/opt/rustwide/rustup-home" "-w" "/opt/rustwide/workdir" "-m" "1610612736" "--user" "0:0" "--network" "none" "ghcr.io/rust-lang/crates-build-env/linux@sha256:5ff2268d62e97bff2cde7d5815dd6ed5b47097566f13b8d0ca110b04b60e07ed" "/opt/rustwide/cargo-home/bin/cargo" "+1.69.0" "build" "--frozen" "--message-format=json", kill_on_drop: false }`
[INFO] [stdout] 87dc239f8f5fc53ab15517f525387fb6973f42d4da15a1b52e1f4d919cdf0a46
[INFO] running `Command { std: "docker" "start" "-a" "87dc239f8f5fc53ab15517f525387fb6973f42d4da15a1b52e1f4d919cdf0a46", kill_on_drop: false }`
[INFO] [stderr]    Compiling libc v0.2.142
[INFO] [stderr]    Compiling winapi-build v0.1.1
[INFO] [stderr]    Compiling winapi v0.2.8
[INFO] [stderr]    Compiling serde v1.0.160
[INFO] [stderr]    Compiling proc-macro2 v1.0.56
[INFO] [stderr]    Compiling tinyvec_macros v0.1.1
[INFO] [stderr]    Compiling io-lifetimes v1.0.10
[INFO] [stderr]    Compiling log v0.4.17
[INFO] [stderr]    Compiling lazy_static v0.2.11
[INFO] [stderr]    Compiling regex v0.2.11
[INFO] [stderr]    Compiling rustix v0.37.18
[INFO] [stderr]    Compiling ucd-util v0.1.10
[INFO] [stderr]    Compiling thread_local v0.3.6
[INFO] [stderr]    Compiling utf8-ranges v0.1.3
[INFO] [stderr]    Compiling linux-raw-sys v0.3.6
[INFO] [stderr]    Compiling aho-corasick v0.6.10
[INFO] [stderr]    Compiling tinyvec v1.6.0
[INFO] [stderr]    Compiling cc v1.0.79
[INFO] [stderr]    Compiling utf8-ranges v1.0.5
[INFO] [stderr]    Compiling kernel32-sys v0.2.2
[INFO] [stderr]    Compiling regex-syntax v0.5.6
[INFO] [stderr]    Compiling matches v0.1.10
[INFO] [stderr]    Compiling regex-syntax v0.3.9
[INFO] [stderr]    Compiling unicode-bidi v0.3.13
[INFO] [stderr]    Compiling num-traits v0.2.15
[INFO] [stderr]    Compiling gimli v0.27.2
[INFO] [stderr]    Compiling percent-encoding v1.0.1
[INFO] [stderr]    Compiling log v0.3.9
[INFO] [stderr]    Compiling either v1.8.1
[INFO] [stderr]    Compiling serde_derive v1.0.160
[INFO] [stderr]    Compiling serde_json v1.0.96
[INFO] [stderr]    Compiling utf8parse v0.2.1
[INFO] [stderr]    Compiling miniz_oxide v0.6.2
[INFO] [stderr]    Compiling anstyle-parse v0.2.0
[INFO] [stderr]    Compiling object v0.30.3
[INFO] [stderr]    Compiling quote v1.0.26
[INFO] [stderr]    Compiling num-integer v0.1.45
[INFO] [stderr]    Compiling is-match v0.1.0
[INFO] [stderr]    Compiling ansi_term v0.9.0
[INFO] [stderr]    Compiling backtrace v0.3.67
[INFO] [stderr]    Compiling unicode-normalization v0.1.22
[INFO] [stderr]    Compiling same-file v0.1.3
[INFO] [stderr]    Compiling syn v2.0.15
[INFO] [stderr]    Compiling colorchoice v1.0.0
[INFO] [stderr]    Compiling anstyle v1.0.0
[INFO] [stderr]    Compiling ryu v1.0.13
[INFO] [stderr]    Compiling itoa v1.0.6
[INFO] [stderr]    Compiling boolinator v2.4.0
[INFO] [stderr]    Compiling anstyle-query v1.0.0
[INFO] [stderr]    Compiling rustc-demangle v0.1.23
[INFO] [stderr]    Compiling walkdir v1.0.7
[INFO] [stderr]    Compiling libimagerror v0.3.0
[INFO] [stderr]    Compiling itertools v0.6.5
[INFO] [stderr]    Compiling idna v0.1.5
[INFO] [stderr]    Compiling memchr v0.1.11
[INFO] [stderr]    Compiling thread-id v2.0.0
[INFO] [stderr]    Compiling thread_local v0.2.7
[INFO] [stderr]    Compiling aho-corasick v0.5.3
[INFO] [stderr]    Compiling rand v0.4.6
[INFO] [stderr]    Compiling fs2 v0.4.3
[INFO] [stderr]    Compiling version v2.0.1
[INFO] [stderr]    Compiling clap_lex v0.4.1
[INFO] [stderr]    Compiling glob v0.2.11
[INFO] [stderr]    Compiling regex v0.1.80
[INFO] [stderr]    Compiling crossbeam v0.2.12
[INFO] [stderr]    Compiling url v1.7.2
[INFO] [stderr]    Compiling time v0.1.45
[INFO] [stderr]    Compiling iana-time-zone v0.1.56
[INFO] [stderr]    Compiling rand v0.3.23
[INFO] [stderr]    Compiling itertools v0.5.10
[INFO] [stderr]    Compiling tempfile v2.2.0
[INFO] [stderr]    Compiling filters v0.1.1
[INFO] [stderr]    Compiling chrono v0.4.24
[INFO] [stderr]    Compiling is-terminal v0.4.7
[INFO] [stderr]    Compiling addr2line v0.19.0
[INFO] [stderr]    Compiling anstream v0.3.1
[INFO] [stderr]    Compiling semver-parser v0.6.2
[INFO] [stderr]    Compiling libimagutil v0.3.0
[INFO] [stderr]    Compiling semver v0.5.1
[INFO] [stderr]    Compiling clap_builder v4.2.5
[INFO] [stderr]    Compiling toml v0.4.10
[INFO] [stderr]    Compiling error-chain v0.10.0
[INFO] [stderr]    Compiling toml-query v0.3.1
[INFO] [stderr]    Compiling clap v4.2.5
[INFO] [stderr]    Compiling libimagstore v0.3.0
[INFO] [stderr]    Compiling libimagentrydatetime v0.3.0
[INFO] [stderr]    Compiling libimagentrytag v0.3.0
[INFO] [stdout] error[E0432]: unresolved imports `clap::App`, `clap::SubCommand`
[INFO] [stdout]   --> /opt/rustwide/cargo-home/registry/src/github.com-1ecc6299db9ec823/libimagentrytag-0.3.0/src/ui.rs:20:29
[INFO] [stdout]    |
[INFO] [stdout] 20 | use clap::{Arg, ArgMatches, App, SubCommand};
[INFO] [stdout]    |                             ^^^  ^^^^^^^^^^
[INFO] [stdout]    |                             |    |
[INFO] [stdout]    |                             |    no `SubCommand` in the root
[INFO] [stdout]    |                             |    help: a similar name exists in the module (notice the capitalization): `Subcommand`
[INFO] [stdout]    |                             no `App` in the root
[INFO] [stdout] 
[INFO] [stdout] 
[INFO] [stdout] error[E0107]: struct takes 0 lifetime arguments but 2 lifetime arguments were supplied
[INFO] [stdout]   --> /opt/rustwide/cargo-home/registry/src/github.com-1ecc6299db9ec823/libimagentrytag-0.3.0/src/ui.rs:36:33
[INFO] [stdout]    |
[INFO] [stdout] 36 | pub fn tag_add_arg<'a, 'b>() -> Arg<'a, 'b> {
[INFO] [stdout]    |                                 ^^^-------- help: remove these generics
[INFO] [stdout]    |                                 |
[INFO] [stdout]    |                                 expected 0 lifetime arguments
[INFO] [stdout]    |
[INFO] [stdout] note: struct defined here, with 0 lifetime parameters
[INFO] [stdout]   --> /opt/rustwide/cargo-home/registry/src/github.com-1ecc6299db9ec823/clap_builder-4.2.5/src/builder/arg.rs:57:12
[INFO] [stdout]    |
[INFO] [stdout] 57 | pub struct Arg {
[INFO] [stdout]    |            ^^^
[INFO] [stdout] 
[INFO] [stdout] 
[INFO] [stdout] error[E0107]: struct takes 0 lifetime arguments but 2 lifetime arguments were supplied
[INFO] [stdout]   --> /opt/rustwide/cargo-home/registry/src/github.com-1ecc6299db9ec823/libimagentrytag-0.3.0/src/ui.rs:47:36
[INFO] [stdout]    |
[INFO] [stdout] 47 | pub fn tag_remove_arg<'a, 'b>() -> Arg<'a, 'b> {
[INFO] [stdout]    |                                    ^^^-------- help: remove these generics
[INFO] [stdout]    |                                    |
[INFO] [stdout]    |                                    expected 0 lifetime arguments
[INFO] [stdout]    |
[INFO] [stdout] note: struct defined here, with 0 lifetime parameters
[INFO] [stdout]   --> /opt/rustwide/cargo-home/registry/src/github.com-1ecc6299db9ec823/clap_builder-4.2.5/src/builder/arg.rs:57:12
[INFO] [stdout]    |
[INFO] [stdout] 57 | pub struct Arg {
[INFO] [stdout]    |            ^^^
[INFO] [stdout] 
[INFO] [stdout] 
[INFO] [stdout] error[E0107]: struct takes 0 lifetime arguments but 2 lifetime arguments were supplied
[INFO] [stdout]   --> /opt/rustwide/cargo-home/registry/src/github.com-1ecc6299db9ec823/libimagentrytag-0.3.0/src/ui.rs:76:34
[INFO] [stdout]    |
[INFO] [stdout] 76 | pub fn tag_argument<'a, 'b>() -> Arg<'a, 'b> {
[INFO] [stdout]    |                                  ^^^-------- help: remove these generics
[INFO] [stdout]    |                                  |
[INFO] [stdout]    |                                  expected 0 lifetime arguments
[INFO] [stdout]    |
[INFO] [stdout] note: struct defined here, with 0 lifetime parameters
[INFO] [stdout]   --> /opt/rustwide/cargo-home/registry/src/github.com-1ecc6299db9ec823/clap_builder-4.2.5/src/builder/arg.rs:57:12
[INFO] [stdout]    |
[INFO] [stdout] 57 | pub struct Arg {
[INFO] [stdout]    |            ^^^
[INFO] [stdout] 
[INFO] [stdout] 
[INFO] [stdout] error: aborting due to 4 previous errors
[INFO] [stdout] 
[INFO] [stdout] 
[INFO] [stdout] Some errors have detailed explanations: E0107, E0432.
[INFO] [stdout] 
[INFO] [stdout] For more information about an error, try `rustc --explain E0107`.
[INFO] [stdout] 
[INFO] [stderr] error: could not compile `libimagentrytag` due to 5 previous errors
[INFO] [stderr] warning: build failed, waiting for other jobs to finish...
[INFO] running `Command { std: "docker" "inspect" "87dc239f8f5fc53ab15517f525387fb6973f42d4da15a1b52e1f4d919cdf0a46", kill_on_drop: false }`
[INFO] running `Command { std: "docker" "rm" "-f" "87dc239f8f5fc53ab15517f525387fb6973f42d4da15a1b52e1f4d919cdf0a46", kill_on_drop: false }`
[INFO] [stdout] 87dc239f8f5fc53ab15517f525387fb6973f42d4da15a1b52e1f4d919cdf0a46
