[INFO] fetching crate li-http-types 2.12.0...
[INFO] testing li-http-types-2.12.0 against 1.69.0 for beta-1.70-1
[INFO] extracting crate li-http-types 2.12.0 into /workspace/builds/worker-6-tc1/source
[INFO] validating manifest of crates.io crate li-http-types 2.12.0 on toolchain 1.69.0
[INFO] running `Command { std: CARGO_HOME="/workspace/cargo-home" RUSTUP_HOME="/workspace/rustup-home" "/workspace/cargo-home/bin/cargo" "+1.69.0" "metadata" "--manifest-path" "Cargo.toml" "--no-deps", kill_on_drop: false }`
[INFO] started tweaking crates.io crate li-http-types 2.12.0
[INFO] finished tweaking crates.io crate li-http-types 2.12.0
[INFO] tweaked toml for crates.io crate li-http-types 2.12.0 written to /workspace/builds/worker-6-tc1/source/Cargo.toml
[INFO] running `Command { std: CARGO_HOME="/workspace/cargo-home" RUSTUP_HOME="/workspace/rustup-home" __CARGO_TEST_CHANNEL_OVERRIDE_DO_NOT_USE_THIS="nightly" "/workspace/cargo-home/bin/cargo" "+1.69.0" "generate-lockfile" "--manifest-path" "Cargo.toml" "-Zno-index-update", kill_on_drop: false }`
[INFO] running `Command { std: CARGO_HOME="/workspace/cargo-home" RUSTUP_HOME="/workspace/rustup-home" "/workspace/cargo-home/bin/cargo" "+1.69.0" "fetch" "--manifest-path" "Cargo.toml", kill_on_drop: false }`
[INFO] running `Command { std: "docker" "create" "-v" "/var/lib/crater-agent-workspace/builds/worker-6-tc1/target:/opt/rustwide/target:rw,Z" "-v" "/var/lib/crater-agent-workspace/builds/worker-6-tc1/source:/opt/rustwide/workdir:ro,Z" "-v" "/var/lib/crater-agent-workspace/cargo-home:/opt/rustwide/cargo-home:ro,Z" "-v" "/var/lib/crater-agent-workspace/rustup-home:/opt/rustwide/rustup-home:ro,Z" "-e" "SOURCE_DIR=/opt/rustwide/workdir" "-e" "CARGO_TARGET_DIR=/opt/rustwide/target" "-e" "CARGO_HOME=/opt/rustwide/cargo-home" "-e" "RUSTUP_HOME=/opt/rustwide/rustup-home" "-w" "/opt/rustwide/workdir" "-m" "1610612736" "--user" "0:0" "--network" "none" "ghcr.io/rust-lang/crates-build-env/linux@sha256:5ff2268d62e97bff2cde7d5815dd6ed5b47097566f13b8d0ca110b04b60e07ed" "/opt/rustwide/cargo-home/bin/cargo" "+1.69.0" "metadata" "--no-deps" "--format-version=1", kill_on_drop: false }`
[INFO] [stdout] 3d8fb500b8f8a1be9397a1822ef8e2db6cf69e41d5d26f4db9f2ae09a3c354c3
[INFO] running `Command { std: "docker" "start" "-a" "3d8fb500b8f8a1be9397a1822ef8e2db6cf69e41d5d26f4db9f2ae09a3c354c3", kill_on_drop: false }`
[INFO] running `Command { std: "docker" "inspect" "3d8fb500b8f8a1be9397a1822ef8e2db6cf69e41d5d26f4db9f2ae09a3c354c3", kill_on_drop: false }`
[INFO] running `Command { std: "docker" "rm" "-f" "3d8fb500b8f8a1be9397a1822ef8e2db6cf69e41d5d26f4db9f2ae09a3c354c3", kill_on_drop: false }`
[INFO] [stdout] 3d8fb500b8f8a1be9397a1822ef8e2db6cf69e41d5d26f4db9f2ae09a3c354c3
[INFO] running `Command { std: "docker" "create" "-v" "/var/lib/crater-agent-workspace/builds/worker-6-tc1/target:/opt/rustwide/target:rw,Z" "-v" "/var/lib/crater-agent-workspace/builds/worker-6-tc1/source:/opt/rustwide/workdir:ro,Z" "-v" "/var/lib/crater-agent-workspace/cargo-home:/opt/rustwide/cargo-home:ro,Z" "-v" "/var/lib/crater-agent-workspace/rustup-home:/opt/rustwide/rustup-home:ro,Z" "-e" "SOURCE_DIR=/opt/rustwide/workdir" "-e" "CARGO_TARGET_DIR=/opt/rustwide/target" "-e" "CARGO_INCREMENTAL=0" "-e" "RUST_BACKTRACE=full" "-e" "RUSTFLAGS=--cap-lints=warn" "-e" "RUSTDOCFLAGS=--cap-lints=warn" "-e" "CARGO_HOME=/opt/rustwide/cargo-home" "-e" "RUSTUP_HOME=/opt/rustwide/rustup-home" "-w" "/opt/rustwide/workdir" "-m" "1610612736" "--user" "0:0" "--network" "none" "ghcr.io/rust-lang/crates-build-env/linux@sha256:5ff2268d62e97bff2cde7d5815dd6ed5b47097566f13b8d0ca110b04b60e07ed" "/opt/rustwide/cargo-home/bin/cargo" "+1.69.0" "build" "--frozen" "--message-format=json", kill_on_drop: false }`
[INFO] [stdout] 303691b9b59c24ea2b977b7ddecb31386e9f395c94217673633fb1762dbdab9c
[INFO] running `Command { std: "docker" "start" "-a" "303691b9b59c24ea2b977b7ddecb31386e9f395c94217673633fb1762dbdab9c", kill_on_drop: false }`
[INFO] [stderr]     Blocking waiting for file lock on package cache
[INFO] [stderr]    Compiling subtle v2.4.1
[INFO] [stderr]    Compiling syn v2.0.15
[INFO] [stderr]    Compiling ctor v0.1.26
[INFO] [stderr]    Compiling standback v0.2.17
[INFO] [stderr]    Compiling serde v1.0.160
[INFO] [stderr]    Compiling cipher v0.2.5
[INFO] [stderr]    Compiling getrandom v0.1.16
[INFO] [stderr]    Compiling digest v0.9.0
[INFO] [stderr]    Compiling universal-hash v0.4.1
[INFO] [stderr]    Compiling cpuid-bool v0.2.0
[INFO] [stderr]    Compiling const_fn v0.4.9
[INFO] [stderr]    Compiling tinyvec_macros v0.1.1
[INFO] [stderr]    Compiling polyval v0.4.5
[INFO] [stderr]    Compiling tinyvec v1.6.0
[INFO] [stderr]    Compiling aes-soft v0.6.4
[INFO] [stderr]    Compiling time-macros-impl v0.1.2
[INFO] [stderr]    Compiling crypto-mac v0.10.1
[INFO] [stderr]    Compiling time v0.2.27
[INFO] [stderr]    Compiling hmac v0.10.1
[INFO] [stderr]    Compiling aes v0.6.0
[INFO] [stderr]    Compiling value-bag v1.0.0-alpha.9
[INFO] [stderr]    Compiling rand_core v0.5.1
[INFO] [stderr]    Compiling ghash v0.3.1
[INFO] [stderr]    Compiling ctr v0.6.0
[INFO] [stderr]    Compiling aead v0.3.2
[INFO] [stderr]    Compiling log v0.4.17
[INFO] [stderr]    Compiling block-buffer v0.9.0
[INFO] [stderr]    Compiling cookie v0.14.4
[INFO] [stderr]    Compiling anyhow v1.0.71
[INFO] [stderr]    Compiling unicode-bidi v0.3.13
[INFO] [stderr]    Compiling sha2 v0.9.9
[INFO] [stderr]    Compiling polling v2.8.0
[INFO] [stderr]    Compiling time-macros v0.1.1
[INFO] [stderr]    Compiling unicode-normalization v0.1.22
[INFO] [stderr]    Compiling blocking v1.3.1
[INFO] [stderr]    Compiling async-io v1.13.0
[INFO] [stderr]    Compiling kv-log-macro v1.0.7
[INFO] [stderr]    Compiling aes-gcm v0.8.0
[INFO] [stderr]    Compiling rand_chacha v0.2.2
[INFO] [stderr]    Compiling idna v0.3.0
[INFO] [stderr]    Compiling async-global-executor v2.3.1
[INFO] [stderr]    Compiling hkdf v0.10.0
[INFO] [stderr]    Compiling async-attributes v1.1.2
[INFO] [stderr]    Compiling li-http-types v2.12.0 (/opt/rustwide/workdir)
[INFO] [stderr]    Compiling rand v0.7.3
[INFO] [stderr]    Compiling async-std v1.12.0
[INFO] [stderr]    Compiling infer v0.2.3
[INFO] [stderr]    Compiling serde_derive v1.0.160
[INFO] [stderr]    Compiling thiserror-impl v1.0.40
[INFO] [stderr]    Compiling thiserror v1.0.40
[INFO] [stderr]    Compiling serde_urlencoded v0.7.1
[INFO] [stderr]    Compiling url v2.3.1
[INFO] [stderr]    Compiling serde_qs v0.8.5
[INFO] [stderr]    Compiling serde_json v1.0.96
[INFO] [stderr]     Finished dev [unoptimized + debuginfo] target(s) in 23.57s
[INFO] running `Command { std: "docker" "inspect" "303691b9b59c24ea2b977b7ddecb31386e9f395c94217673633fb1762dbdab9c", kill_on_drop: false }`
[INFO] running `Command { std: "docker" "rm" "-f" "303691b9b59c24ea2b977b7ddecb31386e9f395c94217673633fb1762dbdab9c", kill_on_drop: false }`
[INFO] [stdout] 303691b9b59c24ea2b977b7ddecb31386e9f395c94217673633fb1762dbdab9c
[INFO] running `Command { std: "docker" "create" "-v" "/var/lib/crater-agent-workspace/builds/worker-6-tc1/target:/opt/rustwide/target:rw,Z" "-v" "/var/lib/crater-agent-workspace/builds/worker-6-tc1/source:/opt/rustwide/workdir:ro,Z" "-v" "/var/lib/crater-agent-workspace/cargo-home:/opt/rustwide/cargo-home:ro,Z" "-v" "/var/lib/crater-agent-workspace/rustup-home:/opt/rustwide/rustup-home:ro,Z" "-e" "SOURCE_DIR=/opt/rustwide/workdir" "-e" "CARGO_TARGET_DIR=/opt/rustwide/target" "-e" "CARGO_INCREMENTAL=0" "-e" "RUST_BACKTRACE=full" "-e" "RUSTFLAGS=--cap-lints=warn" "-e" "RUSTDOCFLAGS=--cap-lints=warn" "-e" "CARGO_HOME=/opt/rustwide/cargo-home" "-e" "RUSTUP_HOME=/opt/rustwide/rustup-home" "-w" "/opt/rustwide/workdir" "-m" "1610612736" "--user" "0:0" "--network" "none" "ghcr.io/rust-lang/crates-build-env/linux@sha256:5ff2268d62e97bff2cde7d5815dd6ed5b47097566f13b8d0ca110b04b60e07ed" "/opt/rustwide/cargo-home/bin/cargo" "+1.69.0" "test" "--frozen" "--no-run" "--message-format=json", kill_on_drop: false }`
[INFO] [stdout] 3746dc55e3bdb3c932bd2b77ccbed14258dcaba25ad30de2e0c5416cf1fa9798
[INFO] running `Command { std: "docker" "start" "-a" "3746dc55e3bdb3c932bd2b77ccbed14258dcaba25ad30de2e0c5416cf1fa9798", kill_on_drop: false }`
[INFO] [stderr]    Compiling li-http-types v2.12.0 (/opt/rustwide/workdir)
[INFO] [stdout] error[E0433]: failed to resolve: use of undeclared crate or module `http_types`
[INFO] [stdout]  --> tests/querystring.rs:1:5
[INFO] [stdout]   |
[INFO] [stdout] 1 | use http_types::{url::Url, Method};
[INFO] [stdout]   |     ^^^^^^^^^^ use of undeclared crate or module `http_types`
[INFO] [stdout]   |
[INFO] [stdout] help: there is a crate or module with a similar name
[INFO] [stdout]   |
[INFO] [stdout] 1 | use li_http_types::{url::Url, Method};
[INFO] [stdout]   |     ~~~~~~~~~~~~~
[INFO] [stdout] 
[INFO] [stdout] 
[INFO] [stdout] error[E0432]: unresolved import `http_types`
[INFO] [stdout]  --> tests/req_res_body.rs:2:5
[INFO] [stdout]   |
[INFO] [stdout] 2 | use http_types::{Body, Method, Request, Response, StatusCode, Url};
[INFO] [stdout]   |     ^^^^^^^^^^ use of undeclared crate or module `http_types`
[INFO] [stdout]   |
[INFO] [stdout] help: there is a crate or module with a similar name
[INFO] [stdout]   |
[INFO] [stdout] 2 | use li_http_types::{Body, Method, Request, Response, StatusCode, Url};
[INFO] [stdout]   |     ~~~~~~~~~~~~~
[INFO] [stdout] 
[INFO] [stdout] 
[INFO] [stdout] error[E0432]: unresolved import `http_types`
[INFO] [stdout]  --> tests/querystring.rs:1:5
[INFO] [stdout]   |
[INFO] [stdout] 1 | use http_types::{url::Url, Method};
[INFO] [stdout]   |     ^^^^^^^^^^ use of undeclared crate or module `http_types`
[INFO] [stdout]   |
[INFO] [stdout] help: there is a crate or module with a similar name
[INFO] [stdout]   |
[INFO] [stdout] 1 | use li_http_types::{url::Url, Method};
[INFO] [stdout]   |     ~~~~~~~~~~~~~
[INFO] [stdout] 
[INFO] [stdout] 
[INFO] [stdout] warning: unused import: `AsyncReadExt`
[INFO] [stdout]  --> tests/req_res_body.rs:1:28
[INFO] [stdout]   |
[INFO] [stdout] 1 | use futures_lite::{future, AsyncReadExt};
[INFO] [stdout]   |                            ^^^^^^^^^^^^
[INFO] [stdout]   |
[INFO] [stdout]   = note: `#[warn(unused_imports)]` on by default
[INFO] [stdout] 
[INFO] [stdout] 
[INFO] [stdout] error: aborting due to previous error; 1 warning emitted
[INFO] [stdout] 
[INFO] [stdout] 
[INFO] [stdout] For more information about this error, try `rustc --explain E0432`.
[INFO] [stdout] 
[INFO] [stdout] error[E0433]: failed to resolve: use of undeclared crate or module `http_types`
[INFO] [stdout]   --> tests/querystring.rs:17:15
[INFO] [stdout]    |
[INFO] [stdout] 17 |     let req = http_types::Request::new(
[INFO] [stdout]    |               ^^^^^^^^^^ use of undeclared crate or module `http_types`
[INFO] [stdout]    |
[INFO] [stdout] help: there is a crate or module with a similar name
[INFO] [stdout]    |
[INFO] [stdout] 17 |     let req = li_http_types::Request::new(
[INFO] [stdout]    |               ~~~~~~~~~~~~~
[INFO] [stdout] help: consider importing one of these items
[INFO] [stdout]    |
[INFO] [stdout] 1  | use http::Request;
[INFO] [stdout]    |
[INFO] [stdout] 1  | use li_http_types::Request;
[INFO] [stdout]    |
[INFO] [stdout] help: if you import `Request`, refer to it directly
[INFO] [stdout]    |
[INFO] [stdout] 17 -     let req = http_types::Request::new(
[INFO] [stdout] 17 +     let req = Request::new(
[INFO] [stdout]    |
[INFO] [stdout] 
[INFO] [stdout] 
[INFO] [stdout] error[E0432]: unresolved import `http_types`
[INFO] [stdout]  --> tests/security.rs:1:5
[INFO] [stdout]   |
[INFO] [stdout] 1 | use http_types::{security, Response, StatusCode};
[INFO] [stdout]   |     ^^^^^^^^^^ use of undeclared crate or module `http_types`
[INFO] [stdout]   |
[INFO] [stdout] help: there is a crate or module with a similar name
[INFO] [stdout]   |
[INFO] [stdout] 1 | use li_http_types::{security, Response, StatusCode};
[INFO] [stdout]   |     ~~~~~~~~~~~~~
[INFO] [stdout] 
[INFO] [stdout] 
[INFO] [stdout] error[E0432]: unresolved import `http_types`
[INFO] [stdout]  --> tests/error.rs:1:5
[INFO] [stdout]   |
[INFO] [stdout] 1 | use http_types::{bail, ensure, ensure_eq, Error, StatusCode};
[INFO] [stdout]   |     ^^^^^^^^^^ use of undeclared crate or module `http_types`
[INFO] [stdout]   |
[INFO] [stdout] help: there is a crate or module with a similar name
[INFO] [stdout]   |
[INFO] [stdout] 1 | use li_http_types::{bail, ensure, ensure_eq, Error, StatusCode};
[INFO] [stdout]   |     ~~~~~~~~~~~~~
[INFO] [stdout] 
[INFO] [stdout] 
[INFO] [stderr] error: could not compile `li-http-types` due to 2 previous errors; 1 warning emitted
[INFO] [stderr] warning: build failed, waiting for other jobs to finish...
[INFO] [stdout] error[E0432]: unresolved import `http_types`
[INFO] [stdout]   --> tests/error.rs:48:9
[INFO] [stdout]    |
[INFO] [stdout] 48 |     use http_types::Status;
[INFO] [stdout]    |         ^^^^^^^^^^ use of undeclared crate or module `http_types`
[INFO] [stdout]    |
[INFO] [stdout] help: there is a crate or module with a similar name
[INFO] [stdout]    |
[INFO] [stdout] 48 |     use li_http_types::Status;
[INFO] [stdout]    |         ~~~~~~~~~~~~~
[INFO] [stdout] 
[INFO] [stdout] 
[INFO] [stdout] error[E0432]: unresolved import `http_types`
[INFO] [stdout]   --> tests/error.rs:63:9
[INFO] [stdout]    |
[INFO] [stdout] 63 |     use http_types::Status;
[INFO] [stdout]    |         ^^^^^^^^^^ use of undeclared crate or module `http_types`
[INFO] [stdout]    |
[INFO] [stdout] help: there is a crate or module with a similar name
[INFO] [stdout]    |
[INFO] [stdout] 63 |     use li_http_types::Status;
[INFO] [stdout]    |         ~~~~~~~~~~~~~
[INFO] [stdout] 
[INFO] [stdout] 
[INFO] [stdout] error: cannot determine resolution for the macro `ensure`
[INFO] [stdout]   --> tests/error.rs:25:9
[INFO] [stdout]    |
[INFO] [stdout] 25 |         ensure!(true, "Oh yes");
[INFO] [stdout]    |         ^^^^^^
[INFO] [stdout]    |
[INFO] [stdout]    = note: import resolution is stuck, try simplifying macro imports
[INFO] [stdout] 
[INFO] [stdout] 
[INFO] [stdout] error: cannot determine resolution for the macro `bail`
[INFO] [stdout]   --> tests/error.rs:26:9
[INFO] [stdout]    |
[INFO] [stdout] 26 |         bail!("Oh no!");
[INFO] [stdout]    |         ^^^^
[INFO] [stdout]    |
[INFO] [stdout]    = note: import resolution is stuck, try simplifying macro imports
[INFO] [stdout] 
[INFO] [stdout] 
[INFO] [stdout] error: cannot determine resolution for the macro `ensure_eq`
[INFO] [stdout]   --> tests/error.rs:37:9
[INFO] [stdout]    |
[INFO] [stdout] 37 |         ensure_eq!(1, 1, "Oh yes");
[INFO] [stdout]    |         ^^^^^^^^^
[INFO] [stdout]    |
[INFO] [stdout]    = note: import resolution is stuck, try simplifying macro imports
[INFO] [stdout] 
[INFO] [stdout] 
[INFO] [stdout] error: cannot determine resolution for the macro `bail`
[INFO] [stdout]   --> tests/error.rs:38:9
[INFO] [stdout]    |
[INFO] [stdout] 38 |         bail!("Oh no!");
[INFO] [stdout]    |         ^^^^
[INFO] [stdout]    |
[INFO] [stdout]    = note: import resolution is stuck, try simplifying macro imports
[INFO] [stdout] 
[INFO] [stdout] 
[INFO] [stdout] error[E0433]: failed to resolve: use of undeclared crate or module `http_types`
[INFO] [stdout]   --> tests/error.rs:15:17
[INFO] [stdout]    |
[INFO] [stdout] 15 |     fn run() -> http_types::Result<()> {
[INFO] [stdout]    |                 ^^^^^^^^^^ use of undeclared crate or module `http_types`
[INFO] [stdout]    |
[INFO] [stdout] help: there is a crate or module with a similar name
[INFO] [stdout]    |
[INFO] [stdout] 15 |     fn run() -> li_http_types::Result<()> {
[INFO] [stdout]    |                 ~~~~~~~~~~~~~
[INFO] [stdout] 
[INFO] [stdout] 
[INFO] [stdout] error[E0433]: failed to resolve: use of undeclared crate or module `http_types`
[INFO] [stdout]   --> tests/error.rs:24:19
[INFO] [stdout]    |
[INFO] [stdout] 24 |     fn inner() -> http_types::Result<()> {
[INFO] [stdout]    |                   ^^^^^^^^^^ use of undeclared crate or module `http_types`
[INFO] [stdout]    |
[INFO] [stdout] help: there is a crate or module with a similar name
[INFO] [stdout]    |
[INFO] [stdout] 24 |     fn inner() -> li_http_types::Result<()> {
[INFO] [stdout]    |                   ~~~~~~~~~~~~~
[INFO] [stdout] 
[INFO] [stdout] 
[INFO] [stdout] error[E0433]: failed to resolve: use of undeclared crate or module `http_types`
[INFO] [stdout]   --> tests/error.rs:36:19
[INFO] [stdout]    |
[INFO] [stdout] 36 |     fn inner() -> http_types::Result<()> {
[INFO] [stdout]    |                   ^^^^^^^^^^ use of undeclared crate or module `http_types`
[INFO] [stdout]    |
[INFO] [stdout] help: there is a crate or module with a similar name
[INFO] [stdout]    |
[INFO] [stdout] 36 |     fn inner() -> li_http_types::Result<()> {
[INFO] [stdout]    |                   ~~~~~~~~~~~~~
[INFO] [stdout] 
[INFO] [stdout] 
[INFO] [stdout] error[E0433]: failed to resolve: use of undeclared crate or module `http_types`
[INFO] [stdout]   --> tests/error.rs:49:17
[INFO] [stdout]    |
[INFO] [stdout] 49 |     fn run() -> http_types::Result<()> {
[INFO] [stdout]    |                 ^^^^^^^^^^ use of undeclared crate or module `http_types`
[INFO] [stdout]    |
[INFO] [stdout] help: there is a crate or module with a similar name
[INFO] [stdout]    |
[INFO] [stdout] 49 |     fn run() -> li_http_types::Result<()> {
[INFO] [stdout]    |                 ~~~~~~~~~~~~~
[INFO] [stdout] 
[INFO] [stdout] 
[INFO] [stdout] error[E0433]: failed to resolve: use of undeclared crate or module `http_types`
[INFO] [stdout]   --> tests/error.rs:64:17
[INFO] [stdout]    |
[INFO] [stdout] 64 |     fn run() -> http_types::Result<()> {
[INFO] [stdout]    |                 ^^^^^^^^^^ use of undeclared crate or module `http_types`
[INFO] [stdout]    |
[INFO] [stdout] help: there is a crate or module with a similar name
[INFO] [stdout]    |
[INFO] [stdout] 64 |     fn run() -> li_http_types::Result<()> {
[INFO] [stdout]    |                 ~~~~~~~~~~~~~
[INFO] [stdout] 
[INFO] [stdout] 
[INFO] [stdout] error[E0433]: failed to resolve: use of undeclared crate or module `http_types`
[INFO] [stdout]   --> tests/querystring.rs:29:15
[INFO] [stdout]    |
[INFO] [stdout] 29 |     let req = http_types::Request::new(Method::Get, Url::parse("http://example.com/").unwrap());
[INFO] [stdout]    |               ^^^^^^^^^^ use of undeclared crate or module `http_types`
[INFO] [stdout]    |
[INFO] [stdout] help: there is a crate or module with a similar name
[INFO] [stdout]    |
[INFO] [stdout] 29 |     let req = li_http_types::Request::new(Method::Get, Url::parse("http://example.com/").unwrap());
[INFO] [stdout]    |               ~~~~~~~~~~~~~
[INFO] [stdout] help: consider importing one of these items
[INFO] [stdout]    |
[INFO] [stdout] 1  | use http::Request;
[INFO] [stdout]    |
[INFO] [stdout] 1  | use li_http_types::Request;
[INFO] [stdout]    |
[INFO] [stdout] help: if you import `Request`, refer to it directly
[INFO] [stdout]    |
[INFO] [stdout] 29 -     let req = http_types::Request::new(Method::Get, Url::parse("http://example.com/").unwrap());
[INFO] [stdout] 29 +     let req = Request::new(Method::Get, Url::parse("http://example.com/").unwrap());
[INFO] [stdout]    |
[INFO] [stdout] 
[INFO] [stdout] 
[INFO] [stdout] error: aborting due to previous error
[INFO] [stdout] 
[INFO] [stdout] 
[INFO] [stdout] For more information about this error, try `rustc --explain E0432`.
[INFO] [stdout] 
[INFO] [stderr] error: could not compile `li-http-types` due to 2 previous errors
[INFO] [stdout] error[E0433]: failed to resolve: use of undeclared crate or module `http_types`
[INFO] [stdout]   --> tests/querystring.rs:41:15
[INFO] [stdout]    |
[INFO] [stdout] 41 |     let req = http_types::Request::new(
[INFO] [stdout]    |               ^^^^^^^^^^ use of undeclared crate or module `http_types`
[INFO] [stdout]    |
[INFO] [stdout] help: there is a crate or module with a similar name
[INFO] [stdout]    |
[INFO] [stdout] 41 |     let req = li_http_types::Request::new(
[INFO] [stdout]    |               ~~~~~~~~~~~~~
[INFO] [stdout] help: consider importing one of these items
[INFO] [stdout]    |
[INFO] [stdout] 1  | use http::Request;
[INFO] [stdout]    |
[INFO] [stdout] 1  | use li_http_types::Request;
[INFO] [stdout]    |
[INFO] [stdout] help: if you import `Request`, refer to it directly
[INFO] [stdout]    |
[INFO] [stdout] 41 -     let req = http_types::Request::new(
[INFO] [stdout] 41 +     let req = Request::new(
[INFO] [stdout]    |
[INFO] [stdout] 
[INFO] [stdout] 
[INFO] [stdout] error[E0433]: failed to resolve: use of undeclared crate or module `http_types`
[INFO] [stdout]   --> tests/querystring.rs:56:15
[INFO] [stdout]    |
[INFO] [stdout] 56 |     let req = http_types::Request::new(Method::Get, Url::parse("http://example.com").unwrap());
[INFO] [stdout]    |               ^^^^^^^^^^ use of undeclared crate or module `http_types`
[INFO] [stdout]    |
[INFO] [stdout] help: there is a crate or module with a similar name
[INFO] [stdout]    |
[INFO] [stdout] 56 |     let req = li_http_types::Request::new(Method::Get, Url::parse("http://example.com").unwrap());
[INFO] [stdout]    |               ~~~~~~~~~~~~~
[INFO] [stdout] help: consider importing one of these items
[INFO] [stdout]    |
[INFO] [stdout] 1  | use http::Request;
[INFO] [stdout]    |
[INFO] [stdout] 1  | use li_http_types::Request;
[INFO] [stdout]    |
[INFO] [stdout] help: if you import `Request`, refer to it directly
[INFO] [stdout]    |
[INFO] [stdout] 56 -     let req = http_types::Request::new(Method::Get, Url::parse("http://example.com").unwrap());
[INFO] [stdout] 56 +     let req = Request::new(Method::Get, Url::parse("http://example.com").unwrap());
[INFO] [stdout]    |
[INFO] [stdout] 
[INFO] [stdout] 
[INFO] [stdout] error[E0599]: no method named `status` found for enum `Result` in the current scope
[INFO] [stdout]   --> tests/error.rs:51:18
[INFO] [stdout]    |
[INFO] [stdout] 51 |         Err(err).status(StatusCode::NotFound)?;
[INFO] [stdout]    |                  ^^^^^^ method not found in `Result<_, Error>`
[INFO] [stdout]    |
[INFO] [stdout]   ::: /opt/rustwide/workdir/src/status.rs:11:8
[INFO] [stdout]    |
[INFO] [stdout] 11 |     fn status<S>(self, status: S) -> Result<T, Error>
[INFO] [stdout]    |        ------ the method is available for `Result<_, futures_io::Error>` here
[INFO] [stdout]    |
[INFO] [stdout]    = help: items from traits can only be used if the trait is in scope
[INFO] [stdout] help: the following trait is implemented but not in scope; perhaps add a `use` for it:
[INFO] [stdout]    |
[INFO] [stdout] 1  | use li_http_types::Status;
[INFO] [stdout]    |
[INFO] [stdout] 
[INFO] [stdout] 
[INFO] [stdout] error[E0599]: no method named `status` found for enum `Option` in the current scope
[INFO] [stdout]   --> tests/error.rs:65:14
[INFO] [stdout]    |
[INFO] [stdout] 65 |         None.status(StatusCode::NotFound)
[INFO] [stdout]    |              ^^^^^^ method not found in `Option<_>`
[INFO] [stdout]    |
[INFO] [stdout]   ::: /opt/rustwide/workdir/src/status.rs:11:8
[INFO] [stdout]    |
[INFO] [stdout] 11 |     fn status<S>(self, status: S) -> Result<T, Error>
[INFO] [stdout]    |        ------ the method is available for `Option<_>` here
[INFO] [stdout]    |
[INFO] [stdout]    = help: items from traits can only be used if the trait is in scope
[INFO] [stdout] help: the following trait is implemented but not in scope; perhaps add a `use` for it:
[INFO] [stdout]    |
[INFO] [stdout] 1  | use li_http_types::Status;
[INFO] [stdout]    |
[INFO] [stdout] 
[INFO] [stdout] 
[INFO] [stdout] error: aborting due to 14 previous errors
[INFO] [stdout] 
[INFO] [stdout] 
[INFO] [stdout] Some errors have detailed explanations: E0432, E0433, E0599.
[INFO] [stdout] 
[INFO] [stdout] For more information about an error, try `rustc --explain E0432`.
[INFO] [stdout] 
[INFO] [stderr] error: could not compile `li-http-types` due to 15 previous errors
[INFO] [stdout] error: aborting due to 6 previous errors
[INFO] [stdout] 
[INFO] [stdout] 
[INFO] [stdout] Some errors have detailed explanations: E0432, E0433.
[INFO] [stdout] 
[INFO] [stdout] For more information about an error, try `rustc --explain E0432`.
[INFO] [stdout] 
[INFO] [stderr] error: could not compile `li-http-types` due to 7 previous errors
[INFO] [stdout] warning: field `inner` is never read
[INFO] [stdout]    --> src/body.rs:568:13
[INFO] [stdout]     |
[INFO] [stdout] 567 |         struct Foo {
[INFO] [stdout]     |                --- field in this struct
[INFO] [stdout] 568 |             inner: String,
[INFO] [stdout]     |             ^^^^^
[INFO] [stdout]     |
[INFO] [stdout]     = note: `Foo` has a derived impl for the trait `Debug`, but this is intentionally ignored during dead code analysis
[INFO] [stdout]     = note: `#[warn(dead_code)]` on by default
[INFO] [stdout] 
[INFO] [stdout] 
[INFO] [stdout] warning: field `inner` is never read
[INFO] [stdout]    --> src/body.rs:579:13
[INFO] [stdout]     |
[INFO] [stdout] 578 |         struct Foo {
[INFO] [stdout]     |                --- field in this struct
[INFO] [stdout] 579 |             inner: String,
[INFO] [stdout]     |             ^^^^^
[INFO] [stdout]     |
[INFO] [stdout]     = note: `Foo` has a derived impl for the trait `Debug`, but this is intentionally ignored during dead code analysis
[INFO] [stdout] 
[INFO] [stdout] 
[INFO] [stdout] warning: 2 warnings emitted
[INFO] [stdout] 
[INFO] [stdout] 
[INFO] running `Command { std: "docker" "inspect" "3746dc55e3bdb3c932bd2b77ccbed14258dcaba25ad30de2e0c5416cf1fa9798", kill_on_drop: false }`
[INFO] running `Command { std: "docker" "rm" "-f" "3746dc55e3bdb3c932bd2b77ccbed14258dcaba25ad30de2e0c5416cf1fa9798", kill_on_drop: false }`
[INFO] [stdout] 3746dc55e3bdb3c932bd2b77ccbed14258dcaba25ad30de2e0c5416cf1fa9798
