[INFO] fetching crate letterman 0.2.7...
[INFO] testing letterman-0.2.7 against 1.69.0 for beta-1.70-1
[INFO] extracting crate letterman 0.2.7 into /workspace/builds/worker-5-tc1/source
[INFO] validating manifest of crates.io crate letterman 0.2.7 on toolchain 1.69.0
[INFO] running `Command { std: CARGO_HOME="/workspace/cargo-home" RUSTUP_HOME="/workspace/rustup-home" "/workspace/cargo-home/bin/cargo" "+1.69.0" "metadata" "--manifest-path" "Cargo.toml" "--no-deps", kill_on_drop: false }`
[INFO] started tweaking crates.io crate letterman 0.2.7
[INFO] finished tweaking crates.io crate letterman 0.2.7
[INFO] tweaked toml for crates.io crate letterman 0.2.7 written to /workspace/builds/worker-5-tc1/source/Cargo.toml
[INFO] running `Command { std: CARGO_HOME="/workspace/cargo-home" RUSTUP_HOME="/workspace/rustup-home" __CARGO_TEST_CHANNEL_OVERRIDE_DO_NOT_USE_THIS="nightly" "/workspace/cargo-home/bin/cargo" "+1.69.0" "generate-lockfile" "--manifest-path" "Cargo.toml" "-Zno-index-update", kill_on_drop: false }`
[INFO] running `Command { std: CARGO_HOME="/workspace/cargo-home" RUSTUP_HOME="/workspace/rustup-home" "/workspace/cargo-home/bin/cargo" "+1.69.0" "fetch" "--manifest-path" "Cargo.toml", kill_on_drop: false }`
[INFO] [stderr]  Downloading crates ...
[INFO] [stderr]   Downloaded sha256 v1.1.3
[INFO] [stderr]   Downloaded blob-uuid v0.5.0
[INFO] [stderr]   Downloaded quoted_printable v0.4.8
[INFO] [stderr]   Downloaded unique_id v0.1.5
[INFO] [stderr]   Downloaded ipconfig v0.3.1
[INFO] [stderr]   Downloaded enum-as-inner v0.4.0
[INFO] [stderr]   Downloaded new_mime_guess v4.0.1
[INFO] [stderr]   Downloaded cidr v0.2.1
[INFO] [stderr]   Downloaded resolv-conf v0.7.0
[INFO] [stderr]   Downloaded letterman_email_body_parser v1.0.5
[INFO] [stderr]   Downloaded dns-lookup v1.0.8
[INFO] [stderr]   Downloaded trust-dns-resolver v0.21.2
[INFO] [stderr]   Downloaded trust-dns-resolver v0.20.4
[INFO] [stderr]   Downloaded trust-dns-proto v0.21.2
[INFO] [stderr]   Downloaded trust-dns-proto v0.20.4
[INFO] [stderr]   Downloaded rustque v1.1.1
[INFO] [stderr]   Downloaded tokio_spf_validator v1.0.3
[INFO] [stderr]   Downloaded gzb_binary_69 v0.2.2
[INFO] running `Command { std: "docker" "create" "-v" "/var/lib/crater-agent-workspace/builds/worker-5-tc1/target:/opt/rustwide/target:rw,Z" "-v" "/var/lib/crater-agent-workspace/builds/worker-5-tc1/source:/opt/rustwide/workdir:ro,Z" "-v" "/var/lib/crater-agent-workspace/cargo-home:/opt/rustwide/cargo-home:ro,Z" "-v" "/var/lib/crater-agent-workspace/rustup-home:/opt/rustwide/rustup-home:ro,Z" "-e" "SOURCE_DIR=/opt/rustwide/workdir" "-e" "CARGO_TARGET_DIR=/opt/rustwide/target" "-e" "CARGO_HOME=/opt/rustwide/cargo-home" "-e" "RUSTUP_HOME=/opt/rustwide/rustup-home" "-w" "/opt/rustwide/workdir" "-m" "1610612736" "--user" "0:0" "--network" "none" "ghcr.io/rust-lang/crates-build-env/linux@sha256:5ff2268d62e97bff2cde7d5815dd6ed5b47097566f13b8d0ca110b04b60e07ed" "/opt/rustwide/cargo-home/bin/cargo" "+1.69.0" "metadata" "--no-deps" "--format-version=1", kill_on_drop: false }`
[INFO] [stdout] 6142fa3b2028a1f9347f5f6b3b69cf97f4eacc1beb4b84cf4517485078775247
[INFO] running `Command { std: "docker" "start" "-a" "6142fa3b2028a1f9347f5f6b3b69cf97f4eacc1beb4b84cf4517485078775247", kill_on_drop: false }`
[INFO] running `Command { std: "docker" "inspect" "6142fa3b2028a1f9347f5f6b3b69cf97f4eacc1beb4b84cf4517485078775247", kill_on_drop: false }`
[INFO] running `Command { std: "docker" "rm" "-f" "6142fa3b2028a1f9347f5f6b3b69cf97f4eacc1beb4b84cf4517485078775247", kill_on_drop: false }`
[INFO] [stdout] 6142fa3b2028a1f9347f5f6b3b69cf97f4eacc1beb4b84cf4517485078775247
[INFO] running `Command { std: "docker" "create" "-v" "/var/lib/crater-agent-workspace/builds/worker-5-tc1/target:/opt/rustwide/target:rw,Z" "-v" "/var/lib/crater-agent-workspace/builds/worker-5-tc1/source:/opt/rustwide/workdir:ro,Z" "-v" "/var/lib/crater-agent-workspace/cargo-home:/opt/rustwide/cargo-home:ro,Z" "-v" "/var/lib/crater-agent-workspace/rustup-home:/opt/rustwide/rustup-home:ro,Z" "-e" "SOURCE_DIR=/opt/rustwide/workdir" "-e" "CARGO_TARGET_DIR=/opt/rustwide/target" "-e" "CARGO_INCREMENTAL=0" "-e" "RUST_BACKTRACE=full" "-e" "RUSTFLAGS=--cap-lints=warn" "-e" "RUSTDOCFLAGS=--cap-lints=warn" "-e" "CARGO_HOME=/opt/rustwide/cargo-home" "-e" "RUSTUP_HOME=/opt/rustwide/rustup-home" "-w" "/opt/rustwide/workdir" "-m" "1610612736" "--user" "0:0" "--network" "none" "ghcr.io/rust-lang/crates-build-env/linux@sha256:5ff2268d62e97bff2cde7d5815dd6ed5b47097566f13b8d0ca110b04b60e07ed" "/opt/rustwide/cargo-home/bin/cargo" "+1.69.0" "build" "--frozen" "--message-format=json", kill_on_drop: false }`
[INFO] [stdout] b046659c96e047188944bd2cae76fa350e213f56f5261f0f6389d74f633a4c06
[INFO] running `Command { std: "docker" "start" "-a" "b046659c96e047188944bd2cae76fa350e213f56f5261f0f6389d74f633a4c06", kill_on_drop: false }`
[INFO] [stderr]    Compiling libc v0.2.142
[INFO] [stderr]    Compiling syn v1.0.109
[INFO] [stderr]    Compiling futures-core v0.3.28
[INFO] [stderr]    Compiling syn v2.0.15
[INFO] [stderr]    Compiling futures-sink v0.3.28
[INFO] [stderr]    Compiling futures-channel v0.3.28
[INFO] [stderr]    Compiling tokio v1.28.0
[INFO] [stderr]    Compiling futures-util v0.3.28
[INFO] [stderr]    Compiling heck v0.4.1
[INFO] [stderr]    Compiling crossbeam-utils v0.8.15
[INFO] [stderr]    Compiling async-trait v0.1.68
[INFO] [stderr]    Compiling match_cfg v0.1.0
[INFO] [stderr]    Compiling ipnet v2.7.2
[INFO] [stderr]    Compiling parking_lot_core v0.8.6
[INFO] [stderr]    Compiling quick-error v1.2.3
[INFO] [stderr]    Compiling instant v0.1.12
[INFO] [stderr]    Compiling crossbeam-queue v0.3.8
[INFO] [stderr]    Compiling crypto-common v0.1.6
[INFO] [stderr]    Compiling crossbeam-epoch v0.9.14
[INFO] [stderr]    Compiling digest v0.10.6
[INFO] [stderr]    Compiling crossbeam-channel v0.5.8
[INFO] [stderr]    Compiling crossbeam-deque v0.8.3
[INFO] [stderr]    Compiling new_mime_guess v4.0.1
[INFO] [stderr]    Compiling spin v0.9.8
[INFO] [stderr]    Compiling sha2 v0.10.6
[INFO] [stderr]    Compiling gzb_binary_69 v0.2.2
[INFO] [stderr]    Compiling getrandom v0.2.9
[INFO] [stderr]    Compiling socket2 v0.4.9
[INFO] [stderr]    Compiling parking_lot_core v0.9.7
[INFO] [stderr]    Compiling num_cpus v1.15.0
[INFO] [stderr]    Compiling signal-hook-registry v1.4.1
[INFO] [stderr]    Compiling parking_lot v0.12.1
[INFO] [stderr]    Compiling mio v0.8.6
[INFO] [stderr]    Compiling rand_core v0.6.4
[INFO] [stderr]    Compiling hostname v0.3.1
[INFO] [stderr]    Compiling rand_chacha v0.3.1
[INFO] [stderr]    Compiling resolv-conf v0.7.0
[INFO] [stderr]    Compiling openssl-sys v0.9.87
[INFO] [stderr]    Compiling ring v0.16.20
[INFO] [stderr]    Compiling rand v0.8.5
[INFO] [stderr]    Compiling parking_lot v0.11.2
[INFO] [stderr]    Compiling uuid v1.3.2
[INFO] [stderr]    Compiling nanorand v0.7.0
[INFO] [stderr]    Compiling blob-uuid v0.5.0
[INFO] [stderr]    Compiling sct v0.7.0
[INFO] [stderr]    Compiling webpki v0.22.0
[INFO] [stderr]    Compiling time v0.1.45
[INFO] [stderr]    Compiling crossbeam v0.8.2
[INFO] [stderr]    Compiling hex v0.4.3
[INFO] [stderr]    Compiling quoted_printable v0.4.8
[INFO] [stderr]    Compiling cidr v0.2.1
[INFO] [stderr]    Compiling rustls v0.20.8
[INFO] [stderr]    Compiling chrono v0.4.24
[INFO] [stderr]    Compiling sha256 v1.1.3
[INFO] [stderr]    Compiling futures-macro v0.3.28
[INFO] [stderr]    Compiling tokio-macros v2.1.0
[INFO] [stderr]    Compiling thiserror-impl v1.0.40
[INFO] [stderr]    Compiling openssl-macros v0.1.1
[INFO] [stderr]    Compiling pin-project-internal v1.0.12
[INFO] [stderr]    Compiling openssl v0.10.52
[INFO] [stderr]    Compiling enum-as-inner v0.4.0
[INFO] [stderr]    Compiling enum-as-inner v0.3.4
[INFO] [stderr]    Compiling thiserror v1.0.40
[INFO] [stderr]    Compiling unique_id v0.1.5
[INFO] [stderr]    Compiling dns-lookup v1.0.8
[INFO] [stderr]    Compiling pin-project v1.0.12
[INFO] [stderr]    Compiling rustls-pemfile v0.2.1
[INFO] [stderr]    Compiling flume v0.10.14
[INFO] [stderr]    Compiling md5 v0.7.0
[INFO] [stderr]    Compiling json v0.12.4
[INFO] [stderr]    Compiling native-tls v0.2.11
[INFO] [stderr]    Compiling futures-executor v0.3.28
[INFO] [stderr]    Compiling futures v0.3.28
[INFO] [stderr]    Compiling trust-dns-proto v0.20.4
[INFO] [stderr]    Compiling trust-dns-proto v0.21.2
[INFO] [stderr]    Compiling rustque v1.1.1
[INFO] [stderr]    Compiling tokio-rustls v0.23.4
[INFO] [stderr]    Compiling tokio-native-tls v0.3.1
[INFO] [stderr]    Compiling trust-dns-resolver v0.20.4
[INFO] [stderr]    Compiling trust-dns-resolver v0.21.2
[INFO] [stderr]    Compiling tokio_spf_validator v1.0.3
[INFO] [stderr]    Compiling letterman_email_body_parser v1.0.5
[INFO] [stderr]    Compiling letterman v0.2.7 (/opt/rustwide/workdir)
[INFO] [stderr]     Finished dev [unoptimized + debuginfo] target(s) in 30.50s
[INFO] running `Command { std: "docker" "inspect" "b046659c96e047188944bd2cae76fa350e213f56f5261f0f6389d74f633a4c06", kill_on_drop: false }`
[INFO] running `Command { std: "docker" "rm" "-f" "b046659c96e047188944bd2cae76fa350e213f56f5261f0f6389d74f633a4c06", kill_on_drop: false }`
[INFO] [stdout] b046659c96e047188944bd2cae76fa350e213f56f5261f0f6389d74f633a4c06
[INFO] running `Command { std: "docker" "create" "-v" "/var/lib/crater-agent-workspace/builds/worker-5-tc1/target:/opt/rustwide/target:rw,Z" "-v" "/var/lib/crater-agent-workspace/builds/worker-5-tc1/source:/opt/rustwide/workdir:ro,Z" "-v" "/var/lib/crater-agent-workspace/cargo-home:/opt/rustwide/cargo-home:ro,Z" "-v" "/var/lib/crater-agent-workspace/rustup-home:/opt/rustwide/rustup-home:ro,Z" "-e" "SOURCE_DIR=/opt/rustwide/workdir" "-e" "CARGO_TARGET_DIR=/opt/rustwide/target" "-e" "CARGO_INCREMENTAL=0" "-e" "RUST_BACKTRACE=full" "-e" "RUSTFLAGS=--cap-lints=warn" "-e" "RUSTDOCFLAGS=--cap-lints=warn" "-e" "CARGO_HOME=/opt/rustwide/cargo-home" "-e" "RUSTUP_HOME=/opt/rustwide/rustup-home" "-w" "/opt/rustwide/workdir" "-m" "1610612736" "--user" "0:0" "--network" "none" "ghcr.io/rust-lang/crates-build-env/linux@sha256:5ff2268d62e97bff2cde7d5815dd6ed5b47097566f13b8d0ca110b04b60e07ed" "/opt/rustwide/cargo-home/bin/cargo" "+1.69.0" "test" "--frozen" "--no-run" "--message-format=json", kill_on_drop: false }`
[INFO] [stdout] 2929b179d72bb816e7959856416f567fa3c1baa30997acd87e42f9327c718139
[INFO] running `Command { std: "docker" "start" "-a" "2929b179d72bb816e7959856416f567fa3c1baa30997acd87e42f9327c718139", kill_on_drop: false }`
[INFO] [stderr]    Compiling letterman v0.2.7 (/opt/rustwide/workdir)
[INFO] [stderr]     Finished test [unoptimized + debuginfo] target(s) in 1.38s
[INFO] running `Command { std: "docker" "inspect" "2929b179d72bb816e7959856416f567fa3c1baa30997acd87e42f9327c718139", kill_on_drop: false }`
[INFO] running `Command { std: "docker" "rm" "-f" "2929b179d72bb816e7959856416f567fa3c1baa30997acd87e42f9327c718139", kill_on_drop: false }`
[INFO] [stdout] 2929b179d72bb816e7959856416f567fa3c1baa30997acd87e42f9327c718139
[INFO] running `Command { std: "docker" "create" "-v" "/var/lib/crater-agent-workspace/builds/worker-5-tc1/target:/opt/rustwide/target:rw,Z" "-v" "/var/lib/crater-agent-workspace/builds/worker-5-tc1/source:/opt/rustwide/workdir:ro,Z" "-v" "/var/lib/crater-agent-workspace/cargo-home:/opt/rustwide/cargo-home:ro,Z" "-v" "/var/lib/crater-agent-workspace/rustup-home:/opt/rustwide/rustup-home:ro,Z" "-e" "SOURCE_DIR=/opt/rustwide/workdir" "-e" "CARGO_TARGET_DIR=/opt/rustwide/target" "-e" "CARGO_INCREMENTAL=0" "-e" "RUST_BACKTRACE=full" "-e" "RUSTFLAGS=--cap-lints=warn" "-e" "RUSTDOCFLAGS=--cap-lints=warn" "-e" "CARGO_HOME=/opt/rustwide/cargo-home" "-e" "RUSTUP_HOME=/opt/rustwide/rustup-home" "-w" "/opt/rustwide/workdir" "-m" "1610612736" "--user" "0:0" "--network" "none" "ghcr.io/rust-lang/crates-build-env/linux@sha256:5ff2268d62e97bff2cde7d5815dd6ed5b47097566f13b8d0ca110b04b60e07ed" "/opt/rustwide/cargo-home/bin/cargo" "+1.69.0" "test" "--frozen", kill_on_drop: false }`
[INFO] [stdout] f2915ef64975bcd8cadc7ad68969e479b79b93caa077a4f379820e805eb4d55e
[INFO] running `Command { std: "docker" "start" "-a" "f2915ef64975bcd8cadc7ad68969e479b79b93caa077a4f379820e805eb4d55e", kill_on_drop: false }`
[INFO] [stderr]     Finished test [unoptimized + debuginfo] target(s) in 0.18s
[INFO] [stdout] 
[INFO] [stderr]      Running unittests src/lib.rs (/opt/rustwide/target/debug/deps/letterman-4bbab0771aebfe9b)
[INFO] [stdout] running 0 tests
[INFO] [stderr]    Doc-tests letterman
[INFO] [stdout] 
[INFO] [stdout] test result: ok. 0 passed; 0 failed; 0 ignored; 0 measured; 0 filtered out; finished in 0.00s
[INFO] [stdout] 
[INFO] [stdout] 
[INFO] [stdout] running 3 tests
[INFO] [stdout] test src/lib.rs - client (line 11) ... FAILED
[INFO] [stdout] test src/client/mod.rs - client::read_key (line 15) ... FAILED
[INFO] [stdout] test src/lib.rs - server (line 103) ... FAILED
[INFO] [stdout] 
[INFO] [stdout] failures:
[INFO] [stdout] 
[INFO] [stdout] ---- src/lib.rs - client (line 11) stdout ----
[INFO] [stdout] error[E0433]: failed to resolve: use of undeclared crate or module `client`
[INFO] [stdout]   --> src/lib.rs:66:43
[INFO] [stdout]    |
[INFO] [stdout] 58 |  fn build_mail_new(tracking_id:String) -> client::Email{
[INFO] [stdout]    |                                           ^^^^^^ use of undeclared crate or module `client`
[INFO] [stdout] 
[INFO] [stdout] error[E0433]: failed to resolve: use of undeclared crate or module `client`
[INFO] [stdout]   --> src/lib.rs:68:22
[INFO] [stdout]    |
[INFO] [stdout] 60 |      let mut email = client::Email::new();
[INFO] [stdout]    |                      ^^^^^^ use of undeclared crate or module `client`
[INFO] [stdout]    |
[INFO] [stdout] help: consider importing one of these items
[INFO] [stdout]    |
[INFO] [stdout] 2  | use letterman::client::Email;
[INFO] [stdout]    |
[INFO] [stdout] 2  | use letterman::server::config::Email;
[INFO] [stdout]    |
[INFO] [stdout] help: if you import `Email`, refer to it directly
[INFO] [stdout]    |
[INFO] [stdout] 60 -      let mut email = client::Email::new();
[INFO] [stdout] 60 +      let mut email = Email::new();
[INFO] [stdout]    |
[INFO] [stdout] 
[INFO] [stdout] error[E0433]: failed to resolve: use of undeclared crate or module `client`
[INFO] [stdout]   --> src/lib.rs:21:12
[INFO] [stdout]    |
[INFO] [stdout] 13 |      match client::read_key("../secret/private.key".to_string()).await{
[INFO] [stdout]    |            ^^^^^^ use of undeclared crate or module `client`
[INFO] [stdout] 
[INFO] [stdout] error: aborting due to 3 previous errors
[INFO] [stdout] 
[INFO] [stdout] For more information about this error, try `rustc --explain E0433`.
[INFO] [stdout] Couldn't compile the test.
[INFO] [stdout] ---- src/client/mod.rs - client::read_key (line 15) stdout ----
[INFO] [stdout] error[E0433]: failed to resolve: use of undeclared crate or module `client`
[INFO] [stdout]   --> src/client/mod.rs:93:43
[INFO] [stdout]    |
[INFO] [stdout] 81 |  fn build_mail_new(tracking_id:String) -> client::Email{
[INFO] [stdout]    |                                           ^^^^^^ use of undeclared crate or module `client`
[INFO] [stdout] 
[INFO] [stdout] error[E0425]: cannot find value `SEND_TO_DKIMVALIDATOR` in this scope
[INFO] [stdout]   --> src/client/mod.rs:39:5
[INFO] [stdout]    |
[INFO] [stdout] 27 |  if SEND_TO_DKIMVALIDATOR{
[INFO] [stdout]    |     ^^^^^^^^^^^^^^^^^^^^^ not found in this scope
[INFO] [stdout] 
[INFO] [stdout] error[E0425]: cannot find value `SEND_TO_LOCALHOST` in this scope
[INFO] [stdout]   --> src/client/mod.rs:52:12
[INFO] [stdout]    |
[INFO] [stdout] 40 |  } else if SEND_TO_LOCALHOST {
[INFO] [stdout]    |            ^^^^^^^^^^^^^^^^^ not found in this scope
[INFO] [stdout] 
[INFO] [stdout] error[E0433]: failed to resolve: use of undeclared crate or module `client`
[INFO] [stdout]   --> src/client/mod.rs:95:18
[INFO] [stdout]    |
[INFO] [stdout] 83 |  let mut email = client::Email::new();
[INFO] [stdout]    |                  ^^^^^^ use of undeclared crate or module `client`
[INFO] [stdout]    |
[INFO] [stdout] help: consider importing one of these items
[INFO] [stdout]    |
[INFO] [stdout] 2  | use letterman::client::Email;
[INFO] [stdout]    |
[INFO] [stdout] 2  | use letterman::server::config::Email;
[INFO] [stdout]    |
[INFO] [stdout] help: if you import `Email`, refer to it directly
[INFO] [stdout]    |
[INFO] [stdout] 83 -  let mut email = client::Email::new();
[INFO] [stdout] 83 +  let mut email = Email::new();
[INFO] [stdout]    |
[INFO] [stdout] 
[INFO] [stdout] error[E0425]: cannot find value `SEND_TO_DKIMVALIDATOR` in this scope
[INFO] [stdout]   --> src/client/mod.rs:102:5
[INFO] [stdout]    |
[INFO] [stdout] 90 |  if SEND_TO_DKIMVALIDATOR{
[INFO] [stdout]    |     ^^^^^^^^^^^^^^^^^^^^^ not found in this scope
[INFO] [stdout] 
[INFO] [stdout] error[E0425]: cannot find value `SEND_TO_LOCALHOST` in this scope
[INFO] [stdout]   --> src/client/mod.rs:105:12
[INFO] [stdout]    |
[INFO] [stdout] 93 |  } else if SEND_TO_LOCALHOST {
[INFO] [stdout]    |            ^^^^^^^^^^^^^^^^^ not found in this scope
[INFO] [stdout] 
[INFO] [stdout] error[E0433]: failed to resolve: use of undeclared crate or module `client`
[INFO] [stdout]   --> src/client/mod.rs:26:8
[INFO] [stdout]    |
[INFO] [stdout] 14 |  match client::read_key("../secret/private.key".to_string()).await{
[INFO] [stdout]    |        ^^^^^^ use of undeclared crate or module `client`
[INFO] [stdout] 
[INFO] [stdout] error: aborting due to 7 previous errors
[INFO] [stdout] 
[INFO] [stdout] Some errors have detailed explanations: E0425, E0433.
[INFO] [stdout] For more information about an error, try `rustc --explain E0425`.
[INFO] [stdout] Couldn't compile the test.
[INFO] [stdout] ---- src/lib.rs - server (line 103) stdout ----
[INFO] [stdout] error[E0061]: this function takes 14 arguments but 13 arguments were supplied
[INFO] [stdout]   --> src/lib.rs:113:11
[INFO] [stdout]    |
[INFO] [stdout] 13 |     match ServerConfig::new(
[INFO] [stdout]    |           ^^^^^^^^^^^^^^^^^
[INFO] [stdout] ...
[INFO] [stdout] 19 |         String::from("../letter_man_que/que/que.akku"),
[INFO] [stdout]    |         ----------------------------------------------
[INFO] [stdout]    |         |
[INFO] [stdout]    |         expected `u8`, found `String`
[INFO] [stdout]    |         an argument of type `Vec<std::string::String>` is missing
[INFO] [stdout]    |
[INFO] [stdout] note: associated function defined here
[INFO] [stdout]   --> /opt/rustwide/workdir/src/server/config.rs:45:18
[INFO] [stdout]    |
[INFO] [stdout] 45 |     pub async fn new(
[INFO] [stdout]    |                  ^^^
[INFO] [stdout] help: provide the argument
[INFO] [stdout]    |
[INFO] [stdout] 13 |     match ServerConfig::new(vec![587,2525], String::from("silversender.com"), format!("../secret/end.cert"), format!("../secret/end.rsa"), 100_000, /* Vec<std::string::String> */, 5_000_000, 5, /* u8 */, String::from("../letter_man_que/email_files/"), 1, false, true, false).await{
[INFO] [stdout]    |                            ~~~~~~~~~~~~~~~~~~~~~~~~~~~~~~~~~~~~~~~~~~~~~~~~~~~~~~~~~~~~~~~~~~~~~~~~~~~~~~~~~~~~~~~~~~~~~~~~~~~~~~~~~~~~~~~~~~~~~~~~~~~~~~~~~~~~~~~~~~~~~~~~~~~~~~~~~~~~~~~~~~~~~~~~~~~~~~~~~~~~~~~~~~~~~~~~~~~~~~~~~~~~~~~~~~~~~~~~~~~~~~~~~~~~~~~~~~~~~~~~~~~~~~~
[INFO] [stdout] 
[INFO] [stdout] error: aborting due to previous error
[INFO] [stdout] 
[INFO] [stdout] For more information about this error, try `rustc --explain E0061`.
[INFO] [stdout] Couldn't compile the test.
[INFO] [stdout] 
[INFO] [stdout] failures:
[INFO] [stdout]     src/client/mod.rs - client::read_key (line 15)
[INFO] [stdout]     src/lib.rs - client (line 11)
[INFO] [stdout]     src/lib.rs - server (line 103)
[INFO] [stdout] 
[INFO] [stdout] test result: FAILED. 0 passed; 3 failed; 0 ignored; 0 measured; 0 filtered out; finished in 0.28s
[INFO] [stdout] 
[INFO] [stderr] error: doctest failed, to rerun pass `--doc`
[INFO] running `Command { std: "docker" "inspect" "f2915ef64975bcd8cadc7ad68969e479b79b93caa077a4f379820e805eb4d55e", kill_on_drop: false }`
[INFO] running `Command { std: "docker" "rm" "-f" "f2915ef64975bcd8cadc7ad68969e479b79b93caa077a4f379820e805eb4d55e", kill_on_drop: false }`
[INFO] [stdout] f2915ef64975bcd8cadc7ad68969e479b79b93caa077a4f379820e805eb4d55e
