[INFO] fetching crate legion 0.4.0...
[INFO] testing legion-0.4.0 against 1.69.0 for beta-1.70-1
[INFO] extracting crate legion 0.4.0 into /workspace/builds/worker-5-tc1/source
[INFO] validating manifest of crates.io crate legion 0.4.0 on toolchain 1.69.0
[INFO] running `Command { std: CARGO_HOME="/workspace/cargo-home" RUSTUP_HOME="/workspace/rustup-home" "/workspace/cargo-home/bin/cargo" "+1.69.0" "metadata" "--manifest-path" "Cargo.toml" "--no-deps", kill_on_drop: false }`
[INFO] started tweaking crates.io crate legion 0.4.0
[INFO] removed 0 missing tests
[INFO] finished tweaking crates.io crate legion 0.4.0
[INFO] tweaked toml for crates.io crate legion 0.4.0 written to /workspace/builds/worker-5-tc1/source/Cargo.toml
[INFO] running `Command { std: CARGO_HOME="/workspace/cargo-home" RUSTUP_HOME="/workspace/rustup-home" __CARGO_TEST_CHANNEL_OVERRIDE_DO_NOT_USE_THIS="nightly" "/workspace/cargo-home/bin/cargo" "+1.69.0" "generate-lockfile" "--manifest-path" "Cargo.toml" "-Zno-index-update", kill_on_drop: false }`
[INFO] running `Command { std: CARGO_HOME="/workspace/cargo-home" RUSTUP_HOME="/workspace/rustup-home" "/workspace/cargo-home/bin/cargo" "+1.69.0" "fetch" "--manifest-path" "Cargo.toml", kill_on_drop: false }`
[INFO] [stderr]  Downloading crates ...
[INFO] [stderr]   Downloaded legion_codegen v0.4.0
[INFO] [stderr]   Downloaded cgmath v0.18.0
[INFO] [stderr]   Downloaded scoped-tls-hkt v0.1.2
[INFO] running `Command { std: "docker" "create" "-v" "/var/lib/crater-agent-workspace/builds/worker-5-tc1/target:/opt/rustwide/target:rw,Z" "-v" "/var/lib/crater-agent-workspace/builds/worker-5-tc1/source:/opt/rustwide/workdir:ro,Z" "-v" "/var/lib/crater-agent-workspace/cargo-home:/opt/rustwide/cargo-home:ro,Z" "-v" "/var/lib/crater-agent-workspace/rustup-home:/opt/rustwide/rustup-home:ro,Z" "-e" "SOURCE_DIR=/opt/rustwide/workdir" "-e" "CARGO_TARGET_DIR=/opt/rustwide/target" "-e" "CARGO_HOME=/opt/rustwide/cargo-home" "-e" "RUSTUP_HOME=/opt/rustwide/rustup-home" "-w" "/opt/rustwide/workdir" "-m" "1610612736" "--user" "0:0" "--network" "none" "ghcr.io/rust-lang/crates-build-env/linux@sha256:5ff2268d62e97bff2cde7d5815dd6ed5b47097566f13b8d0ca110b04b60e07ed" "/opt/rustwide/cargo-home/bin/cargo" "+1.69.0" "metadata" "--no-deps" "--format-version=1", kill_on_drop: false }`
[INFO] [stdout] de9f477e9def8358875dfc98be97b4b34dae18d585ce6541c457c48299ef35bb
[INFO] running `Command { std: "docker" "start" "-a" "de9f477e9def8358875dfc98be97b4b34dae18d585ce6541c457c48299ef35bb", kill_on_drop: false }`
[INFO] running `Command { std: "docker" "inspect" "de9f477e9def8358875dfc98be97b4b34dae18d585ce6541c457c48299ef35bb", kill_on_drop: false }`
[INFO] running `Command { std: "docker" "rm" "-f" "de9f477e9def8358875dfc98be97b4b34dae18d585ce6541c457c48299ef35bb", kill_on_drop: false }`
[INFO] [stdout] de9f477e9def8358875dfc98be97b4b34dae18d585ce6541c457c48299ef35bb
[INFO] running `Command { std: "docker" "create" "-v" "/var/lib/crater-agent-workspace/builds/worker-5-tc1/target:/opt/rustwide/target:rw,Z" "-v" "/var/lib/crater-agent-workspace/builds/worker-5-tc1/source:/opt/rustwide/workdir:ro,Z" "-v" "/var/lib/crater-agent-workspace/cargo-home:/opt/rustwide/cargo-home:ro,Z" "-v" "/var/lib/crater-agent-workspace/rustup-home:/opt/rustwide/rustup-home:ro,Z" "-e" "SOURCE_DIR=/opt/rustwide/workdir" "-e" "CARGO_TARGET_DIR=/opt/rustwide/target" "-e" "CARGO_INCREMENTAL=0" "-e" "RUST_BACKTRACE=full" "-e" "RUSTFLAGS=--cap-lints=warn" "-e" "RUSTDOCFLAGS=--cap-lints=warn" "-e" "CARGO_HOME=/opt/rustwide/cargo-home" "-e" "RUSTUP_HOME=/opt/rustwide/rustup-home" "-w" "/opt/rustwide/workdir" "-m" "1610612736" "--user" "0:0" "--network" "none" "ghcr.io/rust-lang/crates-build-env/linux@sha256:5ff2268d62e97bff2cde7d5815dd6ed5b47097566f13b8d0ca110b04b60e07ed" "/opt/rustwide/cargo-home/bin/cargo" "+1.69.0" "build" "--frozen" "--message-format=json", kill_on_drop: false }`
[INFO] [stdout] aaa1b3a674687a379ea5c1cf2a934666785f990ca1e71e4e664b5f3ca66116de
[INFO] running `Command { std: "docker" "start" "-a" "aaa1b3a674687a379ea5c1cf2a934666785f990ca1e71e4e664b5f3ca66116de", kill_on_drop: false }`
[INFO] [stderr]    Compiling crossbeam-utils v0.8.15
[INFO] [stderr]    Compiling memoffset v0.8.0
[INFO] [stderr]    Compiling scopeguard v1.1.0
[INFO] [stderr]    Compiling crossbeam-epoch v0.9.14
[INFO] [stderr]    Compiling serde v1.0.160
[INFO] [stderr]    Compiling lock_api v0.4.9
[INFO] [stderr]    Compiling syn v1.0.109
[INFO] [stderr]    Compiling parking_lot_core v0.8.6
[INFO] [stderr]    Compiling rayon-core v1.11.0
[INFO] [stderr]    Compiling instant v0.1.12
[INFO] [stderr]    Compiling smallvec v1.10.0
[INFO] [stderr]    Compiling either v1.8.1
[INFO] [stderr]    Compiling erased-serde v0.3.25
[INFO] [stderr]    Compiling paste v1.0.12
[INFO] [stderr]    Compiling num_cpus v1.15.0
[INFO] [stderr]    Compiling serde_derive v1.0.160
[INFO] [stderr]    Compiling getrandom v0.2.9
[INFO] [stderr]    Compiling bit-vec v0.6.3
[INFO] [stderr]    Compiling itertools v0.10.5
[INFO] [stderr]    Compiling downcast-rs v1.2.0
[INFO] [stderr]    Compiling bit-set v0.5.3
[INFO] [stderr]    Compiling scoped-tls-hkt v0.1.2
[INFO] [stderr]    Compiling atomic_refcell v0.1.10
[INFO] [stderr]    Compiling crossbeam-channel v0.5.8
[INFO] [stderr]    Compiling parking_lot v0.11.2
[INFO] [stderr]    Compiling crossbeam-deque v0.8.3
[INFO] [stderr]    Compiling rayon v1.7.0
[INFO] [stderr]    Compiling legion_codegen v0.4.0
[INFO] [stderr]    Compiling uuid v0.8.2
[INFO] [stderr]    Compiling legion v0.4.0 (/opt/rustwide/workdir)
[INFO] [stdout] warning: use of deprecated method `itertools::Itertools::fold1`: Use `Iterator::reduce` instead
[INFO] [stdout]    --> src/internals/permissions.rs:272:18
[INFO] [stdout]     |
[INFO] [stdout] 272 |                 .fold1(|x, y| format!("{}, {}", x, y))
[INFO] [stdout]     |                  ^^^^^
[INFO] [stdout]     |
[INFO] [stdout]     = note: `#[warn(deprecated)]` on by default
[INFO] [stdout] 
[INFO] [stdout] 
[INFO] [stdout] warning: use of deprecated method `itertools::Itertools::fold1`: Use `Iterator::reduce` instead
[INFO] [stdout]    --> src/internals/permissions.rs:292:18
[INFO] [stdout]     |
[INFO] [stdout] 292 |                 .fold1(|x, y| format!("{}, {}", x, y))
[INFO] [stdout]     |                  ^^^^^
[INFO] [stdout] 
[INFO] [stdout] 
[INFO] [stdout] warning: trait objects without an explicit `dyn` are deprecated
[INFO] [stdout]    --> src/internals/serialize/id.rs:126:36
[INFO] [stdout]     |
[INFO] [stdout] 126 |             let mut deserializer = erased_serde::Deserializer::erase(deserializer);
[INFO] [stdout]     |                                    ^^^^^^^^^^^^^^^^^^^^^^^^^^
[INFO] [stdout]     |
[INFO] [stdout]     = warning: this is accepted in the current edition (Rust 2018) but is a hard error in Rust 2021!
[INFO] [stdout]     = note: for more information, see <https://doc.rust-lang.org/nightly/edition-guide/rust-2021/warnings-promoted-to-error.html>
[INFO] [stdout]     = note: `#[warn(bare_trait_objects)]` on by default
[INFO] [stdout] help: use `dyn`
[INFO] [stdout]     |
[INFO] [stdout] 126 |             let mut deserializer = <dyn erased_serde::Deserializer>::erase(deserializer);
[INFO] [stdout]     |                                    ++++                           +
[INFO] [stdout] 
[INFO] [stdout] 
[INFO] [stdout] warning: trait objects without an explicit `dyn` are deprecated
[INFO] [stdout]    --> src/internals/serialize/mod.rs:308:36
[INFO] [stdout]     |
[INFO] [stdout] 308 |             let mut deserializer = erased_serde::Deserializer::erase(deserializer);
[INFO] [stdout]     |                                    ^^^^^^^^^^^^^^^^^^^^^^^^^^
[INFO] [stdout]     |
[INFO] [stdout]     = warning: this is accepted in the current edition (Rust 2018) but is a hard error in Rust 2021!
[INFO] [stdout]     = note: for more information, see <https://doc.rust-lang.org/nightly/edition-guide/rust-2021/warnings-promoted-to-error.html>
[INFO] [stdout] help: use `dyn`
[INFO] [stdout]     |
[INFO] [stdout] 308 |             let mut deserializer = <dyn erased_serde::Deserializer>::erase(deserializer);
[INFO] [stdout]     |                                    ++++                           +
[INFO] [stdout] 
[INFO] [stdout] 
[INFO] [stdout] warning: trait objects without an explicit `dyn` are deprecated
[INFO] [stdout]    --> src/internals/serialize/mod.rs:323:36
[INFO] [stdout]     |
[INFO] [stdout] 323 |             let mut deserializer = erased_serde::Deserializer::erase(deserializer);
[INFO] [stdout]     |                                    ^^^^^^^^^^^^^^^^^^^^^^^^^^
[INFO] [stdout]     |
[INFO] [stdout]     = warning: this is accepted in the current edition (Rust 2018) but is a hard error in Rust 2021!
[INFO] [stdout]     = note: for more information, see <https://doc.rust-lang.org/nightly/edition-guide/rust-2021/warnings-promoted-to-error.html>
[INFO] [stdout] help: use `dyn`
[INFO] [stdout]     |
[INFO] [stdout] 323 |             let mut deserializer = <dyn erased_serde::Deserializer>::erase(deserializer);
[INFO] [stdout]     |                                    ++++                           +
[INFO] [stdout] 
[INFO] [stdout] 
[INFO] [stdout] warning: 5 warnings emitted
[INFO] [stdout] 
[INFO] [stdout] 
[INFO] [stderr]     Finished dev [unoptimized + debuginfo] target(s) in 9.85s
[INFO] running `Command { std: "docker" "inspect" "aaa1b3a674687a379ea5c1cf2a934666785f990ca1e71e4e664b5f3ca66116de", kill_on_drop: false }`
[INFO] running `Command { std: "docker" "rm" "-f" "aaa1b3a674687a379ea5c1cf2a934666785f990ca1e71e4e664b5f3ca66116de", kill_on_drop: false }`
[INFO] [stdout] aaa1b3a674687a379ea5c1cf2a934666785f990ca1e71e4e664b5f3ca66116de
[INFO] running `Command { std: "docker" "create" "-v" "/var/lib/crater-agent-workspace/builds/worker-5-tc1/target:/opt/rustwide/target:rw,Z" "-v" "/var/lib/crater-agent-workspace/builds/worker-5-tc1/source:/opt/rustwide/workdir:ro,Z" "-v" "/var/lib/crater-agent-workspace/cargo-home:/opt/rustwide/cargo-home:ro,Z" "-v" "/var/lib/crater-agent-workspace/rustup-home:/opt/rustwide/rustup-home:ro,Z" "-e" "SOURCE_DIR=/opt/rustwide/workdir" "-e" "CARGO_TARGET_DIR=/opt/rustwide/target" "-e" "CARGO_INCREMENTAL=0" "-e" "RUST_BACKTRACE=full" "-e" "RUSTFLAGS=--cap-lints=warn" "-e" "RUSTDOCFLAGS=--cap-lints=warn" "-e" "CARGO_HOME=/opt/rustwide/cargo-home" "-e" "RUSTUP_HOME=/opt/rustwide/rustup-home" "-w" "/opt/rustwide/workdir" "-m" "1610612736" "--user" "0:0" "--network" "none" "ghcr.io/rust-lang/crates-build-env/linux@sha256:5ff2268d62e97bff2cde7d5815dd6ed5b47097566f13b8d0ca110b04b60e07ed" "/opt/rustwide/cargo-home/bin/cargo" "+1.69.0" "test" "--frozen" "--no-run" "--message-format=json", kill_on_drop: false }`
[INFO] [stdout] 01d3694cd345ccc335dabaa0a8e30c19cc884a68cff70f9c76e225b9e5aa6545
[INFO] running `Command { std: "docker" "start" "-a" "01d3694cd345ccc335dabaa0a8e30c19cc884a68cff70f9c76e225b9e5aa6545", kill_on_drop: false }`
[INFO] [stderr]    Compiling num-traits v0.2.15
[INFO] [stderr]    Compiling plotters-backend v0.3.4
[INFO] [stderr]    Compiling csv-core v0.1.10
[INFO] [stderr]    Compiling cgmath v0.18.0
[INFO] [stderr]    Compiling regex-syntax v0.7.1
[INFO] [stderr]    Compiling cast v0.3.0
[INFO] [stderr]    Compiling trybuild v1.0.80
[INFO] [stderr]    Compiling same-file v1.0.6
[INFO] [stderr]    Compiling half v1.8.2
[INFO] [stderr]    Compiling clap v2.34.0
[INFO] [stderr]    Compiling atty v0.2.14
[INFO] [stderr]    Compiling serde_json v1.0.96
[INFO] [stderr]    Compiling basic-toml v0.1.2
[INFO] [stderr]    Compiling oorandom v11.1.3
[INFO] [stderr]    Compiling bincode v1.3.3
[INFO] [stdout] warning: use of deprecated method `itertools::Itertools::fold1`: Use `Iterator::reduce` instead
[INFO] [stdout]    --> src/internals/permissions.rs:272:18
[INFO] [stdout]     |
[INFO] [stdout] 272 |                 .fold1(|x, y| format!("{}, {}", x, y))
[INFO] [stdout]     |                  ^^^^^
[INFO] [stdout]     |
[INFO] [stdout]     = note: `#[warn(deprecated)]` on by default
[INFO] [stdout] 
[INFO] [stdout] 
[INFO] [stdout] warning: use of deprecated method `itertools::Itertools::fold1`: Use `Iterator::reduce` instead
[INFO] [stdout]    --> src/internals/permissions.rs:292:18
[INFO] [stdout]     |
[INFO] [stdout] 292 |                 .fold1(|x, y| format!("{}, {}", x, y))
[INFO] [stdout]     |                  ^^^^^
[INFO] [stdout] 
[INFO] [stdout] 
[INFO] [stdout] warning: trait objects without an explicit `dyn` are deprecated
[INFO] [stdout]    --> src/internals/serialize/id.rs:126:36
[INFO] [stdout]     |
[INFO] [stdout] 126 |             let mut deserializer = erased_serde::Deserializer::erase(deserializer);
[INFO] [stdout]     |                                    ^^^^^^^^^^^^^^^^^^^^^^^^^^
[INFO] [stdout]     |
[INFO] [stdout]     = warning: this is accepted in the current edition (Rust 2018) but is a hard error in Rust 2021!
[INFO] [stdout]     = note: for more information, see <https://doc.rust-lang.org/nightly/edition-guide/rust-2021/warnings-promoted-to-error.html>
[INFO] [stdout]     = note: `#[warn(bare_trait_objects)]` on by default
[INFO] [stdout] help: use `dyn`
[INFO] [stdout]     |
[INFO] [stdout] 126 |             let mut deserializer = <dyn erased_serde::Deserializer>::erase(deserializer);
[INFO] [stdout]     |                                    ++++                           +
[INFO] [stdout] 
[INFO] [stdout] 
[INFO] [stdout] warning: trait objects without an explicit `dyn` are deprecated
[INFO] [stdout]    --> src/internals/serialize/mod.rs:308:36
[INFO] [stdout]     |
[INFO] [stdout] 308 |             let mut deserializer = erased_serde::Deserializer::erase(deserializer);
[INFO] [stdout]     |                                    ^^^^^^^^^^^^^^^^^^^^^^^^^^
[INFO] [stdout]     |
[INFO] [stdout]     = warning: this is accepted in the current edition (Rust 2018) but is a hard error in Rust 2021!
[INFO] [stdout]     = note: for more information, see <https://doc.rust-lang.org/nightly/edition-guide/rust-2021/warnings-promoted-to-error.html>
[INFO] [stdout] help: use `dyn`
[INFO] [stdout]     |
[INFO] [stdout] 308 |             let mut deserializer = <dyn erased_serde::Deserializer>::erase(deserializer);
[INFO] [stdout]     |                                    ++++                           +
[INFO] [stdout] 
[INFO] [stdout] 
[INFO] [stdout] warning: trait objects without an explicit `dyn` are deprecated
[INFO] [stdout]    --> src/internals/serialize/mod.rs:323:36
[INFO] [stdout]     |
[INFO] [stdout] 323 |             let mut deserializer = erased_serde::Deserializer::erase(deserializer);
[INFO] [stdout]     |                                    ^^^^^^^^^^^^^^^^^^^^^^^^^^
[INFO] [stdout]     |
[INFO] [stdout]     = warning: this is accepted in the current edition (Rust 2018) but is a hard error in Rust 2021!
[INFO] [stdout]     = note: for more information, see <https://doc.rust-lang.org/nightly/edition-guide/rust-2021/warnings-promoted-to-error.html>
[INFO] [stdout] help: use `dyn`
[INFO] [stdout]     |
[INFO] [stdout] 323 |             let mut deserializer = <dyn erased_serde::Deserializer>::erase(deserializer);
[INFO] [stdout]     |                                    ++++                           +
[INFO] [stdout] 
[INFO] [stdout] 
[INFO] [stdout] warning: 5 warnings emitted
[INFO] [stdout] 
[INFO] [stdout] 
[INFO] [stderr]    Compiling walkdir v2.3.3
[INFO] [stderr]    Compiling plotters-svg v0.3.3
[INFO] [stderr]    Compiling csv v1.2.1
[INFO] [stderr]    Compiling serde_cbor v0.11.2
[INFO] [stderr]    Compiling criterion-plot v0.4.5
[INFO] [stderr]    Compiling tinytemplate v1.2.1
[INFO] [stderr]    Compiling approx v0.4.0
[INFO] [stderr]    Compiling plotters v0.3.4
[INFO] [stderr]    Compiling regex v1.8.1
[INFO] [stderr]    Compiling criterion v0.3.6
[INFO] [stderr]    Compiling legion v0.4.0 (/opt/rustwide/workdir)
[INFO] [stdout] warning: use of deprecated method `itertools::Itertools::fold1`: Use `Iterator::reduce` instead
[INFO] [stdout]    --> src/internals/permissions.rs:272:18
[INFO] [stdout]     |
[INFO] [stdout] 272 |                 .fold1(|x, y| format!("{}, {}", x, y))
[INFO] [stdout]     |                  ^^^^^
[INFO] [stdout]     |
[INFO] [stdout]     = note: `#[warn(deprecated)]` on by default
[INFO] [stdout] 
[INFO] [stdout] 
[INFO] [stdout] warning: use of deprecated method `itertools::Itertools::fold1`: Use `Iterator::reduce` instead
[INFO] [stdout]    --> src/internals/permissions.rs:292:18
[INFO] [stdout]     |
[INFO] [stdout] 292 |                 .fold1(|x, y| format!("{}, {}", x, y))
[INFO] [stdout]     |                  ^^^^^
[INFO] [stdout] 
[INFO] [stdout] 
[INFO] [stdout] warning: trait objects without an explicit `dyn` are deprecated
[INFO] [stdout]    --> src/internals/serialize/id.rs:126:36
[INFO] [stdout]     |
[INFO] [stdout] 126 |             let mut deserializer = erased_serde::Deserializer::erase(deserializer);
[INFO] [stdout]     |                                    ^^^^^^^^^^^^^^^^^^^^^^^^^^
[INFO] [stdout]     |
[INFO] [stdout]     = warning: this is accepted in the current edition (Rust 2018) but is a hard error in Rust 2021!
[INFO] [stdout]     = note: for more information, see <https://doc.rust-lang.org/nightly/edition-guide/rust-2021/warnings-promoted-to-error.html>
[INFO] [stdout]     = note: `#[warn(bare_trait_objects)]` on by default
[INFO] [stdout] help: use `dyn`
[INFO] [stdout]     |
[INFO] [stdout] 126 |             let mut deserializer = <dyn erased_serde::Deserializer>::erase(deserializer);
[INFO] [stdout]     |                                    ++++                           +
[INFO] [stdout] 
[INFO] [stdout] 
[INFO] [stdout] warning: trait objects without an explicit `dyn` are deprecated
[INFO] [stdout]    --> src/internals/serialize/mod.rs:308:36
[INFO] [stdout]     |
[INFO] [stdout] 308 |             let mut deserializer = erased_serde::Deserializer::erase(deserializer);
[INFO] [stdout]     |                                    ^^^^^^^^^^^^^^^^^^^^^^^^^^
[INFO] [stdout]     |
[INFO] [stdout]     = warning: this is accepted in the current edition (Rust 2018) but is a hard error in Rust 2021!
[INFO] [stdout]     = note: for more information, see <https://doc.rust-lang.org/nightly/edition-guide/rust-2021/warnings-promoted-to-error.html>
[INFO] [stdout] help: use `dyn`
[INFO] [stdout]     |
[INFO] [stdout] 308 |             let mut deserializer = <dyn erased_serde::Deserializer>::erase(deserializer);
[INFO] [stdout]     |                                    ++++                           +
[INFO] [stdout] 
[INFO] [stdout] 
[INFO] [stdout] warning: trait objects without an explicit `dyn` are deprecated
[INFO] [stdout]    --> src/internals/serialize/mod.rs:323:36
[INFO] [stdout]     |
[INFO] [stdout] 323 |             let mut deserializer = erased_serde::Deserializer::erase(deserializer);
[INFO] [stdout]     |                                    ^^^^^^^^^^^^^^^^^^^^^^^^^^
[INFO] [stdout]     |
[INFO] [stdout]     = warning: this is accepted in the current edition (Rust 2018) but is a hard error in Rust 2021!
[INFO] [stdout]     = note: for more information, see <https://doc.rust-lang.org/nightly/edition-guide/rust-2021/warnings-promoted-to-error.html>
[INFO] [stdout] help: use `dyn`
[INFO] [stdout]     |
[INFO] [stdout] 323 |             let mut deserializer = <dyn erased_serde::Deserializer>::erase(deserializer);
[INFO] [stdout]     |                                    ++++                           +
[INFO] [stdout] 
[INFO] [stdout] 
[INFO] [stdout] warning: 5 warnings emitted
[INFO] [stdout] 
[INFO] [stdout] 
[INFO] [stderr]     Finished test [unoptimized + debuginfo] target(s) in 15.32s
[INFO] running `Command { std: "docker" "inspect" "01d3694cd345ccc335dabaa0a8e30c19cc884a68cff70f9c76e225b9e5aa6545", kill_on_drop: false }`
[INFO] running `Command { std: "docker" "rm" "-f" "01d3694cd345ccc335dabaa0a8e30c19cc884a68cff70f9c76e225b9e5aa6545", kill_on_drop: false }`
[INFO] [stdout] 01d3694cd345ccc335dabaa0a8e30c19cc884a68cff70f9c76e225b9e5aa6545
[INFO] running `Command { std: "docker" "create" "-v" "/var/lib/crater-agent-workspace/builds/worker-5-tc1/target:/opt/rustwide/target:rw,Z" "-v" "/var/lib/crater-agent-workspace/builds/worker-5-tc1/source:/opt/rustwide/workdir:ro,Z" "-v" "/var/lib/crater-agent-workspace/cargo-home:/opt/rustwide/cargo-home:ro,Z" "-v" "/var/lib/crater-agent-workspace/rustup-home:/opt/rustwide/rustup-home:ro,Z" "-e" "SOURCE_DIR=/opt/rustwide/workdir" "-e" "CARGO_TARGET_DIR=/opt/rustwide/target" "-e" "CARGO_INCREMENTAL=0" "-e" "RUST_BACKTRACE=full" "-e" "RUSTFLAGS=--cap-lints=warn" "-e" "RUSTDOCFLAGS=--cap-lints=warn" "-e" "CARGO_HOME=/opt/rustwide/cargo-home" "-e" "RUSTUP_HOME=/opt/rustwide/rustup-home" "-w" "/opt/rustwide/workdir" "-m" "1610612736" "--user" "0:0" "--network" "none" "ghcr.io/rust-lang/crates-build-env/linux@sha256:5ff2268d62e97bff2cde7d5815dd6ed5b47097566f13b8d0ca110b04b60e07ed" "/opt/rustwide/cargo-home/bin/cargo" "+1.69.0" "test" "--frozen", kill_on_drop: false }`
[INFO] [stdout] d62fb09bb3d0eaa4989c6b7b9bc022c381ccb8221537038b1639999fe9604b20
[INFO] running `Command { std: "docker" "start" "-a" "d62fb09bb3d0eaa4989c6b7b9bc022c381ccb8221537038b1639999fe9604b20", kill_on_drop: false }`
[INFO] [stderr]     Blocking waiting for file lock on package cache
[INFO] [stderr]     Blocking waiting for file lock on package cache
[INFO] [stderr] warning: use of deprecated method `itertools::Itertools::fold1`: Use `Iterator::reduce` instead
[INFO] [stderr]    --> src/internals/permissions.rs:272:18
[INFO] [stderr]     |
[INFO] [stderr] 272 |                 .fold1(|x, y| format!("{}, {}", x, y))
[INFO] [stderr]     |                  ^^^^^
[INFO] [stderr]     |
[INFO] [stderr]     = note: `#[warn(deprecated)]` on by default
[INFO] [stderr] 
[INFO] [stderr] warning: use of deprecated method `itertools::Itertools::fold1`: Use `Iterator::reduce` instead
[INFO] [stderr]    --> src/internals/permissions.rs:292:18
[INFO] [stderr]     |
[INFO] [stderr] 292 |                 .fold1(|x, y| format!("{}, {}", x, y))
[INFO] [stderr]     |                  ^^^^^
[INFO] [stderr] 
[INFO] [stderr] warning: trait objects without an explicit `dyn` are deprecated
[INFO] [stderr]    --> src/internals/serialize/id.rs:126:36
[INFO] [stderr]     |
[INFO] [stderr] 126 |             let mut deserializer = erased_serde::Deserializer::erase(deserializer);
[INFO] [stderr]     |                                    ^^^^^^^^^^^^^^^^^^^^^^^^^^
[INFO] [stderr]     |
[INFO] [stderr]     = warning: this is accepted in the current edition (Rust 2018) but is a hard error in Rust 2021!
[INFO] [stderr]     = note: for more information, see <https://doc.rust-lang.org/nightly/edition-guide/rust-2021/warnings-promoted-to-error.html>
[INFO] [stderr]     = note: `#[warn(bare_trait_objects)]` on by default
[INFO] [stderr] help: use `dyn`
[INFO] [stderr]     |
[INFO] [stderr] 126 |             let mut deserializer = <dyn erased_serde::Deserializer>::erase(deserializer);
[INFO] [stderr]     |                                    ++++                           +
[INFO] [stderr] 
[INFO] [stderr] warning: trait objects without an explicit `dyn` are deprecated
[INFO] [stderr]    --> src/internals/serialize/mod.rs:308:36
[INFO] [stderr]     |
[INFO] [stderr] 308 |             let mut deserializer = erased_serde::Deserializer::erase(deserializer);
[INFO] [stderr]     |                                    ^^^^^^^^^^^^^^^^^^^^^^^^^^
[INFO] [stderr]     |
[INFO] [stderr]     = warning: this is accepted in the current edition (Rust 2018) but is a hard error in Rust 2021!
[INFO] [stderr]     = note: for more information, see <https://doc.rust-lang.org/nightly/edition-guide/rust-2021/warnings-promoted-to-error.html>
[INFO] [stderr] help: use `dyn`
[INFO] [stderr]     |
[INFO] [stderr] 308 |             let mut deserializer = <dyn erased_serde::Deserializer>::erase(deserializer);
[INFO] [stderr]     |                                    ++++                           +
[INFO] [stderr] 
[INFO] [stderr] warning: trait objects without an explicit `dyn` are deprecated
[INFO] [stderr]    --> src/internals/serialize/mod.rs:323:36
[INFO] [stderr]     |
[INFO] [stderr] 323 |             let mut deserializer = erased_serde::Deserializer::erase(deserializer);
[INFO] [stderr]     |                                    ^^^^^^^^^^^^^^^^^^^^^^^^^^
[INFO] [stderr]     |
[INFO] [stderr]     = warning: this is accepted in the current edition (Rust 2018) but is a hard error in Rust 2021!
[INFO] [stderr]     = note: for more information, see <https://doc.rust-lang.org/nightly/edition-guide/rust-2021/warnings-promoted-to-error.html>
[INFO] [stderr] help: use `dyn`
[INFO] [stderr]     |
[INFO] [stderr] 323 |             let mut deserializer = <dyn erased_serde::Deserializer>::erase(deserializer);
[INFO] [stderr]     |                                    ++++                           +
[INFO] [stderr] 
[INFO] [stderr] warning: `legion` (lib) generated 5 warnings (run `cargo fix --lib -p legion` to apply 3 suggestions)
[INFO] [stderr] warning: `legion` (lib test) generated 5 warnings (5 duplicates)
[INFO] [stderr]     Finished test [unoptimized + debuginfo] target(s) in 0.20s
[INFO] [stderr]      Running unittests src/lib.rs (/opt/rustwide/target/debug/deps/legion-175c599820bd2582)
[INFO] [stdout] 
[INFO] [stdout] running 72 tests
[INFO] [stdout] test internals::cons::tests::cons_prepend ... ok
[INFO] [stdout] test internals::hash::hasher ... ok
[INFO] [stdout] test internals::iter::indexed::test::iter_slice_multiple ... ok
[INFO] [stdout] test internals::permissions::tests::demote_readwrite_to_write ... ok
[INFO] [stdout] test internals::iter::indexed::test::iter_slice_single_rev ... ok
[INFO] [stdout] test internals::permissions::tests::push_both ... ok
[INFO] [stdout] test internals::permissions::tests::promote_read_to_readwrite ... ok
[INFO] [stdout] test internals::cons::tests::cons_append ... ok
[INFO] [stdout] test internals::cons::tests::cons_flatten ... ok
[INFO] [stdout] test internals::permissions::tests::promote_write_to_readwrite ... ok
[INFO] [stdout] test internals::cons::tests::cons_macro ... ok
[INFO] [stdout] test internals::iter::indexed::test::iter_slice_single_empty ... ok
[INFO] [stdout] test internals::iter::indexed::test::iter_slice_multiple_jagged ... ok
[INFO] [stdout] test internals::iter::indexed::test::iter_slice_single ... ok
[INFO] [stdout] test internals::permissions::tests::demote_readwrite_to_read ... ok
[INFO] [stdout] test internals::entry::test::add_component ... ok
[INFO] [stdout] test internals::entry::test::remove_component ... ok
[INFO] [stdout] test internals::permissions::tests::push_write ... ok
[INFO] [stdout] test internals::permissions::tests::remove_read ... ok
[INFO] [stdout] test internals::query::test::complex_query_split ... ok
[INFO] [stdout] test internals::query::test::query_component_lifetime ... ok
[INFO] [stdout] test internals::storage::packed::test::create_storage ... ok
[INFO] [stdout] test internals::permissions::tests::remove_write ... ok
[INFO] [stdout] test internals::permissions::tests::push_read ... ok
[INFO] [stdout] test internals::query::test::queryresult_split_zero ... ok
[INFO] [stdout] test internals::query::test::queryresult_split_one ... ok
[INFO] [stdout] test internals::storage::packed::test::insert_components ... ok
[INFO] [stdout] test internals::storage::packed::test::create_zst_storage ... ok
[INFO] [stdout] test internals::storage::packed::test::insert_zst_components ... ok
[INFO] [stdout] test internals::storage::packed::test::swap_remove_first ... ok
[INFO] [stdout] test internals::storage::packed::test::swap_remove_last ... ok
[INFO] [stdout] test internals::storage::packed::test::insert_archetype ... ok
[INFO] [stdout] test internals::storage::packed::test::insert_zst_archetype ... ok
[INFO] [stdout] test internals::query::test::query_split ... ok
[INFO] [stdout] test internals::query::test::query ... ok
[INFO] [stdout] test internals::serialize::test::serialize_bincode ... ok
[INFO] [stdout] test internals::query::test::par_iter_option ... ok
[INFO] [stdout] test internals::storage::slicevec::test::create ... ok
[INFO] [stdout] test internals::subworld::tests::complex_split ... ok
[INFO] [stdout] test internals::storage::slicevec::test::push ... ok
[INFO] [stdout] test internals::subworld::tests::split_read_permissions ... ok
[INFO] [stdout] test internals::storage::slicevec::test::iter ... ok
[INFO] [stdout] test internals::subworld::tests::split_write_permissions ... ok
[INFO] [stdout] test internals::systems::command::tests::simple_write_test ... ok
[INFO] [stdout] test internals::systems::system::tests::subworld_split_in_system_read ... ok
[INFO] [stdout] test internals::serialize::test::serialize_json ... ok
[INFO] [stdout] test internals::serialize::test::serialize_json_external_canon ... ok
[INFO] [stdout] test internals::systems::schedule::tests::flush_thread_local ... ok
[INFO] [stdout] test internals::systems::schedule::tests::execute_in_order ... ok
[INFO] [stdout] test internals::systems::resources::tests::simple_read_write_test ... ok
[INFO] [stdout] test internals::systems::schedule::tests::thread_local_resource ... ok
[INFO] [stdout] test internals::world::test::clone_from ... ok
[INFO] [stdout] test internals::world::test::extend_aos_zerosize_component ... ok
[INFO] [stdout] test internals::world::test::extend_aos ... ok
[INFO] [stdout] test internals::systems::schedule::tests::flush ... ok
[INFO] [stdout] test internals::world::test::clone_from_convert ... ok
[INFO] [stdout] test internals::world::test::create ... ok
[INFO] [stdout] test internals::world::test::extend_soa ... ok
[INFO] [stdout] test internals::world::test::clone_update_entity_refs ... ok
[INFO] [stdout] test internals::world::test::clone_from_single ... ok
[INFO] [stdout] test internals::world::test::extend_soa_zerosize_component ... ok
[INFO] [stdout] test internals::world::test::remove ... ok
[INFO] [stdout] test internals::world::test::move_from ... ok
[INFO] [stdout] test internals::world::test::remove_repeat ... ok
[INFO] [stdout] test internals::query::test::query_split_disallow_component_right - should panic ... ok
[INFO] [stdout] test internals::serialize::test::run_as_context_panic ... ok
[INFO] [stdout] test internals::query::test::query_split_disallow_component_left - should panic ... ok
[INFO] [stdout] test internals::world::test::extend_soa_unbalanced_components - should panic ... ok
[INFO] [stdout] test internals::world::test::extend_soa_duplicate_components - should panic ... ok
[INFO] [stdout] test internals::world::test::pack ... ok
[INFO] [stdout] test internals::world::test::extend_aos_duplicate_components - should panic ... ok
[INFO] [stdout] test internals::query::test::par_iter ... ok
[INFO] [stdout] 
[INFO] [stdout] test result: ok. 72 passed; 0 failed; 0 ignored; 0 measured; 0 filtered out; finished in 0.53s
[INFO] [stdout] 
[INFO] [stderr]      Running tests/codegen.rs (/opt/rustwide/target/debug/deps/codegen-bb9d537401b21e07)
[INFO] [stdout] 
[INFO] [stdout] running 3 tests
[INFO] [stdout] test query_get ... ok
[INFO] [stdout] test for_each_system ... ok
[INFO] [stdout] test basic_system ... ok
[INFO] [stdout] 
[INFO] [stdout] test result: ok. 3 passed; 0 failed; 0 ignored; 0 measured; 0 filtered out; finished in 0.02s
[INFO] [stdout] 
[INFO] [stderr]      Running tests/query_api.rs (/opt/rustwide/target/debug/deps/query_api-a538b5c38c4bf9f3)
[INFO] [stdout] 
[INFO] [stdout] running 15 tests
[INFO] [stdout] test query_cached_read_entity_data ... ok
[INFO] [stdout] test query_read_entity_data ... ok
[INFO] [stdout] test query_on_changed_self_changes ... ok
[INFO] [stdout] test query_try_with_changed_filter ... ok
[INFO] [stdout] test query_on_changed_no_changes ... ok
[INFO] [stdout] test query_on_changed_first ... ok
[INFO] [stdout] test query_read_entity_data_tuple ... ok
[INFO] [stdout] test query_try_write_entity_data ... ok
[INFO] [stdout] test query_try_read_entity_data ... ok
[INFO] [stdout] test query_mixed_entity_data_tuple ... ok
[INFO] [stdout] test query_write_entity_data ... ok
[INFO] [stdout] test query_write_entity_data_tuple ... ok
[INFO] [stdout] test query_partial_match ... ok
[INFO] [stdout] test query_read_entity_data_par ... ok
[INFO] [stdout] test query_read_entity_data_par_foreach ... ok
[INFO] [stdout] 
[INFO] [stdout] test result: ok. 15 passed; 0 failed; 0 ignored; 0 measured; 0 filtered out; finished in 0.01s
[INFO] [stdout] 
[INFO] [stderr]      Running tests/systems_basic.rs (/opt/rustwide/target/debug/deps/systems_basic-a5fe6712bc0a8e03)
[INFO] [stdout] 
[INFO] [stdout] running 17 tests
[INFO] [stdout] test tests::with_cmd_full_path ... ok
[INFO] [stdout] test tests::with_components ... ok
[INFO] [stdout] test tests::with_generics ... ok
[INFO] [stdout] test tests::empty ... ok
[INFO] [stdout] test tests::with_generics_with_where ... ok
[INFO] [stdout] test tests::with_cmd ... ok
[INFO] [stdout] test tests::with_mut_not_sendsync_resource ... ok
[INFO] [stdout] test tests::with_mut_cmd ... ok
[INFO] [stdout] test tests::with_mut_resource ... ok
[INFO] [stdout] test tests::with_mut_world ... ok
[INFO] [stdout] test tests::with_query ... ok
[INFO] [stdout] test tests::with_state ... ok
[INFO] [stdout] test tests::with_not_sendsync_resource ... ok
[INFO] [stdout] test tests::with_resource ... ok
[INFO] [stdout] test tests::with_mut_state ... ok
[INFO] [stdout] test tests::with_world ... ok
[INFO] [stdout] test tests::with_two_queries ... ok
[INFO] [stdout] 
[INFO] [stdout] test result: ok. 17 passed; 0 failed; 0 ignored; 0 measured; 0 filtered out; finished in 0.01s
[INFO] [stdout] 
[INFO] [stderr]      Running tests/systems_failures.rs (/opt/rustwide/target/debug/deps/systems_failures-78e918d4529fec65)
[INFO] [stdout] 
[INFO] [stdout] running 1 test
[INFO] [stderr]    Compiling autocfg v1.1.0
[INFO] [stderr]    Compiling proc-macro2 v1.0.56
[INFO] [stderr]    Compiling quote v1.0.26
[INFO] [stderr]    Compiling unicode-ident v1.0.8
[INFO] [stderr]     Checking cfg-if v1.0.0
[INFO] [stderr]    Compiling serde_derive v1.0.160
[INFO] [stderr]    Compiling libc v0.2.142
[INFO] [stderr]    Compiling serde v1.0.160
[INFO] [stderr]    Compiling crossbeam-utils v0.8.15
[INFO] [stderr]     Checking scopeguard v1.1.0
[INFO] [stderr]    Compiling thiserror v1.0.40
[INFO] [stderr]    Compiling memchr v2.5.0
[INFO] [stderr]     Checking either v1.8.1
[INFO] [stderr]    Compiling rayon-core v1.11.0
[INFO] [stderr]     Checking itoa v1.0.6
[INFO] [stderr]    Compiling serde_json v1.0.96
[INFO] [stderr]    Compiling parking_lot_core v0.8.6
[INFO] [stderr]    Compiling syn v1.0.109
[INFO] [stderr]     Checking ryu v1.0.13
[INFO] [stderr]     Checking instant v0.1.12
[INFO] [stderr]     Checking unicode-width v0.1.10
[INFO] [stderr]     Checking itertools v0.10.5
[INFO] [stderr]    Compiling erased-serde v0.3.25
[INFO] [stderr]     Checking smallvec v1.10.0
[INFO] [stderr]     Checking plotters-backend v0.3.4
[INFO] [stderr]    Compiling paste v1.0.12
[INFO] [stderr]     Checking textwrap v0.11.0
[INFO] [stderr]     Checking half v1.8.2
[INFO] [stderr]    Compiling memoffset v0.8.0
[INFO] [stderr]    Compiling crossbeam-epoch v0.9.14
[INFO] [stderr]    Compiling num-traits v0.2.15
[INFO] [stderr]    Compiling lock_api v0.4.9
[INFO] [stderr]     Checking csv-core v0.1.10
[INFO] [stderr]     Checking plotters-svg v0.3.3
[INFO] [stderr]    Compiling cgmath v0.18.0
[INFO] [stderr]     Checking bit-vec v0.6.3
[INFO] [stderr]     Checking cast v0.3.0
[INFO] [stderr]     Checking crossbeam-channel v0.5.8
[INFO] [stderr]     Checking regex-syntax v0.7.1
[INFO] [stderr]     Checking bitflags v1.3.2
[INFO] [stderr]     Checking same-file v1.0.6
[INFO] [stderr]     Checking atomic_refcell v0.1.10
[INFO] [stderr]     Checking clap v2.34.0
[INFO] [stderr]     Checking oorandom v11.1.3
[INFO] [stderr]     Checking bit-set v0.5.3
[INFO] [stderr]     Checking walkdir v2.3.3
[INFO] [stderr]     Checking downcast-rs v1.2.0
[INFO] [stderr]     Checking scoped-tls-hkt v0.1.2
[INFO] [stderr]     Checking lazy_static v1.4.0
[INFO] [stderr]    Compiling syn v2.0.15
[INFO] [stderr]     Checking num_cpus v1.15.0
[INFO] [stderr]     Checking getrandom v0.2.9
[INFO] [stderr]     Checking atty v0.2.14
[INFO] [stderr]     Checking criterion-plot v0.4.5
[INFO] [stderr]     Checking crossbeam-deque v0.8.3
[INFO] [stderr]     Checking parking_lot v0.11.2
[INFO] [stderr]     Checking regex v1.8.1
[INFO] [stderr]     Checking rayon v1.7.0
[INFO] [stderr]     Checking plotters v0.3.4
[INFO] [stderr]     Checking approx v0.4.0
[INFO] [stderr]    Compiling thiserror-impl v1.0.40
[INFO] [stderr]    Compiling legion_codegen v0.4.0
[INFO] [stderr]     Checking csv v1.2.1
[INFO] [stderr]     Checking serde_cbor v0.11.2
[INFO] [stderr]     Checking uuid v0.8.2
[INFO] [stderr]     Checking bincode v1.3.3
[INFO] [stderr]     Checking legion v0.4.0 (/opt/rustwide/workdir)
[INFO] [stderr]     Checking tinytemplate v1.2.1
[INFO] [stderr]     Checking criterion v0.3.6
[INFO] [stderr] warning: use of deprecated method `itertools::Itertools::fold1`: Use `Iterator::reduce` instead
[INFO] [stderr]    --> /opt/rustwide/workdir/src/internals/permissions.rs:272:18
[INFO] [stderr]     |
[INFO] [stderr] 272 |                 .fold1(|x, y| format!("{}, {}", x, y))
[INFO] [stderr]     |                  ^^^^^
[INFO] [stderr]     |
[INFO] [stderr]     = note: `#[warn(deprecated)]` on by default
[INFO] [stderr] 
[INFO] [stderr] warning: use of deprecated method `itertools::Itertools::fold1`: Use `Iterator::reduce` instead
[INFO] [stderr]    --> /opt/rustwide/workdir/src/internals/permissions.rs:292:18
[INFO] [stderr]     |
[INFO] [stderr] 292 |                 .fold1(|x, y| format!("{}, {}", x, y))
[INFO] [stderr]     |                  ^^^^^
[INFO] [stderr] 
[INFO] [stderr] warning: trait objects without an explicit `dyn` are deprecated
[INFO] [stderr]    --> /opt/rustwide/workdir/src/internals/serialize/id.rs:126:36
[INFO] [stderr]     |
[INFO] [stderr] 126 |             let mut deserializer = erased_serde::Deserializer::erase(deserializer);
[INFO] [stderr]     |                                    ^^^^^^^^^^^^^^^^^^^^^^^^^^
[INFO] [stderr]     |
[INFO] [stderr]     = warning: this is accepted in the current edition (Rust 2018) but is a hard error in Rust 2021!
[INFO] [stderr]     = note: for more information, see <https://doc.rust-lang.org/nightly/edition-guide/rust-2021/warnings-promoted-to-error.html>
[INFO] [stderr]     = note: `#[warn(bare_trait_objects)]` on by default
[INFO] [stderr] help: use `dyn`
[INFO] [stderr]     |
[INFO] [stderr] 126 |             let mut deserializer = <dyn erased_serde::Deserializer>::erase(deserializer);
[INFO] [stderr]     |                                    ++++                           +
[INFO] [stderr] 
[INFO] [stderr] warning: trait objects without an explicit `dyn` are deprecated
[INFO] [stderr]    --> /opt/rustwide/workdir/src/internals/serialize/mod.rs:308:36
[INFO] [stderr]     |
[INFO] [stderr] 308 |             let mut deserializer = erased_serde::Deserializer::erase(deserializer);
[INFO] [stderr]     |                                    ^^^^^^^^^^^^^^^^^^^^^^^^^^
[INFO] [stderr]     |
[INFO] [stderr]     = warning: this is accepted in the current edition (Rust 2018) but is a hard error in Rust 2021!
[INFO] [stderr]     = note: for more information, see <https://doc.rust-lang.org/nightly/edition-guide/rust-2021/warnings-promoted-to-error.html>
[INFO] [stderr] help: use `dyn`
[INFO] [stderr]     |
[INFO] [stderr] 308 |             let mut deserializer = <dyn erased_serde::Deserializer>::erase(deserializer);
[INFO] [stderr]     |                                    ++++                           +
[INFO] [stderr] 
[INFO] [stderr] warning: trait objects without an explicit `dyn` are deprecated
[INFO] [stderr]    --> /opt/rustwide/workdir/src/internals/serialize/mod.rs:323:36
[INFO] [stderr]     |
[INFO] [stderr] 323 |             let mut deserializer = erased_serde::Deserializer::erase(deserializer);
[INFO] [stderr]     |                                    ^^^^^^^^^^^^^^^^^^^^^^^^^^
[INFO] [stderr]     |
[INFO] [stderr]     = warning: this is accepted in the current edition (Rust 2018) but is a hard error in Rust 2021!
[INFO] [stderr]     = note: for more information, see <https://doc.rust-lang.org/nightly/edition-guide/rust-2021/warnings-promoted-to-error.html>
[INFO] [stderr] help: use `dyn`
[INFO] [stderr]     |
[INFO] [stderr] 323 |             let mut deserializer = <dyn erased_serde::Deserializer>::erase(deserializer);
[INFO] [stderr]     |                                    ++++                           +
[INFO] [stderr] 
[INFO] [stderr] warning: `legion` (lib) generated 5 warnings (run `cargo fix --lib -p legion` to apply 3 suggestions)
[INFO] [stderr]     Checking legion-tests v0.0.0 (/opt/rustwide/target/tests/trybuild/legion)
[INFO] [stderr]     Finished dev [unoptimized + debuginfo] target(s) in 18.95s
[INFO] [stderr] 
[INFO] [stderr] 
[INFO] [stderr] test tests/failures/par_mut_command.rs ... mismatch
[INFO] [stderr] 
[INFO] [stderr] EXPECTED:
[INFO] [stderr] ┈┈┈┈┈┈┈┈┈┈┈┈┈┈┈┈┈┈┈┈┈┈┈┈┈┈┈┈┈┈┈┈┈┈┈┈┈┈┈┈┈┈┈┈┈┈┈┈┈┈┈┈┈┈┈┈┈┈┈┈
[INFO] [stderr] error: par_for_each systems cannot accept mutable command buffer references
[INFO] [stderr]  --> $DIR/par_mut_command.rs:5:1
[INFO] [stderr]   |
[INFO] [stderr] 5 | #[system(par_for_each)]
[INFO] [stderr]   | ^^^^^^^^^^^^^^^^^^^^^^^
[INFO] [stderr]   |
[INFO] [stderr]   = note: this error originates in an attribute macro (in Nightly builds, run with -Z macro-backtrace for more info)
[INFO] [stderr] ┈┈┈┈┈┈┈┈┈┈┈┈┈┈┈┈┈┈┈┈┈┈┈┈┈┈┈┈┈┈┈┈┈┈┈┈┈┈┈┈┈┈┈┈┈┈┈┈┈┈┈┈┈┈┈┈┈┈┈┈
[INFO] [stderr] 
[INFO] [stderr] ACTUAL OUTPUT:
[INFO] [stderr] ┈┈┈┈┈┈┈┈┈┈┈┈┈┈┈┈┈┈┈┈┈┈┈┈┈┈┈┈┈┈┈┈┈┈┈┈┈┈┈┈┈┈┈┈┈┈┈┈┈┈┈┈┈┈┈┈┈┈┈┈
[INFO] [stderr] error: par_for_each systems cannot accept mutable command buffer references
[INFO] [stderr]  --> tests/failures/par_mut_command.rs:5:1
[INFO] [stderr]   |
[INFO] [stderr] 5 | #[system(par_for_each)]
[INFO] [stderr]   | ^^^^^^^^^^^^^^^^^^^^^^^
[INFO] [stderr]   |
[INFO] [stderr]   = note: this error originates in the attribute macro `system` (in Nightly builds, run with -Z macro-backtrace for more info)
[INFO] [stderr] ┈┈┈┈┈┈┈┈┈┈┈┈┈┈┈┈┈┈┈┈┈┈┈┈┈┈┈┈┈┈┈┈┈┈┈┈┈┈┈┈┈┈┈┈┈┈┈┈┈┈┈┈┈┈┈┈┈┈┈┈
[INFO] [stderr] note: If the actual output is the correct output you can bless it by rerunning
[INFO] [stderr]       your test with the environment variable TRYBUILD=overwrite
[INFO] [stderr] 
[INFO] [stderr] test tests/failures/par_mut_resource.rs ... mismatch
[INFO] [stderr] 
[INFO] [stderr] EXPECTED:
[INFO] [stderr] ┈┈┈┈┈┈┈┈┈┈┈┈┈┈┈┈┈┈┈┈┈┈┈┈┈┈┈┈┈┈┈┈┈┈┈┈┈┈┈┈┈┈┈┈┈┈┈┈┈┈┈┈┈┈┈┈┈┈┈┈
[INFO] [stderr] error: par_for_each systems cannot accept mutable resource references
[INFO] [stderr]  --> $DIR/par_mut_resource.rs:5:1
[INFO] [stderr]   |
[INFO] [stderr] 5 | #[system(par_for_each)]
[INFO] [stderr]   | ^^^^^^^^^^^^^^^^^^^^^^^
[INFO] [stderr]   |
[INFO] [stderr]   = note: this error originates in an attribute macro (in Nightly builds, run with -Z macro-backtrace for more info)
[INFO] [stderr] ┈┈┈┈┈┈┈┈┈┈┈┈┈┈┈┈┈┈┈┈┈┈┈┈┈┈┈┈┈┈┈┈┈┈┈┈┈┈┈┈┈┈┈┈┈┈┈┈┈┈┈┈┈┈┈┈┈┈┈┈
[INFO] [stderr] 
[INFO] [stderr] ACTUAL OUTPUT:
[INFO] [stderr] ┈┈┈┈┈┈┈┈┈┈┈┈┈┈┈┈┈┈┈┈┈┈┈┈┈┈┈┈┈┈┈┈┈┈┈┈┈┈┈┈┈┈┈┈┈┈┈┈┈┈┈┈┈┈┈┈┈┈┈┈
[INFO] [stderr] error: par_for_each systems cannot accept mutable resource references
[INFO] [stderr]  --> tests/failures/par_mut_resource.rs:5:1
[INFO] [stderr]   |
[INFO] [stderr] 5 | #[system(par_for_each)]
[INFO] [stderr]   | ^^^^^^^^^^^^^^^^^^^^^^^
[INFO] [stderr]   |
[INFO] [stderr]   = note: this error originates in the attribute macro `system` (in Nightly builds, run with -Z macro-backtrace for more info)
[INFO] [stderr] ┈┈┈┈┈┈┈┈┈┈┈┈┈┈┈┈┈┈┈┈┈┈┈┈┈┈┈┈┈┈┈┈┈┈┈┈┈┈┈┈┈┈┈┈┈┈┈┈┈┈┈┈┈┈┈┈┈┈┈┈
[INFO] [stderr] note: If the actual output is the correct output you can bless it by rerunning
[INFO] [stderr]       your test with the environment variable TRYBUILD=overwrite
[INFO] [stderr] 
[INFO] [stderr] test tests/failures/par_mut_world.rs ... mismatch
[INFO] [stderr] 
[INFO] [stderr] EXPECTED:
[INFO] [stderr] ┈┈┈┈┈┈┈┈┈┈┈┈┈┈┈┈┈┈┈┈┈┈┈┈┈┈┈┈┈┈┈┈┈┈┈┈┈┈┈┈┈┈┈┈┈┈┈┈┈┈┈┈┈┈┈┈┈┈┈┈
[INFO] [stderr] error: par_for_each systems cannot accept mutable world references
[INFO] [stderr]  --> $DIR/par_mut_world.rs:5:1
[INFO] [stderr]   |
[INFO] [stderr] 5 | #[system(par_for_each)]
[INFO] [stderr]   | ^^^^^^^^^^^^^^^^^^^^^^^
[INFO] [stderr]   |
[INFO] [stderr]   = note: this error originates in an attribute macro (in Nightly builds, run with -Z macro-backtrace for more info)
[INFO] [stderr] ┈┈┈┈┈┈┈┈┈┈┈┈┈┈┈┈┈┈┈┈┈┈┈┈┈┈┈┈┈┈┈┈┈┈┈┈┈┈┈┈┈┈┈┈┈┈┈┈┈┈┈┈┈┈┈┈┈┈┈┈
[INFO] [stderr] 
[INFO] [stderr] ACTUAL OUTPUT:
[INFO] [stderr] ┈┈┈┈┈┈┈┈┈┈┈┈┈┈┈┈┈┈┈┈┈┈┈┈┈┈┈┈┈┈┈┈┈┈┈┈┈┈┈┈┈┈┈┈┈┈┈┈┈┈┈┈┈┈┈┈┈┈┈┈
[INFO] [stderr] error: par_for_each systems cannot accept mutable world references
[INFO] [stderr]  --> tests/failures/par_mut_world.rs:5:1
[INFO] [stderr]   |
[INFO] [stderr] 5 | #[system(par_for_each)]
[INFO] [stderr]   | ^^^^^^^^^^^^^^^^^^^^^^^
[INFO] [stderr]   |
[INFO] [stderr]   = note: this error originates in the attribute macro `system` (in Nightly builds, run with -Z macro-backtrace for more info)
[INFO] [stderr] ┈┈┈┈┈┈┈┈┈┈┈┈┈┈┈┈┈┈┈┈┈┈┈┈┈┈┈┈┈┈┈┈┈┈┈┈┈┈┈┈┈┈┈┈┈┈┈┈┈┈┈┈┈┈┈┈┈┈┈┈
[INFO] [stderr] note: If the actual output is the correct output you can bless it by rerunning
[INFO] [stderr]       your test with the environment variable TRYBUILD=overwrite
[INFO] [stderr] 
[INFO] [stderr] test tests/failures/value_argument.rs ... ok
[INFO] [stderr] 
[INFO] [stderr] 
[INFO] [stdout] test tests::ui ... FAILED
[INFO] [stdout] 
[INFO] [stdout] failures:
[INFO] [stdout] 
[INFO] [stdout] ---- tests::ui stdout ----
[INFO] [stdout] thread 'tests::ui' panicked at '3 of 4 tests failed', /opt/rustwide/cargo-home/registry/src/github.com-1ecc6299db9ec823/trybuild-1.0.80/src/run.rs:101:13
[INFO] [stdout] stack backtrace:
[INFO] [stdout]    0:     0x5601d163249a - std::backtrace_rs::backtrace::libunwind::trace::ha9053a9a07ca49cb
[INFO] [stdout]                                at /rustc/84c898d65adf2f39a5a98507f1fe0ce10a2b8dbc/library/std/src/../../backtrace/src/backtrace/libunwind.rs:93:5
[INFO] [stdout]    1:     0x5601d163249a - std::backtrace_rs::backtrace::trace_unsynchronized::h9c2852a457ad564e
[INFO] [stdout]                                at /rustc/84c898d65adf2f39a5a98507f1fe0ce10a2b8dbc/library/std/src/../../backtrace/src/backtrace/mod.rs:66:5
[INFO] [stdout]    2:     0x5601d163249a - std::sys_common::backtrace::_print_fmt::h457936fbfaa0070f
[INFO] [stdout]                                at /rustc/84c898d65adf2f39a5a98507f1fe0ce10a2b8dbc/library/std/src/sys_common/backtrace.rs:65:5
[INFO] [stdout]    3:     0x5601d163249a - <std::sys_common::backtrace::_print::DisplayBacktrace as core::fmt::Display>::fmt::h5779d7bf7f70cb0c
[INFO] [stdout]                                at /rustc/84c898d65adf2f39a5a98507f1fe0ce10a2b8dbc/library/std/src/sys_common/backtrace.rs:44:22
[INFO] [stdout]    4:     0x5601d165813e - core::fmt::write::h5a4baaff1bcd3eb5
[INFO] [stdout]                                at /rustc/84c898d65adf2f39a5a98507f1fe0ce10a2b8dbc/library/core/src/fmt/mod.rs:1232:17
[INFO] [stdout]    5:     0x5601d162eae5 - std::io::Write::write_fmt::h478f79c628ef31d1
[INFO] [stdout]                                at /rustc/84c898d65adf2f39a5a98507f1fe0ce10a2b8dbc/library/std/src/io/mod.rs:1684:15
[INFO] [stdout]    6:     0x5601d1632265 - std::sys_common::backtrace::_print::h5fcdc36060f177e8
[INFO] [stdout]                                at /rustc/84c898d65adf2f39a5a98507f1fe0ce10a2b8dbc/library/std/src/sys_common/backtrace.rs:47:5
[INFO] [stdout]    7:     0x5601d1632265 - std::sys_common::backtrace::print::h54ca9458b876c8bf
[INFO] [stdout]                                at /rustc/84c898d65adf2f39a5a98507f1fe0ce10a2b8dbc/library/std/src/sys_common/backtrace.rs:34:9
[INFO] [stdout]    8:     0x5601d163402f - std::panicking::default_hook::{{closure}}::hbe471161c7664ed6
[INFO] [stdout]                                at /rustc/84c898d65adf2f39a5a98507f1fe0ce10a2b8dbc/library/std/src/panicking.rs:271:22
[INFO] [stdout]    9:     0x5601d1633cef - std::panicking::default_hook::ha3500da57aa4ac4f
[INFO] [stdout]                                at /rustc/84c898d65adf2f39a5a98507f1fe0ce10a2b8dbc/library/std/src/panicking.rs:287:9
[INFO] [stdout]   10:     0x5601d1604ab7 - <alloc::boxed::Box<F,A> as core::ops::function::Fn<Args>>::call::hdf1b89dd137ece34
[INFO] [stdout]                                at /rustc/84c898d65adf2f39a5a98507f1fe0ce10a2b8dbc/library/alloc/src/boxed.rs:2001:9
[INFO] [stdout]   11:     0x5601d1604ab7 - test::test_main::{{closure}}::h9081a79f20e75698
[INFO] [stdout]                                at /rustc/84c898d65adf2f39a5a98507f1fe0ce10a2b8dbc/library/test/src/lib.rs:135:21
[INFO] [stdout]   12:     0x5601d163475d - <alloc::boxed::Box<F,A> as core::ops::function::Fn<Args>>::call::h6507bddc3eebb4a5
[INFO] [stdout]                                at /rustc/84c898d65adf2f39a5a98507f1fe0ce10a2b8dbc/library/alloc/src/boxed.rs:2001:9
[INFO] [stdout]   13:     0x5601d163475d - std::panicking::rust_panic_with_hook::h50c09d000dc561d2
[INFO] [stdout]                                at /rustc/84c898d65adf2f39a5a98507f1fe0ce10a2b8dbc/library/std/src/panicking.rs:696:13
[INFO] [stdout]   14:     0x5601d16344d9 - std::panicking::begin_panic_handler::{{closure}}::h9e2b2176e00e0d9c
[INFO] [stdout]                                at /rustc/84c898d65adf2f39a5a98507f1fe0ce10a2b8dbc/library/std/src/panicking.rs:583:13
[INFO] [stdout]   15:     0x5601d1632906 - std::sys_common::backtrace::__rust_end_short_backtrace::h5739b8e512c09d02
[INFO] [stdout]                                at /rustc/84c898d65adf2f39a5a98507f1fe0ce10a2b8dbc/library/std/src/sys_common/backtrace.rs:150:18
[INFO] [stdout]   16:     0x5601d16341e2 - rust_begin_unwind
[INFO] [stdout]                                at /rustc/84c898d65adf2f39a5a98507f1fe0ce10a2b8dbc/library/std/src/panicking.rs:579:5
[INFO] [stdout]   17:     0x5601d13cbe53 - core::panicking::panic_fmt::hf33a1475b4dc5c3e
[INFO] [stdout]                                at /rustc/84c898d65adf2f39a5a98507f1fe0ce10a2b8dbc/library/core/src/panicking.rs:64:14
[INFO] [stdout]   18:     0x5601d142ffdf - trybuild::run::<impl trybuild::Runner>::run::hb8c37305aa9c476b
[INFO] [stdout]                                at /opt/rustwide/cargo-home/registry/src/github.com-1ecc6299db9ec823/trybuild-1.0.80/src/run.rs:101:13
[INFO] [stdout]   19:     0x5601d14357ba - <trybuild::TestCases as core::ops::drop::Drop>::drop::hd3693df1db2415e7
[INFO] [stdout]                                at /opt/rustwide/cargo-home/registry/src/github.com-1ecc6299db9ec823/trybuild-1.0.80/src/lib.rs:315:13
[INFO] [stdout]   20:     0x5601d13cc6c7 - core::ptr::drop_in_place<trybuild::TestCases>::hb7c31fbbfe4c7660
[INFO] [stdout]                                at /rustc/84c898d65adf2f39a5a98507f1fe0ce10a2b8dbc/library/core/src/ptr/mod.rs:490:1
[INFO] [stdout]   21:     0x5601d13cc5d3 - systems_failures::tests::ui::h3260efbe47227d6a
[INFO] [stdout]                                at /opt/rustwide/workdir/tests/systems_failures.rs:7:5
[INFO] [stdout]   22:     0x5601d13cc567 - systems_failures::tests::ui::{{closure}}::h33fbe59c9c102489
[INFO] [stdout]                                at /opt/rustwide/workdir/tests/systems_failures.rs:4:13
[INFO] [stdout]   23:     0x5601d13cc675 - core::ops::function::FnOnce::call_once::hc7087a5aa8e108b2
[INFO] [stdout]                                at /rustc/84c898d65adf2f39a5a98507f1fe0ce10a2b8dbc/library/core/src/ops/function.rs:250:5
[INFO] [stdout]   24:     0x5601d1609e9f - core::ops::function::FnOnce::call_once::h7d969581be7d0075
[INFO] [stdout]                                at /rustc/84c898d65adf2f39a5a98507f1fe0ce10a2b8dbc/library/core/src/ops/function.rs:250:5
[INFO] [stdout]   25:     0x5601d1609e9f - test::__rust_begin_short_backtrace::hca25a52684e56655
[INFO] [stdout]                                at /rustc/84c898d65adf2f39a5a98507f1fe0ce10a2b8dbc/library/test/src/lib.rs:656:18
[INFO] [stdout]   26:     0x5601d15db4bc - test::run_test::{{closure}}::ha8ac744c4af1a4bb
[INFO] [stdout]                                at /rustc/84c898d65adf2f39a5a98507f1fe0ce10a2b8dbc/library/test/src/lib.rs:647:30
[INFO] [stdout]   27:     0x5601d15db4bc - core::ops::function::FnOnce::call_once{{vtable.shim}}::h7b411a9ed45bdecf
[INFO] [stdout]                                at /rustc/84c898d65adf2f39a5a98507f1fe0ce10a2b8dbc/library/core/src/ops/function.rs:250:5
[INFO] [stdout]   28:     0x5601d1608e66 - <alloc::boxed::Box<F,A> as core::ops::function::FnOnce<Args>>::call_once::hd05328869a8ed200
[INFO] [stdout]                                at /rustc/84c898d65adf2f39a5a98507f1fe0ce10a2b8dbc/library/alloc/src/boxed.rs:1987:9
[INFO] [stdout]   29:     0x5601d1608e66 - <core::panic::unwind_safe::AssertUnwindSafe<F> as core::ops::function::FnOnce<()>>::call_once::h0c601ce20bd5b2be
[INFO] [stdout]                                at /rustc/84c898d65adf2f39a5a98507f1fe0ce10a2b8dbc/library/core/src/panic/unwind_safe.rs:271:9
[INFO] [stdout]   30:     0x5601d1608e66 - std::panicking::try::do_call::ha4be5c164fe30854
[INFO] [stdout]                                at /rustc/84c898d65adf2f39a5a98507f1fe0ce10a2b8dbc/library/std/src/panicking.rs:487:40
[INFO] [stdout]   31:     0x5601d1608e66 - std::panicking::try::h604546f3609af05f
[INFO] [stdout]                                at /rustc/84c898d65adf2f39a5a98507f1fe0ce10a2b8dbc/library/std/src/panicking.rs:451:19
[INFO] [stdout]   32:     0x5601d1608e66 - std::panic::catch_unwind::h5bfa8afe44c9c2f9
[INFO] [stdout]                                at /rustc/84c898d65adf2f39a5a98507f1fe0ce10a2b8dbc/library/std/src/panic.rs:140:14
[INFO] [stdout]   33:     0x5601d1608e66 - test::run_test_in_process::hd50dee55dd63e6aa
[INFO] [stdout]                                at /rustc/84c898d65adf2f39a5a98507f1fe0ce10a2b8dbc/library/test/src/lib.rs:679:27
[INFO] [stdout]   34:     0x5601d1608e66 - test::run_test::run_test_inner::{{closure}}::h4aa0f433aa85cea8
[INFO] [stdout]                                at /rustc/84c898d65adf2f39a5a98507f1fe0ce10a2b8dbc/library/test/src/lib.rs:573:39
[INFO] [stdout]   35:     0x5601d15d5b31 - test::run_test::run_test_inner::{{closure}}::had56431adf24b4d6
[INFO] [stdout]                                at /rustc/84c898d65adf2f39a5a98507f1fe0ce10a2b8dbc/library/test/src/lib.rs:600:37
[INFO] [stdout]   36:     0x5601d15d5b31 - std::sys_common::backtrace::__rust_begin_short_backtrace::ha8d9890e0c73bf13
[INFO] [stdout]                                at /rustc/84c898d65adf2f39a5a98507f1fe0ce10a2b8dbc/library/std/src/sys_common/backtrace.rs:134:18
[INFO] [stdout]   37:     0x5601d15db54b - std::thread::Builder::spawn_unchecked_::{{closure}}::{{closure}}::h251832bcb4a95327
[INFO] [stdout]                                at /rustc/84c898d65adf2f39a5a98507f1fe0ce10a2b8dbc/library/std/src/thread/mod.rs:560:17
[INFO] [stdout]   38:     0x5601d15db54b - <core::panic::unwind_safe::AssertUnwindSafe<F> as core::ops::function::FnOnce<()>>::call_once::h8fdff598fa414831
[INFO] [stdout]                                at /rustc/84c898d65adf2f39a5a98507f1fe0ce10a2b8dbc/library/core/src/panic/unwind_safe.rs:271:9
[INFO] [stdout]   39:     0x5601d15db54b - std::panicking::try::do_call::h455dd2f7764a950f
[INFO] [stdout]                                at /rustc/84c898d65adf2f39a5a98507f1fe0ce10a2b8dbc/library/std/src/panicking.rs:487:40
[INFO] [stdout]   40:     0x5601d15db54b - std::panicking::try::had6f23b7b73ae72a
[INFO] [stdout]                                at /rustc/84c898d65adf2f39a5a98507f1fe0ce10a2b8dbc/library/std/src/panicking.rs:451:19
[INFO] [stdout]   41:     0x5601d15db54b - std::panic::catch_unwind::ha6a5ca3915b4dad0
[INFO] [stdout]                                at /rustc/84c898d65adf2f39a5a98507f1fe0ce10a2b8dbc/library/std/src/panic.rs:140:14
[INFO] [stdout]   42:     0x5601d15db54b - std::thread::Builder::spawn_unchecked_::{{closure}}::h883b72ef75da6231
[INFO] [stdout]                                at /rustc/84c898d65adf2f39a5a98507f1fe0ce10a2b8dbc/library/std/src/thread/mod.rs:559:30
[INFO] [stdout]   43:     0x5601d15db54b - core::ops::function::FnOnce::call_once{{vtable.shim}}::hb7dff73dc8bd2ccb
[INFO] [stdout]                                at /rustc/84c898d65adf2f39a5a98507f1fe0ce10a2b8dbc/library/core/src/ops/function.rs:250:5
[INFO] [stdout]   44:     0x5601d16399c3 - <alloc::boxed::Box<F,A> as core::ops::function::FnOnce<Args>>::call_once::h39990b24eedef2ab
[INFO] [stdout]                                at /rustc/84c898d65adf2f39a5a98507f1fe0ce10a2b8dbc/library/alloc/src/boxed.rs:1987:9
[INFO] [stdout]   45:     0x5601d16399c3 - <alloc::boxed::Box<F,A> as core::ops::function::FnOnce<Args>>::call_once::h01a027258444143b
[INFO] [stdout]                                at /rustc/84c898d65adf2f39a5a98507f1fe0ce10a2b8dbc/library/alloc/src/boxed.rs:1987:9
[INFO] [stdout]   46:     0x5601d16399c3 - std::sys::unix::thread::Thread::new::thread_start::ha4f1cdd9c25884ba
[INFO] [stdout]                                at /rustc/84c898d65adf2f39a5a98507f1fe0ce10a2b8dbc/library/std/src/sys/unix/thread.rs:108:17
[INFO] [stdout]   47:     0x7f235a480b43 - <unknown>
[INFO] [stdout]   48:     0x7f235a511bb4 - __clone
[INFO] [stdout]   49:                0x0 - <unknown>
[INFO] [stdout] 
[INFO] [stdout] 
[INFO] [stdout] failures:
[INFO] [stdout]     tests::ui
[INFO] [stdout] 
[INFO] [stdout] test result: FAILED. 0 passed; 1 failed; 0 ignored; 0 measured; 0 filtered out; finished in 19.75s
[INFO] [stdout] 
[INFO] [stderr] error: test failed, to rerun pass `--test systems_failures`
[INFO] running `Command { std: "docker" "inspect" "d62fb09bb3d0eaa4989c6b7b9bc022c381ccb8221537038b1639999fe9604b20", kill_on_drop: false }`
[INFO] running `Command { std: "docker" "rm" "-f" "d62fb09bb3d0eaa4989c6b7b9bc022c381ccb8221537038b1639999fe9604b20", kill_on_drop: false }`
[INFO] [stdout] d62fb09bb3d0eaa4989c6b7b9bc022c381ccb8221537038b1639999fe9604b20
