[INFO] fetching crate lcd-lcm1602-i2c 0.1.0...
[INFO] testing lcd-lcm1602-i2c-0.1.0 against 1.69.0 for beta-1.70-1
[INFO] extracting crate lcd-lcm1602-i2c 0.1.0 into /workspace/builds/worker-5-tc1/source
[INFO] validating manifest of crates.io crate lcd-lcm1602-i2c 0.1.0 on toolchain 1.69.0
[INFO] running `Command { std: CARGO_HOME="/workspace/cargo-home" RUSTUP_HOME="/workspace/rustup-home" "/workspace/cargo-home/bin/cargo" "+1.69.0" "metadata" "--manifest-path" "Cargo.toml" "--no-deps", kill_on_drop: false }`
[INFO] started tweaking crates.io crate lcd-lcm1602-i2c 0.1.0
[INFO] finished tweaking crates.io crate lcd-lcm1602-i2c 0.1.0
[INFO] tweaked toml for crates.io crate lcd-lcm1602-i2c 0.1.0 written to /workspace/builds/worker-5-tc1/source/Cargo.toml
[INFO] running `Command { std: CARGO_HOME="/workspace/cargo-home" RUSTUP_HOME="/workspace/rustup-home" __CARGO_TEST_CHANNEL_OVERRIDE_DO_NOT_USE_THIS="nightly" "/workspace/cargo-home/bin/cargo" "+1.69.0" "generate-lockfile" "--manifest-path" "Cargo.toml" "-Zno-index-update", kill_on_drop: false }`
[INFO] running `Command { std: CARGO_HOME="/workspace/cargo-home" RUSTUP_HOME="/workspace/rustup-home" "/workspace/cargo-home/bin/cargo" "+1.69.0" "fetch" "--manifest-path" "Cargo.toml", kill_on_drop: false }`
[INFO] [stderr]  Downloading crates ...
[INFO] [stderr]   Downloaded ufmt-macros v0.2.0
[INFO] [stderr]   Downloaded ufmt-write v0.1.0
[INFO] [stderr]   Downloaded ufmt v0.1.2
[INFO] running `Command { std: "docker" "create" "-v" "/var/lib/crater-agent-workspace/builds/worker-5-tc1/target:/opt/rustwide/target:rw,Z" "-v" "/var/lib/crater-agent-workspace/builds/worker-5-tc1/source:/opt/rustwide/workdir:ro,Z" "-v" "/var/lib/crater-agent-workspace/cargo-home:/opt/rustwide/cargo-home:ro,Z" "-v" "/var/lib/crater-agent-workspace/rustup-home:/opt/rustwide/rustup-home:ro,Z" "-e" "SOURCE_DIR=/opt/rustwide/workdir" "-e" "CARGO_TARGET_DIR=/opt/rustwide/target" "-e" "CARGO_HOME=/opt/rustwide/cargo-home" "-e" "RUSTUP_HOME=/opt/rustwide/rustup-home" "-w" "/opt/rustwide/workdir" "-m" "1610612736" "--user" "0:0" "--network" "none" "ghcr.io/rust-lang/crates-build-env/linux@sha256:5ff2268d62e97bff2cde7d5815dd6ed5b47097566f13b8d0ca110b04b60e07ed" "/opt/rustwide/cargo-home/bin/cargo" "+1.69.0" "metadata" "--no-deps" "--format-version=1", kill_on_drop: false }`
[INFO] [stdout] 3193970ce2afe41d58843c3de920f39b1221f2b6a98dd64ac917ddfde2162fd5
[INFO] running `Command { std: "docker" "start" "-a" "3193970ce2afe41d58843c3de920f39b1221f2b6a98dd64ac917ddfde2162fd5", kill_on_drop: false }`
[INFO] running `Command { std: "docker" "inspect" "3193970ce2afe41d58843c3de920f39b1221f2b6a98dd64ac917ddfde2162fd5", kill_on_drop: false }`
[INFO] running `Command { std: "docker" "rm" "-f" "3193970ce2afe41d58843c3de920f39b1221f2b6a98dd64ac917ddfde2162fd5", kill_on_drop: false }`
[INFO] [stdout] 3193970ce2afe41d58843c3de920f39b1221f2b6a98dd64ac917ddfde2162fd5
[INFO] running `Command { std: "docker" "create" "-v" "/var/lib/crater-agent-workspace/builds/worker-5-tc1/target:/opt/rustwide/target:rw,Z" "-v" "/var/lib/crater-agent-workspace/builds/worker-5-tc1/source:/opt/rustwide/workdir:ro,Z" "-v" "/var/lib/crater-agent-workspace/cargo-home:/opt/rustwide/cargo-home:ro,Z" "-v" "/var/lib/crater-agent-workspace/rustup-home:/opt/rustwide/rustup-home:ro,Z" "-e" "SOURCE_DIR=/opt/rustwide/workdir" "-e" "CARGO_TARGET_DIR=/opt/rustwide/target" "-e" "CARGO_INCREMENTAL=0" "-e" "RUST_BACKTRACE=full" "-e" "RUSTFLAGS=--cap-lints=warn" "-e" "RUSTDOCFLAGS=--cap-lints=warn" "-e" "CARGO_HOME=/opt/rustwide/cargo-home" "-e" "RUSTUP_HOME=/opt/rustwide/rustup-home" "-w" "/opt/rustwide/workdir" "-m" "1610612736" "--user" "0:0" "--network" "none" "ghcr.io/rust-lang/crates-build-env/linux@sha256:5ff2268d62e97bff2cde7d5815dd6ed5b47097566f13b8d0ca110b04b60e07ed" "/opt/rustwide/cargo-home/bin/cargo" "+1.69.0" "build" "--frozen" "--message-format=json", kill_on_drop: false }`
[INFO] [stdout] 6fe462dfa35219499e8024af4d4877f89704adc785124243d4fc9267a4f20399
[INFO] running `Command { std: "docker" "start" "-a" "6fe462dfa35219499e8024af4d4877f89704adc785124243d4fc9267a4f20399", kill_on_drop: false }`
[INFO] [stderr]    Compiling proc-macro-hack v0.5.20+deprecated
[INFO] [stderr]    Compiling nb v1.1.0
[INFO] [stderr]    Compiling ufmt-write v0.1.0
[INFO] [stderr]    Compiling void v1.0.2
[INFO] [stderr]    Compiling nb v0.1.3
[INFO] [stderr]    Compiling embedded-hal v0.2.7
[INFO] [stderr]    Compiling ufmt-macros v0.2.0
[INFO] [stderr]    Compiling ufmt v0.1.2
[INFO] [stderr]    Compiling lcd-lcm1602-i2c v0.1.0 (/opt/rustwide/workdir)
[INFO] [stderr]     Finished dev [unoptimized + debuginfo] target(s) in 1.94s
[INFO] running `Command { std: "docker" "inspect" "6fe462dfa35219499e8024af4d4877f89704adc785124243d4fc9267a4f20399", kill_on_drop: false }`
[INFO] running `Command { std: "docker" "rm" "-f" "6fe462dfa35219499e8024af4d4877f89704adc785124243d4fc9267a4f20399", kill_on_drop: false }`
[INFO] [stdout] 6fe462dfa35219499e8024af4d4877f89704adc785124243d4fc9267a4f20399
[INFO] running `Command { std: "docker" "create" "-v" "/var/lib/crater-agent-workspace/builds/worker-5-tc1/target:/opt/rustwide/target:rw,Z" "-v" "/var/lib/crater-agent-workspace/builds/worker-5-tc1/source:/opt/rustwide/workdir:ro,Z" "-v" "/var/lib/crater-agent-workspace/cargo-home:/opt/rustwide/cargo-home:ro,Z" "-v" "/var/lib/crater-agent-workspace/rustup-home:/opt/rustwide/rustup-home:ro,Z" "-e" "SOURCE_DIR=/opt/rustwide/workdir" "-e" "CARGO_TARGET_DIR=/opt/rustwide/target" "-e" "CARGO_INCREMENTAL=0" "-e" "RUST_BACKTRACE=full" "-e" "RUSTFLAGS=--cap-lints=warn" "-e" "RUSTDOCFLAGS=--cap-lints=warn" "-e" "CARGO_HOME=/opt/rustwide/cargo-home" "-e" "RUSTUP_HOME=/opt/rustwide/rustup-home" "-w" "/opt/rustwide/workdir" "-m" "1610612736" "--user" "0:0" "--network" "none" "ghcr.io/rust-lang/crates-build-env/linux@sha256:5ff2268d62e97bff2cde7d5815dd6ed5b47097566f13b8d0ca110b04b60e07ed" "/opt/rustwide/cargo-home/bin/cargo" "+1.69.0" "test" "--frozen" "--no-run" "--message-format=json", kill_on_drop: false }`
[INFO] [stdout] 379079495cebd09959ee0cb1e79f4f6578572eacc4e280afb759f4ce1c44248f
[INFO] running `Command { std: "docker" "start" "-a" "379079495cebd09959ee0cb1e79f4f6578572eacc4e280afb759f4ce1c44248f", kill_on_drop: false }`
[INFO] [stderr]    Compiling lcd-lcm1602-i2c v0.1.0 (/opt/rustwide/workdir)
[INFO] [stderr]     Finished test [unoptimized + debuginfo] target(s) in 0.25s
[INFO] running `Command { std: "docker" "inspect" "379079495cebd09959ee0cb1e79f4f6578572eacc4e280afb759f4ce1c44248f", kill_on_drop: false }`
[INFO] running `Command { std: "docker" "rm" "-f" "379079495cebd09959ee0cb1e79f4f6578572eacc4e280afb759f4ce1c44248f", kill_on_drop: false }`
[INFO] [stdout] 379079495cebd09959ee0cb1e79f4f6578572eacc4e280afb759f4ce1c44248f
[INFO] running `Command { std: "docker" "create" "-v" "/var/lib/crater-agent-workspace/builds/worker-5-tc1/target:/opt/rustwide/target:rw,Z" "-v" "/var/lib/crater-agent-workspace/builds/worker-5-tc1/source:/opt/rustwide/workdir:ro,Z" "-v" "/var/lib/crater-agent-workspace/cargo-home:/opt/rustwide/cargo-home:ro,Z" "-v" "/var/lib/crater-agent-workspace/rustup-home:/opt/rustwide/rustup-home:ro,Z" "-e" "SOURCE_DIR=/opt/rustwide/workdir" "-e" "CARGO_TARGET_DIR=/opt/rustwide/target" "-e" "CARGO_INCREMENTAL=0" "-e" "RUST_BACKTRACE=full" "-e" "RUSTFLAGS=--cap-lints=warn" "-e" "RUSTDOCFLAGS=--cap-lints=warn" "-e" "CARGO_HOME=/opt/rustwide/cargo-home" "-e" "RUSTUP_HOME=/opt/rustwide/rustup-home" "-w" "/opt/rustwide/workdir" "-m" "1610612736" "--user" "0:0" "--network" "none" "ghcr.io/rust-lang/crates-build-env/linux@sha256:5ff2268d62e97bff2cde7d5815dd6ed5b47097566f13b8d0ca110b04b60e07ed" "/opt/rustwide/cargo-home/bin/cargo" "+1.69.0" "test" "--frozen", kill_on_drop: false }`
[INFO] [stdout] 9270a378de15b4df22a9f1254c3c33a12898c22ba79e32041443f061181d0417
[INFO] running `Command { std: "docker" "start" "-a" "9270a378de15b4df22a9f1254c3c33a12898c22ba79e32041443f061181d0417", kill_on_drop: false }`
[INFO] [stderr]     Finished test [unoptimized + debuginfo] target(s) in 0.01s
[INFO] [stderr]      Running unittests src/lib.rs (/opt/rustwide/target/debug/deps/lcd_lcm1602_i2c-fcfa985a5c6d6755)
[INFO] [stdout] 
[INFO] [stdout] running 0 tests
[INFO] [stdout] 
[INFO] [stdout] test result: ok. 0 passed; 0 failed; 0 ignored; 0 measured; 0 filtered out; finished in 0.00s
[INFO] [stdout] 
[INFO] [stderr]    Doc-tests lcd-lcm1602-i2c
[INFO] [stdout] 
[INFO] [stdout] running 1 test
[INFO] [stdout] test src/lib.rs - (line 7) ... FAILED
[INFO] [stdout] 
[INFO] [stdout] failures:
[INFO] [stdout] 
[INFO] [stdout] ---- src/lib.rs - (line 7) stdout ----
[INFO] [stdout] error[E0433]: failed to resolve: use of undeclared crate or module `arduino_hal`
[INFO] [stdout]  --> src/lib.rs:13:12
[INFO] [stdout]   |
[INFO] [stdout] 9 | let pins = arduino_hal::pins!(dp);
[INFO] [stdout]   |            ^^^^^^^^^^^ use of undeclared crate or module `arduino_hal`
[INFO] [stdout] 
[INFO] [stdout] error[E0433]: failed to resolve: use of undeclared crate or module `arduino_hal`
[INFO] [stdout]  --> src/lib.rs:12:10
[INFO] [stdout]   |
[INFO] [stdout] 8 | let dp = arduino_hal::Peripherals::take().unwrap();
[INFO] [stdout]   |          ^^^^^^^^^^^ use of undeclared crate or module `arduino_hal`
[INFO] [stdout] 
[INFO] [stdout] error[E0433]: failed to resolve: use of undeclared crate or module `arduino_hal`
[INFO] [stdout]   --> src/lib.rs:14:15
[INFO] [stdout]    |
[INFO] [stdout] 10 | let mut i2c = arduino_hal::I2c::new(
[INFO] [stdout]    |               ^^^^^^^^^^^ use of undeclared crate or module `arduino_hal`
[INFO] [stdout] 
[INFO] [stdout] error[E0433]: failed to resolve: use of undeclared crate or module `arduino_hal`
[INFO] [stdout]   --> src/lib.rs:20:17
[INFO] [stdout]    |
[INFO] [stdout] 16 | let mut delay = arduino_hal::Delay::new();
[INFO] [stdout]    |                 ^^^^^^^^^^^ use of undeclared crate or module `arduino_hal`
[INFO] [stdout] 
[INFO] [stdout] error: aborting due to 4 previous errors
[INFO] [stdout] 
[INFO] [stdout] For more information about this error, try `rustc --explain E0433`.
[INFO] [stdout] Couldn't compile the test.
[INFO] [stdout] 
[INFO] [stdout] failures:
[INFO] [stdout]     src/lib.rs - (line 7)
[INFO] [stdout] 
[INFO] [stdout] test result: FAILED. 0 passed; 1 failed; 0 ignored; 0 measured; 0 filtered out; finished in 0.04s
[INFO] [stdout] 
[INFO] [stderr] error: doctest failed, to rerun pass `--doc`
[INFO] running `Command { std: "docker" "inspect" "9270a378de15b4df22a9f1254c3c33a12898c22ba79e32041443f061181d0417", kill_on_drop: false }`
[INFO] running `Command { std: "docker" "rm" "-f" "9270a378de15b4df22a9f1254c3c33a12898c22ba79e32041443f061181d0417", kill_on_drop: false }`
[INFO] [stdout] 9270a378de15b4df22a9f1254c3c33a12898c22ba79e32041443f061181d0417
