[INFO] fetching crate lang-id 0.0.1-beta.3...
[INFO] testing lang-id-0.0.1-beta.3 against 1.69.0 for beta-1.70-1
[INFO] extracting crate lang-id 0.0.1-beta.3 into /workspace/builds/worker-3-tc1/source
[INFO] validating manifest of crates.io crate lang-id 0.0.1-beta.3 on toolchain 1.69.0
[INFO] running `Command { std: CARGO_HOME="/workspace/cargo-home" RUSTUP_HOME="/workspace/rustup-home" "/workspace/cargo-home/bin/cargo" "+1.69.0" "metadata" "--manifest-path" "Cargo.toml" "--no-deps", kill_on_drop: false }`
[INFO] started tweaking crates.io crate lang-id 0.0.1-beta.3
[INFO] finished tweaking crates.io crate lang-id 0.0.1-beta.3
[INFO] tweaked toml for crates.io crate lang-id 0.0.1-beta.3 written to /workspace/builds/worker-3-tc1/source/Cargo.toml
[INFO] running `Command { std: CARGO_HOME="/workspace/cargo-home" RUSTUP_HOME="/workspace/rustup-home" __CARGO_TEST_CHANNEL_OVERRIDE_DO_NOT_USE_THIS="nightly" "/workspace/cargo-home/bin/cargo" "+1.69.0" "generate-lockfile" "--manifest-path" "Cargo.toml" "-Zno-index-update", kill_on_drop: false }`
[INFO] running `Command { std: CARGO_HOME="/workspace/cargo-home" RUSTUP_HOME="/workspace/rustup-home" "/workspace/cargo-home/bin/cargo" "+1.69.0" "fetch" "--manifest-path" "Cargo.toml", kill_on_drop: false }`
[INFO] [stderr]  Downloading crates ...
[INFO] [stderr]   Downloaded sys-locale v0.3.0
[INFO] running `Command { std: "docker" "create" "-v" "/var/lib/crater-agent-workspace/builds/worker-3-tc1/target:/opt/rustwide/target:rw,Z" "-v" "/var/lib/crater-agent-workspace/builds/worker-3-tc1/source:/opt/rustwide/workdir:ro,Z" "-v" "/var/lib/crater-agent-workspace/cargo-home:/opt/rustwide/cargo-home:ro,Z" "-v" "/var/lib/crater-agent-workspace/rustup-home:/opt/rustwide/rustup-home:ro,Z" "-e" "SOURCE_DIR=/opt/rustwide/workdir" "-e" "CARGO_TARGET_DIR=/opt/rustwide/target" "-e" "CARGO_HOME=/opt/rustwide/cargo-home" "-e" "RUSTUP_HOME=/opt/rustwide/rustup-home" "-w" "/opt/rustwide/workdir" "-m" "1610612736" "--user" "0:0" "--network" "none" "ghcr.io/rust-lang/crates-build-env/linux@sha256:5ff2268d62e97bff2cde7d5815dd6ed5b47097566f13b8d0ca110b04b60e07ed" "/opt/rustwide/cargo-home/bin/cargo" "+1.69.0" "metadata" "--no-deps" "--format-version=1", kill_on_drop: false }`
[INFO] [stdout] 1197c724a51f39189ec77891eb8372fd19ed0a560968c54bcd0a542a605fd9b0
[INFO] running `Command { std: "docker" "start" "-a" "1197c724a51f39189ec77891eb8372fd19ed0a560968c54bcd0a542a605fd9b0", kill_on_drop: false }`
[INFO] running `Command { std: "docker" "inspect" "1197c724a51f39189ec77891eb8372fd19ed0a560968c54bcd0a542a605fd9b0", kill_on_drop: false }`
[INFO] running `Command { std: "docker" "rm" "-f" "1197c724a51f39189ec77891eb8372fd19ed0a560968c54bcd0a542a605fd9b0", kill_on_drop: false }`
[INFO] [stdout] 1197c724a51f39189ec77891eb8372fd19ed0a560968c54bcd0a542a605fd9b0
[INFO] running `Command { std: "docker" "create" "-v" "/var/lib/crater-agent-workspace/builds/worker-3-tc1/target:/opt/rustwide/target:rw,Z" "-v" "/var/lib/crater-agent-workspace/builds/worker-3-tc1/source:/opt/rustwide/workdir:ro,Z" "-v" "/var/lib/crater-agent-workspace/cargo-home:/opt/rustwide/cargo-home:ro,Z" "-v" "/var/lib/crater-agent-workspace/rustup-home:/opt/rustwide/rustup-home:ro,Z" "-e" "SOURCE_DIR=/opt/rustwide/workdir" "-e" "CARGO_TARGET_DIR=/opt/rustwide/target" "-e" "CARGO_INCREMENTAL=0" "-e" "RUST_BACKTRACE=full" "-e" "RUSTFLAGS=--cap-lints=warn" "-e" "RUSTDOCFLAGS=--cap-lints=warn" "-e" "CARGO_HOME=/opt/rustwide/cargo-home" "-e" "RUSTUP_HOME=/opt/rustwide/rustup-home" "-w" "/opt/rustwide/workdir" "-m" "1610612736" "--user" "0:0" "--network" "none" "ghcr.io/rust-lang/crates-build-env/linux@sha256:5ff2268d62e97bff2cde7d5815dd6ed5b47097566f13b8d0ca110b04b60e07ed" "/opt/rustwide/cargo-home/bin/cargo" "+1.69.0" "build" "--frozen" "--message-format=json", kill_on_drop: false }`
[INFO] [stdout] cc1c15af0bc9dc69a6ff07784a4900f39cdf8af45934420e96f56cf7aea93bb6
[INFO] running `Command { std: "docker" "start" "-a" "cc1c15af0bc9dc69a6ff07784a4900f39cdf8af45934420e96f56cf7aea93bb6", kill_on_drop: false }`
[INFO] [stderr]    Compiling proc-macro2 v1.0.56
[INFO] [stderr]    Compiling unicode-ident v1.0.8
[INFO] [stderr]    Compiling quote v1.0.26
[INFO] [stderr]    Compiling syn v1.0.109
[INFO] [stderr]    Compiling sys-locale v0.3.0
[INFO] [stderr]    Compiling displaydoc v0.2.3
[INFO] [stderr]    Compiling tinystr v0.7.1
[INFO] [stderr]    Compiling unic-langid-impl v0.9.1
[INFO] [stderr]    Compiling unic-langid v0.9.1
[INFO] [stderr]    Compiling lang-id v0.0.1-beta.3 (/opt/rustwide/workdir)
[INFO] [stderr]     Finished dev [unoptimized + debuginfo] target(s) in 3.85s
[INFO] running `Command { std: "docker" "inspect" "cc1c15af0bc9dc69a6ff07784a4900f39cdf8af45934420e96f56cf7aea93bb6", kill_on_drop: false }`
[INFO] running `Command { std: "docker" "rm" "-f" "cc1c15af0bc9dc69a6ff07784a4900f39cdf8af45934420e96f56cf7aea93bb6", kill_on_drop: false }`
[INFO] [stdout] cc1c15af0bc9dc69a6ff07784a4900f39cdf8af45934420e96f56cf7aea93bb6
[INFO] running `Command { std: "docker" "create" "-v" "/var/lib/crater-agent-workspace/builds/worker-3-tc1/target:/opt/rustwide/target:rw,Z" "-v" "/var/lib/crater-agent-workspace/builds/worker-3-tc1/source:/opt/rustwide/workdir:ro,Z" "-v" "/var/lib/crater-agent-workspace/cargo-home:/opt/rustwide/cargo-home:ro,Z" "-v" "/var/lib/crater-agent-workspace/rustup-home:/opt/rustwide/rustup-home:ro,Z" "-e" "SOURCE_DIR=/opt/rustwide/workdir" "-e" "CARGO_TARGET_DIR=/opt/rustwide/target" "-e" "CARGO_INCREMENTAL=0" "-e" "RUST_BACKTRACE=full" "-e" "RUSTFLAGS=--cap-lints=warn" "-e" "RUSTDOCFLAGS=--cap-lints=warn" "-e" "CARGO_HOME=/opt/rustwide/cargo-home" "-e" "RUSTUP_HOME=/opt/rustwide/rustup-home" "-w" "/opt/rustwide/workdir" "-m" "1610612736" "--user" "0:0" "--network" "none" "ghcr.io/rust-lang/crates-build-env/linux@sha256:5ff2268d62e97bff2cde7d5815dd6ed5b47097566f13b8d0ca110b04b60e07ed" "/opt/rustwide/cargo-home/bin/cargo" "+1.69.0" "test" "--frozen" "--no-run" "--message-format=json", kill_on_drop: false }`
[INFO] [stdout] e40ed637b7367d19f2d0d95fea68280b9634d73d2222c4f8c7281fad6362219a
[INFO] running `Command { std: "docker" "start" "-a" "e40ed637b7367d19f2d0d95fea68280b9634d73d2222c4f8c7281fad6362219a", kill_on_drop: false }`
[INFO] [stderr]    Compiling lang-id v0.0.1-beta.3 (/opt/rustwide/workdir)
[INFO] [stderr]     Finished test [unoptimized + debuginfo] target(s) in 0.71s
[INFO] running `Command { std: "docker" "inspect" "e40ed637b7367d19f2d0d95fea68280b9634d73d2222c4f8c7281fad6362219a", kill_on_drop: false }`
[INFO] running `Command { std: "docker" "rm" "-f" "e40ed637b7367d19f2d0d95fea68280b9634d73d2222c4f8c7281fad6362219a", kill_on_drop: false }`
[INFO] [stdout] e40ed637b7367d19f2d0d95fea68280b9634d73d2222c4f8c7281fad6362219a
[INFO] running `Command { std: "docker" "create" "-v" "/var/lib/crater-agent-workspace/builds/worker-3-tc1/target:/opt/rustwide/target:rw,Z" "-v" "/var/lib/crater-agent-workspace/builds/worker-3-tc1/source:/opt/rustwide/workdir:ro,Z" "-v" "/var/lib/crater-agent-workspace/cargo-home:/opt/rustwide/cargo-home:ro,Z" "-v" "/var/lib/crater-agent-workspace/rustup-home:/opt/rustwide/rustup-home:ro,Z" "-e" "SOURCE_DIR=/opt/rustwide/workdir" "-e" "CARGO_TARGET_DIR=/opt/rustwide/target" "-e" "CARGO_INCREMENTAL=0" "-e" "RUST_BACKTRACE=full" "-e" "RUSTFLAGS=--cap-lints=warn" "-e" "RUSTDOCFLAGS=--cap-lints=warn" "-e" "CARGO_HOME=/opt/rustwide/cargo-home" "-e" "RUSTUP_HOME=/opt/rustwide/rustup-home" "-w" "/opt/rustwide/workdir" "-m" "1610612736" "--user" "0:0" "--network" "none" "ghcr.io/rust-lang/crates-build-env/linux@sha256:5ff2268d62e97bff2cde7d5815dd6ed5b47097566f13b8d0ca110b04b60e07ed" "/opt/rustwide/cargo-home/bin/cargo" "+1.69.0" "test" "--frozen", kill_on_drop: false }`
[INFO] [stdout] cafa544485bd848bd327f442b346e364648293262df36363fbe90872a3c2793e
[INFO] running `Command { std: "docker" "start" "-a" "cafa544485bd848bd327f442b346e364648293262df36363fbe90872a3c2793e", kill_on_drop: false }`
[INFO] [stderr]     Finished test [unoptimized + debuginfo] target(s) in 0.02s
[INFO] [stderr]      Running unittests src/lib.rs (/opt/rustwide/target/debug/deps/lang_id-34ee3f2174369bf5)
[INFO] [stdout] 
[INFO] [stdout] running 1 test
[INFO] [stdout] test tests::test_get_en ... ok
[INFO] [stdout] 
[INFO] [stdout] test result: ok. 1 passed; 0 failed; 0 ignored; 0 measured; 0 filtered out; finished in 0.00s
[INFO] [stdout] 
[INFO] [stderr]    Doc-tests lang-id
[INFO] [stdout] 
[INFO] [stdout] running 8 tests
[INFO] [stdout] test src/lib.rs - (line 20) ... FAILED
[INFO] [stdout] test src/lib.rs - (line 30) ... FAILED
[INFO] [stdout] test src/lib.rs - (line 39) ... FAILED
[INFO] [stdout] test src/lib.rs - (line 10) ... ok
[INFO] [stdout] test src/get.rs - get::match_id (line 9) ... ok
[INFO] [stdout] test src/sys_lang.rs - sys_lang::get_current_minimised (line 63) ... ok
[INFO] [stdout] test src/sys_lang.rs - sys_lang::current (line 23) ... ok
[INFO] [stdout] test src/sys_lang.rs - sys_lang::get_current_maximised (line 46) ... ok
[INFO] [stdout] 
[INFO] [stdout] failures:
[INFO] [stdout] 
[INFO] [stdout] ---- src/lib.rs - (line 20) stdout ----
[INFO] [stdout] error[E0433]: failed to resolve: could not find `map` in `lang_id`
[INFO] [stdout]  --> src/lib.rs:21:20
[INFO] [stdout]   |
[INFO] [stdout] 4 | let map = lang_id::map::max::MAX_MAP;
[INFO] [stdout]   |                    ^^^ could not find `map` in `lang_id`
[INFO] [stdout] 
[INFO] [stdout] error: aborting due to previous error
[INFO] [stdout] 
[INFO] [stdout] For more information about this error, try `rustc --explain E0433`.
[INFO] [stdout] Couldn't compile the test.
[INFO] [stdout] ---- src/lib.rs - (line 30) stdout ----
[INFO] [stdout] error[E0433]: failed to resolve: could not find `map` in `lang_id`
[INFO] [stdout]  --> src/lib.rs:31:20
[INFO] [stdout]   |
[INFO] [stdout] 4 | let map = lang_id::map::min::min_map();
[INFO] [stdout]   |                    ^^^ could not find `map` in `lang_id`
[INFO] [stdout] 
[INFO] [stdout] error: aborting due to previous error
[INFO] [stdout] 
[INFO] [stdout] For more information about this error, try `rustc --explain E0433`.
[INFO] [stdout] Couldn't compile the test.
[INFO] [stdout] ---- src/lib.rs - (line 39) stdout ----
[INFO] [stdout] error[E0433]: failed to resolve: could not find `map` in `lang_id`
[INFO] [stdout]  --> src/lib.rs:40:20
[INFO] [stdout]   |
[INFO] [stdout] 4 | let map = lang_id::map::description::desc_map();
[INFO] [stdout]   |                    ^^^ could not find `map` in `lang_id`
[INFO] [stdout] 
[INFO] [stdout] error: aborting due to previous error
[INFO] [stdout] 
[INFO] [stdout] For more information about this error, try `rustc --explain E0433`.
[INFO] [stdout] Couldn't compile the test.
[INFO] [stdout] 
[INFO] [stdout] failures:
[INFO] [stdout]     src/lib.rs - (line 20)
[INFO] [stdout]     src/lib.rs - (line 30)
[INFO] [stdout]     src/lib.rs - (line 39)
[INFO] [stdout] 
[INFO] [stdout] test result: FAILED. 5 passed; 3 failed; 0 ignored; 0 measured; 0 filtered out; finished in 0.26s
[INFO] [stdout] 
[INFO] [stderr] error: doctest failed, to rerun pass `--doc`
[INFO] running `Command { std: "docker" "inspect" "cafa544485bd848bd327f442b346e364648293262df36363fbe90872a3c2793e", kill_on_drop: false }`
[INFO] running `Command { std: "docker" "rm" "-f" "cafa544485bd848bd327f442b346e364648293262df36363fbe90872a3c2793e", kill_on_drop: false }`
[INFO] [stdout] cafa544485bd848bd327f442b346e364648293262df36363fbe90872a3c2793e
