[INFO] fetching crate kucoin_rs 0.4.4...
[INFO] testing kucoin_rs-0.4.4 against 1.69.0 for beta-1.70-1
[INFO] extracting crate kucoin_rs 0.4.4 into /workspace/builds/worker-1-tc1/source
[INFO] validating manifest of crates.io crate kucoin_rs 0.4.4 on toolchain 1.69.0
[INFO] running `Command { std: CARGO_HOME="/workspace/cargo-home" RUSTUP_HOME="/workspace/rustup-home" "/workspace/cargo-home/bin/cargo" "+1.69.0" "metadata" "--manifest-path" "Cargo.toml" "--no-deps", kill_on_drop: false }`
[INFO] started tweaking crates.io crate kucoin_rs 0.4.4
[INFO] finished tweaking crates.io crate kucoin_rs 0.4.4
[INFO] tweaked toml for crates.io crate kucoin_rs 0.4.4 written to /workspace/builds/worker-1-tc1/source/Cargo.toml
[INFO] running `Command { std: CARGO_HOME="/workspace/cargo-home" RUSTUP_HOME="/workspace/rustup-home" __CARGO_TEST_CHANNEL_OVERRIDE_DO_NOT_USE_THIS="nightly" "/workspace/cargo-home/bin/cargo" "+1.69.0" "generate-lockfile" "--manifest-path" "Cargo.toml" "-Zno-index-update", kill_on_drop: false }`
[INFO] running `Command { std: CARGO_HOME="/workspace/cargo-home" RUSTUP_HOME="/workspace/rustup-home" "/workspace/cargo-home/bin/cargo" "+1.69.0" "fetch" "--manifest-path" "Cargo.toml", kill_on_drop: false }`
[INFO] [stderr]  Downloading crates ...
[INFO] [stderr]   Downloaded tungstenite v0.12.0
[INFO] [stderr]   Downloaded streamunordered v0.5.2
[INFO] [stderr]   Downloaded tokio-tungstenite v0.13.0
[INFO] running `Command { std: "docker" "create" "-v" "/var/lib/crater-agent-workspace/builds/worker-1-tc1/target:/opt/rustwide/target:rw,Z" "-v" "/var/lib/crater-agent-workspace/builds/worker-1-tc1/source:/opt/rustwide/workdir:ro,Z" "-v" "/var/lib/crater-agent-workspace/cargo-home:/opt/rustwide/cargo-home:ro,Z" "-v" "/var/lib/crater-agent-workspace/rustup-home:/opt/rustwide/rustup-home:ro,Z" "-e" "SOURCE_DIR=/opt/rustwide/workdir" "-e" "CARGO_TARGET_DIR=/opt/rustwide/target" "-e" "CARGO_HOME=/opt/rustwide/cargo-home" "-e" "RUSTUP_HOME=/opt/rustwide/rustup-home" "-w" "/opt/rustwide/workdir" "-m" "1610612736" "--user" "0:0" "--network" "none" "ghcr.io/rust-lang/crates-build-env/linux@sha256:5ff2268d62e97bff2cde7d5815dd6ed5b47097566f13b8d0ca110b04b60e07ed" "/opt/rustwide/cargo-home/bin/cargo" "+1.69.0" "metadata" "--no-deps" "--format-version=1", kill_on_drop: false }`
[INFO] [stdout] 6e68a3f21dbd5145c7d43b987f79bcfafd4dc7a3cfe7b20d39a76d721eede669
[INFO] running `Command { std: "docker" "start" "-a" "6e68a3f21dbd5145c7d43b987f79bcfafd4dc7a3cfe7b20d39a76d721eede669", kill_on_drop: false }`
[INFO] running `Command { std: "docker" "inspect" "6e68a3f21dbd5145c7d43b987f79bcfafd4dc7a3cfe7b20d39a76d721eede669", kill_on_drop: false }`
[INFO] running `Command { std: "docker" "rm" "-f" "6e68a3f21dbd5145c7d43b987f79bcfafd4dc7a3cfe7b20d39a76d721eede669", kill_on_drop: false }`
[INFO] [stdout] 6e68a3f21dbd5145c7d43b987f79bcfafd4dc7a3cfe7b20d39a76d721eede669
[INFO] running `Command { std: "docker" "create" "-v" "/var/lib/crater-agent-workspace/builds/worker-1-tc1/target:/opt/rustwide/target:rw,Z" "-v" "/var/lib/crater-agent-workspace/builds/worker-1-tc1/source:/opt/rustwide/workdir:ro,Z" "-v" "/var/lib/crater-agent-workspace/cargo-home:/opt/rustwide/cargo-home:ro,Z" "-v" "/var/lib/crater-agent-workspace/rustup-home:/opt/rustwide/rustup-home:ro,Z" "-e" "SOURCE_DIR=/opt/rustwide/workdir" "-e" "CARGO_TARGET_DIR=/opt/rustwide/target" "-e" "CARGO_INCREMENTAL=0" "-e" "RUST_BACKTRACE=full" "-e" "RUSTFLAGS=--cap-lints=warn" "-e" "RUSTDOCFLAGS=--cap-lints=warn" "-e" "CARGO_HOME=/opt/rustwide/cargo-home" "-e" "RUSTUP_HOME=/opt/rustwide/rustup-home" "-w" "/opt/rustwide/workdir" "-m" "1610612736" "--user" "0:0" "--network" "none" "ghcr.io/rust-lang/crates-build-env/linux@sha256:5ff2268d62e97bff2cde7d5815dd6ed5b47097566f13b8d0ca110b04b60e07ed" "/opt/rustwide/cargo-home/bin/cargo" "+1.69.0" "build" "--frozen" "--message-format=json", kill_on_drop: false }`
[INFO] [stdout] 5b817b16dbdfc3927442494445edd9b00767e28aefff0a4a93af9b1dd41aabcb
[INFO] running `Command { std: "docker" "start" "-a" "5b817b16dbdfc3927442494445edd9b00767e28aefff0a4a93af9b1dd41aabcb", kill_on_drop: false }`
[INFO] [stderr]     Blocking waiting for file lock on package cache
[INFO] [stderr]    Compiling libc v0.2.142
[INFO] [stderr]    Compiling bytes v1.4.0
[INFO] [stderr]    Compiling futures-core v0.3.28
[INFO] [stderr]    Compiling syn v2.0.15
[INFO] [stderr]    Compiling parking_lot_core v0.9.7
[INFO] [stderr]    Compiling openssl-sys v0.9.87
[INFO] [stderr]    Compiling slab v0.4.8
[INFO] [stderr]    Compiling futures-task v0.3.28
[INFO] [stderr]    Compiling futures-channel v0.3.28
[INFO] [stderr]    Compiling itoa v1.0.6
[INFO] [stderr]    Compiling futures-sink v0.3.28
[INFO] [stderr]    Compiling tokio v1.28.0
[INFO] [stderr]    Compiling futures-util v0.3.28
[INFO] [stderr]    Compiling ring v0.16.20
[INFO] [stderr]    Compiling futures-io v0.3.28
[INFO] [stderr]    Compiling http v0.2.9
[INFO] [stderr]    Compiling openssl v0.10.52
[INFO] [stderr]    Compiling foreign-types-shared v0.1.1
[INFO] [stderr]    Compiling generic-array v0.14.7
[INFO] [stderr]    Compiling foreign-types v0.3.2
[INFO] [stderr]    Compiling native-tls v0.2.11
[INFO] [stderr]    Compiling syn v1.0.109
[INFO] [stderr]    Compiling tracing-core v0.1.30
[INFO] [stderr]    Compiling openssl-probe v0.1.5
[INFO] [stderr]    Compiling idna v0.3.0
[INFO] [stderr]    Compiling tracing v0.1.37
[INFO] [stderr]    Compiling generic-array v0.12.4
[INFO] [stderr]    Compiling signal-hook-registry v1.4.1
[INFO] [stderr]    Compiling socket2 v0.4.9
[INFO] [stderr]    Compiling parking_lot v0.12.1
[INFO] [stderr]    Compiling num_cpus v1.15.0
[INFO] [stderr]    Compiling mio v0.8.6
[INFO] [stderr]    Compiling getrandom v0.2.9
[INFO] [stderr]    Compiling rustls v0.20.8
[INFO] [stderr]    Compiling serde v1.0.160
[INFO] [stderr]    Compiling rand_core v0.6.4
[INFO] [stderr]    Compiling try-lock v0.2.4
[INFO] [stderr]    Compiling want v0.3.0
[INFO] [stderr]    Compiling rand_chacha v0.3.1
[INFO] [stderr]    Compiling url v2.3.1
[INFO] [stderr]    Compiling block-buffer v0.9.0
[INFO] [stderr]    Compiling digest v0.9.0
[INFO] [stderr]    Compiling http-body v0.4.5
[INFO] [stderr]    Compiling cpufeatures v0.2.7
[INFO] [stderr]    Compiling sha-1 v0.9.8
[INFO] [stderr]    Compiling rand v0.8.5
[INFO] [stderr]    Compiling input_buffer v0.4.0
[INFO] [stderr]    Compiling webpki v0.22.0
[INFO] [stderr]    Compiling sct v0.7.0
[INFO] [stderr]    Compiling failure_derive v0.1.8
[INFO] [stderr]    Compiling byte-tools v0.3.1
[INFO] [stderr]    Compiling thiserror v1.0.40
[INFO] [stderr]    Compiling ryu v1.0.13
[INFO] [stderr]    Compiling base64 v0.13.1
[INFO] [stderr]    Compiling serde_json v1.0.96
[INFO] [stderr]    Compiling utf-8 v0.7.6
[INFO] [stderr]    Compiling block-padding v0.1.5
[INFO] [stderr]    Compiling digest v0.8.1
[INFO] [stderr]    Compiling object v0.30.3
[INFO] [stderr]    Compiling subtle v1.0.0
[INFO] [stderr]    Compiling serde_derive v1.0.160
[INFO] [stderr]    Compiling base64 v0.21.0
[INFO] [stderr]    Compiling crypto-mac v0.7.0
[INFO] [stderr]    Compiling block-buffer v0.7.3
[INFO] [stderr]    Compiling tokio-macros v2.1.0
[INFO] [stderr]    Compiling futures-macro v0.3.28
[INFO] [stderr]    Compiling openssl-macros v0.1.1
[INFO] [stderr]    Compiling synstructure v0.12.6
[INFO] [stderr]    Compiling thiserror-impl v1.0.40
[INFO] [stderr]    Compiling serde_urlencoded v0.7.1
[INFO] [stderr]    Compiling backtrace v0.3.67
[INFO] [stderr]    Compiling pin-project-internal v1.0.12
[INFO] [stderr]    Compiling tungstenite v0.12.0
[INFO] [stderr]    Compiling futures-executor v0.3.28
[INFO] [stderr]    Compiling rustls-pemfile v1.0.2
[INFO] [stderr]    Compiling webpki-roots v0.22.6
[INFO] [stderr]    Compiling encoding_rs v0.8.32
[INFO] [stderr]    Compiling ipnet v2.7.2
[INFO] [stderr]    Compiling opaque-debug v0.2.3
[INFO] [stderr]    Compiling mime v0.3.17
[INFO] [stderr]    Compiling fake-simd v0.1.2
[INFO] [stderr]    Compiling sha2 v0.8.2
[INFO] [stderr]    Compiling pin-project v1.0.12
[INFO] [stderr]    Compiling failure v0.1.8
[INFO] [stderr]    Compiling futures v0.3.28
[INFO] [stderr]    Compiling tokio-util v0.7.8
[INFO] [stderr]    Compiling tokio-native-tls v0.3.1
[INFO] [stderr]    Compiling tokio-rustls v0.23.4
[INFO] [stderr]    Compiling tokio-tungstenite v0.13.0
[INFO] [stderr]    Compiling streamunordered v0.5.2
[INFO] [stderr]    Compiling tungstenite v0.13.0
[INFO] [stderr]    Compiling hmac v0.7.1
[INFO] [stderr]    Compiling base64 v0.12.3
[INFO] [stderr]    Compiling h2 v0.3.18
[INFO] [stderr]    Compiling hyper v0.14.26
[INFO] [stderr]    Compiling hyper-tls v0.5.0
[INFO] [stderr]    Compiling hyper-rustls v0.23.2
[INFO] [stderr]    Compiling reqwest v0.11.17
[INFO] [stderr]    Compiling kucoin_rs v0.4.4 (/opt/rustwide/workdir)
[INFO] [stdout] warning: use of deprecated method `streamunordered::StreamUnordered::<S>::push`: Prefer StreamUnordered::insert
[INFO] [stdout]    --> src/kucoin/websocket.rs:109:34
[INFO] [stdout]     |
[INFO] [stdout] 109 |         let token = self.streams.push(read);
[INFO] [stdout]     |                                  ^^^^
[INFO] [stdout]     |
[INFO] [stdout]     = note: `#[warn(deprecated)]` on by default
[INFO] [stdout] 
[INFO] [stdout] 
[INFO] [stdout] warning: field `environment` is never read
[INFO] [stdout]   --> src/kucoin/client.rs:45:5
[INFO] [stdout]    |
[INFO] [stdout] 43 | pub struct Kucoin {
[INFO] [stdout]    |            ------ field in this struct
[INFO] [stdout] 44 |     credentials: Option<Credentials>,
[INFO] [stdout] 45 |     environment: KucoinEnv,
[INFO] [stdout]    |     ^^^^^^^^^^^
[INFO] [stdout]    |
[INFO] [stdout]    = note: `Kucoin` has derived impls for the traits `Clone` and `Debug`, but these are intentionally ignored during dead code analysis
[INFO] [stdout]    = note: `#[warn(dead_code)]` on by default
[INFO] [stdout] 
[INFO] [stdout] 
[INFO] [stdout] warning: 2 warnings emitted
[INFO] [stdout] 
[INFO] [stdout] 
[INFO] [stderr]     Finished dev [unoptimized + debuginfo] target(s) in 1m 31s
[INFO] running `Command { std: "docker" "inspect" "5b817b16dbdfc3927442494445edd9b00767e28aefff0a4a93af9b1dd41aabcb", kill_on_drop: false }`
[INFO] running `Command { std: "docker" "rm" "-f" "5b817b16dbdfc3927442494445edd9b00767e28aefff0a4a93af9b1dd41aabcb", kill_on_drop: false }`
[INFO] [stdout] 5b817b16dbdfc3927442494445edd9b00767e28aefff0a4a93af9b1dd41aabcb
[INFO] running `Command { std: "docker" "create" "-v" "/var/lib/crater-agent-workspace/builds/worker-1-tc1/target:/opt/rustwide/target:rw,Z" "-v" "/var/lib/crater-agent-workspace/builds/worker-1-tc1/source:/opt/rustwide/workdir:ro,Z" "-v" "/var/lib/crater-agent-workspace/cargo-home:/opt/rustwide/cargo-home:ro,Z" "-v" "/var/lib/crater-agent-workspace/rustup-home:/opt/rustwide/rustup-home:ro,Z" "-e" "SOURCE_DIR=/opt/rustwide/workdir" "-e" "CARGO_TARGET_DIR=/opt/rustwide/target" "-e" "CARGO_INCREMENTAL=0" "-e" "RUST_BACKTRACE=full" "-e" "RUSTFLAGS=--cap-lints=warn" "-e" "RUSTDOCFLAGS=--cap-lints=warn" "-e" "CARGO_HOME=/opt/rustwide/cargo-home" "-e" "RUSTUP_HOME=/opt/rustwide/rustup-home" "-w" "/opt/rustwide/workdir" "-m" "1610612736" "--user" "0:0" "--network" "none" "ghcr.io/rust-lang/crates-build-env/linux@sha256:5ff2268d62e97bff2cde7d5815dd6ed5b47097566f13b8d0ca110b04b60e07ed" "/opt/rustwide/cargo-home/bin/cargo" "+1.69.0" "test" "--frozen" "--no-run" "--message-format=json", kill_on_drop: false }`
[INFO] [stdout] 1430e147e2749b549adc73964bbe5d74562c660286745f3a34c9b8542f929bf8
[INFO] running `Command { std: "docker" "start" "-a" "1430e147e2749b549adc73964bbe5d74562c660286745f3a34c9b8542f929bf8", kill_on_drop: false }`
[INFO] [stdout] warning: use of deprecated method `streamunordered::StreamUnordered::<S>::push`: Prefer StreamUnordered::insert
[INFO] [stdout]    --> src/kucoin/websocket.rs:109:34
[INFO] [stdout]     |
[INFO] [stdout] 109 |         let token = self.streams.push(read);
[INFO] [stdout]     |                                  ^^^^
[INFO] [stdout]     |
[INFO] [stdout]     = note: `#[warn(deprecated)]` on by default
[INFO] [stdout] 
[INFO] [stdout] 
[INFO] [stdout] warning: field `environment` is never read
[INFO] [stdout]   --> src/kucoin/client.rs:45:5
[INFO] [stdout]    |
[INFO] [stdout] 43 | pub struct Kucoin {
[INFO] [stdout]    |            ------ field in this struct
[INFO] [stdout] 44 |     credentials: Option<Credentials>,
[INFO] [stdout] 45 |     environment: KucoinEnv,
[INFO] [stdout]    |     ^^^^^^^^^^^
[INFO] [stdout]    |
[INFO] [stdout]    = note: `Kucoin` has derived impls for the traits `Clone` and `Debug`, but these are intentionally ignored during dead code analysis
[INFO] [stdout]    = note: `#[warn(dead_code)]` on by default
[INFO] [stdout] 
[INFO] [stdout] 
[INFO] [stdout] warning: 2 warnings emitted
[INFO] [stdout] 
[INFO] [stdout] 
[INFO] [stderr]    Compiling kucoin_rs v0.4.4 (/opt/rustwide/workdir)
[INFO] [stdout] warning: use of deprecated method `streamunordered::StreamUnordered::<S>::push`: Prefer StreamUnordered::insert
[INFO] [stdout]    --> src/kucoin/websocket.rs:109:34
[INFO] [stdout]     |
[INFO] [stdout] 109 |         let token = self.streams.push(read);
[INFO] [stdout]     |                                  ^^^^
[INFO] [stdout]     |
[INFO] [stdout]     = note: `#[warn(deprecated)]` on by default
[INFO] [stdout] 
[INFO] [stdout] 
[INFO] [stdout] warning: field `environment` is never read
[INFO] [stdout]   --> src/kucoin/client.rs:45:5
[INFO] [stdout]    |
[INFO] [stdout] 43 | pub struct Kucoin {
[INFO] [stdout]    |            ------ field in this struct
[INFO] [stdout] 44 |     credentials: Option<Credentials>,
[INFO] [stdout] 45 |     environment: KucoinEnv,
[INFO] [stdout]    |     ^^^^^^^^^^^
[INFO] [stdout]    |
[INFO] [stdout]    = note: `Kucoin` has derived impls for the traits `Clone` and `Debug`, but these are intentionally ignored during dead code analysis
[INFO] [stdout]    = note: `#[warn(dead_code)]` on by default
[INFO] [stdout] 
[INFO] [stdout] 
[INFO] [stdout] warning: 2 warnings emitted
[INFO] [stdout] 
[INFO] [stdout] 
[INFO] [stderr]     Finished test [unoptimized + debuginfo] target(s) in 7.22s
[INFO] running `Command { std: "docker" "inspect" "1430e147e2749b549adc73964bbe5d74562c660286745f3a34c9b8542f929bf8", kill_on_drop: false }`
[INFO] running `Command { std: "docker" "rm" "-f" "1430e147e2749b549adc73964bbe5d74562c660286745f3a34c9b8542f929bf8", kill_on_drop: false }`
[INFO] [stdout] 1430e147e2749b549adc73964bbe5d74562c660286745f3a34c9b8542f929bf8
[INFO] running `Command { std: "docker" "create" "-v" "/var/lib/crater-agent-workspace/builds/worker-1-tc1/target:/opt/rustwide/target:rw,Z" "-v" "/var/lib/crater-agent-workspace/builds/worker-1-tc1/source:/opt/rustwide/workdir:ro,Z" "-v" "/var/lib/crater-agent-workspace/cargo-home:/opt/rustwide/cargo-home:ro,Z" "-v" "/var/lib/crater-agent-workspace/rustup-home:/opt/rustwide/rustup-home:ro,Z" "-e" "SOURCE_DIR=/opt/rustwide/workdir" "-e" "CARGO_TARGET_DIR=/opt/rustwide/target" "-e" "CARGO_INCREMENTAL=0" "-e" "RUST_BACKTRACE=full" "-e" "RUSTFLAGS=--cap-lints=warn" "-e" "RUSTDOCFLAGS=--cap-lints=warn" "-e" "CARGO_HOME=/opt/rustwide/cargo-home" "-e" "RUSTUP_HOME=/opt/rustwide/rustup-home" "-w" "/opt/rustwide/workdir" "-m" "1610612736" "--user" "0:0" "--network" "none" "ghcr.io/rust-lang/crates-build-env/linux@sha256:5ff2268d62e97bff2cde7d5815dd6ed5b47097566f13b8d0ca110b04b60e07ed" "/opt/rustwide/cargo-home/bin/cargo" "+1.69.0" "test" "--frozen", kill_on_drop: false }`
[INFO] [stdout] 946a2d4341eeb96913e9bf624c30a8fc6dd07ab6246c9cd31b9ad5cc253e0d8c
[INFO] running `Command { std: "docker" "start" "-a" "946a2d4341eeb96913e9bf624c30a8fc6dd07ab6246c9cd31b9ad5cc253e0d8c", kill_on_drop: false }`
[INFO] [stderr] warning: use of deprecated method `streamunordered::StreamUnordered::<S>::push`: Prefer StreamUnordered::insert
[INFO] [stderr]    --> src/kucoin/websocket.rs:109:34
[INFO] [stderr]     |
[INFO] [stderr] 109 |         let token = self.streams.push(read);
[INFO] [stderr]     |                                  ^^^^
[INFO] [stderr]     |
[INFO] [stderr]     = note: `#[warn(deprecated)]` on by default
[INFO] [stderr] 
[INFO] [stderr] warning: field `environment` is never read
[INFO] [stderr]   --> src/kucoin/client.rs:45:5
[INFO] [stderr]    |
[INFO] [stderr] 43 | pub struct Kucoin {
[INFO] [stderr]    |            ------ field in this struct
[INFO] [stderr] 44 |     credentials: Option<Credentials>,
[INFO] [stderr] 45 |     environment: KucoinEnv,
[INFO] [stderr]    |     ^^^^^^^^^^^
[INFO] [stderr]    |
[INFO] [stderr]    = note: `Kucoin` has derived impls for the traits `Clone` and `Debug`, but these are intentionally ignored during dead code analysis
[INFO] [stderr]    = note: `#[warn(dead_code)]` on by default
[INFO] [stderr] 
[INFO] [stderr] warning: `kucoin_rs` (lib) generated 2 warnings
[INFO] [stderr] warning: `kucoin_rs` (lib test) generated 2 warnings (2 duplicates)
[INFO] [stderr]     Finished test [unoptimized + debuginfo] target(s) in 0.18s
[INFO] [stderr]      Running unittests src/lib.rs (/opt/rustwide/target/debug/deps/kucoin_rs-6d3cc1aee2b75a2d)
[INFO] [stdout] 
[INFO] [stdout] running 7 tests
[INFO] [stdout] test kucoin::trade::test::use_build_pattern_all_fills_optionals ... ok
[INFO] [stdout] test kucoin::trade::test::use_build_pattern_all_order_optionals ... ok
[INFO] [stdout] test kucoin::trade::test::use_build_pattern_some_fills_optionals ... ok
[INFO] [stdout] test kucoin::trade::test::use_build_pattern_some_order_info_optionals ... ok
[INFO] [stdout] test kucoin::utils::test::format_query_test ... ok
[INFO] [stdout] test kucoin::trade::test::use_build_pattern_some_order_optionals ... ok
[INFO] [stdout] test kucoin::trade::test::use_build_pattern_all_order_info_optionals ... ok
[INFO] [stdout] 
[INFO] [stdout] test result: ok. 7 passed; 0 failed; 0 ignored; 0 measured; 0 filtered out; finished in 0.00s
[INFO] [stdout] 
[INFO] [stderr]    Doc-tests kucoin_rs
[INFO] [stdout] 
[INFO] [stdout] running 7 tests
[INFO] [stdout] test src/lib.rs - (line 135) ... ignored
[INFO] [stdout] test src/lib.rs - (line 77) ... ignored
[INFO] [stdout] test src/lib.rs - (line 98) ... ignored
[INFO] [stdout] test src/kucoin/trade.rs - kucoin::trade::OrderInfoOptionals (line 492) ... FAILED
[INFO] [stdout] test src/kucoin/trade.rs - kucoin::trade::FillsOptionals (line 597) ... ok
[INFO] [stdout] test src/kucoin/trade.rs - kucoin::trade::OrderOptionals (line 368) ... ok
[INFO] [stderr] error: doctest failed, to rerun pass `--doc`
[INFO] [stdout] test src/lib.rs - (line 44) ... ok
[INFO] [stdout] 
[INFO] [stdout] failures:
[INFO] [stdout] 
[INFO] [stdout] ---- src/kucoin/trade.rs - kucoin::trade::OrderInfoOptionals (line 492) stdout ----
[INFO] [stdout] error: linking with `cc` failed: exit status: 1
[INFO] [stdout]   |
[INFO] [stdout]   = note: LC_ALL="C" PATH="/opt/rustwide/rustup-home/toolchains/1.69.0-x86_64-unknown-linux-gnu/lib/rustlib/x86_64-unknown-linux-gnu/bin:/opt/rustwide/cargo-home/bin:/usr/local/sbin:/usr/local/bin:/usr/sbin:/usr/bin:/sbin:/bin" VSLANG="1033" "cc" "-m64" "/tmp/rustcJzJ8Uu/symbols.o" "/tmp/rustdoctestrpz11o/rust_out.rust_out.5bfee551-cgu.0.rcgu.o" "/tmp/rustdoctestrpz11o/rust_out.j00p4ncf7xg64kg.rcgu.o" "-Wl,--as-needed" "-L" "/opt/rustwide/target/debug/deps" "-L" "/opt/rustwide/target/debug/deps" "-L" "/opt/rustwide/target/debug/build/ring-3d31b0bbaa3a7a2d/out" "-L" "/opt/rustwide/rustup-home/toolchains/1.69.0-x86_64-unknown-linux-gnu/lib/rustlib/x86_64-unknown-linux-gnu/lib" "-Wl,-Bstatic" "/opt/rustwide/target/debug/deps/libkucoin_rs-450b22430875fc9e.rlib" "/opt/rustwide/target/debug/deps/libstreamunordered-4fea29fd18949398.rlib" "/opt/rustwide/target/debug/deps/libsha2-a14281260c02c088.rlib" "/opt/rustwide/target/debug/deps/libopaque_debug-b0737f933fc2a43f.rlib" "/opt/rustwide/target/debug/deps/libfake_simd-9ff0f8adbc391be0.rlib" "/opt/rustwide/target/debug/deps/libblock_buffer-aafaae4ed3990795.rlib" "/opt/rustwide/target/debug/deps/libblock_padding-c9e3859ddfb7d8c9.rlib" "/opt/rustwide/target/debug/deps/libbyte_tools-d795ef693e13bf0a.rlib" "/opt/rustwide/target/debug/deps/libhmac-8bb102655396c095.rlib" "/opt/rustwide/target/debug/deps/libcrypto_mac-10a3c9c01be44c5e.rlib" "/opt/rustwide/target/debug/deps/libsubtle-27c7abe8cc9b8016.rlib" "/opt/rustwide/target/debug/deps/libdigest-c21592dc681772b1.rlib" "/opt/rustwide/target/debug/deps/libgeneric_array-fd7c77caee33ce41.rlib" "/opt/rustwide/target/debug/deps/libbase64-758319727d7651ce.rlib" "/opt/rustwide/target/debug/deps/libfailure-7c1b70288ec8a625.rlib" "/opt/rustwide/target/debug/deps/libbacktrace-fbc2954c96bf4668.rlib" "/opt/rustwide/target/debug/deps/libminiz_oxide-e57d79458c1d1dc6.rlib" "/opt/rustwide/target/debug/deps/libadler-478247d24f5486f3.rlib" "/opt/rustwide/target/debug/deps/libobject-0e7df3d15adeb749.rlib" "/opt/rustwide/target/debug/deps/libaddr2line-b1bf6599b5592b4e.rlib" "/opt/rustwide/target/debug/deps/libgimli-05ab19e0b18c0f47.rlib" "/opt/rustwide/target/debug/deps/librustc_demangle-b9a7c4eabd61023e.rlib" "/opt/rustwide/target/debug/deps/libtungstenite-1497fd0194277c1a.rlib" "/opt/rustwide/target/debug/deps/libthiserror-c22b29474de6491b.rlib" "/opt/rustwide/target/debug/deps/libtokio_tungstenite-b4d9e6a20aa7ae44.rlib" "/opt/rustwide/target/debug/deps/libtungstenite-723624218a7d242e.rlib" "/opt/rustwide/target/debug/deps/libbase64-58bd2041a3052460.rlib" "/opt/rustwide/target/debug/deps/librand-027ebd8cd3eea29e.rlib" "/opt/rustwide/target/debug/deps/librand_chacha-02db262bfffa7904.rlib" "/opt/rustwide/target/debug/deps/libppv_lite86-c3ad053967cc551c.rlib" "/opt/rustwide/target/debug/deps/librand_core-ebc2a136de28cec1.rlib" "/opt/rustwide/target/debug/deps/libgetrandom-ea50d3a3c1361eef.rlib" "/opt/rustwide/target/debug/deps/libutf8-5e3ec65d321d5e7c.rlib" "/opt/rustwide/target/debug/deps/libbyteorder-50c19e9bd62c942c.rlib" "/opt/rustwide/target/debug/deps/libsha1-66c78fe7162ee9ac.rlib" "/opt/rustwide/target/debug/deps/libopaque_debug-502d41d476583e16.rlib" "/opt/rustwide/target/debug/deps/libcpufeatures-e143b41ca3b14af5.rlib" "/opt/rustwide/target/debug/deps/libblock_buffer-b09fe2314bad4255.rlib" "/opt/rustwide/target/debug/deps/libdigest-65278d6cd297e24f.rlib" "/opt/rustwide/target/debug/deps/libgeneric_array-608909210c8d4be6.rlib" "/opt/rustwide/target/debug/deps/libtypenum-d40a559dcc4c7492.rlib" "/opt/rustwide/target/debug/deps/libinput_buffer-996caedeaecd7054.rlib" "/opt/rustwide/target/debug/deps/libreqwest-3439f021ab235bbc.rlib" "/opt/rustwide/target/debug/deps/librustls_pemfile-b8d8488d078135e6.rlib" "/opt/rustwide/target/debug/deps/libhyper_rustls-009b7dd3194da4e5.rlib" "/opt/rustwide/target/debug/deps/libhyper_tls-ee71ae63f9765ce8.rlib" "/opt/rustwide/target/debug/deps/libserde_urlencoded-53a1bd1a3bdd9b1e.rlib" "/opt/rustwide/target/debug/deps/libwebpki_roots-d156013bda594bf0.rlib" "/opt/rustwide/target/debug/deps/libbase64-8062ff4772a66de9.rlib" "/opt/rustwide/target/debug/deps/libipnet-c7c4785b48ce73f5.rlib" "/opt/rustwide/target/debug/deps/libtokio_native_tls-2b72900e2cea47e9.rlib" "/opt/rustwide/target/debug/deps/libtokio_rustls-5c81dc4f4bd74cdf.rlib" "/opt/rustwide/target/debug/deps/libmime-a79fe19129dcd0fb.rlib" "/opt/rustwide/target/debug/deps/libencoding_rs-73122f64baa7d749.rlib" "/opt/rustwide/target/debug/deps/libserde_json-be965df7f049c2a4.rlib" "/opt/rustwide/target/debug/deps/libryu-87a43729435ac998.rlib" "/opt/rustwide/target/debug/deps/libserde-ecff9e9bb5abe319.rlib" "/opt/rustwide/target/debug/deps/librustls-4276ad66e7578da6.rlib" "/opt/rustwide/target/debug/deps/libsct-187fbf52ae122969.rlib" "/opt/rustwide/target/debug/deps/libwebpki-f1bd6a4859cc6047.rlib" "/opt/rustwide/target/debug/deps/libring-40e065399e69f5ef.rlib" "/opt/rustwide/target/debug/deps/libspin-ba7f384cfb4b159f.rlib" "/opt/rustwide/target/debug/deps/libuntrusted-ec41ab00ed225515.rlib" "/opt/rustwide/target/debug/deps/libnative_tls-82fa5e9d9c363cff.rlib" "/opt/rustwide/target/debug/deps/libopenssl_probe-2d1cd15c290ad1de.rlib" "/opt/rustwide/target/debug/deps/libopenssl-afdd2434b24beddd.rlib" "/opt/rustwide/target/debug/deps/libbitflags-82cc2d155c6eb112.rlib" "/opt/rustwide/target/debug/deps/libforeign_types-f2b053f84105065c.rlib" "/opt/rustwide/target/debug/deps/libforeign_types_shared-48f8f1f9ea32d068.rlib" "/opt/rustwide/target/debug/deps/libopenssl_sys-b0859249b0a89780.rlib" "/opt/rustwide/target/debug/deps/libhyper-861549d578344fba.rlib" "/opt/rustwide/target/debug/deps/libwant-ac7922456ffd1225.rlib" "/opt/rustwide/target/debug/deps/libtry_lock-ec51eacf97b087e9.rlib" "/opt/rustwide/target/debug/deps/libhttparse-30fefae29fd53c2e.rlib" "/opt/rustwide/target/debug/deps/libh2-884775e0968f89e0.rlib" "/opt/rustwide/target/debug/deps/libindexmap-4a7e2da62b4b6cd1.rlib" "/opt/rustwide/target/debug/deps/libhashbrown-f669da50cece7aa5.rlib" "/opt/rustwide/target/debug/deps/libtokio_util-ebb9c060959e635d.rlib" "/opt/rustwide/target/debug/deps/libtower_service-a82a463fea06a00e.rlib" "/opt/rustwide/target/debug/deps/libtracing-5e45c18f98c454bb.rlib" "/opt/rustwide/target/debug/deps/libtracing_core-259db95f475fb2a8.rlib" "/opt/rustwide/target/debug/deps/libonce_cell-7d2ec3fb6b6c5a4d.rlib" "/opt/rustwide/target/debug/deps/libtokio-0d2d3aeace7eb4bd.rlib" "/opt/rustwide/target/debug/deps/libsignal_hook_registry-478a5747abd0441c.rlib" "/opt/rustwide/target/debug/deps/libnum_cpus-99eb5bb783d8d3db.rlib" "/opt/rustwide/target/debug/deps/libsocket2-8061dac41e4cc57a.rlib" "/opt/rustwide/target/debug/deps/libmio-24897497faacc9c1.rlib" "/opt/rustwide/target/debug/deps/libparking_lot-02950eabf37b3596.rlib" "/opt/rustwide/target/debug/deps/libparking_lot_core-20e6fa92b6fd4109.rlib" "/opt/rustwide/target/debug/deps/liblibc-1c44c26a4c16f4d2.rlib" "/opt/rustwide/target/debug/deps/libsmallvec-22f2447eab0ca59b.rlib" "/opt/rustwide/target/debug/deps/liblock_api-68f9f4627da435ce.rlib" "/opt/rustwide/target/debug/deps/libscopeguard-f471875f675163b5.rlib" "/opt/rustwide/target/debug/deps/libhttp_body-1af96f59fded0cc1.rlib" "/opt/rustwide/target/debug/deps/liblog-b7002f1ab15c8d8b.rlib" "/opt/rustwide/target/debug/deps/libcfg_if-e5e118dd7d121aaa.rlib" "/opt/rustwide/target/debug/deps/liburl-25a81f6654f7c1c7.rlib" "/opt/rustwide/target/debug/deps/libidna-b865ee86652f4dd4.rlib" "/opt/rustwide/target/debug/deps/libunicode_normalization-65834209e2c3efa0.rlib" "/opt/rustwide/target/debug/deps/libtinyvec-4aa74f8a972e3d9d.rlib" "/opt/rustwide/target/debug/deps/libtinyvec_macros-8eb663675e81bb18.rlib" "/opt/rustwide/target/debug/deps/libunicode_bidi-df88d89b87cd1c3f.rlib" "/opt/rustwide/target/debug/deps/libform_urlencoded-4406ed733a551179.rlib" "/opt/rustwide/target/debug/deps/libpercent_encoding-5b4f3c280783d946.rlib" "/opt/rustwide/target/debug/deps/libhttp-1912e0b438bd2fae.rlib" "/opt/rustwide/target/debug/deps/libitoa-12e0c769e046c1b6.rlib" "/opt/rustwide/target/debug/deps/libbytes-e760d6ac9a2f6963.rlib" "/opt/rustwide/target/debug/deps/libfnv-41a559218f992797.rlib" "/opt/rustwide/target/debug/deps/libpin_project-181b157532ce6b8a.rlib" "/opt/rustwide/target/debug/deps/libfutures-3a995870b153b14e.rlib" "/opt/rustwide/target/debug/deps/libfutures_executor-59ad69caf14bdae6.rlib" "/opt/rustwide/target/debug/deps/libfutures_util-e628a898ff25d77d.rlib" "/opt/rustwide/target/debug/deps/libmemchr-b18e4aa3c7a38625.rlib" "/opt/rustwide/target/debug/deps/libfutures_io-4614e9b19a26d89f.rlib" "/opt/rustwide/target/debug/deps/libslab-8bb798f134a0a9e7.rlib" "/opt/rustwide/target/debug/deps/libfutures_channel-6efe3e36c9bebe99.rlib" "/opt/rustwide/target/debug/deps/libpin_project_lite-e66e1bab7310d569.rlib" "/opt/rustwide/target/debug/deps/libfutures_sink-0848eae0e91803d6.rlib" "/opt/rustwide/target/debug/deps/libfutures_task-b59556b3c537ad98.rlib" "/opt/rustwide/target/debug/deps/libpin_utils-0d8eaf4ac0fcb221.rlib" "/opt/rustwide/target/debug/deps/libfutures_core-6002dc2ff0ad2c7a.rlib" "/opt/rustwide/rustup-home/toolchains/1.69.0-x86_64-unknown-linux-gnu/lib/rustlib/x86_64-unknown-linux-gnu/lib/libstd-89bc084783fdc439.rlib" "/opt/rustwide/rustup-home/toolchains/1.69.0-x86_64-unknown-linux-gnu/lib/rustlib/x86_64-unknown-linux-gnu/lib/libpanic_unwind-8bee4b287d4367c1.rlib" "/opt/rustwide/rustup-home/toolchains/1.69.0-x86_64-unknown-linux-gnu/lib/rustlib/x86_64-unknown-linux-gnu/lib/libobject-d61707aed80694c0.rlib" "/opt/rustwide/rustup-home/toolchains/1.69.0-x86_64-unknown-linux-gnu/lib/rustlib/x86_64-unknown-linux-gnu/lib/libmemchr-d85366256f22345b.rlib" "/opt/rustwide/rustup-home/toolchains/1.69.0-x86_64-unknown-linux-gnu/lib/rustlib/x86_64-unknown-linux-gnu/lib/libaddr2line-96069b86b8a8cae9.rlib" "/opt/rustwide/rustup-home/toolchains/1.69.0-x86_64-unknown-linux-gnu/lib/rustlib/x86_64-unknown-linux-gnu/lib/libgimli-d19d53abf68dfa6c.rlib" "/opt/rustwide/rustup-home/toolchains/1.69.0-x86_64-unknown-linux-gnu/lib/rustlib/x86_64-unknown-linux-gnu/lib/librustc_demangle-787cbccd19d64ac6.rlib" "/opt/rustwide/rustup-home/toolchains/1.69.0-x86_64-unknown-linux-gnu/lib/rustlib/x86_64-unknown-linux-gnu/lib/libstd_detect-b3837a36b830e0d0.rlib" "/opt/rustwide/rustup-home/toolchains/1.69.0-x86_64-unknown-linux-gnu/lib/rustlib/x86_64-unknown-linux-gnu/lib/libhashbrown-e3deb0e7e3f04966.rlib" "/opt/rustwide/rustup-home/toolchains/1.69.0-x86_64-unknown-linux-gnu/lib/rustlib/x86_64-unknown-linux-gnu/lib/libminiz_oxide-dabbb79c9815def4.rlib" "/opt/rustwide/rustup-home/toolchains/1.69.0-x86_64-unknown-linux-gnu/lib/rustlib/x86_64-unknown-linux-gnu/lib/libadler-305b01f34c9409f2.rlib" "/opt/rustwide/rustup-home/toolchains/1.69.0-x86_64-unknown-linux-gnu/lib/rustlib/x86_64-unknown-linux-gnu/lib/librustc_std_workspace_alloc-f833521df6074e73.rlib" "/opt/rustwide/rustup-home/toolchains/1.69.0-x86_64-unknown-linux-gnu/lib/rustlib/x86_64-unknown-linux-gnu/lib/libunwind-9ac333113350d171.rlib" "/opt/rustwide/rustup-home/toolchains/1.69.0-x86_64-unknown-linux-gnu/lib/rustlib/x86_64-unknown-linux-gnu/lib/libcfg_if-1c126114322d0eee.rlib" "/opt/rustwide/rustup-home/toolchains/1.69.0-x86_64-unknown-linux-gnu/lib/rustlib/x86_64-unknown-linux-gnu/lib/liblibc-bad9164fdeeecf92.rlib" "/opt/rustwide/rustup-home/toolchains/1.69.0-x86_64-unknown-linux-gnu/lib/rustlib/x86_64-unknown-linux-gnu/lib/liballoc-f9374b1e480fa681.rlib" "/opt/rustwide/rustup-home/toolchains/1.69.0-x86_64-unknown-linux-gnu/lib/rustlib/x86_64-unknown-linux-gnu/lib/librustc_std_workspace_core-207f06e41d9603af.rlib" "/opt/rustwide/rustup-home/toolchains/1.69.0-x86_64-unknown-linux-gnu/lib/rustlib/x86_64-unknown-linux-gnu/lib/libcore-7e2768e66e984e85.rlib" "/opt/rustwide/rustup-home/toolchains/1.69.0-x86_64-unknown-linux-gnu/lib/rustlib/x86_64-unknown-linux-gnu/lib/libcompiler_builtins-957b4aff41f8cd46.rlib" "-Wl,-Bdynamic" "-lssl" "-lcrypto" "-lgcc_s" "-lutil" "-lrt" "-lpthread" "-lm" "-ldl" "-lc" "-Wl,--eh-frame-hdr" "-Wl,-z,noexecstack" "-L" "/opt/rustwide/rustup-home/toolchains/1.69.0-x86_64-unknown-linux-gnu/lib/rustlib/x86_64-unknown-linux-gnu/lib" "-o" "/tmp/rustdoctestrpz11o/rust_out" "-Wl,--gc-sections" "-pie" "-Wl,-z,relro,-z,now" "-nodefaultlibs"
[INFO] [stdout]   = note: collect2: fatal error: ld terminated with signal 9 [Killed]
[INFO] [stdout]           compilation terminated.
[INFO] [stdout]           
[INFO] [stdout] 
[INFO] [stdout] error: aborting due to previous error
[INFO] [stdout] 
[INFO] [stdout] Couldn't compile the test.
[INFO] [stdout] 
[INFO] [stdout] failures:
[INFO] [stdout]     src/kucoin/trade.rs - kucoin::trade::OrderInfoOptionals (line 492)
[INFO] [stdout] 
[INFO] [stdout] test result: FAILED. 3 passed; 1 failed; 3 ignored; 0 measured; 0 filtered out; finished in 9.95s
[INFO] [stdout] 
[INFO] running `Command { std: "docker" "inspect" "946a2d4341eeb96913e9bf624c30a8fc6dd07ab6246c9cd31b9ad5cc253e0d8c", kill_on_drop: false }`
[INFO] running `Command { std: "docker" "rm" "-f" "946a2d4341eeb96913e9bf624c30a8fc6dd07ab6246c9cd31b9ad5cc253e0d8c", kill_on_drop: false }`
[INFO] [stdout] 946a2d4341eeb96913e9bf624c30a8fc6dd07ab6246c9cd31b9ad5cc253e0d8c
