[INFO] fetching crate kube 0.82.2...
[INFO] testing kube-0.82.2 against 1.69.0 for beta-1.70-1
[INFO] extracting crate kube 0.82.2 into /workspace/builds/worker-7-tc1/source
[INFO] validating manifest of crates.io crate kube 0.82.2 on toolchain 1.69.0
[INFO] running `Command { std: CARGO_HOME="/workspace/cargo-home" RUSTUP_HOME="/workspace/rustup-home" "/workspace/cargo-home/bin/cargo" "+1.69.0" "metadata" "--manifest-path" "Cargo.toml" "--no-deps", kill_on_drop: false }`
[INFO] started tweaking crates.io crate kube 0.82.2
[INFO] finished tweaking crates.io crate kube 0.82.2
[INFO] tweaked toml for crates.io crate kube 0.82.2 written to /workspace/builds/worker-7-tc1/source/Cargo.toml
[INFO] running `Command { std: CARGO_HOME="/workspace/cargo-home" RUSTUP_HOME="/workspace/rustup-home" __CARGO_TEST_CHANNEL_OVERRIDE_DO_NOT_USE_THIS="nightly" "/workspace/cargo-home/bin/cargo" "+1.69.0" "generate-lockfile" "--manifest-path" "Cargo.toml" "-Zno-index-update", kill_on_drop: false }`
[INFO] running `Command { std: CARGO_HOME="/workspace/cargo-home" RUSTUP_HOME="/workspace/rustup-home" "/workspace/cargo-home/bin/cargo" "+1.69.0" "fetch" "--manifest-path" "Cargo.toml", kill_on_drop: false }`
[INFO] [stderr]     Blocking waiting for file lock on package cache
[INFO] [stderr]  Downloading crates ...
[INFO] [stderr]   Downloaded kube-derive v0.82.2
[INFO] [stderr]   Downloaded kube-core v0.82.2
[INFO] [stderr]   Downloaded hyper-openssl v0.9.2
[INFO] [stderr]   Downloaded treediff v4.0.2
[INFO] [stderr]   Downloaded validator v0.16.0
[INFO] [stderr]   Downloaded validator_derive v0.16.0
[INFO] [stderr]   Downloaded validator_types v0.16.0
[INFO] [stderr]   Downloaded json-patch v1.0.0
[INFO] [stderr]   Downloaded kube-runtime v0.82.2
[INFO] [stderr]   Downloaded kube-client v0.82.2
[INFO] [stderr]   Downloaded tower-http v0.4.0
[INFO] [stderr]   Downloaded k8s-openapi v0.18.0
[INFO] [stderr]   Downloaded tame-oauth v0.9.2
[INFO] running `Command { std: "docker" "create" "-v" "/var/lib/crater-agent-workspace/builds/worker-7-tc1/target:/opt/rustwide/target:rw,Z" "-v" "/var/lib/crater-agent-workspace/builds/worker-7-tc1/source:/opt/rustwide/workdir:ro,Z" "-v" "/var/lib/crater-agent-workspace/cargo-home:/opt/rustwide/cargo-home:ro,Z" "-v" "/var/lib/crater-agent-workspace/rustup-home:/opt/rustwide/rustup-home:ro,Z" "-e" "SOURCE_DIR=/opt/rustwide/workdir" "-e" "CARGO_TARGET_DIR=/opt/rustwide/target" "-e" "CARGO_HOME=/opt/rustwide/cargo-home" "-e" "RUSTUP_HOME=/opt/rustwide/rustup-home" "-w" "/opt/rustwide/workdir" "-m" "1610612736" "--user" "0:0" "--network" "none" "ghcr.io/rust-lang/crates-build-env/linux@sha256:5ff2268d62e97bff2cde7d5815dd6ed5b47097566f13b8d0ca110b04b60e07ed" "/opt/rustwide/cargo-home/bin/cargo" "+1.69.0" "metadata" "--no-deps" "--format-version=1", kill_on_drop: false }`
[INFO] [stdout] ae89bdb29f439bf21161e3860106b92630d41c3307f099ef624030ad55028769
[INFO] running `Command { std: "docker" "start" "-a" "ae89bdb29f439bf21161e3860106b92630d41c3307f099ef624030ad55028769", kill_on_drop: false }`
[INFO] running `Command { std: "docker" "inspect" "ae89bdb29f439bf21161e3860106b92630d41c3307f099ef624030ad55028769", kill_on_drop: false }`
[INFO] running `Command { std: "docker" "rm" "-f" "ae89bdb29f439bf21161e3860106b92630d41c3307f099ef624030ad55028769", kill_on_drop: false }`
[INFO] [stdout] ae89bdb29f439bf21161e3860106b92630d41c3307f099ef624030ad55028769
[INFO] running `Command { std: "docker" "create" "-v" "/var/lib/crater-agent-workspace/builds/worker-7-tc1/target:/opt/rustwide/target:rw,Z" "-v" "/var/lib/crater-agent-workspace/builds/worker-7-tc1/source:/opt/rustwide/workdir:ro,Z" "-v" "/var/lib/crater-agent-workspace/cargo-home:/opt/rustwide/cargo-home:ro,Z" "-v" "/var/lib/crater-agent-workspace/rustup-home:/opt/rustwide/rustup-home:ro,Z" "-e" "SOURCE_DIR=/opt/rustwide/workdir" "-e" "CARGO_TARGET_DIR=/opt/rustwide/target" "-e" "CARGO_INCREMENTAL=0" "-e" "RUST_BACKTRACE=full" "-e" "RUSTFLAGS=--cap-lints=warn" "-e" "RUSTDOCFLAGS=--cap-lints=warn" "-e" "CARGO_HOME=/opt/rustwide/cargo-home" "-e" "RUSTUP_HOME=/opt/rustwide/rustup-home" "-w" "/opt/rustwide/workdir" "-m" "1610612736" "--user" "0:0" "--network" "none" "ghcr.io/rust-lang/crates-build-env/linux@sha256:5ff2268d62e97bff2cde7d5815dd6ed5b47097566f13b8d0ca110b04b60e07ed" "/opt/rustwide/cargo-home/bin/cargo" "+1.69.0" "build" "--frozen" "--message-format=json", kill_on_drop: false }`
[INFO] [stdout] d54c5afac6fb59376d89c32b1b95c1cb4086b14c4d377a29ed1d65f2e8286427
[INFO] running `Command { std: "docker" "start" "-a" "d54c5afac6fb59376d89c32b1b95c1cb4086b14c4d377a29ed1d65f2e8286427", kill_on_drop: false }`
[INFO] [stderr]    Compiling syn v2.0.15
[INFO] [stderr]    Compiling parking_lot_core v0.9.7
[INFO] [stderr]    Compiling tokio v1.28.0
[INFO] [stderr]    Compiling signal-hook-registry v1.4.1
[INFO] [stderr]    Compiling tracing-core v0.1.30
[INFO] [stderr]    Compiling serde_json v1.0.96
[INFO] [stderr]    Compiling syn v1.0.109
[INFO] [stderr]    Compiling num-integer v0.1.45
[INFO] [stderr]    Compiling parking_lot v0.12.1
[INFO] [stderr]    Compiling ordered-float v2.10.0
[INFO] [stderr]    Compiling openssl-sys v0.9.87
[INFO] [stderr]    Compiling k8s-openapi v0.18.0
[INFO] [stderr]    Compiling tower-layer v0.3.2
[INFO] [stderr]    Compiling tokio-openssl v0.6.3
[INFO] [stderr]    Compiling hyper-openssl v0.9.2
[INFO] [stderr]    Compiling linked-hash-map v0.5.6
[INFO] [stderr]    Compiling base64 v0.21.0
[INFO] [stderr]    Compiling dirs-sys-next v0.1.2
[INFO] [stderr]    Compiling zeroize v1.6.0
[INFO] [stderr]    Compiling unsafe-libyaml v0.2.8
[INFO] [stderr]    Compiling linked_hash_set v0.1.4
[INFO] [stderr]    Compiling http-range-header v0.3.0
[INFO] [stderr]    Compiling base64 v0.20.0
[INFO] [stderr]    Compiling pem v1.1.1
[INFO] [stderr]    Compiling dirs-next v2.0.0
[INFO] [stderr]    Compiling futures-macro v0.3.28
[INFO] [stderr]    Compiling serde_derive v1.0.160
[INFO] [stderr]    Compiling tokio-macros v2.1.0
[INFO] [stderr]    Compiling tracing-attributes v0.1.24
[INFO] [stderr]    Compiling openssl-macros v0.1.1
[INFO] [stderr]    Compiling openssl v0.10.52
[INFO] [stderr]    Compiling thiserror-impl v1.0.40
[INFO] [stderr]    Compiling pin-project-internal v1.0.12
[INFO] [stderr]    Compiling futures-util v0.3.28
[INFO] [stderr]    Compiling tracing v0.1.37
[INFO] [stderr]    Compiling thiserror v1.0.40
[INFO] [stderr]    Compiling pin-project v1.0.12
[INFO] [stderr]    Compiling serde v1.0.160
[INFO] [stderr]    Compiling futures-executor v0.3.28
[INFO] [stderr]    Compiling tower-http v0.4.0
[INFO] [stderr]    Compiling futures v0.3.28
[INFO] [stderr]    Compiling hyper v0.14.26
[INFO] [stderr]    Compiling tokio-util v0.7.8
[INFO] [stderr]    Compiling tokio-io-timeout v1.2.0
[INFO] [stderr]    Compiling serde-value v0.7.0
[INFO] [stderr]    Compiling chrono v0.4.24
[INFO] [stderr]    Compiling serde_yaml v0.9.21
[INFO] [stderr]    Compiling tower v0.4.13
[INFO] [stderr]    Compiling secrecy v0.8.0
[INFO] [stderr]    Compiling jsonpath_lib v0.3.0
[INFO] [stderr]    Compiling hyper-timeout v0.4.1
[INFO] [stderr]    Compiling kube-core v0.82.2
[INFO] [stderr]    Compiling kube-client v0.82.2
[INFO] [stderr]    Compiling kube v0.82.2 (/opt/rustwide/workdir)
[INFO] [stderr]     Finished dev [unoptimized + debuginfo] target(s) in 1m 37s
[INFO] running `Command { std: "docker" "inspect" "d54c5afac6fb59376d89c32b1b95c1cb4086b14c4d377a29ed1d65f2e8286427", kill_on_drop: false }`
[INFO] running `Command { std: "docker" "rm" "-f" "d54c5afac6fb59376d89c32b1b95c1cb4086b14c4d377a29ed1d65f2e8286427", kill_on_drop: false }`
[INFO] [stdout] d54c5afac6fb59376d89c32b1b95c1cb4086b14c4d377a29ed1d65f2e8286427
[INFO] running `Command { std: "docker" "create" "-v" "/var/lib/crater-agent-workspace/builds/worker-7-tc1/target:/opt/rustwide/target:rw,Z" "-v" "/var/lib/crater-agent-workspace/builds/worker-7-tc1/source:/opt/rustwide/workdir:ro,Z" "-v" "/var/lib/crater-agent-workspace/cargo-home:/opt/rustwide/cargo-home:ro,Z" "-v" "/var/lib/crater-agent-workspace/rustup-home:/opt/rustwide/rustup-home:ro,Z" "-e" "SOURCE_DIR=/opt/rustwide/workdir" "-e" "CARGO_TARGET_DIR=/opt/rustwide/target" "-e" "CARGO_INCREMENTAL=0" "-e" "RUST_BACKTRACE=full" "-e" "RUSTFLAGS=--cap-lints=warn" "-e" "RUSTDOCFLAGS=--cap-lints=warn" "-e" "CARGO_HOME=/opt/rustwide/cargo-home" "-e" "RUSTUP_HOME=/opt/rustwide/rustup-home" "-w" "/opt/rustwide/workdir" "-m" "1610612736" "--user" "0:0" "--network" "none" "ghcr.io/rust-lang/crates-build-env/linux@sha256:5ff2268d62e97bff2cde7d5815dd6ed5b47097566f13b8d0ca110b04b60e07ed" "/opt/rustwide/cargo-home/bin/cargo" "+1.69.0" "test" "--frozen" "--no-run" "--message-format=json", kill_on_drop: false }`
[INFO] [stdout] 47b108ed6776db487e1e9fc83c7ae31b915988f9c67f33e5d6fde1c8cda0f6d7
[INFO] running `Command { std: "docker" "start" "-a" "47b108ed6776db487e1e9fc83c7ae31b915988f9c67f33e5d6fde1c8cda0f6d7", kill_on_drop: false }`
[INFO] [stderr]    Compiling proc-macro-error v1.0.4
[INFO] [stderr]    Compiling validator_types v0.16.0
[INFO] [stderr]    Compiling serde_derive_internals v0.26.0
[INFO] [stderr]    Compiling if_chain v1.0.2
[INFO] [stderr]    Compiling validator_derive v0.16.0
[INFO] [stderr]    Compiling schemars_derive v0.8.12
[INFO] [stderr]    Compiling validator v0.16.0
[INFO] [stderr]    Compiling schemars v0.8.12
[INFO] [stderr]    Compiling kube v0.82.2 (/opt/rustwide/workdir)
[INFO] [stderr]     Finished test [unoptimized + debuginfo] target(s) in 7.52s
[INFO] running `Command { std: "docker" "inspect" "47b108ed6776db487e1e9fc83c7ae31b915988f9c67f33e5d6fde1c8cda0f6d7", kill_on_drop: false }`
[INFO] running `Command { std: "docker" "rm" "-f" "47b108ed6776db487e1e9fc83c7ae31b915988f9c67f33e5d6fde1c8cda0f6d7", kill_on_drop: false }`
[INFO] [stdout] 47b108ed6776db487e1e9fc83c7ae31b915988f9c67f33e5d6fde1c8cda0f6d7
[INFO] running `Command { std: "docker" "create" "-v" "/var/lib/crater-agent-workspace/builds/worker-7-tc1/target:/opt/rustwide/target:rw,Z" "-v" "/var/lib/crater-agent-workspace/builds/worker-7-tc1/source:/opt/rustwide/workdir:ro,Z" "-v" "/var/lib/crater-agent-workspace/cargo-home:/opt/rustwide/cargo-home:ro,Z" "-v" "/var/lib/crater-agent-workspace/rustup-home:/opt/rustwide/rustup-home:ro,Z" "-e" "SOURCE_DIR=/opt/rustwide/workdir" "-e" "CARGO_TARGET_DIR=/opt/rustwide/target" "-e" "CARGO_INCREMENTAL=0" "-e" "RUST_BACKTRACE=full" "-e" "RUSTFLAGS=--cap-lints=warn" "-e" "RUSTDOCFLAGS=--cap-lints=warn" "-e" "CARGO_HOME=/opt/rustwide/cargo-home" "-e" "RUSTUP_HOME=/opt/rustwide/rustup-home" "-w" "/opt/rustwide/workdir" "-m" "1610612736" "--user" "0:0" "--network" "none" "ghcr.io/rust-lang/crates-build-env/linux@sha256:5ff2268d62e97bff2cde7d5815dd6ed5b47097566f13b8d0ca110b04b60e07ed" "/opt/rustwide/cargo-home/bin/cargo" "+1.69.0" "test" "--frozen", kill_on_drop: false }`
[INFO] [stdout] ffee2166615ed3d3008641c016785854b2bcc45f88c696e8a568cd47077f27c1
[INFO] running `Command { std: "docker" "start" "-a" "ffee2166615ed3d3008641c016785854b2bcc45f88c696e8a568cd47077f27c1", kill_on_drop: false }`
[INFO] [stderr]     Finished test [unoptimized + debuginfo] target(s) in 0.16s
[INFO] [stderr]      Running unittests src/lib.rs (/opt/rustwide/target/debug/deps/kube-f2f93e0759d19907)
[INFO] [stdout] 
[INFO] [stdout] running 0 tests
[INFO] [stdout] 
[INFO] [stdout] test result: ok. 0 passed; 0 failed; 0 ignored; 0 measured; 0 filtered out; finished in 0.00s
[INFO] [stdout] 
[INFO] [stderr]    Doc-tests kube
[INFO] [stdout] 
[INFO] [stdout] running 2 tests
[INFO] [stdout] test src/lib.rs - (line 20) - compile ... ok
[INFO] [stdout] test src/lib.rs - (line 47) - compile ... FAILED
[INFO] [stderr] error: doctest failed, to rerun pass `--doc`
[INFO] [stdout] 
[INFO] [stdout] failures:
[INFO] [stdout] 
[INFO] [stdout] ---- src/lib.rs - (line 47) stdout ----
[INFO] [stdout] error[E0433]: failed to resolve: could not find `runtime` in `kube`
[INFO] [stdout]   --> src/lib.rs:58:5
[INFO] [stdout]    |
[INFO] [stdout] 13 |     runtime::{watcher, WatchStreamExt, wait::{conditions, await_condition}},
[INFO] [stdout]    |     ^^^^^^^ could not find `runtime` in `kube`
[INFO] [stdout] 
[INFO] [stdout] error[E0432]: unresolved imports `kube::CustomResource`, `kube::runtime`
[INFO] [stdout]   --> src/lib.rs:57:13
[INFO] [stdout]    |
[INFO] [stdout] 12 |     Client, CustomResource,
[INFO] [stdout]    |             ^^^^^^^^^^^^^^
[INFO] [stdout]    |             |
[INFO] [stdout]    |             no `CustomResource` in the root
[INFO] [stdout]    |             help: a similar name exists in the module: `CustomResourceExt`
[INFO] [stdout] 13 |     runtime::{watcher, WatchStreamExt, wait::{conditions, await_condition}},
[INFO] [stdout]    |     ^^^^^^^ could not find `runtime` in `kube`
[INFO] [stdout] 
[INFO] [stdout] error: cannot determine resolution for the derive macro `CustomResource`
[INFO] [stdout]   --> src/lib.rs:62:10
[INFO] [stdout]    |
[INFO] [stdout] 17 | #[derive(CustomResource, Deserialize, Serialize, Clone, Debug, Validate, JsonSchema)]
[INFO] [stdout]    |          ^^^^^^^^^^^^^^
[INFO] [stdout]    |
[INFO] [stdout]    = note: import resolution is stuck, try simplifying macro imports
[INFO] [stdout] 
[INFO] [stdout] error: cannot find attribute `kube` in this scope
[INFO] [stdout]   --> src/lib.rs:63:3
[INFO] [stdout]    |
[INFO] [stdout] 18 | #[kube(group = "clux.dev", version = "v1", kind = "Foo", namespaced)]
[INFO] [stdout]    |   ^^^^
[INFO] [stdout]    |
[INFO] [stdout] note: `kube` is imported here, but it is a crate, not an attribute
[INFO] [stdout]   --> src/lib.rs:47:1
[INFO] [stdout]    |
[INFO] [stdout] 2  | extern crate r#kube;
[INFO] [stdout]    | ^^^^^^^^^^^^^^^^^^^^
[INFO] [stdout] 
[INFO] [stdout] error[E0412]: cannot find type `Foo` in this scope
[INFO] [stdout]   --> src/lib.rs:89:19
[INFO] [stdout]    |
[INFO] [stdout] 44 |     let foos: Api<Foo> = Api::default_namespaced(client.clone());
[INFO] [stdout]    |                   ^^^ not found in this scope
[INFO] [stdout] 
[INFO] [stdout] error[E0433]: failed to resolve: use of undeclared type `Foo`
[INFO] [stdout]   --> src/lib.rs:79:23
[INFO] [stdout]    |
[INFO] [stdout] 34 |         &Patch::Apply(Foo::crd())
[INFO] [stdout]    |                       ^^^ use of undeclared type `Foo`
[INFO] [stdout] 
[INFO] [stdout] error: aborting due to 6 previous errors
[INFO] [stdout] 
[INFO] [stdout] Some errors have detailed explanations: E0412, E0432, E0433.
[INFO] [stdout] For more information about an error, try `rustc --explain E0412`.
[INFO] [stdout] Couldn't compile the test.
[INFO] [stdout] 
[INFO] [stdout] failures:
[INFO] [stdout]     src/lib.rs - (line 47)
[INFO] [stdout] 
[INFO] [stdout] test result: FAILED. 1 passed; 1 failed; 0 ignored; 0 measured; 0 filtered out; finished in 0.25s
[INFO] [stdout] 
[INFO] running `Command { std: "docker" "inspect" "ffee2166615ed3d3008641c016785854b2bcc45f88c696e8a568cd47077f27c1", kill_on_drop: false }`
[INFO] running `Command { std: "docker" "rm" "-f" "ffee2166615ed3d3008641c016785854b2bcc45f88c696e8a568cd47077f27c1", kill_on_drop: false }`
[INFO] [stdout] ffee2166615ed3d3008641c016785854b2bcc45f88c696e8a568cd47077f27c1
