[INFO] fetching crate klub_models 0.0.4...
[INFO] testing klub_models-0.0.4 against 1.69.0 for beta-1.70-1
[INFO] extracting crate klub_models 0.0.4 into /workspace/builds/worker-4-tc1/source
[INFO] validating manifest of crates.io crate klub_models 0.0.4 on toolchain 1.69.0
[INFO] running `Command { std: CARGO_HOME="/workspace/cargo-home" RUSTUP_HOME="/workspace/rustup-home" "/workspace/cargo-home/bin/cargo" "+1.69.0" "metadata" "--manifest-path" "Cargo.toml" "--no-deps", kill_on_drop: false }`
[INFO] started tweaking crates.io crate klub_models 0.0.4
[INFO] finished tweaking crates.io crate klub_models 0.0.4
[INFO] tweaked toml for crates.io crate klub_models 0.0.4 written to /workspace/builds/worker-4-tc1/source/Cargo.toml
[INFO] running `Command { std: CARGO_HOME="/workspace/cargo-home" RUSTUP_HOME="/workspace/rustup-home" __CARGO_TEST_CHANNEL_OVERRIDE_DO_NOT_USE_THIS="nightly" "/workspace/cargo-home/bin/cargo" "+1.69.0" "generate-lockfile" "--manifest-path" "Cargo.toml" "-Zno-index-update", kill_on_drop: false }`
[INFO] running `Command { std: CARGO_HOME="/workspace/cargo-home" RUSTUP_HOME="/workspace/rustup-home" "/workspace/cargo-home/bin/cargo" "+1.69.0" "fetch" "--manifest-path" "Cargo.toml", kill_on_drop: false }`
[INFO] [stderr]  Downloading crates ...
[INFO] [stderr]   Downloaded rocket_http v0.5.0-rc.3
[INFO] [stderr]   Downloaded pear v0.2.4
[INFO] [stderr]   Downloaded deadpool v0.7.0
[INFO] [stderr]   Downloaded rocket_codegen v0.5.0-rc.3
[INFO] [stderr]   Downloaded figment v0.10.8
[INFO] [stderr]   Downloaded graphql-parser v0.3.0
[INFO] [stderr]   Downloaded embed-doc-image v0.1.4
[INFO] [stderr]   Downloaded derive_utils v0.11.2
[INFO] [stderr]   Downloaded futures-enum v0.1.17
[INFO] [stderr]   Downloaded juniper v0.15.11
[INFO] [stderr]   Downloaded devise_codegen v0.4.1
[INFO] [stderr]   Downloaded binascii v0.1.4
[INFO] [stderr]   Downloaded state v0.5.3
[INFO] [stderr]   Downloaded juniper_rocket v0.8.2
[INFO] [stderr]   Downloaded neo4rs-macros v0.2.1
[INFO] [stderr]   Downloaded neo4rs v0.5.9
[INFO] [stderr]   Downloaded klub_stores v0.0.2
[INFO] [stderr]   Downloaded rocket v0.5.0-rc.2
[INFO] [stderr]   Downloaded stable-pattern v0.1.0
[INFO] [stderr]   Downloaded devise v0.4.1
[INFO] [stderr]   Downloaded proc-macro2-diagnostics v0.10.0
[INFO] [stderr]   Downloaded pear_codegen v0.2.4
[INFO] [stderr]   Downloaded bson v1.2.4
[INFO] [stderr]   Downloaded juniper_codegen v0.15.9
[INFO] [stderr]   Downloaded devise_core v0.4.1
[INFO] running `Command { std: "docker" "create" "-v" "/var/lib/crater-agent-workspace/builds/worker-4-tc1/target:/opt/rustwide/target:rw,Z" "-v" "/var/lib/crater-agent-workspace/builds/worker-4-tc1/source:/opt/rustwide/workdir:ro,Z" "-v" "/var/lib/crater-agent-workspace/cargo-home:/opt/rustwide/cargo-home:ro,Z" "-v" "/var/lib/crater-agent-workspace/rustup-home:/opt/rustwide/rustup-home:ro,Z" "-e" "SOURCE_DIR=/opt/rustwide/workdir" "-e" "CARGO_TARGET_DIR=/opt/rustwide/target" "-e" "CARGO_HOME=/opt/rustwide/cargo-home" "-e" "RUSTUP_HOME=/opt/rustwide/rustup-home" "-w" "/opt/rustwide/workdir" "-m" "1610612736" "--user" "0:0" "--network" "none" "ghcr.io/rust-lang/crates-build-env/linux@sha256:5ff2268d62e97bff2cde7d5815dd6ed5b47097566f13b8d0ca110b04b60e07ed" "/opt/rustwide/cargo-home/bin/cargo" "+1.69.0" "metadata" "--no-deps" "--format-version=1", kill_on_drop: false }`
[INFO] [stdout] c2d19d3355279d0354ba4e3ab4db229db11bda6d3006db2b665e49d3eb244188
[INFO] running `Command { std: "docker" "start" "-a" "c2d19d3355279d0354ba4e3ab4db229db11bda6d3006db2b665e49d3eb244188", kill_on_drop: false }`
[INFO] running `Command { std: "docker" "inspect" "c2d19d3355279d0354ba4e3ab4db229db11bda6d3006db2b665e49d3eb244188", kill_on_drop: false }`
[INFO] running `Command { std: "docker" "rm" "-f" "c2d19d3355279d0354ba4e3ab4db229db11bda6d3006db2b665e49d3eb244188", kill_on_drop: false }`
[INFO] [stdout] c2d19d3355279d0354ba4e3ab4db229db11bda6d3006db2b665e49d3eb244188
[INFO] running `Command { std: "docker" "create" "-v" "/var/lib/crater-agent-workspace/builds/worker-4-tc1/target:/opt/rustwide/target:rw,Z" "-v" "/var/lib/crater-agent-workspace/builds/worker-4-tc1/source:/opt/rustwide/workdir:ro,Z" "-v" "/var/lib/crater-agent-workspace/cargo-home:/opt/rustwide/cargo-home:ro,Z" "-v" "/var/lib/crater-agent-workspace/rustup-home:/opt/rustwide/rustup-home:ro,Z" "-e" "SOURCE_DIR=/opt/rustwide/workdir" "-e" "CARGO_TARGET_DIR=/opt/rustwide/target" "-e" "CARGO_INCREMENTAL=0" "-e" "RUST_BACKTRACE=full" "-e" "RUSTFLAGS=--cap-lints=warn" "-e" "RUSTDOCFLAGS=--cap-lints=warn" "-e" "CARGO_HOME=/opt/rustwide/cargo-home" "-e" "RUSTUP_HOME=/opt/rustwide/rustup-home" "-w" "/opt/rustwide/workdir" "-m" "1610612736" "--user" "0:0" "--network" "none" "ghcr.io/rust-lang/crates-build-env/linux@sha256:5ff2268d62e97bff2cde7d5815dd6ed5b47097566f13b8d0ca110b04b60e07ed" "/opt/rustwide/cargo-home/bin/cargo" "+1.69.0" "build" "--frozen" "--message-format=json", kill_on_drop: false }`
[INFO] [stdout] ba98e63ab26530733a57a59a341b5d01476c4d0dc59295c58ed3127bd7d0283d
[INFO] running `Command { std: "docker" "start" "-a" "ba98e63ab26530733a57a59a341b5d01476c4d0dc59295c58ed3127bd7d0283d", kill_on_drop: false }`
[INFO] [stderr]    Compiling proc-macro2 v1.0.56
[INFO] [stderr]    Compiling memchr v2.5.0
[INFO] [stderr]    Compiling futures-core v0.3.28
[INFO] [stderr]    Compiling parking_lot_core v0.9.7
[INFO] [stderr]    Compiling bytes v1.4.0
[INFO] [stderr]    Compiling log v0.4.17
[INFO] [stderr]    Compiling slab v0.4.8
[INFO] [stderr]    Compiling tokio v1.28.0
[INFO] [stderr]    Compiling futures-task v0.3.28
[INFO] [stderr]    Compiling futures-channel v0.3.28
[INFO] [stderr]    Compiling futures-sink v0.3.28
[INFO] [stderr]    Compiling futures-util v0.3.28
[INFO] [stderr]    Compiling syn v1.0.109
[INFO] [stderr]    Compiling num_cpus v1.15.0
[INFO] [stderr]    Compiling signal-hook-registry v1.4.1
[INFO] [stderr]    Compiling socket2 v0.4.9
[INFO] [stderr]    Compiling proc-macro2-diagnostics v0.10.0
[INFO] [stderr]    Compiling mio v0.8.6
[INFO] [stderr]    Compiling futures-io v0.3.28
[INFO] [stderr]    Compiling pin-utils v0.1.0
[INFO] [stderr]    Compiling yansi v0.5.1
[INFO] [stderr]    Compiling indexmap v1.9.3
[INFO] [stderr]    Compiling static_assertions v1.1.0
[INFO] [stderr]    Compiling getrandom v0.2.9
[INFO] [stderr]    Compiling getrandom v0.1.16
[INFO] [stderr]    Compiling parking_lot v0.12.1
[INFO] [stderr]    Compiling hashbrown v0.12.3
[INFO] [stderr]    Compiling httparse v1.8.0
[INFO] [stderr]    Compiling async-trait v0.1.68
[INFO] [stderr]    Compiling num-traits v0.2.15
[INFO] [stderr]    Compiling http v0.2.9
[INFO] [stderr]    Compiling uncased v0.9.7
[INFO] [stderr]    Compiling once_cell v1.17.1
[INFO] [stderr]    Compiling lexical-core v0.7.6
[INFO] [stderr]    Compiling either v1.8.1
[INFO] [stderr]    Compiling time v0.1.45
[INFO] [stderr]    Compiling nom v5.1.3
[INFO] [stderr]    Compiling tracing-core v0.1.30
[INFO] [stderr]    Compiling quote v1.0.26
[INFO] [stderr]    Compiling proc-macro-error-attr v1.0.4
[INFO] [stderr]    Compiling cookie v0.17.0
[INFO] [stderr]    Compiling io-lifetimes v1.0.10
[INFO] [stderr]    Compiling bitflags v2.2.1
[INFO] [stderr]    Compiling inlinable_string v0.1.15
[INFO] [stderr]    Compiling iana-time-zone v0.1.56
[INFO] [stderr]    Compiling syn v2.0.15
[INFO] [stderr]    Compiling try-lock v0.2.4
[INFO] [stderr]    Compiling ref-cast v1.0.16
[INFO] [stderr]    Compiling crossbeam-utils v0.8.15
[INFO] [stderr]    Compiling arrayvec v0.5.2
[INFO] [stderr]    Compiling want v0.3.0
[INFO] [stderr]    Compiling rand_core v0.5.1
[INFO] [stderr]    Compiling time v0.3.20
[INFO] [stderr]    Compiling proc-macro-error v1.0.4
[INFO] [stderr]    Compiling serde_json v1.0.96
[INFO] [stderr]    Compiling crossbeam-queue v0.3.8
[INFO] [stderr]    Compiling httpdate v1.0.2
[INFO] [stderr]    Compiling num-integer v0.1.45
[INFO] [stderr]    Compiling http-body v0.4.5
[INFO] [stderr]    Compiling rustix v0.37.18
[INFO] [stderr]    Compiling void v1.0.2
[INFO] [stderr]    Compiling tower-service v0.3.2
[INFO] [stderr]    Compiling unreachable v1.0.0
[INFO] [stderr]    Compiling rand_chacha v0.2.2
[INFO] [stderr]    Compiling unicode-normalization v0.1.22
[INFO] [stderr]    Compiling stable-pattern v0.1.0
[INFO] [stderr]    Compiling rand_core v0.6.4
[INFO] [stderr]    Compiling chrono v0.4.24
[INFO] [stderr]    Compiling atomic v0.5.1
[INFO] [stderr]    Compiling multer v2.1.0
[INFO] [stderr]    Compiling figment v0.10.8
[INFO] [stderr]    Compiling smartstring v1.0.1
[INFO] [stderr]    Compiling state v0.5.3
[INFO] [stderr]    Compiling ascii v0.9.3
[INFO] [stderr]    Compiling unicode-bidi v0.3.13
[INFO] [stderr]    Compiling byteorder v1.4.3
[INFO] [stderr]    Compiling linux-raw-sys v0.3.6
[INFO] [stderr]    Compiling rand_chacha v0.3.1
[INFO] [stderr]    Compiling rand v0.7.3
[INFO] [stderr]    Compiling rocket v0.5.0-rc.2
[INFO] [stderr]    Compiling idna v0.3.0
[INFO] [stderr]    Compiling combine v3.8.1
[INFO] [stderr]    Compiling spin v0.9.8
[INFO] [stderr]    Compiling mime v0.3.17
[INFO] [stderr]    Compiling unicode-xid v0.2.4
[INFO] [stderr]    Compiling linked-hash-map v0.5.6
[INFO] [stderr]    Compiling fastrand v1.9.0
[INFO] [stderr]    Compiling url v2.3.1
[INFO] [stderr]    Compiling rand v0.8.5
[INFO] [stderr]    Compiling atty v0.2.14
[INFO] [stderr]    Compiling binascii v0.1.4
[INFO] [stderr]    Compiling unicode-segmentation v1.10.1
[INFO] [stderr]    Compiling strum v0.22.0
[INFO] [stderr]    Compiling heck v0.3.3
[INFO] [stderr]    Compiling derive_utils v0.11.2
[INFO] [stderr]    Compiling tempfile v3.5.0
[INFO] [stderr]    Compiling devise_core v0.4.1
[INFO] [stderr]    Compiling juniper_codegen v0.15.9
[INFO] [stderr]    Compiling futures-enum v0.1.17
[INFO] [stderr]    Compiling neo4rs-macros v0.2.1
[INFO] [stderr]    Compiling embed-doc-image v0.1.4
[INFO] [stderr]    Compiling strum_macros v0.22.0
[INFO] [stderr]    Compiling serde_derive v1.0.160
[INFO] [stderr]    Compiling tokio-macros v2.1.0
[INFO] [stderr]    Compiling futures-macro v0.3.28
[INFO] [stderr]    Compiling tracing-attributes v0.1.24
[INFO] [stderr]    Compiling pear_codegen v0.2.4
[INFO] [stderr]    Compiling async-stream-impl v0.3.5
[INFO] [stderr]    Compiling ref-cast-impl v1.0.16
[INFO] [stderr]    Compiling thiserror-impl v1.0.40
[INFO] [stderr]    Compiling devise_codegen v0.4.1
[INFO] [stderr]    Compiling async-stream v0.3.5
[INFO] [stderr]    Compiling pear v0.2.4
[INFO] [stderr]    Compiling devise v0.4.1
[INFO] [stderr]    Compiling thiserror v1.0.40
[INFO] [stderr]    Compiling tracing v0.1.37
[INFO] [stderr]    Compiling graphql-parser v0.3.0
[INFO] [stderr]    Compiling serde v1.0.160
[INFO] [stderr]    Compiling futures-executor v0.3.28
[INFO] [stderr]    Compiling futures v0.3.28
[INFO] [stderr]    Compiling tokio-stream v0.1.14
[INFO] [stderr]    Compiling hyper v0.14.26
[INFO] [stderr]    Compiling tokio-util v0.7.8
[INFO] [stderr]    Compiling tokio-test v0.4.2
[INFO] [stderr]    Compiling config v0.10.1
[INFO] [stderr]    Compiling toml v0.5.11
[INFO] [stderr]    Compiling uuid v0.8.2
[INFO] [stderr]    Compiling ubyte v0.10.3
[INFO] [stderr]    Compiling deadpool v0.7.0
[INFO] [stderr]    Compiling rocket_http v0.5.0-rc.3
[INFO] [stderr]    Compiling neo4rs v0.5.9
[INFO] [stderr]    Compiling klub_stores v0.0.2
[INFO] [stderr]    Compiling bson v1.2.4
[INFO] [stderr]    Compiling juniper v0.15.11
[INFO] [stderr]    Compiling rocket_codegen v0.5.0-rc.3
[INFO] [stderr]    Compiling juniper_rocket v0.8.2
[INFO] [stderr]    Compiling klub_models v0.0.4 (/opt/rustwide/workdir)
[INFO] [stdout] warning: field `carrier` is never read
[INFO] [stdout]   --> src/device/native_mobile_app.rs:10:9
[INFO] [stdout]    |
[INFO] [stdout] 8  |     pub struct NativeMobileApp {
[INFO] [stdout]    |                --------------- field in this struct
[INFO] [stdout] 9  |         os: Option<String>,
[INFO] [stdout] 10 |         carrier: Option<String>,
[INFO] [stdout]    |         ^^^^^^^
[INFO] [stdout]    |
[INFO] [stdout]    = note: `NativeMobileApp` has a derived impl for the trait `Clone`, but this is intentionally ignored during dead code analysis
[INFO] [stdout]    = note: `#[warn(dead_code)]` on by default
[INFO] [stdout]    = note: this warning originates in the macro `identify_temporalize_localize` (in Nightly builds, run with -Z macro-backtrace for more info)
[INFO] [stdout] 
[INFO] [stdout] 
[INFO] [stdout] warning: field `carrier` is never read
[INFO] [stdout]   --> src/device/web_desktop_app.rs:10:9
[INFO] [stdout]    |
[INFO] [stdout] 8  |     pub struct WebDesktopApp {
[INFO] [stdout]    |                ------------- field in this struct
[INFO] [stdout] 9  |         os: Option<String>,
[INFO] [stdout] 10 |         carrier: Option<String>,
[INFO] [stdout]    |         ^^^^^^^
[INFO] [stdout]    |
[INFO] [stdout]    = note: `WebDesktopApp` has a derived impl for the trait `Clone`, but this is intentionally ignored during dead code analysis
[INFO] [stdout]    = note: this warning originates in the macro `identify_temporalize_localize` (in Nightly builds, run with -Z macro-backtrace for more info)
[INFO] [stdout] 
[INFO] [stdout] 
[INFO] [stdout] warning: field `carrier` is never read
[INFO] [stdout]   --> src/device/web_mobile_app.rs:10:9
[INFO] [stdout]    |
[INFO] [stdout] 8  |     pub struct WebMobileApp {
[INFO] [stdout]    |                ------------ field in this struct
[INFO] [stdout] 9  |         os: Option<String>,
[INFO] [stdout] 10 |         carrier: Option<String>,
[INFO] [stdout]    |         ^^^^^^^
[INFO] [stdout]    |
[INFO] [stdout]    = note: `WebMobileApp` has a derived impl for the trait `Clone`, but this is intentionally ignored during dead code analysis
[INFO] [stdout]    = note: this warning originates in the macro `identify_temporalize_localize` (in Nightly builds, run with -Z macro-backtrace for more info)
[INFO] [stdout] 
[INFO] [stdout] 
[INFO] [stdout] warning: 3 warnings emitted
[INFO] [stdout] 
[INFO] [stdout] 
[INFO] [stderr]     Finished dev [unoptimized + debuginfo] target(s) in 29.51s
[INFO] running `Command { std: "docker" "inspect" "ba98e63ab26530733a57a59a341b5d01476c4d0dc59295c58ed3127bd7d0283d", kill_on_drop: false }`
[INFO] running `Command { std: "docker" "rm" "-f" "ba98e63ab26530733a57a59a341b5d01476c4d0dc59295c58ed3127bd7d0283d", kill_on_drop: false }`
[INFO] [stdout] ba98e63ab26530733a57a59a341b5d01476c4d0dc59295c58ed3127bd7d0283d
[INFO] running `Command { std: "docker" "create" "-v" "/var/lib/crater-agent-workspace/builds/worker-4-tc1/target:/opt/rustwide/target:rw,Z" "-v" "/var/lib/crater-agent-workspace/builds/worker-4-tc1/source:/opt/rustwide/workdir:ro,Z" "-v" "/var/lib/crater-agent-workspace/cargo-home:/opt/rustwide/cargo-home:ro,Z" "-v" "/var/lib/crater-agent-workspace/rustup-home:/opt/rustwide/rustup-home:ro,Z" "-e" "SOURCE_DIR=/opt/rustwide/workdir" "-e" "CARGO_TARGET_DIR=/opt/rustwide/target" "-e" "CARGO_INCREMENTAL=0" "-e" "RUST_BACKTRACE=full" "-e" "RUSTFLAGS=--cap-lints=warn" "-e" "RUSTDOCFLAGS=--cap-lints=warn" "-e" "CARGO_HOME=/opt/rustwide/cargo-home" "-e" "RUSTUP_HOME=/opt/rustwide/rustup-home" "-w" "/opt/rustwide/workdir" "-m" "1610612736" "--user" "0:0" "--network" "none" "ghcr.io/rust-lang/crates-build-env/linux@sha256:5ff2268d62e97bff2cde7d5815dd6ed5b47097566f13b8d0ca110b04b60e07ed" "/opt/rustwide/cargo-home/bin/cargo" "+1.69.0" "test" "--frozen" "--no-run" "--message-format=json", kill_on_drop: false }`
[INFO] [stdout] 5c0ac034584f796b660d63b0dd517e5be1e24b815e4de98c436ae077bd507264
[INFO] running `Command { std: "docker" "start" "-a" "5c0ac034584f796b660d63b0dd517e5be1e24b815e4de98c436ae077bd507264", kill_on_drop: false }`
[INFO] [stdout] warning: field `carrier` is never read
[INFO] [stdout]   --> src/device/native_mobile_app.rs:10:9
[INFO] [stdout]    |
[INFO] [stdout] 8  |     pub struct NativeMobileApp {
[INFO] [stdout]    |                --------------- field in this struct
[INFO] [stdout] 9  |         os: Option<String>,
[INFO] [stdout] 10 |         carrier: Option<String>,
[INFO] [stdout]    |         ^^^^^^^
[INFO] [stdout]    |
[INFO] [stdout]    = note: `NativeMobileApp` has a derived impl for the trait `Clone`, but this is intentionally ignored during dead code analysis
[INFO] [stdout]    = note: `#[warn(dead_code)]` on by default
[INFO] [stdout]    = note: this warning originates in the macro `identify_temporalize_localize` (in Nightly builds, run with -Z macro-backtrace for more info)
[INFO] [stdout] 
[INFO] [stdout] 
[INFO] [stdout] warning: field `carrier` is never read
[INFO] [stdout]   --> src/device/web_desktop_app.rs:10:9
[INFO] [stdout]    |
[INFO] [stdout] 8  |     pub struct WebDesktopApp {
[INFO] [stdout]    |                ------------- field in this struct
[INFO] [stdout] 9  |         os: Option<String>,
[INFO] [stdout] 10 |         carrier: Option<String>,
[INFO] [stdout]    |         ^^^^^^^
[INFO] [stdout]    |
[INFO] [stdout]    = note: `WebDesktopApp` has a derived impl for the trait `Clone`, but this is intentionally ignored during dead code analysis
[INFO] [stdout]    = note: this warning originates in the macro `identify_temporalize_localize` (in Nightly builds, run with -Z macro-backtrace for more info)
[INFO] [stdout] 
[INFO] [stdout] 
[INFO] [stderr]    Compiling klub_models v0.0.4 (/opt/rustwide/workdir)
[INFO] [stdout] warning: field `carrier` is never read
[INFO] [stdout]   --> src/device/web_mobile_app.rs:10:9
[INFO] [stdout]    |
[INFO] [stdout] 8  |     pub struct WebMobileApp {
[INFO] [stdout]    |                ------------ field in this struct
[INFO] [stdout] 9  |         os: Option<String>,
[INFO] [stdout] 10 |         carrier: Option<String>,
[INFO] [stdout]    |         ^^^^^^^
[INFO] [stdout]    |
[INFO] [stdout]    = note: `WebMobileApp` has a derived impl for the trait `Clone`, but this is intentionally ignored during dead code analysis
[INFO] [stdout]    = note: this warning originates in the macro `identify_temporalize_localize` (in Nightly builds, run with -Z macro-backtrace for more info)
[INFO] [stdout] 
[INFO] [stdout] 
[INFO] [stdout] warning: 3 warnings emitted
[INFO] [stdout] 
[INFO] [stdout] 
[INFO] [stdout] warning: field `carrier` is never read
[INFO] [stdout]   --> src/device/native_mobile_app.rs:10:9
[INFO] [stdout]    |
[INFO] [stdout] 8  |     pub struct NativeMobileApp {
[INFO] [stdout]    |                --------------- field in this struct
[INFO] [stdout] 9  |         os: Option<String>,
[INFO] [stdout] 10 |         carrier: Option<String>,
[INFO] [stdout]    |         ^^^^^^^
[INFO] [stdout]    |
[INFO] [stdout]    = note: `NativeMobileApp` has a derived impl for the trait `Clone`, but this is intentionally ignored during dead code analysis
[INFO] [stdout]    = note: `#[warn(dead_code)]` on by default
[INFO] [stdout]    = note: this warning originates in the macro `identify_temporalize_localize` (in Nightly builds, run with -Z macro-backtrace for more info)
[INFO] [stdout] 
[INFO] [stdout] 
[INFO] [stdout] warning: field `carrier` is never read
[INFO] [stdout]   --> src/device/web_desktop_app.rs:10:9
[INFO] [stdout]    |
[INFO] [stdout] 8  |     pub struct WebDesktopApp {
[INFO] [stdout]    |                ------------- field in this struct
[INFO] [stdout] 9  |         os: Option<String>,
[INFO] [stdout] 10 |         carrier: Option<String>,
[INFO] [stdout]    |         ^^^^^^^
[INFO] [stdout]    |
[INFO] [stdout]    = note: `WebDesktopApp` has a derived impl for the trait `Clone`, but this is intentionally ignored during dead code analysis
[INFO] [stdout]    = note: this warning originates in the macro `identify_temporalize_localize` (in Nightly builds, run with -Z macro-backtrace for more info)
[INFO] [stdout] 
[INFO] [stdout] 
[INFO] [stdout] warning: field `carrier` is never read
[INFO] [stdout]   --> src/device/web_mobile_app.rs:10:9
[INFO] [stdout]    |
[INFO] [stdout] 8  |     pub struct WebMobileApp {
[INFO] [stdout]    |                ------------ field in this struct
[INFO] [stdout] 9  |         os: Option<String>,
[INFO] [stdout] 10 |         carrier: Option<String>,
[INFO] [stdout]    |         ^^^^^^^
[INFO] [stdout]    |
[INFO] [stdout]    = note: `WebMobileApp` has a derived impl for the trait `Clone`, but this is intentionally ignored during dead code analysis
[INFO] [stdout]    = note: this warning originates in the macro `identify_temporalize_localize` (in Nightly builds, run with -Z macro-backtrace for more info)
[INFO] [stdout] 
[INFO] [stdout] 
[INFO] [stdout] warning: 3 warnings emitted
[INFO] [stdout] 
[INFO] [stdout] 
[INFO] [stderr]     Finished test [unoptimized + debuginfo] target(s) in 1.46s
[INFO] running `Command { std: "docker" "inspect" "5c0ac034584f796b660d63b0dd517e5be1e24b815e4de98c436ae077bd507264", kill_on_drop: false }`
[INFO] running `Command { std: "docker" "rm" "-f" "5c0ac034584f796b660d63b0dd517e5be1e24b815e4de98c436ae077bd507264", kill_on_drop: false }`
[INFO] [stdout] 5c0ac034584f796b660d63b0dd517e5be1e24b815e4de98c436ae077bd507264
[INFO] running `Command { std: "docker" "create" "-v" "/var/lib/crater-agent-workspace/builds/worker-4-tc1/target:/opt/rustwide/target:rw,Z" "-v" "/var/lib/crater-agent-workspace/builds/worker-4-tc1/source:/opt/rustwide/workdir:ro,Z" "-v" "/var/lib/crater-agent-workspace/cargo-home:/opt/rustwide/cargo-home:ro,Z" "-v" "/var/lib/crater-agent-workspace/rustup-home:/opt/rustwide/rustup-home:ro,Z" "-e" "SOURCE_DIR=/opt/rustwide/workdir" "-e" "CARGO_TARGET_DIR=/opt/rustwide/target" "-e" "CARGO_INCREMENTAL=0" "-e" "RUST_BACKTRACE=full" "-e" "RUSTFLAGS=--cap-lints=warn" "-e" "RUSTDOCFLAGS=--cap-lints=warn" "-e" "CARGO_HOME=/opt/rustwide/cargo-home" "-e" "RUSTUP_HOME=/opt/rustwide/rustup-home" "-w" "/opt/rustwide/workdir" "-m" "1610612736" "--user" "0:0" "--network" "none" "ghcr.io/rust-lang/crates-build-env/linux@sha256:5ff2268d62e97bff2cde7d5815dd6ed5b47097566f13b8d0ca110b04b60e07ed" "/opt/rustwide/cargo-home/bin/cargo" "+1.69.0" "test" "--frozen", kill_on_drop: false }`
[INFO] [stdout] 14224bc2992b557284e3955b0c04167c7b6e704ca62d9ece3a4c3f2830024c6c
[INFO] running `Command { std: "docker" "start" "-a" "14224bc2992b557284e3955b0c04167c7b6e704ca62d9ece3a4c3f2830024c6c", kill_on_drop: false }`
[INFO] [stderr] warning: field `carrier` is never read
[INFO] [stderr]   --> src/device/native_mobile_app.rs:10:9
[INFO] [stderr]    |
[INFO] [stderr] 8  |     pub struct NativeMobileApp {
[INFO] [stderr]    |                --------------- field in this struct
[INFO] [stderr] 9  |         os: Option<String>,
[INFO] [stderr] 10 |         carrier: Option<String>,
[INFO] [stderr]    |         ^^^^^^^
[INFO] [stderr]    |
[INFO] [stderr]    = note: `NativeMobileApp` has a derived impl for the trait `Clone`, but this is intentionally ignored during dead code analysis
[INFO] [stderr]    = note: `#[warn(dead_code)]` on by default
[INFO] [stderr]    = note: this warning originates in the macro `identify_temporalize_localize` (in Nightly builds, run with -Z macro-backtrace for more info)
[INFO] [stderr] 
[INFO] [stderr] warning: field `carrier` is never read
[INFO] [stderr]   --> src/device/web_desktop_app.rs:10:9
[INFO] [stderr]    |
[INFO] [stderr] 8  |     pub struct WebDesktopApp {
[INFO] [stderr]    |                ------------- field in this struct
[INFO] [stderr] 9  |         os: Option<String>,
[INFO] [stderr] 10 |         carrier: Option<String>,
[INFO] [stderr]    |         ^^^^^^^
[INFO] [stderr]    |
[INFO] [stderr]    = note: `WebDesktopApp` has a derived impl for the trait `Clone`, but this is intentionally ignored during dead code analysis
[INFO] [stderr]    = note: this warning originates in the macro `identify_temporalize_localize` (in Nightly builds, run with -Z macro-backtrace for more info)
[INFO] [stderr] 
[INFO] [stderr] warning: field `carrier` is never read
[INFO] [stderr]   --> src/device/web_mobile_app.rs:10:9
[INFO] [stderr]    |
[INFO] [stderr] 8  |     pub struct WebMobileApp {
[INFO] [stderr]    |                ------------ field in this struct
[INFO] [stderr] 9  |         os: Option<String>,
[INFO] [stderr] 10 |         carrier: Option<String>,
[INFO] [stderr]    |         ^^^^^^^
[INFO] [stderr]    |
[INFO] [stderr]    = note: `WebMobileApp` has a derived impl for the trait `Clone`, but this is intentionally ignored during dead code analysis
[INFO] [stderr]    = note: this warning originates in the macro `identify_temporalize_localize` (in Nightly builds, run with -Z macro-backtrace for more info)
[INFO] [stderr] 
[INFO] [stderr] warning: `klub_models` (lib) generated 3 warnings
[INFO] [stderr] warning: `klub_models` (lib test) generated 3 warnings (3 duplicates)
[INFO] [stderr]     Finished test [unoptimized + debuginfo] target(s) in 0.11s
[INFO] [stderr]      Running unittests src/lib.rs (/opt/rustwide/target/debug/deps/klub_models-32d1d956a936e285)
[INFO] [stdout] 
[INFO] [stdout] running 0 tests
[INFO] [stdout] 
[INFO] [stdout] test result: ok. 0 passed; 0 failed; 0 ignored; 0 measured; 0 filtered out; finished in 0.00s
[INFO] [stdout] 
[INFO] [stderr]    Doc-tests klub_models
[INFO] [stdout] 
[INFO] [stdout] running 4 tests
[INFO] [stdout] test src/lib.rs - (line 53) ... FAILED
[INFO] [stdout] test src/lib.rs - (line 16) ... FAILED
[INFO] [stdout] test src/lib.rs - (line 23) ... FAILED
[INFO] [stdout] test src/lib.rs - (line 32) ... FAILED
[INFO] [stdout] 
[INFO] [stdout] failures:
[INFO] [stdout] 
[INFO] [stdout] ---- src/lib.rs - (line 53) stdout ----
[INFO] [stdout] error: unexpected token: `...`
[INFO] [stdout]  --> src/lib.rs:56:1
[INFO] [stdout]   |
[INFO] [stdout] 6 | ...
[INFO] [stdout]   | ^^^
[INFO] [stdout]   |
[INFO] [stdout] help: use `..` for an exclusive range
[INFO] [stdout]   |
[INFO] [stdout] 6 | ..
[INFO] [stdout]   |
[INFO] [stdout] help: or `..=` for an inclusive range
[INFO] [stdout]   |
[INFO] [stdout] 6 | ..=
[INFO] [stdout]   |
[INFO] [stdout] 
[INFO] [stdout] error: expected one of `move`, `|`, or `||`, found keyword `fn`
[INFO] [stdout]  --> src/lib.rs:59:7
[INFO] [stdout]   |
[INFO] [stdout] 9 | async fn topic(
[INFO] [stdout]   |       ^^ expected one of `move`, `|`, or `||`
[INFO] [stdout] 
[INFO] [stdout] error: aborting due to 2 previous errors
[INFO] [stdout] 
[INFO] [stdout] Couldn't compile the test.
[INFO] [stdout] ---- src/lib.rs - (line 16) stdout ----
[INFO] [stdout] error[E0433]: failed to resolve: use of undeclared type `Problem`
[INFO] [stdout]  --> src/lib.rs:17:15
[INFO] [stdout]   |
[INFO] [stdout] 3 | let problem = Problem::new(id, name);
[INFO] [stdout]   |               ^^^^^^^ use of undeclared type `Problem`
[INFO] [stdout]   |
[INFO] [stdout] help: consider importing this struct
[INFO] [stdout]   |
[INFO] [stdout] 2 | use klub_models::topic::problem::Problem;
[INFO] [stdout]   |
[INFO] [stdout] 
[INFO] [stdout] error[E0425]: cannot find value `id` in this scope
[INFO] [stdout]  --> src/lib.rs:17:28
[INFO] [stdout]   |
[INFO] [stdout] 3 | let problem = Problem::new(id, name);
[INFO] [stdout]   |                            ^^ not found in this scope
[INFO] [stdout]   |
[INFO] [stdout] help: consider importing this function
[INFO] [stdout]   |
[INFO] [stdout] 2 | use std::process::id;
[INFO] [stdout]   |
[INFO] [stdout] 
[INFO] [stdout] error[E0425]: cannot find value `name` in this scope
[INFO] [stdout]  --> src/lib.rs:17:32
[INFO] [stdout]   |
[INFO] [stdout] 3 | let problem = Problem::new(id, name);
[INFO] [stdout]   |                                ^^^^ not found in this scope
[INFO] [stdout] 
[INFO] [stdout] error: aborting due to 3 previous errors
[INFO] [stdout] 
[INFO] [stdout] Some errors have detailed explanations: E0425, E0433.
[INFO] [stdout] For more information about an error, try `rustc --explain E0425`.
[INFO] [stdout] Couldn't compile the test.
[INFO] [stdout] ---- src/lib.rs - (line 23) stdout ----
[INFO] [stdout] error[E0433]: failed to resolve: use of undeclared type `Problem`
[INFO] [stdout]  --> src/lib.rs:24:15
[INFO] [stdout]   |
[INFO] [stdout] 3 | let problem = Problem::new(id, name);
[INFO] [stdout]   |               ^^^^^^^ use of undeclared type `Problem`
[INFO] [stdout]   |
[INFO] [stdout] help: consider importing this struct
[INFO] [stdout]   |
[INFO] [stdout] 2 | use klub_models::topic::problem::Problem;
[INFO] [stdout]   |
[INFO] [stdout] 
[INFO] [stdout] error[E0425]: cannot find value `id` in this scope
[INFO] [stdout]  --> src/lib.rs:24:28
[INFO] [stdout]   |
[INFO] [stdout] 3 | let problem = Problem::new(id, name);
[INFO] [stdout]   |                            ^^ not found in this scope
[INFO] [stdout]   |
[INFO] [stdout] help: consider importing this function
[INFO] [stdout]   |
[INFO] [stdout] 2 | use std::process::id;
[INFO] [stdout]   |
[INFO] [stdout] 
[INFO] [stdout] error[E0425]: cannot find value `name` in this scope
[INFO] [stdout]  --> src/lib.rs:24:32
[INFO] [stdout]   |
[INFO] [stdout] 3 | let problem = Problem::new(id, name);
[INFO] [stdout]   |                                ^^^^ not found in this scope
[INFO] [stdout] 
[INFO] [stdout] error: aborting due to 3 previous errors
[INFO] [stdout] 
[INFO] [stdout] Some errors have detailed explanations: E0425, E0433.
[INFO] [stdout] For more information about an error, try `rustc --explain E0425`.
[INFO] [stdout] Couldn't compile the test.
[INFO] [stdout] ---- src/lib.rs - (line 32) stdout ----
[INFO] [stdout] error[E0433]: failed to resolve: use of undeclared type `TopicType`
[INFO] [stdout]  --> src/lib.rs:35:5
[INFO] [stdout]   |
[INFO] [stdout] 5 |     TopicType::Problem => {
[INFO] [stdout]   |     ^^^^^^^^^ use of undeclared type `TopicType`
[INFO] [stdout] 
[INFO] [stdout] error[E0433]: failed to resolve: use of undeclared type `TopicType`
[INFO] [stdout]  --> src/lib.rs:39:5
[INFO] [stdout]   |
[INFO] [stdout] 9 |     TopicType::Discussion => {
[INFO] [stdout]   |     ^^^^^^^^^ use of undeclared type `TopicType`
[INFO] [stdout] 
[INFO] [stdout] error[E0433]: failed to resolve: use of undeclared type `TopicType`
[INFO] [stdout]  --> src/lib.rs:33:26
[INFO] [stdout]   |
[INFO] [stdout] 3 | let model_name_as_enum = TopicType::from_str(&model_name).unwrap();
[INFO] [stdout]   |                          ^^^^^^^^^ use of undeclared type `TopicType`
[INFO] [stdout]   |
[INFO] [stdout] help: consider importing this enum
[INFO] [stdout]   |
[INFO] [stdout] 2 | use klub_models::topic::topic::TopicType;
[INFO] [stdout]   |
[INFO] [stdout] 
[INFO] [stdout] error[E0425]: cannot find value `model_name` in this scope
[INFO] [stdout]  --> src/lib.rs:33:47
[INFO] [stdout]   |
[INFO] [stdout] 3 | let model_name_as_enum = TopicType::from_str(&model_name).unwrap();
[INFO] [stdout]   |                                               ^^^^^^^^^^ not found in this scope
[INFO] [stdout] 
[INFO] [stdout] error[E0433]: failed to resolve: use of undeclared type `Problem`
[INFO] [stdout]  --> src/lib.rs:36:23
[INFO] [stdout]   |
[INFO] [stdout] 6 |         let problem = Problem::new(id_str, name_str, &["2000"], &["8000"]);
[INFO] [stdout]   |                       ^^^^^^^ use of undeclared type `Problem`
[INFO] [stdout]   |
[INFO] [stdout] help: consider importing this struct
[INFO] [stdout]   |
[INFO] [stdout] 2 | use klub_models::topic::problem::Problem;
[INFO] [stdout]   |
[INFO] [stdout] 
[INFO] [stdout] error[E0425]: cannot find value `id_str` in this scope
[INFO] [stdout]  --> src/lib.rs:36:36
[INFO] [stdout]   |
[INFO] [stdout] 6 |         let problem = Problem::new(id_str, name_str, &["2000"], &["8000"]);
[INFO] [stdout]   |                                    ^^^^^^ not found in this scope
[INFO] [stdout] 
[INFO] [stdout] error[E0425]: cannot find value `name_str` in this scope
[INFO] [stdout]  --> src/lib.rs:36:44
[INFO] [stdout]   |
[INFO] [stdout] 6 |         let problem = Problem::new(id_str, name_str, &["2000"], &["8000"]);
[INFO] [stdout]   |                                            ^^^^^^^^ not found in this scope
[INFO] [stdout] 
[INFO] [stdout] error[E0433]: failed to resolve: use of undeclared type `Discussion`
[INFO] [stdout]   --> src/lib.rs:40:26
[INFO] [stdout]    |
[INFO] [stdout] 10 |         let discussion = Discussion::new(id_str, name_str, &["2000"], &["8000"]);
[INFO] [stdout]    |                          ^^^^^^^^^^ use of undeclared type `Discussion`
[INFO] [stdout]    |
[INFO] [stdout] help: consider importing this struct
[INFO] [stdout]    |
[INFO] [stdout] 2  | use klub_models::topic::discussion::Discussion;
[INFO] [stdout]    |
[INFO] [stdout] 
[INFO] [stdout] error[E0425]: cannot find value `id_str` in this scope
[INFO] [stdout]   --> src/lib.rs:40:42
[INFO] [stdout]    |
[INFO] [stdout] 10 |         let discussion = Discussion::new(id_str, name_str, &["2000"], &["8000"]);
[INFO] [stdout]    |                                          ^^^^^^ not found in this scope
[INFO] [stdout] 
[INFO] [stdout] error[E0425]: cannot find value `name_str` in this scope
[INFO] [stdout]   --> src/lib.rs:40:50
[INFO] [stdout]    |
[INFO] [stdout] 10 |         let discussion = Discussion::new(id_str, name_str, &["2000"], &["8000"]);
[INFO] [stdout]    |                                                  ^^^^^^^^ not found in this scope
[INFO] [stdout] 
[INFO] [stdout] error: aborting due to 10 previous errors
[INFO] [stdout] 
[INFO] [stdout] Some errors have detailed explanations: E0425, E0433.
[INFO] [stdout] For more information about an error, try `rustc --explain E0425`.
[INFO] [stdout] Couldn't compile the test.
[INFO] [stdout] 
[INFO] [stdout] failures:
[INFO] [stdout]     src/lib.rs - (line 16)
[INFO] [stdout]     src/lib.rs - (line 23)
[INFO] [stdout]     src/lib.rs - (line 32)
[INFO] [stdout]     src/lib.rs - (line 53)
[INFO] [stdout] 
[INFO] [stdout] test result: FAILED. 0 passed; 4 failed; 0 ignored; 0 measured; 0 filtered out; finished in 0.06s
[INFO] [stdout] 
[INFO] [stderr] error: doctest failed, to rerun pass `--doc`
[INFO] running `Command { std: "docker" "inspect" "14224bc2992b557284e3955b0c04167c7b6e704ca62d9ece3a4c3f2830024c6c", kill_on_drop: false }`
[INFO] running `Command { std: "docker" "rm" "-f" "14224bc2992b557284e3955b0c04167c7b6e704ca62d9ece3a4c3f2830024c6c", kill_on_drop: false }`
[INFO] [stdout] 14224bc2992b557284e3955b0c04167c7b6e704ca62d9ece3a4c3f2830024c6c
