[INFO] fetching crate kind-driver 0.1.2...
[INFO] testing kind-driver-0.1.2 against 1.69.0 for beta-1.70-1
[INFO] extracting crate kind-driver 0.1.2 into /workspace/builds/worker-2-tc1/source
[INFO] validating manifest of crates.io crate kind-driver 0.1.2 on toolchain 1.69.0
[INFO] running `Command { std: CARGO_HOME="/workspace/cargo-home" RUSTUP_HOME="/workspace/rustup-home" "/workspace/cargo-home/bin/cargo" "+1.69.0" "metadata" "--manifest-path" "Cargo.toml" "--no-deps", kill_on_drop: false }`
[INFO] started tweaking crates.io crate kind-driver 0.1.2
[INFO] finished tweaking crates.io crate kind-driver 0.1.2
[INFO] tweaked toml for crates.io crate kind-driver 0.1.2 written to /workspace/builds/worker-2-tc1/source/Cargo.toml
[INFO] running `Command { std: CARGO_HOME="/workspace/cargo-home" RUSTUP_HOME="/workspace/rustup-home" __CARGO_TEST_CHANNEL_OVERRIDE_DO_NOT_USE_THIS="nightly" "/workspace/cargo-home/bin/cargo" "+1.69.0" "generate-lockfile" "--manifest-path" "Cargo.toml" "-Zno-index-update", kill_on_drop: false }`
[INFO] running `Command { std: CARGO_HOME="/workspace/cargo-home" RUSTUP_HOME="/workspace/rustup-home" "/workspace/cargo-home/bin/cargo" "+1.69.0" "fetch" "--manifest-path" "Cargo.toml", kill_on_drop: false }`
[INFO] [stderr]  Downloading crates ...
[INFO] [stderr]   Downloaded highlight_error v0.1.1
[INFO] [stderr]   Downloaded hvm v1.0.6
[INFO] [stderr]   Downloaded primitive-types v0.11.1
[INFO] [stderr]   Downloaded termsize v0.1.6
[INFO] [stderr]   Downloaded secp256k1 v0.22.2
[INFO] [stderr]   Downloaded kind-report v0.1.2
[INFO] [stderr]   Downloaded kindelia_common v0.1.7
[INFO] [stderr]   Downloaded kindelia_lang v0.1.7
[INFO] [stderr]   Downloaded kind-tree v0.1.2
[INFO] [stderr]   Downloaded HOPA v0.1.2
[INFO] [stderr]   Downloaded kind-span v0.1.2
[INFO] [stderr]   Downloaded kind-checker v0.1.2
[INFO] [stderr]   Downloaded kind-parser v0.1.2
[INFO] [stderr]   Downloaded secp256k1-sys v0.5.2
[INFO] [stderr]   Downloaded kind-target-hvm v0.1.2
[INFO] [stderr]   Downloaded kind-target-kdl v0.1.2
[INFO] [stderr]   Downloaded kind-pass v0.1.2
[INFO] [stderr]   Downloaded kind-derive v0.1.2
[INFO] running `Command { std: "docker" "create" "-v" "/var/lib/crater-agent-workspace/builds/worker-2-tc1/target:/opt/rustwide/target:rw,Z" "-v" "/var/lib/crater-agent-workspace/builds/worker-2-tc1/source:/opt/rustwide/workdir:ro,Z" "-v" "/var/lib/crater-agent-workspace/cargo-home:/opt/rustwide/cargo-home:ro,Z" "-v" "/var/lib/crater-agent-workspace/rustup-home:/opt/rustwide/rustup-home:ro,Z" "-e" "SOURCE_DIR=/opt/rustwide/workdir" "-e" "CARGO_TARGET_DIR=/opt/rustwide/target" "-e" "CARGO_HOME=/opt/rustwide/cargo-home" "-e" "RUSTUP_HOME=/opt/rustwide/rustup-home" "-w" "/opt/rustwide/workdir" "-m" "1610612736" "--user" "0:0" "--network" "none" "ghcr.io/rust-lang/crates-build-env/linux@sha256:5ff2268d62e97bff2cde7d5815dd6ed5b47097566f13b8d0ca110b04b60e07ed" "/opt/rustwide/cargo-home/bin/cargo" "+1.69.0" "metadata" "--no-deps" "--format-version=1", kill_on_drop: false }`
[INFO] [stdout] 2a9c82651cb255ae704a0f5934681891c78f5337cdf12435b9ec106ad17aff7e
[INFO] running `Command { std: "docker" "start" "-a" "2a9c82651cb255ae704a0f5934681891c78f5337cdf12435b9ec106ad17aff7e", kill_on_drop: false }`
[INFO] running `Command { std: "docker" "inspect" "2a9c82651cb255ae704a0f5934681891c78f5337cdf12435b9ec106ad17aff7e", kill_on_drop: false }`
[INFO] running `Command { std: "docker" "rm" "-f" "2a9c82651cb255ae704a0f5934681891c78f5337cdf12435b9ec106ad17aff7e", kill_on_drop: false }`
[INFO] [stdout] 2a9c82651cb255ae704a0f5934681891c78f5337cdf12435b9ec106ad17aff7e
[INFO] running `Command { std: "docker" "create" "-v" "/var/lib/crater-agent-workspace/builds/worker-2-tc1/target:/opt/rustwide/target:rw,Z" "-v" "/var/lib/crater-agent-workspace/builds/worker-2-tc1/source:/opt/rustwide/workdir:ro,Z" "-v" "/var/lib/crater-agent-workspace/cargo-home:/opt/rustwide/cargo-home:ro,Z" "-v" "/var/lib/crater-agent-workspace/rustup-home:/opt/rustwide/rustup-home:ro,Z" "-e" "SOURCE_DIR=/opt/rustwide/workdir" "-e" "CARGO_TARGET_DIR=/opt/rustwide/target" "-e" "CARGO_INCREMENTAL=0" "-e" "RUST_BACKTRACE=full" "-e" "RUSTFLAGS=--cap-lints=warn" "-e" "RUSTDOCFLAGS=--cap-lints=warn" "-e" "CARGO_HOME=/opt/rustwide/cargo-home" "-e" "RUSTUP_HOME=/opt/rustwide/rustup-home" "-w" "/opt/rustwide/workdir" "-m" "1610612736" "--user" "0:0" "--network" "none" "ghcr.io/rust-lang/crates-build-env/linux@sha256:5ff2268d62e97bff2cde7d5815dd6ed5b47097566f13b8d0ca110b04b60e07ed" "/opt/rustwide/cargo-home/bin/cargo" "+1.69.0" "build" "--frozen" "--message-format=json", kill_on_drop: false }`
[INFO] [stdout] 5eae186fa7d2b2f74d22ff58dd427f1a6b56fb7a4deb2c06990183940eba4fcc
[INFO] running `Command { std: "docker" "start" "-a" "5eae186fa7d2b2f74d22ff58dd427f1a6b56fb7a4deb2c06990183940eba4fcc", kill_on_drop: false }`
[INFO] [stderr]    Compiling version_check v0.9.4
[INFO] [stderr]    Compiling syn v1.0.109
[INFO] [stderr]    Compiling once_cell v1.17.1
[INFO] [stderr]    Compiling crossbeam-utils v0.8.15
[INFO] [stderr]    Compiling cc v1.0.79
[INFO] [stderr]    Compiling memoffset v0.8.0
[INFO] [stderr]    Compiling crossbeam-epoch v0.9.14
[INFO] [stderr]    Compiling getrandom v0.2.9
[INFO] [stderr]    Compiling byteorder v1.4.3
[INFO] [stderr]    Compiling rand_core v0.6.4
[INFO] [stderr]    Compiling proc-macro-error-attr v1.0.4
[INFO] [stderr]    Compiling autocfg v0.1.8
[INFO] [stderr]    Compiling rand_core v0.4.2
[INFO] [stderr]    Compiling proc-macro-error v1.0.4
[INFO] [stderr]    Compiling rayon-core v1.11.0
[INFO] [stderr]    Compiling memchr v2.5.0
[INFO] [stderr]    Compiling crossbeam-channel v0.5.8
[INFO] [stderr]    Compiling atty v0.2.14
[INFO] [stderr]    Compiling crossbeam-deque v0.8.3
[INFO] [stderr]    Compiling num_cpus v1.15.0
[INFO] [stderr]    Compiling either v1.8.1
[INFO] [stderr]    Compiling crossbeam-queue v0.3.8
[INFO] [stderr]    Compiling backtrace v0.3.67
[INFO] [stderr]    Compiling adler v1.0.2
[INFO] [stderr]    Compiling os_str_bytes v6.5.0
[INFO] [stderr]    Compiling gimli v0.27.2
[INFO] [stderr]    Compiling object v0.30.3
[INFO] [stderr]    Compiling clap_lex v0.2.4
[INFO] [stderr]    Compiling miniz_oxide v0.6.2
[INFO] [stderr]    Compiling rand_core v0.3.1
[INFO] [stderr]    Compiling rayon v1.7.0
[INFO] [stderr]    Compiling highlight_error v0.1.1
[INFO] [stderr]    Compiling rustc-demangle v0.1.23
[INFO] [stderr]    Compiling winnow v0.4.4
[INFO] [stderr]    Compiling toml_datetime v0.6.1
[INFO] [stderr]    Compiling termcolor v1.2.0
[INFO] [stderr]    Compiling strsim v0.10.0
[INFO] [stderr]    Compiling textwrap v0.16.0
[INFO] [stderr]    Compiling HOPA v0.1.2
[INFO] [stderr]    Compiling crossbeam v0.8.2
[INFO] [stderr]    Compiling itertools v0.10.5
[INFO] [stderr]    Compiling fxhash v0.2.1
[INFO] [stderr]    Compiling generic-array v0.14.7
[INFO] [stderr]    Compiling instant v0.1.12
[INFO] [stderr]    Compiling crunchy v0.2.2
[INFO] [stderr]    Compiling addr2line v0.19.0
[INFO] [stderr]    Compiling toml_edit v0.19.8
[INFO] [stderr]    Compiling kind-span v0.1.2
[INFO] [stderr]    Compiling termsize v0.1.6
[INFO] [stderr]    Compiling rand_chacha v0.1.1
[INFO] [stderr]    Compiling rand_pcg v0.1.2
[INFO] [stderr]    Compiling sysinfo v0.26.9
[INFO] [stderr]    Compiling im-rc v15.1.0
[INFO] [stderr]    Compiling bitmaps v2.1.0
[INFO] [stderr]    Compiling pathdiff v0.2.1
[INFO] [stderr]    Compiling yansi v0.5.1
[INFO] [stderr]    Compiling ppv-lite86 v0.2.17
[INFO] [stderr]    Compiling kind-report v0.1.2
[INFO] [stderr]    Compiling sized-chunks v0.6.5
[INFO] [stderr]    Compiling rand_chacha v0.3.1
[INFO] [stderr]    Compiling proc-macro-crate v1.3.1
[INFO] [stderr]    Compiling secp256k1-sys v0.5.2
[INFO] [stderr]    Compiling rand v0.6.5
[INFO] [stderr]    Compiling rand_xoshiro v0.6.0
[INFO] [stderr]    Compiling byte-slice-cast v1.2.2
[INFO] [stderr]    Compiling arrayvec v0.7.2
[INFO] [stderr]    Compiling static_assertions v1.1.0
[INFO] [stderr]    Compiling rand v0.8.5
[INFO] [stderr]    Compiling rand_hc v0.1.0
[INFO] [stderr]    Compiling rand_xorshift v0.1.1
[INFO] [stderr]    Compiling rand_isaac v0.1.1
[INFO] [stderr]    Compiling rand_jitter v0.1.4
[INFO] [stderr]    Compiling rand_os v0.1.3
[INFO] [stderr]    Compiling rustc-hex v2.1.0
[INFO] [stderr]    Compiling block-padding v0.2.1
[INFO] [stderr]    Compiling hex v0.4.3
[INFO] [stderr]    Compiling tiny-keccak v2.0.2
[INFO] [stderr]    Compiling block-buffer v0.9.0
[INFO] [stderr]    Compiling fixed-hash v0.7.0
[INFO] [stderr]    Compiling clap_derive v3.2.25
[INFO] [stderr]    Compiling impl-trait-for-tuples v0.2.2
[INFO] [stderr]    Compiling parity-scale-codec-derive v3.1.4
[INFO] [stderr]    Compiling digest v0.9.0
[INFO] [stderr]    Compiling uint v0.9.5
[INFO] [stderr]    Compiling keccak v0.1.3
[INFO] [stderr]    Compiling opaque-debug v0.3.0
[INFO] [stderr]    Compiling lock_api v0.4.9
[INFO] [stderr]    Compiling sha3 v0.9.1
[INFO] [stderr]    Compiling parking_lot_core v0.9.7
[INFO] [stderr]    Compiling bit-vec v0.6.3
[INFO] [stderr]    Compiling anyhow v1.0.71
[INFO] [stderr]    Compiling smallvec v1.10.0
[INFO] [stderr]    Compiling secp256k1 v0.22.2
[INFO] [stderr]    Compiling dashmap v5.4.0
[INFO] [stderr]    Compiling clap v3.2.25
[INFO] [stderr]    Compiling parity-scale-codec v3.4.0
[INFO] [stderr]    Compiling impl-codec v0.6.0
[INFO] [stderr]    Compiling primitive-types v0.11.1
[INFO] [stderr]    Compiling kindelia_common v0.1.7
[INFO] [stderr]    Compiling kindelia_lang v0.1.7
[INFO] [stderr]    Compiling hvm v1.0.6
[INFO] [stdout] error[E0554]: `#![feature]` may not be used on the stable release channel
[INFO] [stdout]  --> /opt/rustwide/cargo-home/registry/src/github.com-1ecc6299db9ec823/hvm-1.0.6/src/lib.rs:1:12
[INFO] [stdout]   |
[INFO] [stdout] 1 | #![feature(atomic_from_mut)]
[INFO] [stdout]   |            ^^^^^^^^^^^^^^^
[INFO] [stdout] 
[INFO] [stdout] 
[INFO] [stdout] error[E0658]: use of unstable library feature 'atomic_mut_ptr': recently added
[INFO] [stdout]    --> /opt/rustwide/cargo-home/registry/src/github.com-1ecc6299db9ec823/hvm-1.0.6/src/runtime/base/memory.rs:450:54
[INFO] [stdout]     |
[INFO] [stdout] 450 |         let val = heap.node.get_unchecked(*lvar.next.as_ptr() as usize).load(Ordering::Relaxed);
[INFO] [stdout]     |                                                      ^^^^^^
[INFO] [stdout]     |
[INFO] [stdout]     = note: see issue #66893 <https://github.com/rust-lang/rust/issues/66893> for more information
[INFO] [stdout] 
[INFO] [stdout] 
[INFO] [stdout] error[E0658]: use of unstable library feature 'atomic_mut_ptr': recently added
[INFO] [stdout]    --> /opt/rustwide/cargo-home/registry/src/github.com-1ecc6299db9ec823/hvm-1.0.6/src/runtime/base/memory.rs:459:20
[INFO] [stdout]     |
[INFO] [stdout] 459 |         *lvar.next.as_ptr() += 1;
[INFO] [stdout]     |                    ^^^^^^
[INFO] [stdout]     |
[INFO] [stdout]     = note: see issue #66893 <https://github.com/rust-lang/rust/issues/66893> for more information
[INFO] [stdout] 
[INFO] [stdout] 
[INFO] [stdout] error[E0658]: use of unstable library feature 'atomic_mut_ptr': recently added
[INFO] [stdout]    --> /opt/rustwide/cargo-home/registry/src/github.com-1ecc6299db9ec823/hvm-1.0.6/src/runtime/base/memory.rs:461:23
[INFO] [stdout]     |
[INFO] [stdout] 461 |         if *lvar.next.as_ptr() >= *lvar.amax.as_ptr() {
[INFO] [stdout]     |                       ^^^^^^
[INFO] [stdout]     |
[INFO] [stdout]     = note: see issue #66893 <https://github.com/rust-lang/rust/issues/66893> for more information
[INFO] [stdout] 
[INFO] [stdout] 
[INFO] [stdout] error[E0658]: use of unstable library feature 'atomic_mut_ptr': recently added
[INFO] [stdout]    --> /opt/rustwide/cargo-home/registry/src/github.com-1ecc6299db9ec823/hvm-1.0.6/src/runtime/base/memory.rs:461:46
[INFO] [stdout]     |
[INFO] [stdout] 461 |         if *lvar.next.as_ptr() >= *lvar.amax.as_ptr() {
[INFO] [stdout]     |                                              ^^^^^^
[INFO] [stdout]     |
[INFO] [stdout]     = note: see issue #66893 <https://github.com/rust-lang/rust/issues/66893> for more information
[INFO] [stdout] 
[INFO] [stdout] 
[INFO] [stdout] error[E0658]: use of unstable library feature 'atomic_mut_ptr': recently added
[INFO] [stdout]    --> /opt/rustwide/cargo-home/registry/src/github.com-1ecc6299db9ec823/hvm-1.0.6/src/runtime/base/memory.rs:463:22
[INFO] [stdout]     |
[INFO] [stdout] 463 |           *lvar.next.as_ptr() = *lvar.amin.as_ptr();
[INFO] [stdout]     |                      ^^^^^^
[INFO] [stdout]     |
[INFO] [stdout]     = note: see issue #66893 <https://github.com/rust-lang/rust/issues/66893> for more information
[INFO] [stdout] 
[INFO] [stdout] 
[INFO] [stdout] error[E0658]: use of unstable library feature 'atomic_mut_ptr': recently added
[INFO] [stdout]    --> /opt/rustwide/cargo-home/registry/src/github.com-1ecc6299db9ec823/hvm-1.0.6/src/runtime/base/memory.rs:463:44
[INFO] [stdout]     |
[INFO] [stdout] 463 |           *lvar.next.as_ptr() = *lvar.amin.as_ptr();
[INFO] [stdout]     |                                            ^^^^^^
[INFO] [stdout]     |
[INFO] [stdout]     = note: see issue #66893 <https://github.com/rust-lang/rust/issues/66893> for more information
[INFO] [stdout] 
[INFO] [stdout] 
[INFO] [stdout] error[E0658]: use of unstable library feature 'atomic_mut_ptr': recently added
[INFO] [stdout]    --> /opt/rustwide/cargo-home/registry/src/github.com-1ecc6299db9ec823/hvm-1.0.6/src/runtime/base/memory.rs:473:29
[INFO] [stdout]     |
[INFO] [stdout] 473 |           return *lvar.next.as_ptr() - length;
[INFO] [stdout]     |                             ^^^^^^
[INFO] [stdout]     |
[INFO] [stdout]     = note: see issue #66893 <https://github.com/rust-lang/rust/issues/66893> for more information
[INFO] [stdout] 
[INFO] [stdout] 
[INFO] [stdout] error[E0658]: use of unstable library feature 'atomic_mut_ptr': recently added
[INFO] [stdout]    --> /opt/rustwide/cargo-home/registry/src/github.com-1ecc6299db9ec823/hvm-1.0.6/src/runtime/base/program.rs:174:30
[INFO] [stdout]     |
[INFO] [stdout] 174 |       *aloc.get_unchecked(i).as_ptr() = alloc(heap, tid, (*nodes.get_unchecked(i)).len() as u64);
[INFO] [stdout]     |                              ^^^^^^
[INFO] [stdout]     |
[INFO] [stdout]     = note: see issue #66893 <https://github.com/rust-lang/rust/issues/66893> for more information
[INFO] [stdout] 
[INFO] [stdout] 
[INFO] [stdout] error[E0658]: use of unstable library feature 'atomic_mut_ptr': recently added
[INFO] [stdout]    --> /opt/rustwide/cargo-home/registry/src/github.com-1ecc6299db9ec823/hvm-1.0.6/src/runtime/base/program.rs:176:19
[INFO] [stdout]     |
[INFO] [stdout] 176 |     if *lvar.dups.as_ptr() + dupk >= (1 << 28) {
[INFO] [stdout]     |                   ^^^^^^
[INFO] [stdout]     |
[INFO] [stdout]     = note: see issue #66893 <https://github.com/rust-lang/rust/issues/66893> for more information
[INFO] [stdout] 
[INFO] [stdout] 
[INFO] [stdout] error[E0658]: use of unstable library feature 'atomic_mut_ptr': recently added
[INFO] [stdout]    --> /opt/rustwide/cargo-home/registry/src/github.com-1ecc6299db9ec823/hvm-1.0.6/src/runtime/base/program.rs:177:18
[INFO] [stdout]     |
[INFO] [stdout] 177 |       *lvar.dups.as_ptr() = 0;
[INFO] [stdout]     |                  ^^^^^^
[INFO] [stdout]     |
[INFO] [stdout]     = note: see issue #66893 <https://github.com/rust-lang/rust/issues/66893> for more information
[INFO] [stdout] 
[INFO] [stdout] 
[INFO] [stdout] error[E0658]: use of unstable library feature 'atomic_mut_ptr': recently added
[INFO] [stdout]    --> /opt/rustwide/cargo-home/registry/src/github.com-1ecc6299db9ec823/hvm-1.0.6/src/runtime/base/program.rs:180:41
[INFO] [stdout]     |
[INFO] [stdout] 180 |       let host = *aloc.get_unchecked(i).as_ptr() as usize;
[INFO] [stdout]     |                                         ^^^^^^
[INFO] [stdout]     |
[INFO] [stdout]     = note: see issue #66893 <https://github.com/rust-lang/rust/issues/66893> for more information
[INFO] [stdout] 
[INFO] [stdout] 
[INFO] [stdout] error[E0658]: use of unstable library feature 'atomic_mut_ptr': recently added
[INFO] [stdout]    --> /opt/rustwide/cargo-home/registry/src/github.com-1ecc6299db9ec823/hvm-1.0.6/src/runtime/base/program.rs:187:46
[INFO] [stdout]     |
[INFO] [stdout] 187 |           *heap.node.get_unchecked(host + j).as_ptr() = ptr;
[INFO] [stdout]     |                                              ^^^^^^
[INFO] [stdout]     |
[INFO] [stdout]     = note: see issue #66893 <https://github.com/rust-lang/rust/issues/66893> for more information
[INFO] [stdout] 
[INFO] [stdout] 
[INFO] [stdout] error[E0658]: use of unstable library feature 'atomic_mut_ptr': recently added
[INFO] [stdout]    --> /opt/rustwide/cargo-home/registry/src/github.com-1ecc6299db9ec823/hvm-1.0.6/src/runtime/base/program.rs:192:16
[INFO] [stdout]     |
[INFO] [stdout] 192 |     *lvar.dups.as_ptr() += dupk;
[INFO] [stdout]     |                ^^^^^^
[INFO] [stdout]     |
[INFO] [stdout]     = note: see issue #66893 <https://github.com/rust-lang/rust/issues/66893> for more information
[INFO] [stdout] 
[INFO] [stdout] 
[INFO] [stdout] error[E0658]: use of unstable library feature 'atomic_mut_ptr': recently added
[INFO] [stdout]    --> /opt/rustwide/cargo-home/registry/src/github.com-1ecc6299db9ec823/hvm-1.0.6/src/runtime/base/program.rs:158:69
[INFO] [stdout]     |
[INFO] [stdout] 158 |           let mut val = value + *aloc.get_unchecked(*targ as usize).as_ptr() + slot;
[INFO] [stdout]     |                                                                     ^^^^^^
[INFO] [stdout]     |
[INFO] [stdout]     = note: see issue #66893 <https://github.com/rust-lang/rust/issues/66893> for more information
[INFO] [stdout] 
[INFO] [stdout] 
[INFO] [stdout] error[E0658]: use of unstable library feature 'atomic_mut_ptr': recently added
[INFO] [stdout]    --> /opt/rustwide/cargo-home/registry/src/github.com-1ecc6299db9ec823/hvm-1.0.6/src/runtime/base/program.rs:161:32
[INFO] [stdout]     |
[INFO] [stdout] 161 |             val += (*lvar.dups.as_ptr() & 0xFFF_FFFF) * EXT;
[INFO] [stdout]     |                                ^^^^^^
[INFO] [stdout]     |
[INFO] [stdout]     = note: see issue #66893 <https://github.com/rust-lang/rust/issues/66893> for more information
[INFO] [stdout] 
[INFO] [stdout] 
[INFO] [stdout] error: aborting due to 16 previous errors
[INFO] [stdout] 
[INFO] [stdout] 
[INFO] [stdout] Some errors have detailed explanations: E0554, E0658.
[INFO] [stdout] 
[INFO] [stdout] For more information about an error, try `rustc --explain E0554`.
[INFO] [stdout] 
[INFO] [stderr] error: could not compile `hvm` due to 17 previous errors
[INFO] running `Command { std: "docker" "inspect" "5eae186fa7d2b2f74d22ff58dd427f1a6b56fb7a4deb2c06990183940eba4fcc", kill_on_drop: false }`
[INFO] running `Command { std: "docker" "rm" "-f" "5eae186fa7d2b2f74d22ff58dd427f1a6b56fb7a4deb2c06990183940eba4fcc", kill_on_drop: false }`
[INFO] [stdout] 5eae186fa7d2b2f74d22ff58dd427f1a6b56fb7a4deb2c06990183940eba4fcc
